{"id":35701,"date":"2024-05-02T09:22:42","date_gmt":"2024-05-02T09:22:42","guid":{"rendered":"https:\/\/www.ull.es\/portal\/agenda\/?post_type=tribe_events&#038;p=35701"},"modified":"2024-05-06T13:03:18","modified_gmt":"2024-05-06T13:03:18","slug":"geolodia-24-fuerteventura","status":"publish","type":"tribe_events","link":"https:\/\/www.ull.es\/portal\/agenda\/evento\/geolodia-24-fuerteventura\/","title":{"rendered":"Geolod\u00eda 24 Fuerteventura"},"content":{"rendered":"<p>Geolod\u00eda 24 es una iniciativa de divulgaci\u00f3n de la geolog\u00eda y de la profesi\u00f3n del ge\u00f3logo a trav\u00e9s de una de sus facetas m\u00e1s atrayente para el p\u00fablico en general, las excursiones de campo. Es una jornada que abre la puerta de entrada al laboratorio habitual de los ge\u00f3logos, la naturaleza. El objetivo principal de es que los participantes observen con \u201cojos geol\u00f3gicos\u201d el entorno y entiendan el funcionamiento de los procesos geol\u00f3gicos, conozcan el patrimonio geol\u00f3gico y tomen conciencia de la necesidad de protegerlo y conozcan la labor y aportaciones de los ge\u00f3logos.<\/p>\n<p>Geolod\u00eda Fuerteventura 24 est\u00e1 dedicado a los dep\u00f3sitos arenosos y los paleosuelos recientes en este sector de la Isla que aparecen en la antigua cantera de Meli\u00e1n en el barranco del Jable, al sur de Lajares. Para ello hemos quedado en la Estaci\u00f3n de Guaguas de Puerto del Rosario, a las 9:00 horas del pr\u00f3ximo d\u00eda 12 de Mayo. Desde all\u00ed nos trasladaremos en guagua hasta Lajares y realizaremos un itinerario a pie (unos 3 kil\u00f3metros), acabando el recorrido a primera hora de la tarde (sobre las 15 horas).<\/p>\n<p>Este recorrido est\u00e1 dedicado a conocer los diferentes niveles de paleodunas, paleosuleos y niveles de piroclastos depositados en los \u00faltimos 400.000 a\u00f1os. Hace unos 135.000 a\u00f1os las erupciones que formaron el Malpa\u00eds Chico ocuparon el territorio marino que se encontraba al norte de Lajares, cuando la l\u00ednea de la costa septentrional de la Isla pasaba por esta \u00faltima localidad. Los dep\u00f3sitos que vamos a observar se formaron en condiciones clim\u00e1ticas cambiantes que posibilitaron, de forma c\u00edclica, el movimiento de las arenas organ\u00f3genas y la formaci\u00f3n de paleosuelos.<\/p>\n<p><span style=\"font-weight: 400;\">Para participar en la excursi\u00f3n es necesario inscribirse previamente a partir de las 8:00 horas del 2 de mayo (hasta el 7 de mayo o completar aforo), en este <a href=\"http:\/\/www.cabildofuer.es\/cabildo\/areas-tematicas\/medio-ambiente\" target=\"_blank\" rel=\"noopener\">enlace<\/a>, aportando todos estos datos:\u00a0aportando<\/span><b>\u00a0<\/b><span style=\"font-weight: 400;\">estos datos:<\/span><\/p>\n<p><span style=\"font-weight: 400;\">Apellidos y Nombre.<br \/>\n<\/span><span style=\"font-weight: 400;\">N\u00ba de DNI.<br \/>\n<\/span><span style=\"font-weight: 400;\">Fecha de nacimiento.<br \/>\n<\/span><span style=\"font-weight: 400;\">Direcci\u00f3n completa.<\/span><span style=\"font-weight: 400;\"><br \/>\n<\/span><span style=\"font-weight: 400;\">N\u00ba de tel\u00e9fono fijo y m\u00f3vil.<br \/>\n<\/span><span style=\"font-weight: 400;\">Direcci\u00f3n de correo electr\u00f3nico.<\/span><\/p>\n<p><span style=\"font-weight: 400;\">Al ser limitadas las plazas, las confirmaciones de las mismas se realizar\u00e1n por riguroso orden de inscripci\u00f3n.\u00a0<\/span><\/p>\n<p>Para m\u00e1s informaci\u00f3n, pulse este<a href=\"https:\/\/docs.google.com\/document\/d\/1KQ7CB6ja-I2yaJ3Nh7aPcIaihicBtdHc\/edit?usp=sharing&amp;ouid=117431771520648191477&amp;rtpof=true&amp;sd=true\" target=\"_blank\" rel=\"noopener\"> enlace<\/a><\/p>\n<p><a href=\"https:\/\/drive.google.com\/file\/d\/1oNZsYYEC_lyhCBzo-qiBellFLt-mKFf6\/view?usp=sharing\" target=\"_blank\" rel=\"noopener\">Cartel<\/a><\/p>\n<p>&nbsp;<\/p>\n","protected":false},"excerpt":{"rendered":"<p>Geolod\u00eda 24 es una iniciativa de divulgaci\u00f3n de la geolog\u00eda y de la profesi\u00f3n del ge\u00f3logo a trav\u00e9s de una de sus facetas m\u00e1s atrayente para el p\u00fablico en general, las excursiones de campo. Es una jornada que abre la puerta de entrada al laboratorio habitual de los ge\u00f3logos, la naturaleza. El objetivo principal de&#8230;<\/p>\n","protected":false},"author":65,"featured_media":35853,"comment_status":"closed","ping_status":"closed","template":"","tags":[],"tribe_events_cat":[344,352,3987,4,972,186,191],"acf":[],"yoast_head":"<!-- This site is optimized with the Yoast SEO plugin v21.3 - https:\/\/yoast.com\/wordpress\/plugins\/seo\/ -->\n<title>Geolod\u00eda 24 Fuerteventura - ULL - Agenda<\/title>\n<meta name=\"robots\" content=\"index, follow, max-snippet:-1, max-image-preview:large, max-video-preview:-1\" \/>\n<link rel=\"canonical\" href=\"https:\/\/www.ull.es\/portal\/agenda\/evento\/geolodia-24-fuerteventura\/\" \/>\n<meta property=\"og:locale\" content=\"es_ES\" \/>\n<meta property=\"og:type\" content=\"article\" \/>\n<meta property=\"og:title\" content=\"Geolod\u00eda 24 Fuerteventura - ULL - Agenda\" \/>\n<meta property=\"og:description\" content=\"Geolod\u00eda 24 es una iniciativa de divulgaci\u00f3n de la geolog\u00eda y de la profesi\u00f3n del ge\u00f3logo a trav\u00e9s de una de sus facetas m\u00e1s atrayente para el p\u00fablico en general, las excursiones de campo. Es una jornada que abre la puerta de entrada al laboratorio habitual de los ge\u00f3logos, la naturaleza. El objetivo principal de...\" \/>\n<meta property=\"og:url\" content=\"https:\/\/www.ull.es\/portal\/agenda\/evento\/geolodia-24-fuerteventura\/\" \/>\n<meta property=\"og:site_name\" content=\"ULL - Agenda\" \/>\n<meta property=\"article:modified_time\" content=\"2024-05-06T13:03:18+00:00\" \/>\n<meta property=\"og:image\" content=\"https:\/\/www.ull.es\/portal\/agenda\/wp-content\/uploads\/sites\/12\/2024\/05\/Geolodia-FTV_Banner-eventos.png\" \/>\n\t<meta property=\"og:image:width\" content=\"750\" \/>\n\t<meta property=\"og:image:height\" content=\"370\" \/>\n\t<meta property=\"og:image:type\" content=\"image\/png\" \/>\n<meta name=\"twitter:card\" content=\"summary_large_image\" \/>\n<meta name=\"twitter:label1\" content=\"Tiempo de lectura\" \/>\n\t<meta name=\"twitter:data1\" content=\"2 minutos\" \/>\n<script type=\"application\/ld+json\" class=\"yoast-schema-graph\">{\"@context\":\"https:\/\/schema.org\",\"@graph\":[{\"@type\":\"WebPage\",\"@id\":\"https:\/\/www.ull.es\/portal\/agenda\/evento\/geolodia-24-fuerteventura\/\",\"url\":\"https:\/\/www.ull.es\/portal\/agenda\/evento\/geolodia-24-fuerteventura\/\",\"name\":\"Geolod\u00eda 24 Fuerteventura - ULL - Agenda\",\"isPartOf\":{\"@id\":\"https:\/\/www.ull.es\/portal\/agenda\/#website\"},\"datePublished\":\"2024-05-02T09:22:42+00:00\",\"dateModified\":\"2024-05-06T13:03:18+00:00\",\"breadcrumb\":{\"@id\":\"https:\/\/www.ull.es\/portal\/agenda\/evento\/geolodia-24-fuerteventura\/#breadcrumb\"},\"inLanguage\":\"es\",\"potentialAction\":[{\"@type\":\"ReadAction\",\"target\":[\"https:\/\/www.ull.es\/portal\/agenda\/evento\/geolodia-24-fuerteventura\/\"]}]},{\"@type\":\"BreadcrumbList\",\"@id\":\"https:\/\/www.ull.es\/portal\/agenda\/evento\/geolodia-24-fuerteventura\/#breadcrumb\",\"itemListElement\":[{\"@type\":\"ListItem\",\"position\":1,\"name\":\"Portada\",\"item\":\"https:\/\/www.ull.es\/portal\/agenda\/\"},{\"@type\":\"ListItem\",\"position\":2,\"name\":\"Geolod\u00eda 24 Fuerteventura\"}]},{\"@type\":\"WebSite\",\"@id\":\"https:\/\/www.ull.es\/portal\/agenda\/#website\",\"url\":\"https:\/\/www.ull.es\/portal\/agenda\/\",\"name\":\"ULL - Agenda\",\"description\":\"\",\"potentialAction\":[{\"@type\":\"SearchAction\",\"target\":{\"@type\":\"EntryPoint\",\"urlTemplate\":\"https:\/\/www.ull.es\/portal\/agenda\/?s={search_term_string}\"},\"query-input\":\"required name=search_term_string\"}],\"inLanguage\":\"es\"}]}<\/script>\n<!-- \/ Yoast SEO plugin. -->","yoast_head_json":{"title":"Geolod\u00eda 24 Fuerteventura - ULL - Agenda","robots":{"index":"index","follow":"follow","max-snippet":"max-snippet:-1","max-image-preview":"max-image-preview:large","max-video-preview":"max-video-preview:-1"},"canonical":"https:\/\/www.ull.es\/portal\/agenda\/evento\/geolodia-24-fuerteventura\/","og_locale":"es_ES","og_type":"article","og_title":"Geolod\u00eda 24 Fuerteventura - ULL - Agenda","og_description":"Geolod\u00eda 24 es una iniciativa de divulgaci\u00f3n de la geolog\u00eda y de la profesi\u00f3n del ge\u00f3logo a trav\u00e9s de una de sus facetas m\u00e1s atrayente para el p\u00fablico en general, las excursiones de campo. Es una jornada que abre la puerta de entrada al laboratorio habitual de los ge\u00f3logos, la naturaleza. El objetivo principal de...","og_url":"https:\/\/www.ull.es\/portal\/agenda\/evento\/geolodia-24-fuerteventura\/","og_site_name":"ULL - Agenda","article_modified_time":"2024-05-06T13:03:18+00:00","og_image":[{"width":750,"height":370,"url":"https:\/\/www.ull.es\/portal\/agenda\/wp-content\/uploads\/sites\/12\/2024\/05\/Geolodia-FTV_Banner-eventos.png","type":"image\/png"}],"twitter_card":"summary_large_image","twitter_misc":{"Tiempo de lectura":"2 minutos"},"schema":{"@context":"https:\/\/schema.org","@graph":[{"@type":"WebPage","@id":"https:\/\/www.ull.es\/portal\/agenda\/evento\/geolodia-24-fuerteventura\/","url":"https:\/\/www.ull.es\/portal\/agenda\/evento\/geolodia-24-fuerteventura\/","name":"Geolod\u00eda 24 Fuerteventura - ULL - Agenda","isPartOf":{"@id":"https:\/\/www.ull.es\/portal\/agenda\/#website"},"datePublished":"2024-05-02T09:22:42+00:00","dateModified":"2024-05-06T13:03:18+00:00","breadcrumb":{"@id":"https:\/\/www.ull.es\/portal\/agenda\/evento\/geolodia-24-fuerteventura\/#breadcrumb"},"inLanguage":"es","potentialAction":[{"@type":"ReadAction","target":["https:\/\/www.ull.es\/portal\/agenda\/evento\/geolodia-24-fuerteventura\/"]}]},{"@type":"BreadcrumbList","@id":"https:\/\/www.ull.es\/portal\/agenda\/evento\/geolodia-24-fuerteventura\/#breadcrumb","itemListElement":[{"@type":"ListItem","position":1,"name":"Portada","item":"https:\/\/www.ull.es\/portal\/agenda\/"},{"@type":"ListItem","position":2,"name":"Geolod\u00eda 24 Fuerteventura"}]},{"@type":"WebSite","@id":"https:\/\/www.ull.es\/portal\/agenda\/#website","url":"https:\/\/www.ull.es\/portal\/agenda\/","name":"ULL - Agenda","description":"","potentialAction":[{"@type":"SearchAction","target":{"@type":"EntryPoint","urlTemplate":"https:\/\/www.ull.es\/portal\/agenda\/?s={search_term_string}"},"query-input":"required name=search_term_string"}],"inLanguage":"es"}]}},"_links":{"self":[{"href":"https:\/\/www.ull.es\/portal\/agenda\/wp-json\/wp\/v2\/tribe_events\/35701"}],"collection":[{"href":"https:\/\/www.ull.es\/portal\/agenda\/wp-json\/wp\/v2\/tribe_events"}],"about":[{"href":"https:\/\/www.ull.es\/portal\/agenda\/wp-json\/wp\/v2\/types\/tribe_events"}],"author":[{"embeddable":true,"href":"https:\/\/www.ull.es\/portal\/agenda\/wp-json\/wp\/v2\/users\/65"}],"replies":[{"embeddable":true,"href":"https:\/\/www.ull.es\/portal\/agenda\/wp-json\/wp\/v2\/comments?post=35701"}],"version-history":[{"count":2,"href":"https:\/\/www.ull.es\/portal\/agenda\/wp-json\/wp\/v2\/tribe_events\/35701\/revisions"}],"predecessor-version":[{"id":35703,"href":"https:\/\/www.ull.es\/portal\/agenda\/wp-json\/wp\/v2\/tribe_events\/35701\/revisions\/35703"}],"wp:featuredmedia":[{"embeddable":true,"href":"https:\/\/www.ull.es\/portal\/agenda\/wp-json\/wp\/v2\/media\/35853"}],"wp:attachment":[{"href":"https:\/\/www.ull.es\/portal\/agenda\/wp-json\/wp\/v2\/media?parent=35701"}],"wp:term":[{"taxonomy":"post_tag","embeddable":true,"href":"https:\/\/www.ull.es\/portal\/agenda\/wp-json\/wp\/v2\/tags?post=35701"},{"taxonomy":"tribe_events_cat","embeddable":true,"href":"https:\/\/www.ull.es\/portal\/agenda\/wp-json\/wp\/v2\/tribe_events_cat?post=35701"}],"curies":[{"name":"wp","href":"https:\/\/api.w.org\/{rel}","templated":true}]}}

Geolodía 24 Fuerteventura

<p>Geolodía 24 es una iniciativa de divulgación de la geología y de la profesión del geólogo a través de una de sus facetas más atrayente para el público en general, las excursiones de campo. Es una jornada que abre la puerta de entrada al laboratorio habitual de los geólogos, la naturaleza. El objetivo principal de es que los participantes observen con “ojos geológicos” el entorno y entiendan el funcionamiento de los procesos geológicos, conozcan el patrimonio geológico y tomen conciencia de la necesidad de protegerlo y conozcan la labor y aportaciones de los geólogos.</p>
<p>Geolodía Fuerteventura 24 está dedicado a los depósitos arenosos y los paleosuelos recientes en este sector de la Isla que aparecen en la antigua cantera de Melián en el barranco del Jable, al sur de Lajares. Para ello hemos quedado en la Estación de Guaguas de Puerto del Rosario, a las 9:00 horas del próximo día 12 de Mayo. Desde allí nos trasladaremos en guagua hasta Lajares y realizaremos un itinerario a pie (unos 3 kilómetros), acabando el recorrido a primera hora de la tarde (sobre las 15 horas).</p>
<p>Este recorrido está dedicado a conocer los diferentes niveles de paleodunas, paleosuleos y niveles de piroclastos depositados en los últimos 400.000 años. Hace unos 135.000 años las erupciones que formaron el Malpaís Chico ocuparon el territorio marino que se encontraba al norte de Lajares, cuando la línea de la costa septentrional de la Isla pasaba por esta última localidad. Los depósitos que vamos a observar se formaron en condiciones climáticas cambiantes que posibilitaron, de forma cíclica, el movimiento de las arenas organógenas y la formación de paleosuelos.</p>
<p><span style="font-weight: 400;">Para participar en la excursión es necesario inscribirse previamente a partir de las 8:00 horas del 2 de mayo (hasta el 7 de mayo o completar aforo), en este <a href="http://www.cabildofuer.es/cabildo/areas-tematicas/medio-ambiente" target="_blank" rel="noopener">enlace</a>, aportando todos estos datos: aportando</span><b> </b><span style="font-weight: 400;">estos datos:</span></p>
<p><span style="font-weight: 400;">Apellidos y Nombre.<br />
</span><span style="font-weight: 400;">Nº de DNI.<br />
</span><span style="font-weight: 400;">Fecha de nacimiento.<br />
</span><span style="font-weight: 400;">Dirección completa.</span><span style="font-weight: 400;"><br />
</span><span style="font-weight: 400;">Nº de teléfono fijo y móvil.<br />
</span><span style="font-weight: 400;">Dirección de correo electrónico.</span></p>
<p><span style="font-weight: 400;">Al ser limitadas las plazas, las confirmaciones de las mismas se realizarán por riguroso orden de inscripción. </span></p>
<p>Para más información, pulse este<a href="https://docs.google.com/document/d/1KQ7CB6ja-I2yaJ3Nh7aPcIaihicBtdHc/edit?usp=sharing&amp;ouid=117431771520648191477&amp;rtpof=true&amp;sd=true" target="_blank" rel="noopener"> enlace</a></p>
<p><a href="https://drive.google.com/file/d/1oNZsYYEC_lyhCBzo-qiBellFLt-mKFf6/view?usp=sharing" target="_blank" rel="noopener">Cartel</a></p>
<p>&nbsp;</p>

<p>Geolodía 24 es una iniciativa de divulgación de la geología y de la profesión del geólogo a través de una de sus facetas más atrayente para el público en general, las excursiones de campo. Es una jornada que abre la puerta de entrada al laboratorio habitual de los geólogos, la naturaleza. El objetivo principal de&#8230;</p>

<!-- This site is optimized with the Yoast SEO plugin v21.3 - https://yoast.com/wordpress/plugins/seo/ -->
<title>Geolodía 24 Fuerteventura - ULL - Agenda</title>
<meta name="robots" content="index, follow, max-snippet:-1, max-image-preview:large, max-video-preview:-1" />
<link rel="canonical" href="https://www.ull.es/portal/agenda/evento/geolodia-24-fuerteventura/" />
<meta property="og:locale" content="es_ES" />
<meta property="og:type" content="article" />
<meta property="og:title" content="Geolodía 24 Fuerteventura - ULL - Agenda" />
<meta property="og:description" content="Geolodía 24 es una iniciativa de divulgación de la geología y de la profesión del geólogo a través de una de sus facetas más atrayente para el público en general, las excursiones de campo. Es una jornada que abre la puerta de entrada al laboratorio habitual de los geólogos, la naturaleza. El objetivo principal de..." />
<meta property="og:url" content="https://www.ull.es/portal/agenda/evento/geolodia-24-fuerteventura/" />
<meta property="og:site_name" content="ULL - Agenda" />
<meta property="article:modified_time" content="2024-05-06T13:03:18+00:00" />
<meta property="og:image" content="https://www.ull.es/portal/agenda/wp-content/uploads/sites/12/2024/05/Geolodia-FTV_Banner-eventos.png" />
	<meta property="og:image:width" content="750" />
	<meta property="og:image:height" content="370" />
	<meta property="og:image:type" content="image/png" />
<meta name="twitter:card" content="summary_large_image" />
<meta name="twitter:label1" content="Tiempo de lectura" />
	<meta name="twitter:data1" content="2 minutos" />
<script type="application/ld+json" class="yoast-schema-graph">{"@context":"https://schema.org","@graph":[{"@type":"WebPage","@id":"https://www.ull.es/portal/agenda/evento/geolodia-24-fuerteventura/","url":"https://www.ull.es/portal/agenda/evento/geolodia-24-fuerteventura/","name":"Geolodía 24 Fuerteventura - ULL - Agenda","isPartOf":{"@id":"https://www.ull.es/portal/agenda/#website"},"datePublished":"2024-05-02T09:22:42+00:00","dateModified":"2024-05-06T13:03:18+00:00","breadcrumb":{"@id":"https://www.ull.es/portal/agenda/evento/geolodia-24-fuerteventura/#breadcrumb"},"inLanguage":"es","potentialAction":[{"@type":"ReadAction","target":["https://www.ull.es/portal/agenda/evento/geolodia-24-fuerteventura/"]}]},{"@type":"BreadcrumbList","@id":"https://www.ull.es/portal/agenda/evento/geolodia-24-fuerteventura/#breadcrumb","itemListElement":[{"@type":"ListItem","position":1,"name":"Portada","item":"https://www.ull.es/portal/agenda/"},{"@type":"ListItem","position":2,"name":"Geolodía 24 Fuerteventura"}]},{"@type":"WebSite","@id":"https://www.ull.es/portal/agenda/#website","url":"https://www.ull.es/portal/agenda/","name":"ULL - Agenda","description":"","potentialAction":[{"@type":"SearchAction","target":{"@type":"EntryPoint","urlTemplate":"https://www.ull.es/portal/agenda/?s={search_term_string}"},"query-input":"required name=search_term_string"}],"inLanguage":"es"}]}</script>
<!-- / Yoast SEO plugin. -->

Geolodía 24 Fuerteventura - ULL - Agenda

Geolodía 24 es una iniciativa de divulgación de la geología y de la profesión del geólogo a través de una de sus facetas más atrayente para el público en general, las excursiones de campo. Es una jornada que abre la puerta de entrada al laboratorio habitual de los geólogos, la naturaleza. El objetivo principal de...
