{"id":35724,"date":"2024-05-03T07:46:38","date_gmt":"2024-05-03T07:46:38","guid":{"rendered":"https:\/\/www.ull.es\/portal\/agenda\/?post_type=tribe_events&#038;p=35724"},"modified":"2024-05-13T12:37:00","modified_gmt":"2024-05-13T12:37:00","slug":"curso-reconstruccion-de-fuentes-de-eeg-y-meg-en-busqueda-de-la-luz-que-crea-las-sombras","status":"publish","type":"tribe_events","link":"https:\/\/www.ull.es\/portal\/agenda\/evento\/curso-reconstruccion-de-fuentes-de-eeg-y-meg-en-busqueda-de-la-luz-que-crea-las-sombras\/","title":{"rendered":"Curso Reconstrucci\u00f3n de fuentes de EEG y MEG: en b\u00fasqueda de la luz que crea las sombras"},"content":{"rendered":"<p>El lunes 13 de mayo el Instituto Universitario de Neurociencia de la Universidad de La Laguna organiza el curso Reconstrucci\u00f3n de fuentes de EEG y MEG: en b\u00fasqueda de la luz que crea las sombras bajo la direcci\u00f3n del Dr. Ricardo Bru\u00f1a Fern\u00e1ndez, de la Universidad Complutense de Madrid.<\/p>\n<p>Se trata de una formaci\u00f3n de 10h que podr\u00e1 seguirse de forma presencial (plazas limitadas) en la Sala de Audiovisuales de la Facultad de Psicolog\u00eda de la Universidad de La Laguna. Se impartir\u00e1 durante tres d\u00edas (13, 14 y 15 de mayo) en el siguiente horario:<\/p>\n<p>D\u00eda 1 (13\/05): 10:00 a 12:00: M\u00f3dulo 1 \/ 12:00 a 14:00: M\u00f3dulo 2.<br \/>\nD\u00eda 2 (14\/05): 10:00 a 12:00: M\u00f3dulo 3 \/ 12:00 a 14:00: M\u00f3dulo 4.<br \/>\nD\u00eda 3 (15\/05): 11:00 a 13:30: M\u00f3dulo 5.<\/p>\n<p><a href=\"https:\/\/drive.google.com\/file\/d\/10yOWI0mQmRcI86lIZ2-qiD_-wObYBrog\/view?usp=sharing\" target=\"_blank\" rel=\"noopener\">Programa<\/a><\/p>\n","protected":false},"excerpt":{"rendered":"<p>El lunes 13 de mayo el Instituto Universitario de Neurociencia de la Universidad de La Laguna organiza el curso Reconstrucci\u00f3n de fuentes de EEG y MEG: en b\u00fasqueda de la luz que crea las sombras bajo la direcci\u00f3n del Dr. Ricardo Bru\u00f1a Fern\u00e1ndez, de la Universidad Complutense de Madrid. Se trata de una formaci\u00f3n de&#8230;<\/p>\n","protected":false},"author":65,"featured_media":35847,"comment_status":"closed","ping_status":"closed","template":"","tags":[],"tribe_events_cat":[4,1831,1835],"acf":[],"yoast_head":"<!-- This site is optimized with the Yoast SEO plugin v21.3 - https:\/\/yoast.com\/wordpress\/plugins\/seo\/ -->\n<title>Curso Reconstrucci\u00f3n de fuentes de EEG y MEG: en b\u00fasqueda de la luz que crea las sombras - ULL - Agenda<\/title>\n<meta name=\"robots\" content=\"index, follow, max-snippet:-1, max-image-preview:large, max-video-preview:-1\" \/>\n<link rel=\"canonical\" href=\"https:\/\/www.ull.es\/portal\/agenda\/evento\/curso-reconstruccion-de-fuentes-de-eeg-y-meg-en-busqueda-de-la-luz-que-crea-las-sombras\/\" \/>\n<meta property=\"og:locale\" content=\"es_ES\" \/>\n<meta property=\"og:type\" content=\"article\" \/>\n<meta property=\"og:title\" content=\"Curso Reconstrucci\u00f3n de fuentes de EEG y MEG: en b\u00fasqueda de la luz que crea las sombras - ULL - Agenda\" \/>\n<meta property=\"og:description\" content=\"El lunes 13 de mayo el Instituto Universitario de Neurociencia de la Universidad de La Laguna organiza el curso Reconstrucci\u00f3n de fuentes de EEG y MEG: en b\u00fasqueda de la luz que crea las sombras bajo la direcci\u00f3n del Dr. Ricardo Bru\u00f1a Fern\u00e1ndez, de la Universidad Complutense de Madrid. Se trata de una formaci\u00f3n de...\" \/>\n<meta property=\"og:url\" content=\"https:\/\/www.ull.es\/portal\/agenda\/evento\/curso-reconstruccion-de-fuentes-de-eeg-y-meg-en-busqueda-de-la-luz-que-crea-las-sombras\/\" \/>\n<meta property=\"og:site_name\" content=\"ULL - Agenda\" \/>\n<meta property=\"article:modified_time\" content=\"2024-05-13T12:37:00+00:00\" \/>\n<meta property=\"og:image\" content=\"https:\/\/www.ull.es\/portal\/agenda\/wp-content\/uploads\/sites\/12\/2024\/05\/Reconstruccion-EEG-MEG_Banner-eventos.png\" \/>\n\t<meta property=\"og:image:width\" content=\"750\" \/>\n\t<meta property=\"og:image:height\" content=\"370\" \/>\n\t<meta property=\"og:image:type\" content=\"image\/png\" \/>\n<meta name=\"twitter:card\" content=\"summary_large_image\" \/>\n<meta name=\"twitter:label1\" content=\"Tiempo de lectura\" \/>\n\t<meta name=\"twitter:data1\" content=\"1 minuto\" \/>\n<script type=\"application\/ld+json\" class=\"yoast-schema-graph\">{\"@context\":\"https:\/\/schema.org\",\"@graph\":[{\"@type\":\"WebPage\",\"@id\":\"https:\/\/www.ull.es\/portal\/agenda\/evento\/curso-reconstruccion-de-fuentes-de-eeg-y-meg-en-busqueda-de-la-luz-que-crea-las-sombras\/\",\"url\":\"https:\/\/www.ull.es\/portal\/agenda\/evento\/curso-reconstruccion-de-fuentes-de-eeg-y-meg-en-busqueda-de-la-luz-que-crea-las-sombras\/\",\"name\":\"Curso Reconstrucci\u00f3n de fuentes de EEG y MEG: en b\u00fasqueda de la luz que crea las sombras - ULL - Agenda\",\"isPartOf\":{\"@id\":\"https:\/\/www.ull.es\/portal\/agenda\/#website\"},\"datePublished\":\"2024-05-03T07:46:38+00:00\",\"dateModified\":\"2024-05-13T12:37:00+00:00\",\"breadcrumb\":{\"@id\":\"https:\/\/www.ull.es\/portal\/agenda\/evento\/curso-reconstruccion-de-fuentes-de-eeg-y-meg-en-busqueda-de-la-luz-que-crea-las-sombras\/#breadcrumb\"},\"inLanguage\":\"es\",\"potentialAction\":[{\"@type\":\"ReadAction\",\"target\":[\"https:\/\/www.ull.es\/portal\/agenda\/evento\/curso-reconstruccion-de-fuentes-de-eeg-y-meg-en-busqueda-de-la-luz-que-crea-las-sombras\/\"]}]},{\"@type\":\"BreadcrumbList\",\"@id\":\"https:\/\/www.ull.es\/portal\/agenda\/evento\/curso-reconstruccion-de-fuentes-de-eeg-y-meg-en-busqueda-de-la-luz-que-crea-las-sombras\/#breadcrumb\",\"itemListElement\":[{\"@type\":\"ListItem\",\"position\":1,\"name\":\"Portada\",\"item\":\"https:\/\/www.ull.es\/portal\/agenda\/\"},{\"@type\":\"ListItem\",\"position\":2,\"name\":\"Curso Reconstrucci\u00f3n de fuentes de EEG y MEG: en b\u00fasqueda de la luz que crea las sombras\"}]},{\"@type\":\"WebSite\",\"@id\":\"https:\/\/www.ull.es\/portal\/agenda\/#website\",\"url\":\"https:\/\/www.ull.es\/portal\/agenda\/\",\"name\":\"ULL - Agenda\",\"description\":\"\",\"potentialAction\":[{\"@type\":\"SearchAction\",\"target\":{\"@type\":\"EntryPoint\",\"urlTemplate\":\"https:\/\/www.ull.es\/portal\/agenda\/?s={search_term_string}\"},\"query-input\":\"required name=search_term_string\"}],\"inLanguage\":\"es\"}]}<\/script>\n<!-- \/ Yoast SEO plugin. -->","yoast_head_json":{"title":"Curso Reconstrucci\u00f3n de fuentes de EEG y MEG: en b\u00fasqueda de la luz que crea las sombras - ULL - Agenda","robots":{"index":"index","follow":"follow","max-snippet":"max-snippet:-1","max-image-preview":"max-image-preview:large","max-video-preview":"max-video-preview:-1"},"canonical":"https:\/\/www.ull.es\/portal\/agenda\/evento\/curso-reconstruccion-de-fuentes-de-eeg-y-meg-en-busqueda-de-la-luz-que-crea-las-sombras\/","og_locale":"es_ES","og_type":"article","og_title":"Curso Reconstrucci\u00f3n de fuentes de EEG y MEG: en b\u00fasqueda de la luz que crea las sombras - ULL - Agenda","og_description":"El lunes 13 de mayo el Instituto Universitario de Neurociencia de la Universidad de La Laguna organiza el curso Reconstrucci\u00f3n de fuentes de EEG y MEG: en b\u00fasqueda de la luz que crea las sombras bajo la direcci\u00f3n del Dr. Ricardo Bru\u00f1a Fern\u00e1ndez, de la Universidad Complutense de Madrid. Se trata de una formaci\u00f3n de...","og_url":"https:\/\/www.ull.es\/portal\/agenda\/evento\/curso-reconstruccion-de-fuentes-de-eeg-y-meg-en-busqueda-de-la-luz-que-crea-las-sombras\/","og_site_name":"ULL - Agenda","article_modified_time":"2024-05-13T12:37:00+00:00","og_image":[{"width":750,"height":370,"url":"https:\/\/www.ull.es\/portal\/agenda\/wp-content\/uploads\/sites\/12\/2024\/05\/Reconstruccion-EEG-MEG_Banner-eventos.png","type":"image\/png"}],"twitter_card":"summary_large_image","twitter_misc":{"Tiempo de lectura":"1 minuto"},"schema":{"@context":"https:\/\/schema.org","@graph":[{"@type":"WebPage","@id":"https:\/\/www.ull.es\/portal\/agenda\/evento\/curso-reconstruccion-de-fuentes-de-eeg-y-meg-en-busqueda-de-la-luz-que-crea-las-sombras\/","url":"https:\/\/www.ull.es\/portal\/agenda\/evento\/curso-reconstruccion-de-fuentes-de-eeg-y-meg-en-busqueda-de-la-luz-que-crea-las-sombras\/","name":"Curso Reconstrucci\u00f3n de fuentes de EEG y MEG: en b\u00fasqueda de la luz que crea las sombras - ULL - Agenda","isPartOf":{"@id":"https:\/\/www.ull.es\/portal\/agenda\/#website"},"datePublished":"2024-05-03T07:46:38+00:00","dateModified":"2024-05-13T12:37:00+00:00","breadcrumb":{"@id":"https:\/\/www.ull.es\/portal\/agenda\/evento\/curso-reconstruccion-de-fuentes-de-eeg-y-meg-en-busqueda-de-la-luz-que-crea-las-sombras\/#breadcrumb"},"inLanguage":"es","potentialAction":[{"@type":"ReadAction","target":["https:\/\/www.ull.es\/portal\/agenda\/evento\/curso-reconstruccion-de-fuentes-de-eeg-y-meg-en-busqueda-de-la-luz-que-crea-las-sombras\/"]}]},{"@type":"BreadcrumbList","@id":"https:\/\/www.ull.es\/portal\/agenda\/evento\/curso-reconstruccion-de-fuentes-de-eeg-y-meg-en-busqueda-de-la-luz-que-crea-las-sombras\/#breadcrumb","itemListElement":[{"@type":"ListItem","position":1,"name":"Portada","item":"https:\/\/www.ull.es\/portal\/agenda\/"},{"@type":"ListItem","position":2,"name":"Curso Reconstrucci\u00f3n de fuentes de EEG y MEG: en b\u00fasqueda de la luz que crea las sombras"}]},{"@type":"WebSite","@id":"https:\/\/www.ull.es\/portal\/agenda\/#website","url":"https:\/\/www.ull.es\/portal\/agenda\/","name":"ULL - Agenda","description":"","potentialAction":[{"@type":"SearchAction","target":{"@type":"EntryPoint","urlTemplate":"https:\/\/www.ull.es\/portal\/agenda\/?s={search_term_string}"},"query-input":"required name=search_term_string"}],"inLanguage":"es"}]}},"_links":{"self":[{"href":"https:\/\/www.ull.es\/portal\/agenda\/wp-json\/wp\/v2\/tribe_events\/35724"}],"collection":[{"href":"https:\/\/www.ull.es\/portal\/agenda\/wp-json\/wp\/v2\/tribe_events"}],"about":[{"href":"https:\/\/www.ull.es\/portal\/agenda\/wp-json\/wp\/v2\/types\/tribe_events"}],"author":[{"embeddable":true,"href":"https:\/\/www.ull.es\/portal\/agenda\/wp-json\/wp\/v2\/users\/65"}],"replies":[{"embeddable":true,"href":"https:\/\/www.ull.es\/portal\/agenda\/wp-json\/wp\/v2\/comments?post=35724"}],"version-history":[{"count":2,"href":"https:\/\/www.ull.es\/portal\/agenda\/wp-json\/wp\/v2\/tribe_events\/35724\/revisions"}],"predecessor-version":[{"id":35848,"href":"https:\/\/www.ull.es\/portal\/agenda\/wp-json\/wp\/v2\/tribe_events\/35724\/revisions\/35848"}],"wp:featuredmedia":[{"embeddable":true,"href":"https:\/\/www.ull.es\/portal\/agenda\/wp-json\/wp\/v2\/media\/35847"}],"wp:attachment":[{"href":"https:\/\/www.ull.es\/portal\/agenda\/wp-json\/wp\/v2\/media?parent=35724"}],"wp:term":[{"taxonomy":"post_tag","embeddable":true,"href":"https:\/\/www.ull.es\/portal\/agenda\/wp-json\/wp\/v2\/tags?post=35724"},{"taxonomy":"tribe_events_cat","embeddable":true,"href":"https:\/\/www.ull.es\/portal\/agenda\/wp-json\/wp\/v2\/tribe_events_cat?post=35724"}],"curies":[{"name":"wp","href":"https:\/\/api.w.org\/{rel}","templated":true}]}}

Curso Reconstrucción de fuentes de EEG y MEG: en búsqueda de la luz que crea las sombras

<p>El lunes 13 de mayo el Instituto Universitario de Neurociencia de la Universidad de La Laguna organiza el curso Reconstrucción de fuentes de EEG y MEG: en búsqueda de la luz que crea las sombras bajo la dirección del Dr. Ricardo Bruña Fernández, de la Universidad Complutense de Madrid.</p>
<p>Se trata de una formación de 10h que podrá seguirse de forma presencial (plazas limitadas) en la Sala de Audiovisuales de la Facultad de Psicología de la Universidad de La Laguna. Se impartirá durante tres días (13, 14 y 15 de mayo) en el siguiente horario:</p>
<p>Día 1 (13/05): 10:00 a 12:00: Módulo 1 / 12:00 a 14:00: Módulo 2.<br />
Día 2 (14/05): 10:00 a 12:00: Módulo 3 / 12:00 a 14:00: Módulo 4.<br />
Día 3 (15/05): 11:00 a 13:30: Módulo 5.</p>
<p><a href="https://drive.google.com/file/d/10yOWI0mQmRcI86lIZ2-qiD_-wObYBrog/view?usp=sharing" target="_blank" rel="noopener">Programa</a></p>

<p>El lunes 13 de mayo el Instituto Universitario de Neurociencia de la Universidad de La Laguna organiza el curso Reconstrucción de fuentes de EEG y MEG: en búsqueda de la luz que crea las sombras bajo la dirección del Dr. Ricardo Bruña Fernández, de la Universidad Complutense de Madrid. Se trata de una formación de&#8230;</p>

<!-- This site is optimized with the Yoast SEO plugin v21.3 - https://yoast.com/wordpress/plugins/seo/ -->
<title>Curso Reconstrucción de fuentes de EEG y MEG: en búsqueda de la luz que crea las sombras - ULL - Agenda</title>
<meta name="robots" content="index, follow, max-snippet:-1, max-image-preview:large, max-video-preview:-1" />
<link rel="canonical" href="https://www.ull.es/portal/agenda/evento/curso-reconstruccion-de-fuentes-de-eeg-y-meg-en-busqueda-de-la-luz-que-crea-las-sombras/" />
<meta property="og:locale" content="es_ES" />
<meta property="og:type" content="article" />
<meta property="og:title" content="Curso Reconstrucción de fuentes de EEG y MEG: en búsqueda de la luz que crea las sombras - ULL - Agenda" />
<meta property="og:description" content="El lunes 13 de mayo el Instituto Universitario de Neurociencia de la Universidad de La Laguna organiza el curso Reconstrucción de fuentes de EEG y MEG: en búsqueda de la luz que crea las sombras bajo la dirección del Dr. Ricardo Bruña Fernández, de la Universidad Complutense de Madrid. Se trata de una formación de..." />
<meta property="og:url" content="https://www.ull.es/portal/agenda/evento/curso-reconstruccion-de-fuentes-de-eeg-y-meg-en-busqueda-de-la-luz-que-crea-las-sombras/" />
<meta property="og:site_name" content="ULL - Agenda" />
<meta property="article:modified_time" content="2024-05-13T12:37:00+00:00" />
<meta property="og:image" content="https://www.ull.es/portal/agenda/wp-content/uploads/sites/12/2024/05/Reconstruccion-EEG-MEG_Banner-eventos.png" />
	<meta property="og:image:width" content="750" />
	<meta property="og:image:height" content="370" />
	<meta property="og:image:type" content="image/png" />
<meta name="twitter:card" content="summary_large_image" />
<meta name="twitter:label1" content="Tiempo de lectura" />
	<meta name="twitter:data1" content="1 minuto" />
<script type="application/ld+json" class="yoast-schema-graph">{"@context":"https://schema.org","@graph":[{"@type":"WebPage","@id":"https://www.ull.es/portal/agenda/evento/curso-reconstruccion-de-fuentes-de-eeg-y-meg-en-busqueda-de-la-luz-que-crea-las-sombras/","url":"https://www.ull.es/portal/agenda/evento/curso-reconstruccion-de-fuentes-de-eeg-y-meg-en-busqueda-de-la-luz-que-crea-las-sombras/","name":"Curso Reconstrucción de fuentes de EEG y MEG: en búsqueda de la luz que crea las sombras - ULL - Agenda","isPartOf":{"@id":"https://www.ull.es/portal/agenda/#website"},"datePublished":"2024-05-03T07:46:38+00:00","dateModified":"2024-05-13T12:37:00+00:00","breadcrumb":{"@id":"https://www.ull.es/portal/agenda/evento/curso-reconstruccion-de-fuentes-de-eeg-y-meg-en-busqueda-de-la-luz-que-crea-las-sombras/#breadcrumb"},"inLanguage":"es","potentialAction":[{"@type":"ReadAction","target":["https://www.ull.es/portal/agenda/evento/curso-reconstruccion-de-fuentes-de-eeg-y-meg-en-busqueda-de-la-luz-que-crea-las-sombras/"]}]},{"@type":"BreadcrumbList","@id":"https://www.ull.es/portal/agenda/evento/curso-reconstruccion-de-fuentes-de-eeg-y-meg-en-busqueda-de-la-luz-que-crea-las-sombras/#breadcrumb","itemListElement":[{"@type":"ListItem","position":1,"name":"Portada","item":"https://www.ull.es/portal/agenda/"},{"@type":"ListItem","position":2,"name":"Curso Reconstrucción de fuentes de EEG y MEG: en búsqueda de la luz que crea las sombras"}]},{"@type":"WebSite","@id":"https://www.ull.es/portal/agenda/#website","url":"https://www.ull.es/portal/agenda/","name":"ULL - Agenda","description":"","potentialAction":[{"@type":"SearchAction","target":{"@type":"EntryPoint","urlTemplate":"https://www.ull.es/portal/agenda/?s={search_term_string}"},"query-input":"required name=search_term_string"}],"inLanguage":"es"}]}</script>
<!-- / Yoast SEO plugin. -->

Curso Reconstrucción de fuentes de EEG y MEG: en búsqueda de la luz que crea las sombras - ULL - Agenda

El lunes 13 de mayo el Instituto Universitario de Neurociencia de la Universidad de La Laguna organiza el curso Reconstrucción de fuentes de EEG y MEG: en búsqueda de la luz que crea las sombras bajo la dirección del Dr. Ricardo Bruña Fernández, de la Universidad Complutense de Madrid. Se trata de una formación de...
