{"id":35730,"date":"2024-05-03T09:05:34","date_gmt":"2024-05-03T09:05:34","guid":{"rendered":"https:\/\/www.ull.es\/portal\/agenda\/?post_type=tribe_events&#038;p=35730"},"modified":"2024-05-15T12:35:59","modified_gmt":"2024-05-15T12:35:59","slug":"xl-muestra-de-folklore-musical-canario","status":"publish","type":"tribe_events","link":"https:\/\/www.ull.es\/portal\/agenda\/evento\/xl-muestra-de-folklore-musical-canario\/","title":{"rendered":"XL Muestra de Folklore Musical Canario"},"content":{"rendered":"<p>La Facultad de Educaci\u00f3n acoge los d\u00edas 13 y 17 de mayo la XL Muestra de Folklore Musical Canario organizada por el Grupo Folkl\u00f3rico de la la Facultad de Educaci\u00f3n de la Universidad de La Laguna. Esta muestra realizar\u00e1 un homenaje al herre\u00f1o Ram\u00f3n Padr\u00f3n Cejas, que muri\u00f3 el pasado 16 de febrero, tras una vida plena de inquietudes y ejecuci\u00f3n de proyectos vinculados a la cultura ancestral de la isla de El Hierro. Su pasi\u00f3n por la fotograf\u00eda ofrece una importante visi\u00f3n de la sociedad insular de medio siglo, personas, paisajes, labores tradicionales, arquitectura y etnograf\u0129a. Trascendieron las fotograf\u00edas de posibles objetos voladores o del accidente del avi\u00f3n militar norteamericano con su absoluta crudeza, publicadas por Intervi\u00fa.<\/p>\n<p>Muy activo y comprometido en el entresijo social y cultural, fue concejal en los complicados tiempos de la transici\u00f3n, \u00e9poca de b\u00fasqueda de identidad y arraigo. Fueron momentos de recuperaci\u00f3n y creaci\u00f3n de celebraciones: Bajada de San Salvador, procesiones con bailarines, festivales folkl\u00f3ricos, pruebas deportivas, Raya para El Golfo desde La Bajada de 1977.<\/p>\n<p>Inspirado y empapado en los conocimientos de personas mayores, portadoras de un legado cultural de enorme riqueza, reuni\u00f3 en torno al Grupo Folkl\u00f3rico Tejeguate (1976) a los mejores valedores de El Golfo para conservar y difundir cantos de trabajo, loas sacras y profanas, vivo, berlina, tango, santo, romances, artesan\u00eda y vivencias. Por Tejeguate han pasado cientos de folkloristas de cinco generaciones que han divulgado la cultura herre\u00f1a dentro y fuera de las fronteras de El Hierro.<\/p>\n<p>Incansable en su tenaz y perseverante lucha defendi\u00f3 con ah\u00ednco la reapertura de la Residencia de Mayores en La Frontera, para que las personas de m\u00e1s edad pudieran permanecer cerca de su tierra y familiares en sus a\u00f1os postreros.<br \/>\nFruto de su dilatada labor ha recibido menciones y distinciones como la Medalla al M\u00e9rito Tur\u00edstico y la Medalla de Oro de Canarias de Cultura Tradicional.<\/p>\n<p>En su \u00f3bito fue despedido por cientos de herre\u00f1os y, como siempre quiso, al son de pitos y tambores acompa\u00f1ados de varios Carneros de Tigaday que hicieron sonar, m\u00e1s tristes que nunca, cencerros que difundieron su eco desde Tibataje hasta m\u00e1s all\u00e1 de Tanganasoga.<\/p>\n","protected":false},"excerpt":{"rendered":"<p>La Facultad de Educaci\u00f3n acoge los d\u00edas 13 y 17 de mayo la XL Muestra de Folklore Musical Canario organizada por el Grupo Folkl\u00f3rico de la la Facultad de Educaci\u00f3n de la Universidad de La Laguna. Esta muestra realizar\u00e1 un homenaje al herre\u00f1o Ram\u00f3n Padr\u00f3n Cejas, que muri\u00f3 el pasado 16 de febrero, tras una&#8230;<\/p>\n","protected":false},"author":65,"featured_media":35846,"comment_status":"closed","ping_status":"closed","template":"","tags":[],"tribe_events_cat":[344,3987,4,815],"acf":[],"yoast_head":"<!-- This site is optimized with the Yoast SEO plugin v21.3 - https:\/\/yoast.com\/wordpress\/plugins\/seo\/ -->\n<title>XL Muestra de Folklore Musical Canario - ULL - Agenda<\/title>\n<meta name=\"robots\" content=\"index, follow, max-snippet:-1, max-image-preview:large, max-video-preview:-1\" \/>\n<link rel=\"canonical\" href=\"https:\/\/www.ull.es\/portal\/agenda\/evento\/xl-muestra-de-folklore-musical-canario\/\" \/>\n<meta property=\"og:locale\" content=\"es_ES\" \/>\n<meta property=\"og:type\" content=\"article\" \/>\n<meta property=\"og:title\" content=\"XL Muestra de Folklore Musical Canario - ULL - Agenda\" \/>\n<meta property=\"og:description\" content=\"La Facultad de Educaci\u00f3n acoge los d\u00edas 13 y 17 de mayo la XL Muestra de Folklore Musical Canario organizada por el Grupo Folkl\u00f3rico de la la Facultad de Educaci\u00f3n de la Universidad de La Laguna. Esta muestra realizar\u00e1 un homenaje al herre\u00f1o Ram\u00f3n Padr\u00f3n Cejas, que muri\u00f3 el pasado 16 de febrero, tras una...\" \/>\n<meta property=\"og:url\" content=\"https:\/\/www.ull.es\/portal\/agenda\/evento\/xl-muestra-de-folklore-musical-canario\/\" \/>\n<meta property=\"og:site_name\" content=\"ULL - Agenda\" \/>\n<meta property=\"article:modified_time\" content=\"2024-05-15T12:35:59+00:00\" \/>\n<meta property=\"og:image\" content=\"https:\/\/www.ull.es\/portal\/agenda\/wp-content\/uploads\/sites\/12\/2024\/05\/XL-Muestra-de-Folklore-Musical-Canario_Banner-eventos.png\" \/>\n\t<meta property=\"og:image:width\" content=\"750\" \/>\n\t<meta property=\"og:image:height\" content=\"370\" \/>\n\t<meta property=\"og:image:type\" content=\"image\/png\" \/>\n<meta name=\"twitter:card\" content=\"summary_large_image\" \/>\n<meta name=\"twitter:label1\" content=\"Tiempo de lectura\" \/>\n\t<meta name=\"twitter:data1\" content=\"2 minutos\" \/>\n<script type=\"application\/ld+json\" class=\"yoast-schema-graph\">{\"@context\":\"https:\/\/schema.org\",\"@graph\":[{\"@type\":\"WebPage\",\"@id\":\"https:\/\/www.ull.es\/portal\/agenda\/evento\/xl-muestra-de-folklore-musical-canario\/\",\"url\":\"https:\/\/www.ull.es\/portal\/agenda\/evento\/xl-muestra-de-folklore-musical-canario\/\",\"name\":\"XL Muestra de Folklore Musical Canario - ULL - Agenda\",\"isPartOf\":{\"@id\":\"https:\/\/www.ull.es\/portal\/agenda\/#website\"},\"datePublished\":\"2024-05-03T09:05:34+00:00\",\"dateModified\":\"2024-05-15T12:35:59+00:00\",\"breadcrumb\":{\"@id\":\"https:\/\/www.ull.es\/portal\/agenda\/evento\/xl-muestra-de-folklore-musical-canario\/#breadcrumb\"},\"inLanguage\":\"es\",\"potentialAction\":[{\"@type\":\"ReadAction\",\"target\":[\"https:\/\/www.ull.es\/portal\/agenda\/evento\/xl-muestra-de-folklore-musical-canario\/\"]}]},{\"@type\":\"BreadcrumbList\",\"@id\":\"https:\/\/www.ull.es\/portal\/agenda\/evento\/xl-muestra-de-folklore-musical-canario\/#breadcrumb\",\"itemListElement\":[{\"@type\":\"ListItem\",\"position\":1,\"name\":\"Portada\",\"item\":\"https:\/\/www.ull.es\/portal\/agenda\/\"},{\"@type\":\"ListItem\",\"position\":2,\"name\":\"XL Muestra de Folklore Musical Canario\"}]},{\"@type\":\"WebSite\",\"@id\":\"https:\/\/www.ull.es\/portal\/agenda\/#website\",\"url\":\"https:\/\/www.ull.es\/portal\/agenda\/\",\"name\":\"ULL - Agenda\",\"description\":\"\",\"potentialAction\":[{\"@type\":\"SearchAction\",\"target\":{\"@type\":\"EntryPoint\",\"urlTemplate\":\"https:\/\/www.ull.es\/portal\/agenda\/?s={search_term_string}\"},\"query-input\":\"required name=search_term_string\"}],\"inLanguage\":\"es\"}]}<\/script>\n<!-- \/ Yoast SEO plugin. -->","yoast_head_json":{"title":"XL Muestra de Folklore Musical Canario - ULL - Agenda","robots":{"index":"index","follow":"follow","max-snippet":"max-snippet:-1","max-image-preview":"max-image-preview:large","max-video-preview":"max-video-preview:-1"},"canonical":"https:\/\/www.ull.es\/portal\/agenda\/evento\/xl-muestra-de-folklore-musical-canario\/","og_locale":"es_ES","og_type":"article","og_title":"XL Muestra de Folklore Musical Canario - ULL - Agenda","og_description":"La Facultad de Educaci\u00f3n acoge los d\u00edas 13 y 17 de mayo la XL Muestra de Folklore Musical Canario organizada por el Grupo Folkl\u00f3rico de la la Facultad de Educaci\u00f3n de la Universidad de La Laguna. Esta muestra realizar\u00e1 un homenaje al herre\u00f1o Ram\u00f3n Padr\u00f3n Cejas, que muri\u00f3 el pasado 16 de febrero, tras una...","og_url":"https:\/\/www.ull.es\/portal\/agenda\/evento\/xl-muestra-de-folklore-musical-canario\/","og_site_name":"ULL - Agenda","article_modified_time":"2024-05-15T12:35:59+00:00","og_image":[{"width":750,"height":370,"url":"https:\/\/www.ull.es\/portal\/agenda\/wp-content\/uploads\/sites\/12\/2024\/05\/XL-Muestra-de-Folklore-Musical-Canario_Banner-eventos.png","type":"image\/png"}],"twitter_card":"summary_large_image","twitter_misc":{"Tiempo de lectura":"2 minutos"},"schema":{"@context":"https:\/\/schema.org","@graph":[{"@type":"WebPage","@id":"https:\/\/www.ull.es\/portal\/agenda\/evento\/xl-muestra-de-folklore-musical-canario\/","url":"https:\/\/www.ull.es\/portal\/agenda\/evento\/xl-muestra-de-folklore-musical-canario\/","name":"XL Muestra de Folklore Musical Canario - ULL - Agenda","isPartOf":{"@id":"https:\/\/www.ull.es\/portal\/agenda\/#website"},"datePublished":"2024-05-03T09:05:34+00:00","dateModified":"2024-05-15T12:35:59+00:00","breadcrumb":{"@id":"https:\/\/www.ull.es\/portal\/agenda\/evento\/xl-muestra-de-folklore-musical-canario\/#breadcrumb"},"inLanguage":"es","potentialAction":[{"@type":"ReadAction","target":["https:\/\/www.ull.es\/portal\/agenda\/evento\/xl-muestra-de-folklore-musical-canario\/"]}]},{"@type":"BreadcrumbList","@id":"https:\/\/www.ull.es\/portal\/agenda\/evento\/xl-muestra-de-folklore-musical-canario\/#breadcrumb","itemListElement":[{"@type":"ListItem","position":1,"name":"Portada","item":"https:\/\/www.ull.es\/portal\/agenda\/"},{"@type":"ListItem","position":2,"name":"XL Muestra de Folklore Musical Canario"}]},{"@type":"WebSite","@id":"https:\/\/www.ull.es\/portal\/agenda\/#website","url":"https:\/\/www.ull.es\/portal\/agenda\/","name":"ULL - Agenda","description":"","potentialAction":[{"@type":"SearchAction","target":{"@type":"EntryPoint","urlTemplate":"https:\/\/www.ull.es\/portal\/agenda\/?s={search_term_string}"},"query-input":"required name=search_term_string"}],"inLanguage":"es"}]}},"_links":{"self":[{"href":"https:\/\/www.ull.es\/portal\/agenda\/wp-json\/wp\/v2\/tribe_events\/35730"}],"collection":[{"href":"https:\/\/www.ull.es\/portal\/agenda\/wp-json\/wp\/v2\/tribe_events"}],"about":[{"href":"https:\/\/www.ull.es\/portal\/agenda\/wp-json\/wp\/v2\/types\/tribe_events"}],"author":[{"embeddable":true,"href":"https:\/\/www.ull.es\/portal\/agenda\/wp-json\/wp\/v2\/users\/65"}],"replies":[{"embeddable":true,"href":"https:\/\/www.ull.es\/portal\/agenda\/wp-json\/wp\/v2\/comments?post=35730"}],"version-history":[{"count":1,"href":"https:\/\/www.ull.es\/portal\/agenda\/wp-json\/wp\/v2\/tribe_events\/35730\/revisions"}],"predecessor-version":[{"id":35734,"href":"https:\/\/www.ull.es\/portal\/agenda\/wp-json\/wp\/v2\/tribe_events\/35730\/revisions\/35734"}],"wp:featuredmedia":[{"embeddable":true,"href":"https:\/\/www.ull.es\/portal\/agenda\/wp-json\/wp\/v2\/media\/35846"}],"wp:attachment":[{"href":"https:\/\/www.ull.es\/portal\/agenda\/wp-json\/wp\/v2\/media?parent=35730"}],"wp:term":[{"taxonomy":"post_tag","embeddable":true,"href":"https:\/\/www.ull.es\/portal\/agenda\/wp-json\/wp\/v2\/tags?post=35730"},{"taxonomy":"tribe_events_cat","embeddable":true,"href":"https:\/\/www.ull.es\/portal\/agenda\/wp-json\/wp\/v2\/tribe_events_cat?post=35730"}],"curies":[{"name":"wp","href":"https:\/\/api.w.org\/{rel}","templated":true}]}}

<p>La Facultad de Educación acoge los días 13 y 17 de mayo la XL Muestra de Folklore Musical Canario organizada por el Grupo Folklórico de la la Facultad de Educación de la Universidad de La Laguna. Esta muestra realizará un homenaje al herreño Ramón Padrón Cejas, que murió el pasado 16 de febrero, tras una vida plena de inquietudes y ejecución de proyectos vinculados a la cultura ancestral de la isla de El Hierro. Su pasión por la fotografía ofrece una importante visión de la sociedad insular de medio siglo, personas, paisajes, labores tradicionales, arquitectura y etnografĩa. Trascendieron las fotografías de posibles objetos voladores o del accidente del avión militar norteamericano con su absoluta crudeza, publicadas por Interviú.</p>
<p>Muy activo y comprometido en el entresijo social y cultural, fue concejal en los complicados tiempos de la transición, época de búsqueda de identidad y arraigo. Fueron momentos de recuperación y creación de celebraciones: Bajada de San Salvador, procesiones con bailarines, festivales folklóricos, pruebas deportivas, Raya para El Golfo desde La Bajada de 1977.</p>
<p>Inspirado y empapado en los conocimientos de personas mayores, portadoras de un legado cultural de enorme riqueza, reunió en torno al Grupo Folklórico Tejeguate (1976) a los mejores valedores de El Golfo para conservar y difundir cantos de trabajo, loas sacras y profanas, vivo, berlina, tango, santo, romances, artesanía y vivencias. Por Tejeguate han pasado cientos de folkloristas de cinco generaciones que han divulgado la cultura herreña dentro y fuera de las fronteras de El Hierro.</p>
<p>Incansable en su tenaz y perseverante lucha defendió con ahínco la reapertura de la Residencia de Mayores en La Frontera, para que las personas de más edad pudieran permanecer cerca de su tierra y familiares en sus años postreros.<br />
Fruto de su dilatada labor ha recibido menciones y distinciones como la Medalla al Mérito Turístico y la Medalla de Oro de Canarias de Cultura Tradicional.</p>
<p>En su óbito fue despedido por cientos de herreños y, como siempre quiso, al son de pitos y tambores acompañados de varios Carneros de Tigaday que hicieron sonar, más tristes que nunca, cencerros que difundieron su eco desde Tibataje hasta más allá de Tanganasoga.</p>

<p>La Facultad de Educación acoge los días 13 y 17 de mayo la XL Muestra de Folklore Musical Canario organizada por el Grupo Folklórico de la la Facultad de Educación de la Universidad de La Laguna. Esta muestra realizará un homenaje al herreño Ramón Padrón Cejas, que murió el pasado 16 de febrero, tras una&#8230;</p>

<!-- This site is optimized with the Yoast SEO plugin v21.3 - https://yoast.com/wordpress/plugins/seo/ -->
<title>XL Muestra de Folklore Musical Canario - ULL - Agenda</title>
<meta name="robots" content="index, follow, max-snippet:-1, max-image-preview:large, max-video-preview:-1" />
<link rel="canonical" href="https://www.ull.es/portal/agenda/evento/xl-muestra-de-folklore-musical-canario/" />
<meta property="og:locale" content="es_ES" />
<meta property="og:type" content="article" />
<meta property="og:title" content="XL Muestra de Folklore Musical Canario - ULL - Agenda" />
<meta property="og:description" content="La Facultad de Educación acoge los días 13 y 17 de mayo la XL Muestra de Folklore Musical Canario organizada por el Grupo Folklórico de la la Facultad de Educación de la Universidad de La Laguna. Esta muestra realizará un homenaje al herreño Ramón Padrón Cejas, que murió el pasado 16 de febrero, tras una..." />
<meta property="og:url" content="https://www.ull.es/portal/agenda/evento/xl-muestra-de-folklore-musical-canario/" />
<meta property="og:site_name" content="ULL - Agenda" />
<meta property="article:modified_time" content="2024-05-15T12:35:59+00:00" />
<meta property="og:image" content="https://www.ull.es/portal/agenda/wp-content/uploads/sites/12/2024/05/XL-Muestra-de-Folklore-Musical-Canario_Banner-eventos.png" />
	<meta property="og:image:width" content="750" />
	<meta property="og:image:height" content="370" />
	<meta property="og:image:type" content="image/png" />
<meta name="twitter:card" content="summary_large_image" />
<meta name="twitter:label1" content="Tiempo de lectura" />
	<meta name="twitter:data1" content="2 minutos" />
<script type="application/ld+json" class="yoast-schema-graph">{"@context":"https://schema.org","@graph":[{"@type":"WebPage","@id":"https://www.ull.es/portal/agenda/evento/xl-muestra-de-folklore-musical-canario/","url":"https://www.ull.es/portal/agenda/evento/xl-muestra-de-folklore-musical-canario/","name":"XL Muestra de Folklore Musical Canario - ULL - Agenda","isPartOf":{"@id":"https://www.ull.es/portal/agenda/#website"},"datePublished":"2024-05-03T09:05:34+00:00","dateModified":"2024-05-15T12:35:59+00:00","breadcrumb":{"@id":"https://www.ull.es/portal/agenda/evento/xl-muestra-de-folklore-musical-canario/#breadcrumb"},"inLanguage":"es","potentialAction":[{"@type":"ReadAction","target":["https://www.ull.es/portal/agenda/evento/xl-muestra-de-folklore-musical-canario/"]}]},{"@type":"BreadcrumbList","@id":"https://www.ull.es/portal/agenda/evento/xl-muestra-de-folklore-musical-canario/#breadcrumb","itemListElement":[{"@type":"ListItem","position":1,"name":"Portada","item":"https://www.ull.es/portal/agenda/"},{"@type":"ListItem","position":2,"name":"XL Muestra de Folklore Musical Canario"}]},{"@type":"WebSite","@id":"https://www.ull.es/portal/agenda/#website","url":"https://www.ull.es/portal/agenda/","name":"ULL - Agenda","description":"","potentialAction":[{"@type":"SearchAction","target":{"@type":"EntryPoint","urlTemplate":"https://www.ull.es/portal/agenda/?s={search_term_string}"},"query-input":"required name=search_term_string"}],"inLanguage":"es"}]}</script>
<!-- / Yoast SEO plugin. -->

La Facultad de Educación acoge los días 13 y 17 de mayo la XL Muestra de Folklore Musical Canario organizada por el Grupo Folklórico de la la Facultad de Educación de la Universidad de La Laguna. Esta muestra realizará un homenaje al herreño Ramón Padrón Cejas, que murió el pasado 16 de febrero, tras una...
