{"id":35883,"date":"2024-05-09T08:01:28","date_gmt":"2024-05-09T08:01:28","guid":{"rendered":"https:\/\/www.ull.es\/portal\/agenda\/?post_type=tribe_events&#038;p=35883"},"modified":"2024-05-09T13:06:35","modified_gmt":"2024-05-09T13:06:35","slug":"cafe-filosofico-informacion-y-desinformacion-como-distinguir-la-verdad-en-la-era-de-la-postverdad","status":"publish","type":"tribe_events","link":"https:\/\/www.ull.es\/portal\/agenda\/evento\/cafe-filosofico-informacion-y-desinformacion-como-distinguir-la-verdad-en-la-era-de-la-postverdad\/","title":{"rendered":"Caf\u00e9 filos\u00f3fico: Informaci\u00f3n y desinformaci\u00f3n: \u00bfc\u00f3mo distinguir la verdad en la era de la postverdad?"},"content":{"rendered":"<p>En un mundo saturado de informaci\u00f3n, discernir la verdad se ha convertido en un desaf\u00edo, pero, \u00bfqu\u00e9 es la verdad?, \u00bfes esta posible?, \u00bfes posible distinguir la verdad en un contexto sobreinformado, saturado por los bulos, las fake news y, en general, la desinformaci\u00f3n? Estas son algunas de las cuestiones que exploraremos en nuestro pr\u00f3ximo caf\u00e9 filos\u00f3fico, el 14 de mayo a las 17:00h en el Espacio de Igualdad de la Biblioteca General y de Humanidades.<\/p>\n","protected":false},"excerpt":{"rendered":"<p>En un mundo saturado de informaci\u00f3n, discernir la verdad se ha convertido en un desaf\u00edo, pero, \u00bfqu\u00e9 es la verdad?, \u00bfes esta posible?, \u00bfes posible distinguir la verdad en un contexto sobreinformado, saturado por los bulos, las fake news y, en general, la desinformaci\u00f3n? Estas son algunas de las cuestiones que exploraremos en nuestro pr\u00f3ximo&#8230;<\/p>\n","protected":false},"author":65,"featured_media":35887,"comment_status":"closed","ping_status":"closed","template":"","tags":[],"tribe_events_cat":[344,1669,3987,4,1103,186,191],"acf":[],"yoast_head":"<!-- This site is optimized with the Yoast SEO plugin v21.3 - https:\/\/yoast.com\/wordpress\/plugins\/seo\/ -->\n<title>Caf\u00e9 filos\u00f3fico: Informaci\u00f3n y desinformaci\u00f3n: \u00bfc\u00f3mo distinguir la verdad en la era de la postverdad? - ULL - Agenda<\/title>\n<meta name=\"robots\" content=\"index, follow, max-snippet:-1, max-image-preview:large, max-video-preview:-1\" \/>\n<link rel=\"canonical\" href=\"https:\/\/www.ull.es\/portal\/agenda\/evento\/cafe-filosofico-informacion-y-desinformacion-como-distinguir-la-verdad-en-la-era-de-la-postverdad\/\" \/>\n<meta property=\"og:locale\" content=\"es_ES\" \/>\n<meta property=\"og:type\" content=\"article\" \/>\n<meta property=\"og:title\" content=\"Caf\u00e9 filos\u00f3fico: Informaci\u00f3n y desinformaci\u00f3n: \u00bfc\u00f3mo distinguir la verdad en la era de la postverdad? - ULL - Agenda\" \/>\n<meta property=\"og:description\" content=\"En un mundo saturado de informaci\u00f3n, discernir la verdad se ha convertido en un desaf\u00edo, pero, \u00bfqu\u00e9 es la verdad?, \u00bfes esta posible?, \u00bfes posible distinguir la verdad en un contexto sobreinformado, saturado por los bulos, las fake news y, en general, la desinformaci\u00f3n? Estas son algunas de las cuestiones que exploraremos en nuestro pr\u00f3ximo...\" \/>\n<meta property=\"og:url\" content=\"https:\/\/www.ull.es\/portal\/agenda\/evento\/cafe-filosofico-informacion-y-desinformacion-como-distinguir-la-verdad-en-la-era-de-la-postverdad\/\" \/>\n<meta property=\"og:site_name\" content=\"ULL - Agenda\" \/>\n<meta property=\"article:modified_time\" content=\"2024-05-09T13:06:35+00:00\" \/>\n<meta property=\"og:image\" content=\"https:\/\/www.ull.es\/portal\/agenda\/wp-content\/uploads\/sites\/12\/2024\/05\/Cafe-filosofico-informacion-y-desinformacion_Banner-eventos.png\" \/>\n\t<meta property=\"og:image:width\" content=\"750\" \/>\n\t<meta property=\"og:image:height\" content=\"370\" \/>\n\t<meta property=\"og:image:type\" content=\"image\/png\" \/>\n<meta name=\"twitter:card\" content=\"summary_large_image\" \/>\n<meta name=\"twitter:label1\" content=\"Tiempo de lectura\" \/>\n\t<meta name=\"twitter:data1\" content=\"1 minuto\" \/>\n<script type=\"application\/ld+json\" class=\"yoast-schema-graph\">{\"@context\":\"https:\/\/schema.org\",\"@graph\":[{\"@type\":\"WebPage\",\"@id\":\"https:\/\/www.ull.es\/portal\/agenda\/evento\/cafe-filosofico-informacion-y-desinformacion-como-distinguir-la-verdad-en-la-era-de-la-postverdad\/\",\"url\":\"https:\/\/www.ull.es\/portal\/agenda\/evento\/cafe-filosofico-informacion-y-desinformacion-como-distinguir-la-verdad-en-la-era-de-la-postverdad\/\",\"name\":\"Caf\u00e9 filos\u00f3fico: Informaci\u00f3n y desinformaci\u00f3n: \u00bfc\u00f3mo distinguir la verdad en la era de la postverdad? - ULL - Agenda\",\"isPartOf\":{\"@id\":\"https:\/\/www.ull.es\/portal\/agenda\/#website\"},\"datePublished\":\"2024-05-09T08:01:28+00:00\",\"dateModified\":\"2024-05-09T13:06:35+00:00\",\"breadcrumb\":{\"@id\":\"https:\/\/www.ull.es\/portal\/agenda\/evento\/cafe-filosofico-informacion-y-desinformacion-como-distinguir-la-verdad-en-la-era-de-la-postverdad\/#breadcrumb\"},\"inLanguage\":\"es\",\"potentialAction\":[{\"@type\":\"ReadAction\",\"target\":[\"https:\/\/www.ull.es\/portal\/agenda\/evento\/cafe-filosofico-informacion-y-desinformacion-como-distinguir-la-verdad-en-la-era-de-la-postverdad\/\"]}]},{\"@type\":\"BreadcrumbList\",\"@id\":\"https:\/\/www.ull.es\/portal\/agenda\/evento\/cafe-filosofico-informacion-y-desinformacion-como-distinguir-la-verdad-en-la-era-de-la-postverdad\/#breadcrumb\",\"itemListElement\":[{\"@type\":\"ListItem\",\"position\":1,\"name\":\"Portada\",\"item\":\"https:\/\/www.ull.es\/portal\/agenda\/\"},{\"@type\":\"ListItem\",\"position\":2,\"name\":\"Caf\u00e9 filos\u00f3fico: Informaci\u00f3n y desinformaci\u00f3n: \u00bfc\u00f3mo distinguir la verdad en la era de la postverdad?\"}]},{\"@type\":\"WebSite\",\"@id\":\"https:\/\/www.ull.es\/portal\/agenda\/#website\",\"url\":\"https:\/\/www.ull.es\/portal\/agenda\/\",\"name\":\"ULL - Agenda\",\"description\":\"\",\"potentialAction\":[{\"@type\":\"SearchAction\",\"target\":{\"@type\":\"EntryPoint\",\"urlTemplate\":\"https:\/\/www.ull.es\/portal\/agenda\/?s={search_term_string}\"},\"query-input\":\"required name=search_term_string\"}],\"inLanguage\":\"es\"}]}<\/script>\n<!-- \/ Yoast SEO plugin. -->","yoast_head_json":{"title":"Caf\u00e9 filos\u00f3fico: Informaci\u00f3n y desinformaci\u00f3n: \u00bfc\u00f3mo distinguir la verdad en la era de la postverdad? - ULL - Agenda","robots":{"index":"index","follow":"follow","max-snippet":"max-snippet:-1","max-image-preview":"max-image-preview:large","max-video-preview":"max-video-preview:-1"},"canonical":"https:\/\/www.ull.es\/portal\/agenda\/evento\/cafe-filosofico-informacion-y-desinformacion-como-distinguir-la-verdad-en-la-era-de-la-postverdad\/","og_locale":"es_ES","og_type":"article","og_title":"Caf\u00e9 filos\u00f3fico: Informaci\u00f3n y desinformaci\u00f3n: \u00bfc\u00f3mo distinguir la verdad en la era de la postverdad? - ULL - Agenda","og_description":"En un mundo saturado de informaci\u00f3n, discernir la verdad se ha convertido en un desaf\u00edo, pero, \u00bfqu\u00e9 es la verdad?, \u00bfes esta posible?, \u00bfes posible distinguir la verdad en un contexto sobreinformado, saturado por los bulos, las fake news y, en general, la desinformaci\u00f3n? Estas son algunas de las cuestiones que exploraremos en nuestro pr\u00f3ximo...","og_url":"https:\/\/www.ull.es\/portal\/agenda\/evento\/cafe-filosofico-informacion-y-desinformacion-como-distinguir-la-verdad-en-la-era-de-la-postverdad\/","og_site_name":"ULL - Agenda","article_modified_time":"2024-05-09T13:06:35+00:00","og_image":[{"width":750,"height":370,"url":"https:\/\/www.ull.es\/portal\/agenda\/wp-content\/uploads\/sites\/12\/2024\/05\/Cafe-filosofico-informacion-y-desinformacion_Banner-eventos.png","type":"image\/png"}],"twitter_card":"summary_large_image","twitter_misc":{"Tiempo de lectura":"1 minuto"},"schema":{"@context":"https:\/\/schema.org","@graph":[{"@type":"WebPage","@id":"https:\/\/www.ull.es\/portal\/agenda\/evento\/cafe-filosofico-informacion-y-desinformacion-como-distinguir-la-verdad-en-la-era-de-la-postverdad\/","url":"https:\/\/www.ull.es\/portal\/agenda\/evento\/cafe-filosofico-informacion-y-desinformacion-como-distinguir-la-verdad-en-la-era-de-la-postverdad\/","name":"Caf\u00e9 filos\u00f3fico: Informaci\u00f3n y desinformaci\u00f3n: \u00bfc\u00f3mo distinguir la verdad en la era de la postverdad? - ULL - Agenda","isPartOf":{"@id":"https:\/\/www.ull.es\/portal\/agenda\/#website"},"datePublished":"2024-05-09T08:01:28+00:00","dateModified":"2024-05-09T13:06:35+00:00","breadcrumb":{"@id":"https:\/\/www.ull.es\/portal\/agenda\/evento\/cafe-filosofico-informacion-y-desinformacion-como-distinguir-la-verdad-en-la-era-de-la-postverdad\/#breadcrumb"},"inLanguage":"es","potentialAction":[{"@type":"ReadAction","target":["https:\/\/www.ull.es\/portal\/agenda\/evento\/cafe-filosofico-informacion-y-desinformacion-como-distinguir-la-verdad-en-la-era-de-la-postverdad\/"]}]},{"@type":"BreadcrumbList","@id":"https:\/\/www.ull.es\/portal\/agenda\/evento\/cafe-filosofico-informacion-y-desinformacion-como-distinguir-la-verdad-en-la-era-de-la-postverdad\/#breadcrumb","itemListElement":[{"@type":"ListItem","position":1,"name":"Portada","item":"https:\/\/www.ull.es\/portal\/agenda\/"},{"@type":"ListItem","position":2,"name":"Caf\u00e9 filos\u00f3fico: Informaci\u00f3n y desinformaci\u00f3n: \u00bfc\u00f3mo distinguir la verdad en la era de la postverdad?"}]},{"@type":"WebSite","@id":"https:\/\/www.ull.es\/portal\/agenda\/#website","url":"https:\/\/www.ull.es\/portal\/agenda\/","name":"ULL - Agenda","description":"","potentialAction":[{"@type":"SearchAction","target":{"@type":"EntryPoint","urlTemplate":"https:\/\/www.ull.es\/portal\/agenda\/?s={search_term_string}"},"query-input":"required name=search_term_string"}],"inLanguage":"es"}]}},"_links":{"self":[{"href":"https:\/\/www.ull.es\/portal\/agenda\/wp-json\/wp\/v2\/tribe_events\/35883"}],"collection":[{"href":"https:\/\/www.ull.es\/portal\/agenda\/wp-json\/wp\/v2\/tribe_events"}],"about":[{"href":"https:\/\/www.ull.es\/portal\/agenda\/wp-json\/wp\/v2\/types\/tribe_events"}],"author":[{"embeddable":true,"href":"https:\/\/www.ull.es\/portal\/agenda\/wp-json\/wp\/v2\/users\/65"}],"replies":[{"embeddable":true,"href":"https:\/\/www.ull.es\/portal\/agenda\/wp-json\/wp\/v2\/comments?post=35883"}],"version-history":[{"count":1,"href":"https:\/\/www.ull.es\/portal\/agenda\/wp-json\/wp\/v2\/tribe_events\/35883\/revisions"}],"predecessor-version":[{"id":35884,"href":"https:\/\/www.ull.es\/portal\/agenda\/wp-json\/wp\/v2\/tribe_events\/35883\/revisions\/35884"}],"wp:featuredmedia":[{"embeddable":true,"href":"https:\/\/www.ull.es\/portal\/agenda\/wp-json\/wp\/v2\/media\/35887"}],"wp:attachment":[{"href":"https:\/\/www.ull.es\/portal\/agenda\/wp-json\/wp\/v2\/media?parent=35883"}],"wp:term":[{"taxonomy":"post_tag","embeddable":true,"href":"https:\/\/www.ull.es\/portal\/agenda\/wp-json\/wp\/v2\/tags?post=35883"},{"taxonomy":"tribe_events_cat","embeddable":true,"href":"https:\/\/www.ull.es\/portal\/agenda\/wp-json\/wp\/v2\/tribe_events_cat?post=35883"}],"curies":[{"name":"wp","href":"https:\/\/api.w.org\/{rel}","templated":true}]}}

Café filosófico: Información y desinformación: ¿cómo distinguir la verdad en la era de la postverdad?

<p>En un mundo saturado de información, discernir la verdad se ha convertido en un desafío, pero, ¿qué es la verdad?, ¿es esta posible?, ¿es posible distinguir la verdad en un contexto sobreinformado, saturado por los bulos, las fake news y, en general, la desinformación? Estas son algunas de las cuestiones que exploraremos en nuestro próximo café filosófico, el 14 de mayo a las 17:00h en el Espacio de Igualdad de la Biblioteca General y de Humanidades.</p>

<p>En un mundo saturado de información, discernir la verdad se ha convertido en un desafío, pero, ¿qué es la verdad?, ¿es esta posible?, ¿es posible distinguir la verdad en un contexto sobreinformado, saturado por los bulos, las fake news y, en general, la desinformación? Estas son algunas de las cuestiones que exploraremos en nuestro próximo&#8230;</p>

<!-- This site is optimized with the Yoast SEO plugin v21.3 - https://yoast.com/wordpress/plugins/seo/ -->
<title>Café filosófico: Información y desinformación: ¿cómo distinguir la verdad en la era de la postverdad? - ULL - Agenda</title>
<meta name="robots" content="index, follow, max-snippet:-1, max-image-preview:large, max-video-preview:-1" />
<link rel="canonical" href="https://www.ull.es/portal/agenda/evento/cafe-filosofico-informacion-y-desinformacion-como-distinguir-la-verdad-en-la-era-de-la-postverdad/" />
<meta property="og:locale" content="es_ES" />
<meta property="og:type" content="article" />
<meta property="og:title" content="Café filosófico: Información y desinformación: ¿cómo distinguir la verdad en la era de la postverdad? - ULL - Agenda" />
<meta property="og:description" content="En un mundo saturado de información, discernir la verdad se ha convertido en un desafío, pero, ¿qué es la verdad?, ¿es esta posible?, ¿es posible distinguir la verdad en un contexto sobreinformado, saturado por los bulos, las fake news y, en general, la desinformación? Estas son algunas de las cuestiones que exploraremos en nuestro próximo..." />
<meta property="og:url" content="https://www.ull.es/portal/agenda/evento/cafe-filosofico-informacion-y-desinformacion-como-distinguir-la-verdad-en-la-era-de-la-postverdad/" />
<meta property="og:site_name" content="ULL - Agenda" />
<meta property="article:modified_time" content="2024-05-09T13:06:35+00:00" />
<meta property="og:image" content="https://www.ull.es/portal/agenda/wp-content/uploads/sites/12/2024/05/Cafe-filosofico-informacion-y-desinformacion_Banner-eventos.png" />
	<meta property="og:image:width" content="750" />
	<meta property="og:image:height" content="370" />
	<meta property="og:image:type" content="image/png" />
<meta name="twitter:card" content="summary_large_image" />
<meta name="twitter:label1" content="Tiempo de lectura" />
	<meta name="twitter:data1" content="1 minuto" />
<script type="application/ld+json" class="yoast-schema-graph">{"@context":"https://schema.org","@graph":[{"@type":"WebPage","@id":"https://www.ull.es/portal/agenda/evento/cafe-filosofico-informacion-y-desinformacion-como-distinguir-la-verdad-en-la-era-de-la-postverdad/","url":"https://www.ull.es/portal/agenda/evento/cafe-filosofico-informacion-y-desinformacion-como-distinguir-la-verdad-en-la-era-de-la-postverdad/","name":"Café filosófico: Información y desinformación: ¿cómo distinguir la verdad en la era de la postverdad? - ULL - Agenda","isPartOf":{"@id":"https://www.ull.es/portal/agenda/#website"},"datePublished":"2024-05-09T08:01:28+00:00","dateModified":"2024-05-09T13:06:35+00:00","breadcrumb":{"@id":"https://www.ull.es/portal/agenda/evento/cafe-filosofico-informacion-y-desinformacion-como-distinguir-la-verdad-en-la-era-de-la-postverdad/#breadcrumb"},"inLanguage":"es","potentialAction":[{"@type":"ReadAction","target":["https://www.ull.es/portal/agenda/evento/cafe-filosofico-informacion-y-desinformacion-como-distinguir-la-verdad-en-la-era-de-la-postverdad/"]}]},{"@type":"BreadcrumbList","@id":"https://www.ull.es/portal/agenda/evento/cafe-filosofico-informacion-y-desinformacion-como-distinguir-la-verdad-en-la-era-de-la-postverdad/#breadcrumb","itemListElement":[{"@type":"ListItem","position":1,"name":"Portada","item":"https://www.ull.es/portal/agenda/"},{"@type":"ListItem","position":2,"name":"Café filosófico: Información y desinformación: ¿cómo distinguir la verdad en la era de la postverdad?"}]},{"@type":"WebSite","@id":"https://www.ull.es/portal/agenda/#website","url":"https://www.ull.es/portal/agenda/","name":"ULL - Agenda","description":"","potentialAction":[{"@type":"SearchAction","target":{"@type":"EntryPoint","urlTemplate":"https://www.ull.es/portal/agenda/?s={search_term_string}"},"query-input":"required name=search_term_string"}],"inLanguage":"es"}]}</script>
<!-- / Yoast SEO plugin. -->

Café filosófico: Información y desinformación: ¿cómo distinguir la verdad en la era de la postverdad? - ULL - Agenda

En un mundo saturado de información, discernir la verdad se ha convertido en un desafío, pero, ¿qué es la verdad?, ¿es esta posible?, ¿es posible distinguir la verdad en un contexto sobreinformado, saturado por los bulos, las fake news y, en general, la desinformación? Estas son algunas de las cuestiones que exploraremos en nuestro próximo...
