{"id":36056,"date":"2024-05-22T09:54:26","date_gmt":"2024-05-22T09:54:26","guid":{"rendered":"https:\/\/www.ull.es\/portal\/agenda\/?post_type=tribe_events&#038;p=36056"},"modified":"2024-05-22T13:20:39","modified_gmt":"2024-05-22T13:20:39","slug":"ciclo-de-conferencias-trying-to-expand-the-applications-of-dipolar-glass-polymers","status":"publish","type":"tribe_events","link":"https:\/\/www.ull.es\/portal\/agenda\/evento\/ciclo-de-conferencias-trying-to-expand-the-applications-of-dipolar-glass-polymers\/","title":{"rendered":"Ciclo de conferencias: \u201cTrying to expand the applications of dipolar glass polymers\u201d"},"content":{"rendered":"<p>El Instituto Universitario de Bio-Org\u00e1nica Antonio Gonz\u00e1lez contin\u00faa su ciclo de conferencias \u201cDistinguished Lectures\u201d. El pr\u00f3ximo 24 de mayo, a las 10:00, tendr\u00e1 lugar la ponencia del Investigador del Centro de F\u00edsica de Materiales (San Sebasti\u00e1n) en el grupo \u00abPolymers and Soft Matter Group\u00bb, el Dr. Sebastian Bonardd bajo el t\u00edtulo: \u201cTrying to expand the applications of dipolar glass polymers\u201d.<\/p>\n<p>El Dr. Bonardd es Doctor en Qu\u00edmica por la Pontificia Universidad Cat\u00f3lica de Chile, y Doctor en Ingenier\u00eda de materiales renovables por la Universidad del Pa\u00eds Vasco. Ha centrado su investigaci\u00f3n en la preparaci\u00f3n de nuevos pol\u00edmeros para aplicaciones electr\u00f3nicas y administraci\u00f3n de f\u00e1rmacos, as\u00ed como en la confecci\u00f3n de nuevos nanocompuestos polim\u00e9ricos de base biol\u00f3gica. Ha participado en m\u00e1s de 50 publicaciones cient\u00edficas en revistas indexadas, adem\u00e1s de 1 patente y en numerosos proyectos competitivos.<\/p>\n","protected":false},"excerpt":{"rendered":"<p>El Instituto Universitario de Bio-Org\u00e1nica Antonio Gonz\u00e1lez contin\u00faa su ciclo de conferencias \u201cDistinguished Lectures\u201d. El pr\u00f3ximo 24 de mayo, a las 10:00, tendr\u00e1 lugar la ponencia del Investigador del Centro de F\u00edsica de Materiales (San Sebasti\u00e1n) en el grupo \u00abPolymers and Soft Matter Group\u00bb, el Dr. Sebastian Bonardd bajo el t\u00edtulo: \u201cTrying to expand the&#8230;<\/p>\n","protected":false},"author":65,"featured_media":36066,"comment_status":"closed","ping_status":"closed","template":"","tags":[],"tribe_events_cat":[4,3287],"acf":[],"yoast_head":"<!-- This site is optimized with the Yoast SEO plugin v21.3 - https:\/\/yoast.com\/wordpress\/plugins\/seo\/ -->\n<title>Ciclo de conferencias: \u201cTrying to expand the applications of dipolar glass polymers\u201d - ULL - Agenda<\/title>\n<meta name=\"robots\" content=\"index, follow, max-snippet:-1, max-image-preview:large, max-video-preview:-1\" \/>\n<link rel=\"canonical\" href=\"https:\/\/www.ull.es\/portal\/agenda\/evento\/ciclo-de-conferencias-trying-to-expand-the-applications-of-dipolar-glass-polymers\/\" \/>\n<meta property=\"og:locale\" content=\"es_ES\" \/>\n<meta property=\"og:type\" content=\"article\" \/>\n<meta property=\"og:title\" content=\"Ciclo de conferencias: \u201cTrying to expand the applications of dipolar glass polymers\u201d - ULL - Agenda\" \/>\n<meta property=\"og:description\" content=\"El Instituto Universitario de Bio-Org\u00e1nica Antonio Gonz\u00e1lez contin\u00faa su ciclo de conferencias \u201cDistinguished Lectures\u201d. El pr\u00f3ximo 24 de mayo, a las 10:00, tendr\u00e1 lugar la ponencia del Investigador del Centro de F\u00edsica de Materiales (San Sebasti\u00e1n) en el grupo \u00abPolymers and Soft Matter Group\u00bb, el Dr. Sebastian Bonardd bajo el t\u00edtulo: \u201cTrying to expand the...\" \/>\n<meta property=\"og:url\" content=\"https:\/\/www.ull.es\/portal\/agenda\/evento\/ciclo-de-conferencias-trying-to-expand-the-applications-of-dipolar-glass-polymers\/\" \/>\n<meta property=\"og:site_name\" content=\"ULL - Agenda\" \/>\n<meta property=\"article:modified_time\" content=\"2024-05-22T13:20:39+00:00\" \/>\n<meta property=\"og:image\" content=\"https:\/\/www.ull.es\/portal\/agenda\/wp-content\/uploads\/sites\/12\/2024\/05\/Trying-to-expand-the-applications-of-dipolar-glass-polymers_Banner-eventos.png\" \/>\n\t<meta property=\"og:image:width\" content=\"750\" \/>\n\t<meta property=\"og:image:height\" content=\"370\" \/>\n\t<meta property=\"og:image:type\" content=\"image\/png\" \/>\n<meta name=\"twitter:card\" content=\"summary_large_image\" \/>\n<meta name=\"twitter:label1\" content=\"Tiempo de lectura\" \/>\n\t<meta name=\"twitter:data1\" content=\"1 minuto\" \/>\n<script type=\"application\/ld+json\" class=\"yoast-schema-graph\">{\"@context\":\"https:\/\/schema.org\",\"@graph\":[{\"@type\":\"WebPage\",\"@id\":\"https:\/\/www.ull.es\/portal\/agenda\/evento\/ciclo-de-conferencias-trying-to-expand-the-applications-of-dipolar-glass-polymers\/\",\"url\":\"https:\/\/www.ull.es\/portal\/agenda\/evento\/ciclo-de-conferencias-trying-to-expand-the-applications-of-dipolar-glass-polymers\/\",\"name\":\"Ciclo de conferencias: \u201cTrying to expand the applications of dipolar glass polymers\u201d - ULL - Agenda\",\"isPartOf\":{\"@id\":\"https:\/\/www.ull.es\/portal\/agenda\/#website\"},\"datePublished\":\"2024-05-22T09:54:26+00:00\",\"dateModified\":\"2024-05-22T13:20:39+00:00\",\"breadcrumb\":{\"@id\":\"https:\/\/www.ull.es\/portal\/agenda\/evento\/ciclo-de-conferencias-trying-to-expand-the-applications-of-dipolar-glass-polymers\/#breadcrumb\"},\"inLanguage\":\"es\",\"potentialAction\":[{\"@type\":\"ReadAction\",\"target\":[\"https:\/\/www.ull.es\/portal\/agenda\/evento\/ciclo-de-conferencias-trying-to-expand-the-applications-of-dipolar-glass-polymers\/\"]}]},{\"@type\":\"BreadcrumbList\",\"@id\":\"https:\/\/www.ull.es\/portal\/agenda\/evento\/ciclo-de-conferencias-trying-to-expand-the-applications-of-dipolar-glass-polymers\/#breadcrumb\",\"itemListElement\":[{\"@type\":\"ListItem\",\"position\":1,\"name\":\"Portada\",\"item\":\"https:\/\/www.ull.es\/portal\/agenda\/\"},{\"@type\":\"ListItem\",\"position\":2,\"name\":\"Ciclo de conferencias: \u201cTrying to expand the applications of dipolar glass polymers\u201d\"}]},{\"@type\":\"WebSite\",\"@id\":\"https:\/\/www.ull.es\/portal\/agenda\/#website\",\"url\":\"https:\/\/www.ull.es\/portal\/agenda\/\",\"name\":\"ULL - Agenda\",\"description\":\"\",\"potentialAction\":[{\"@type\":\"SearchAction\",\"target\":{\"@type\":\"EntryPoint\",\"urlTemplate\":\"https:\/\/www.ull.es\/portal\/agenda\/?s={search_term_string}\"},\"query-input\":\"required name=search_term_string\"}],\"inLanguage\":\"es\"}]}<\/script>\n<!-- \/ Yoast SEO plugin. -->","yoast_head_json":{"title":"Ciclo de conferencias: \u201cTrying to expand the applications of dipolar glass polymers\u201d - ULL - Agenda","robots":{"index":"index","follow":"follow","max-snippet":"max-snippet:-1","max-image-preview":"max-image-preview:large","max-video-preview":"max-video-preview:-1"},"canonical":"https:\/\/www.ull.es\/portal\/agenda\/evento\/ciclo-de-conferencias-trying-to-expand-the-applications-of-dipolar-glass-polymers\/","og_locale":"es_ES","og_type":"article","og_title":"Ciclo de conferencias: \u201cTrying to expand the applications of dipolar glass polymers\u201d - ULL - Agenda","og_description":"El Instituto Universitario de Bio-Org\u00e1nica Antonio Gonz\u00e1lez contin\u00faa su ciclo de conferencias \u201cDistinguished Lectures\u201d. El pr\u00f3ximo 24 de mayo, a las 10:00, tendr\u00e1 lugar la ponencia del Investigador del Centro de F\u00edsica de Materiales (San Sebasti\u00e1n) en el grupo \u00abPolymers and Soft Matter Group\u00bb, el Dr. Sebastian Bonardd bajo el t\u00edtulo: \u201cTrying to expand the...","og_url":"https:\/\/www.ull.es\/portal\/agenda\/evento\/ciclo-de-conferencias-trying-to-expand-the-applications-of-dipolar-glass-polymers\/","og_site_name":"ULL - Agenda","article_modified_time":"2024-05-22T13:20:39+00:00","og_image":[{"width":750,"height":370,"url":"https:\/\/www.ull.es\/portal\/agenda\/wp-content\/uploads\/sites\/12\/2024\/05\/Trying-to-expand-the-applications-of-dipolar-glass-polymers_Banner-eventos.png","type":"image\/png"}],"twitter_card":"summary_large_image","twitter_misc":{"Tiempo de lectura":"1 minuto"},"schema":{"@context":"https:\/\/schema.org","@graph":[{"@type":"WebPage","@id":"https:\/\/www.ull.es\/portal\/agenda\/evento\/ciclo-de-conferencias-trying-to-expand-the-applications-of-dipolar-glass-polymers\/","url":"https:\/\/www.ull.es\/portal\/agenda\/evento\/ciclo-de-conferencias-trying-to-expand-the-applications-of-dipolar-glass-polymers\/","name":"Ciclo de conferencias: \u201cTrying to expand the applications of dipolar glass polymers\u201d - ULL - Agenda","isPartOf":{"@id":"https:\/\/www.ull.es\/portal\/agenda\/#website"},"datePublished":"2024-05-22T09:54:26+00:00","dateModified":"2024-05-22T13:20:39+00:00","breadcrumb":{"@id":"https:\/\/www.ull.es\/portal\/agenda\/evento\/ciclo-de-conferencias-trying-to-expand-the-applications-of-dipolar-glass-polymers\/#breadcrumb"},"inLanguage":"es","potentialAction":[{"@type":"ReadAction","target":["https:\/\/www.ull.es\/portal\/agenda\/evento\/ciclo-de-conferencias-trying-to-expand-the-applications-of-dipolar-glass-polymers\/"]}]},{"@type":"BreadcrumbList","@id":"https:\/\/www.ull.es\/portal\/agenda\/evento\/ciclo-de-conferencias-trying-to-expand-the-applications-of-dipolar-glass-polymers\/#breadcrumb","itemListElement":[{"@type":"ListItem","position":1,"name":"Portada","item":"https:\/\/www.ull.es\/portal\/agenda\/"},{"@type":"ListItem","position":2,"name":"Ciclo de conferencias: \u201cTrying to expand the applications of dipolar glass polymers\u201d"}]},{"@type":"WebSite","@id":"https:\/\/www.ull.es\/portal\/agenda\/#website","url":"https:\/\/www.ull.es\/portal\/agenda\/","name":"ULL - Agenda","description":"","potentialAction":[{"@type":"SearchAction","target":{"@type":"EntryPoint","urlTemplate":"https:\/\/www.ull.es\/portal\/agenda\/?s={search_term_string}"},"query-input":"required name=search_term_string"}],"inLanguage":"es"}]}},"_links":{"self":[{"href":"https:\/\/www.ull.es\/portal\/agenda\/wp-json\/wp\/v2\/tribe_events\/36056"}],"collection":[{"href":"https:\/\/www.ull.es\/portal\/agenda\/wp-json\/wp\/v2\/tribe_events"}],"about":[{"href":"https:\/\/www.ull.es\/portal\/agenda\/wp-json\/wp\/v2\/types\/tribe_events"}],"author":[{"embeddable":true,"href":"https:\/\/www.ull.es\/portal\/agenda\/wp-json\/wp\/v2\/users\/65"}],"replies":[{"embeddable":true,"href":"https:\/\/www.ull.es\/portal\/agenda\/wp-json\/wp\/v2\/comments?post=36056"}],"version-history":[{"count":1,"href":"https:\/\/www.ull.es\/portal\/agenda\/wp-json\/wp\/v2\/tribe_events\/36056\/revisions"}],"predecessor-version":[{"id":36057,"href":"https:\/\/www.ull.es\/portal\/agenda\/wp-json\/wp\/v2\/tribe_events\/36056\/revisions\/36057"}],"wp:featuredmedia":[{"embeddable":true,"href":"https:\/\/www.ull.es\/portal\/agenda\/wp-json\/wp\/v2\/media\/36066"}],"wp:attachment":[{"href":"https:\/\/www.ull.es\/portal\/agenda\/wp-json\/wp\/v2\/media?parent=36056"}],"wp:term":[{"taxonomy":"post_tag","embeddable":true,"href":"https:\/\/www.ull.es\/portal\/agenda\/wp-json\/wp\/v2\/tags?post=36056"},{"taxonomy":"tribe_events_cat","embeddable":true,"href":"https:\/\/www.ull.es\/portal\/agenda\/wp-json\/wp\/v2\/tribe_events_cat?post=36056"}],"curies":[{"name":"wp","href":"https:\/\/api.w.org\/{rel}","templated":true}]}}

<p>El Instituto Universitario de Bio-Orgánica Antonio González continúa su ciclo de conferencias “Distinguished Lectures”. El próximo 24 de mayo, a las 10:00, tendrá lugar la ponencia del Investigador del Centro de Física de Materiales (San Sebastián) en el grupo «Polymers and Soft Matter Group», el Dr. Sebastian Bonardd bajo el título: “Trying to expand the applications of dipolar glass polymers”.</p>
<p>El Dr. Bonardd es Doctor en Química por la Pontificia Universidad Católica de Chile, y Doctor en Ingeniería de materiales renovables por la Universidad del País Vasco. Ha centrado su investigación en la preparación de nuevos polímeros para aplicaciones electrónicas y administración de fármacos, así como en la confección de nuevos nanocompuestos poliméricos de base biológica. Ha participado en más de 50 publicaciones científicas en revistas indexadas, además de 1 patente y en numerosos proyectos competitivos.</p>

<p>El Instituto Universitario de Bio-Orgánica Antonio González continúa su ciclo de conferencias “Distinguished Lectures”. El próximo 24 de mayo, a las 10:00, tendrá lugar la ponencia del Investigador del Centro de Física de Materiales (San Sebastián) en el grupo «Polymers and Soft Matter Group», el Dr. Sebastian Bonardd bajo el título: “Trying to expand the&#8230;</p>

<!-- This site is optimized with the Yoast SEO plugin v21.3 - https://yoast.com/wordpress/plugins/seo/ -->
<title>Ciclo de conferencias: “Trying to expand the applications of dipolar glass polymers” - ULL - Agenda</title>
<meta name="robots" content="index, follow, max-snippet:-1, max-image-preview:large, max-video-preview:-1" />
<link rel="canonical" href="https://www.ull.es/portal/agenda/evento/ciclo-de-conferencias-trying-to-expand-the-applications-of-dipolar-glass-polymers/" />
<meta property="og:locale" content="es_ES" />
<meta property="og:type" content="article" />
<meta property="og:title" content="Ciclo de conferencias: “Trying to expand the applications of dipolar glass polymers” - ULL - Agenda" />
<meta property="og:description" content="El Instituto Universitario de Bio-Orgánica Antonio González continúa su ciclo de conferencias “Distinguished Lectures”. El próximo 24 de mayo, a las 10:00, tendrá lugar la ponencia del Investigador del Centro de Física de Materiales (San Sebastián) en el grupo «Polymers and Soft Matter Group», el Dr. Sebastian Bonardd bajo el título: “Trying to expand the..." />
<meta property="og:url" content="https://www.ull.es/portal/agenda/evento/ciclo-de-conferencias-trying-to-expand-the-applications-of-dipolar-glass-polymers/" />
<meta property="og:site_name" content="ULL - Agenda" />
<meta property="article:modified_time" content="2024-05-22T13:20:39+00:00" />
<meta property="og:image" content="https://www.ull.es/portal/agenda/wp-content/uploads/sites/12/2024/05/Trying-to-expand-the-applications-of-dipolar-glass-polymers_Banner-eventos.png" />
	<meta property="og:image:width" content="750" />
	<meta property="og:image:height" content="370" />
	<meta property="og:image:type" content="image/png" />
<meta name="twitter:card" content="summary_large_image" />
<meta name="twitter:label1" content="Tiempo de lectura" />
	<meta name="twitter:data1" content="1 minuto" />
<script type="application/ld+json" class="yoast-schema-graph">{"@context":"https://schema.org","@graph":[{"@type":"WebPage","@id":"https://www.ull.es/portal/agenda/evento/ciclo-de-conferencias-trying-to-expand-the-applications-of-dipolar-glass-polymers/","url":"https://www.ull.es/portal/agenda/evento/ciclo-de-conferencias-trying-to-expand-the-applications-of-dipolar-glass-polymers/","name":"Ciclo de conferencias: “Trying to expand the applications of dipolar glass polymers” - ULL - Agenda","isPartOf":{"@id":"https://www.ull.es/portal/agenda/#website"},"datePublished":"2024-05-22T09:54:26+00:00","dateModified":"2024-05-22T13:20:39+00:00","breadcrumb":{"@id":"https://www.ull.es/portal/agenda/evento/ciclo-de-conferencias-trying-to-expand-the-applications-of-dipolar-glass-polymers/#breadcrumb"},"inLanguage":"es","potentialAction":[{"@type":"ReadAction","target":["https://www.ull.es/portal/agenda/evento/ciclo-de-conferencias-trying-to-expand-the-applications-of-dipolar-glass-polymers/"]}]},{"@type":"BreadcrumbList","@id":"https://www.ull.es/portal/agenda/evento/ciclo-de-conferencias-trying-to-expand-the-applications-of-dipolar-glass-polymers/#breadcrumb","itemListElement":[{"@type":"ListItem","position":1,"name":"Portada","item":"https://www.ull.es/portal/agenda/"},{"@type":"ListItem","position":2,"name":"Ciclo de conferencias: “Trying to expand the applications of dipolar glass polymers”"}]},{"@type":"WebSite","@id":"https://www.ull.es/portal/agenda/#website","url":"https://www.ull.es/portal/agenda/","name":"ULL - Agenda","description":"","potentialAction":[{"@type":"SearchAction","target":{"@type":"EntryPoint","urlTemplate":"https://www.ull.es/portal/agenda/?s={search_term_string}"},"query-input":"required name=search_term_string"}],"inLanguage":"es"}]}</script>
<!-- / Yoast SEO plugin. -->

El Instituto Universitario de Bio-Orgánica Antonio González continúa su ciclo de conferencias “Distinguished Lectures”. El próximo 24 de mayo, a las 10:00, tendrá lugar la ponencia del Investigador del Centro de Física de Materiales (San Sebastián) en el grupo «Polymers and Soft Matter Group», el Dr. Sebastian Bonardd bajo el título: “Trying to expand the...
