{"id":36140,"date":"2024-05-28T14:03:59","date_gmt":"2024-05-28T14:03:59","guid":{"rendered":"https:\/\/www.ull.es\/portal\/agenda\/?post_type=tribe_events&#038;p=36140"},"modified":"2024-09-06T12:21:09","modified_gmt":"2024-09-06T12:21:09","slug":"visiones-del-teide-exposicion-de-pinturas-de-antonio-otazzo","status":"publish","type":"tribe_events","link":"https:\/\/www.ull.es\/portal\/agenda\/evento\/visiones-del-teide-exposicion-de-pinturas-de-antonio-otazzo\/","title":{"rendered":"&#8216;Visiones del Teide&#8217; Exposici\u00f3n de pinturas de Antonio Otazzo"},"content":{"rendered":"<p style=\"font-weight: 400;\">Dentro de los actos conmemorativos del 70 aniversario de la declaraci\u00f3n por decreto del Parque Nacional del Teide, se presenta una parte de la obra pict\u00f3rica del artista pl\u00e1stico universal Antonio Otazzo (1929-2020), obra que versa sobre su visi\u00f3n del Teide.<\/p>\n<p style=\"font-weight: 400;\">Mezcla con maestr\u00eda la majestuosidad, los valores y paisajes del Teide y de la isla que lo vio nacer. Desde la belleza de sus tonos rojizos del atardecer sobre sus estructuras p\u00e9treas, su especial vegetaci\u00f3n como tajinastes o retamas, a los valores como dador de vida a la isla, pero pasando tambi\u00e9n por los temores del artista.<\/p>\n<p style=\"font-weight: 400;\">Una muestra que representa un trabajo imaginativo e inusual de ver El Teide en diferentes visiones, donde cada lienzo describe partes relevantes de la isla y de este espacio natural como si se tratara de una fantas\u00eda navide\u00f1a.<\/p>\n","protected":false},"excerpt":{"rendered":"<p>Dentro de los actos conmemorativos del 70 aniversario de la declaraci\u00f3n por decreto del Parque Nacional del Teide, se presenta una parte de la obra pict\u00f3rica del artista pl\u00e1stico universal Antonio Otazzo (1929-2020), obra que versa sobre su visi\u00f3n del Teide. Mezcla con maestr\u00eda la majestuosidad, los valores y paisajes del Teide y de la&#8230;<\/p>\n","protected":false},"author":65,"featured_media":37508,"comment_status":"closed","ping_status":"closed","template":"","tags":[],"tribe_events_cat":[3987,4,19,343,186],"acf":[],"yoast_head":"<!-- This site is optimized with the Yoast SEO plugin v21.3 - https:\/\/yoast.com\/wordpress\/plugins\/seo\/ -->\n<title>&#039;Visiones del Teide&#039; Exposici\u00f3n de pinturas de Antonio Otazzo - ULL - Agenda<\/title>\n<meta name=\"robots\" content=\"index, follow, max-snippet:-1, max-image-preview:large, max-video-preview:-1\" \/>\n<link rel=\"canonical\" href=\"https:\/\/www.ull.es\/portal\/agenda\/evento\/visiones-del-teide-exposicion-de-pinturas-de-antonio-otazzo\/\" \/>\n<meta property=\"og:locale\" content=\"es_ES\" \/>\n<meta property=\"og:type\" content=\"article\" \/>\n<meta property=\"og:title\" content=\"&#039;Visiones del Teide&#039; Exposici\u00f3n de pinturas de Antonio Otazzo - ULL - Agenda\" \/>\n<meta property=\"og:description\" content=\"Dentro de los actos conmemorativos del 70 aniversario de la declaraci\u00f3n por decreto del Parque Nacional del Teide, se presenta una parte de la obra pict\u00f3rica del artista pl\u00e1stico universal Antonio Otazzo (1929-2020), obra que versa sobre su visi\u00f3n del Teide. Mezcla con maestr\u00eda la majestuosidad, los valores y paisajes del Teide y de la...\" \/>\n<meta property=\"og:url\" content=\"https:\/\/www.ull.es\/portal\/agenda\/evento\/visiones-del-teide-exposicion-de-pinturas-de-antonio-otazzo\/\" \/>\n<meta property=\"og:site_name\" content=\"ULL - Agenda\" \/>\n<meta property=\"article:modified_time\" content=\"2024-09-06T12:21:09+00:00\" \/>\n<meta property=\"og:image\" content=\"https:\/\/www.ull.es\/portal\/agenda\/wp-content\/uploads\/sites\/12\/2024\/05\/Otazzo_eventos.png\" \/>\n\t<meta property=\"og:image:width\" content=\"750\" \/>\n\t<meta property=\"og:image:height\" content=\"370\" \/>\n\t<meta property=\"og:image:type\" content=\"image\/png\" \/>\n<meta name=\"twitter:card\" content=\"summary_large_image\" \/>\n<meta name=\"twitter:label1\" content=\"Tiempo de lectura\" \/>\n\t<meta name=\"twitter:data1\" content=\"1 minuto\" \/>\n<script type=\"application\/ld+json\" class=\"yoast-schema-graph\">{\"@context\":\"https:\/\/schema.org\",\"@graph\":[{\"@type\":\"WebPage\",\"@id\":\"https:\/\/www.ull.es\/portal\/agenda\/evento\/visiones-del-teide-exposicion-de-pinturas-de-antonio-otazzo\/\",\"url\":\"https:\/\/www.ull.es\/portal\/agenda\/evento\/visiones-del-teide-exposicion-de-pinturas-de-antonio-otazzo\/\",\"name\":\"'Visiones del Teide' Exposici\u00f3n de pinturas de Antonio Otazzo - ULL - Agenda\",\"isPartOf\":{\"@id\":\"https:\/\/www.ull.es\/portal\/agenda\/#website\"},\"datePublished\":\"2024-05-28T14:03:59+00:00\",\"dateModified\":\"2024-09-06T12:21:09+00:00\",\"breadcrumb\":{\"@id\":\"https:\/\/www.ull.es\/portal\/agenda\/evento\/visiones-del-teide-exposicion-de-pinturas-de-antonio-otazzo\/#breadcrumb\"},\"inLanguage\":\"es\",\"potentialAction\":[{\"@type\":\"ReadAction\",\"target\":[\"https:\/\/www.ull.es\/portal\/agenda\/evento\/visiones-del-teide-exposicion-de-pinturas-de-antonio-otazzo\/\"]}]},{\"@type\":\"BreadcrumbList\",\"@id\":\"https:\/\/www.ull.es\/portal\/agenda\/evento\/visiones-del-teide-exposicion-de-pinturas-de-antonio-otazzo\/#breadcrumb\",\"itemListElement\":[{\"@type\":\"ListItem\",\"position\":1,\"name\":\"Portada\",\"item\":\"https:\/\/www.ull.es\/portal\/agenda\/\"},{\"@type\":\"ListItem\",\"position\":2,\"name\":\"&#8216;Visiones del Teide&#8217; Exposici\u00f3n de pinturas de Antonio Otazzo\"}]},{\"@type\":\"WebSite\",\"@id\":\"https:\/\/www.ull.es\/portal\/agenda\/#website\",\"url\":\"https:\/\/www.ull.es\/portal\/agenda\/\",\"name\":\"ULL - Agenda\",\"description\":\"\",\"potentialAction\":[{\"@type\":\"SearchAction\",\"target\":{\"@type\":\"EntryPoint\",\"urlTemplate\":\"https:\/\/www.ull.es\/portal\/agenda\/?s={search_term_string}\"},\"query-input\":\"required name=search_term_string\"}],\"inLanguage\":\"es\"}]}<\/script>\n<!-- \/ Yoast SEO plugin. -->","yoast_head_json":{"title":"'Visiones del Teide' Exposici\u00f3n de pinturas de Antonio Otazzo - ULL - Agenda","robots":{"index":"index","follow":"follow","max-snippet":"max-snippet:-1","max-image-preview":"max-image-preview:large","max-video-preview":"max-video-preview:-1"},"canonical":"https:\/\/www.ull.es\/portal\/agenda\/evento\/visiones-del-teide-exposicion-de-pinturas-de-antonio-otazzo\/","og_locale":"es_ES","og_type":"article","og_title":"'Visiones del Teide' Exposici\u00f3n de pinturas de Antonio Otazzo - ULL - Agenda","og_description":"Dentro de los actos conmemorativos del 70 aniversario de la declaraci\u00f3n por decreto del Parque Nacional del Teide, se presenta una parte de la obra pict\u00f3rica del artista pl\u00e1stico universal Antonio Otazzo (1929-2020), obra que versa sobre su visi\u00f3n del Teide. Mezcla con maestr\u00eda la majestuosidad, los valores y paisajes del Teide y de la...","og_url":"https:\/\/www.ull.es\/portal\/agenda\/evento\/visiones-del-teide-exposicion-de-pinturas-de-antonio-otazzo\/","og_site_name":"ULL - Agenda","article_modified_time":"2024-09-06T12:21:09+00:00","og_image":[{"width":750,"height":370,"url":"https:\/\/www.ull.es\/portal\/agenda\/wp-content\/uploads\/sites\/12\/2024\/05\/Otazzo_eventos.png","type":"image\/png"}],"twitter_card":"summary_large_image","twitter_misc":{"Tiempo de lectura":"1 minuto"},"schema":{"@context":"https:\/\/schema.org","@graph":[{"@type":"WebPage","@id":"https:\/\/www.ull.es\/portal\/agenda\/evento\/visiones-del-teide-exposicion-de-pinturas-de-antonio-otazzo\/","url":"https:\/\/www.ull.es\/portal\/agenda\/evento\/visiones-del-teide-exposicion-de-pinturas-de-antonio-otazzo\/","name":"'Visiones del Teide' Exposici\u00f3n de pinturas de Antonio Otazzo - ULL - Agenda","isPartOf":{"@id":"https:\/\/www.ull.es\/portal\/agenda\/#website"},"datePublished":"2024-05-28T14:03:59+00:00","dateModified":"2024-09-06T12:21:09+00:00","breadcrumb":{"@id":"https:\/\/www.ull.es\/portal\/agenda\/evento\/visiones-del-teide-exposicion-de-pinturas-de-antonio-otazzo\/#breadcrumb"},"inLanguage":"es","potentialAction":[{"@type":"ReadAction","target":["https:\/\/www.ull.es\/portal\/agenda\/evento\/visiones-del-teide-exposicion-de-pinturas-de-antonio-otazzo\/"]}]},{"@type":"BreadcrumbList","@id":"https:\/\/www.ull.es\/portal\/agenda\/evento\/visiones-del-teide-exposicion-de-pinturas-de-antonio-otazzo\/#breadcrumb","itemListElement":[{"@type":"ListItem","position":1,"name":"Portada","item":"https:\/\/www.ull.es\/portal\/agenda\/"},{"@type":"ListItem","position":2,"name":"&#8216;Visiones del Teide&#8217; Exposici\u00f3n de pinturas de Antonio Otazzo"}]},{"@type":"WebSite","@id":"https:\/\/www.ull.es\/portal\/agenda\/#website","url":"https:\/\/www.ull.es\/portal\/agenda\/","name":"ULL - Agenda","description":"","potentialAction":[{"@type":"SearchAction","target":{"@type":"EntryPoint","urlTemplate":"https:\/\/www.ull.es\/portal\/agenda\/?s={search_term_string}"},"query-input":"required name=search_term_string"}],"inLanguage":"es"}]}},"_links":{"self":[{"href":"https:\/\/www.ull.es\/portal\/agenda\/wp-json\/wp\/v2\/tribe_events\/36140"}],"collection":[{"href":"https:\/\/www.ull.es\/portal\/agenda\/wp-json\/wp\/v2\/tribe_events"}],"about":[{"href":"https:\/\/www.ull.es\/portal\/agenda\/wp-json\/wp\/v2\/types\/tribe_events"}],"author":[{"embeddable":true,"href":"https:\/\/www.ull.es\/portal\/agenda\/wp-json\/wp\/v2\/users\/65"}],"replies":[{"embeddable":true,"href":"https:\/\/www.ull.es\/portal\/agenda\/wp-json\/wp\/v2\/comments?post=36140"}],"version-history":[{"count":2,"href":"https:\/\/www.ull.es\/portal\/agenda\/wp-json\/wp\/v2\/tribe_events\/36140\/revisions"}],"predecessor-version":[{"id":36166,"href":"https:\/\/www.ull.es\/portal\/agenda\/wp-json\/wp\/v2\/tribe_events\/36140\/revisions\/36166"}],"wp:featuredmedia":[{"embeddable":true,"href":"https:\/\/www.ull.es\/portal\/agenda\/wp-json\/wp\/v2\/media\/37508"}],"wp:attachment":[{"href":"https:\/\/www.ull.es\/portal\/agenda\/wp-json\/wp\/v2\/media?parent=36140"}],"wp:term":[{"taxonomy":"post_tag","embeddable":true,"href":"https:\/\/www.ull.es\/portal\/agenda\/wp-json\/wp\/v2\/tags?post=36140"},{"taxonomy":"tribe_events_cat","embeddable":true,"href":"https:\/\/www.ull.es\/portal\/agenda\/wp-json\/wp\/v2\/tribe_events_cat?post=36140"}],"curies":[{"name":"wp","href":"https:\/\/api.w.org\/{rel}","templated":true}]}}

&#8216;Visiones del Teide&#8217; Exposición de pinturas de Antonio Otazzo

<p style="font-weight: 400;">Dentro de los actos conmemorativos del 70 aniversario de la declaración por decreto del Parque Nacional del Teide, se presenta una parte de la obra pictórica del artista plástico universal Antonio Otazzo (1929-2020), obra que versa sobre su visión del Teide.</p>
<p style="font-weight: 400;">Mezcla con maestría la majestuosidad, los valores y paisajes del Teide y de la isla que lo vio nacer. Desde la belleza de sus tonos rojizos del atardecer sobre sus estructuras pétreas, su especial vegetación como tajinastes o retamas, a los valores como dador de vida a la isla, pero pasando también por los temores del artista.</p>
<p style="font-weight: 400;">Una muestra que representa un trabajo imaginativo e inusual de ver El Teide en diferentes visiones, donde cada lienzo describe partes relevantes de la isla y de este espacio natural como si se tratara de una fantasía navideña.</p>

<p>Dentro de los actos conmemorativos del 70 aniversario de la declaración por decreto del Parque Nacional del Teide, se presenta una parte de la obra pictórica del artista plástico universal Antonio Otazzo (1929-2020), obra que versa sobre su visión del Teide. Mezcla con maestría la majestuosidad, los valores y paisajes del Teide y de la&#8230;</p>

<!-- This site is optimized with the Yoast SEO plugin v21.3 - https://yoast.com/wordpress/plugins/seo/ -->
<title>&#039;Visiones del Teide&#039; Exposición de pinturas de Antonio Otazzo - ULL - Agenda</title>
<meta name="robots" content="index, follow, max-snippet:-1, max-image-preview:large, max-video-preview:-1" />
<link rel="canonical" href="https://www.ull.es/portal/agenda/evento/visiones-del-teide-exposicion-de-pinturas-de-antonio-otazzo/" />
<meta property="og:locale" content="es_ES" />
<meta property="og:type" content="article" />
<meta property="og:title" content="&#039;Visiones del Teide&#039; Exposición de pinturas de Antonio Otazzo - ULL - Agenda" />
<meta property="og:description" content="Dentro de los actos conmemorativos del 70 aniversario de la declaración por decreto del Parque Nacional del Teide, se presenta una parte de la obra pictórica del artista plástico universal Antonio Otazzo (1929-2020), obra que versa sobre su visión del Teide. Mezcla con maestría la majestuosidad, los valores y paisajes del Teide y de la..." />
<meta property="og:url" content="https://www.ull.es/portal/agenda/evento/visiones-del-teide-exposicion-de-pinturas-de-antonio-otazzo/" />
<meta property="og:site_name" content="ULL - Agenda" />
<meta property="article:modified_time" content="2024-09-06T12:21:09+00:00" />
<meta property="og:image" content="https://www.ull.es/portal/agenda/wp-content/uploads/sites/12/2024/05/Otazzo_eventos.png" />
	<meta property="og:image:width" content="750" />
	<meta property="og:image:height" content="370" />
	<meta property="og:image:type" content="image/png" />
<meta name="twitter:card" content="summary_large_image" />
<meta name="twitter:label1" content="Tiempo de lectura" />
	<meta name="twitter:data1" content="1 minuto" />
<script type="application/ld+json" class="yoast-schema-graph">{"@context":"https://schema.org","@graph":[{"@type":"WebPage","@id":"https://www.ull.es/portal/agenda/evento/visiones-del-teide-exposicion-de-pinturas-de-antonio-otazzo/","url":"https://www.ull.es/portal/agenda/evento/visiones-del-teide-exposicion-de-pinturas-de-antonio-otazzo/","name":"'Visiones del Teide' Exposición de pinturas de Antonio Otazzo - ULL - Agenda","isPartOf":{"@id":"https://www.ull.es/portal/agenda/#website"},"datePublished":"2024-05-28T14:03:59+00:00","dateModified":"2024-09-06T12:21:09+00:00","breadcrumb":{"@id":"https://www.ull.es/portal/agenda/evento/visiones-del-teide-exposicion-de-pinturas-de-antonio-otazzo/#breadcrumb"},"inLanguage":"es","potentialAction":[{"@type":"ReadAction","target":["https://www.ull.es/portal/agenda/evento/visiones-del-teide-exposicion-de-pinturas-de-antonio-otazzo/"]}]},{"@type":"BreadcrumbList","@id":"https://www.ull.es/portal/agenda/evento/visiones-del-teide-exposicion-de-pinturas-de-antonio-otazzo/#breadcrumb","itemListElement":[{"@type":"ListItem","position":1,"name":"Portada","item":"https://www.ull.es/portal/agenda/"},{"@type":"ListItem","position":2,"name":"&#8216;Visiones del Teide&#8217; Exposición de pinturas de Antonio Otazzo"}]},{"@type":"WebSite","@id":"https://www.ull.es/portal/agenda/#website","url":"https://www.ull.es/portal/agenda/","name":"ULL - Agenda","description":"","potentialAction":[{"@type":"SearchAction","target":{"@type":"EntryPoint","urlTemplate":"https://www.ull.es/portal/agenda/?s={search_term_string}"},"query-input":"required name=search_term_string"}],"inLanguage":"es"}]}</script>
<!-- / Yoast SEO plugin. -->

'Visiones del Teide' Exposición de pinturas de Antonio Otazzo - ULL - Agenda

Dentro de los actos conmemorativos del 70 aniversario de la declaración por decreto del Parque Nacional del Teide, se presenta una parte de la obra pictórica del artista plástico universal Antonio Otazzo (1929-2020), obra que versa sobre su visión del Teide. Mezcla con maestría la majestuosidad, los valores y paisajes del Teide y de la...
