{"id":36527,"date":"2024-06-25T13:39:52","date_gmt":"2024-06-25T13:39:52","guid":{"rendered":"https:\/\/www.ull.es\/portal\/agenda\/?post_type=tribe_events&#038;p=36527"},"modified":"2024-10-18T12:31:24","modified_gmt":"2024-10-18T12:31:24","slug":"clausura-campus-america-2024","status":"publish","type":"tribe_events","link":"https:\/\/www.ull.es\/portal\/agenda\/evento\/clausura-campus-america-2024\/","title":{"rendered":"Clausura Campus Am\u00e9rica 2024"},"content":{"rendered":"<p>El viernes 18 de octubre de 2024, de 18 a 20 horas en el Paraninfo de la Universidad de La Laguna, tendr\u00e1 lugar el acto de clausura de la IV edici\u00f3n de Campus Am\u00e9rica, que este a\u00f1o se celebrar\u00e1 del 9 al 18 de octubre. Campus Am\u00e9rica es un espacio de valoraci\u00f3n e impulso de las acciones de internacionalizaci\u00f3n de la Universidad de La Laguna con el continente americano, este a\u00f1o con Ecuador como pa\u00eds invitado.<\/p>\n<p><a href=\"https:\/\/www.youtube.com\/live\/cTv__RbkS0s\" target=\"_blank\" rel=\"noopener\" target=\"_blank\" rel=\"noopener\"><strong>Streaming<\/strong><\/a><\/p>\n<p><strong>Conferencia magistral: &#8216;<\/strong>Ecuador: la patria escindida por una herida equinoccial&#8217; a cargo de Ra\u00fal Vallejo Corral, escritor y pol\u00edtico ecuatoriano<em>.<\/em><\/p>\n<p><strong>Concierto de Clausura Campus Am\u00e9rica 2024 &#8211; Cap\u00edtulo Ecuador<\/strong><\/p>\n<ul>\n<li>Conservatorio Superior de M\u00fasica de Canarias, con el Director Roberto P\u00eda; el profesor Jos\u00e9 Mar\u00eda Vicente, director de orquesta y coro del CSMT; el director invitado Patricio Aizaga, director de la Orquesta Sinf\u00f3nica Juvenil de Ecuador; Gabriela Alonzo, bailarina de danza cl\u00e1sica y contempor\u00e1nea; e Isadora Delgado Alonzo, soprano l\u00edrica. <strong><a href=\"https:\/\/drive.google.com\/file\/d\/1_Q4VhV5kkGARkKsI3LSki3iYULetdaHg\/view?usp=sharing\" target=\"_blank\" rel=\"noopener\" target=\"_blank\" rel=\"noopener\">Programa<\/a><\/strong><\/li>\n<\/ul>\n<div class=\"tribe-events-single-event-description tribe-events-content\">\n<div class=\"tribe-events-single-event-description tribe-events-content\">\n<p><strong><a href=\"https:\/\/www.ull.es\/portal\/campusamerica\/\" target=\"_blank\" rel=\"noopener\" target=\"_blank\" rel=\"noopener\">M\u00e1s informaci\u00f3n en la web<\/a><\/strong><\/p>\n<\/div>\n<\/div>\n","protected":false},"excerpt":{"rendered":"<p>El viernes 18 de octubre de 2024, de 18 a 20 horas en el Paraninfo de la Universidad de La Laguna, tendr\u00e1 lugar el acto de clausura de la IV edici\u00f3n de Campus Am\u00e9rica, que este a\u00f1o se celebrar\u00e1 del 9 al 18 de octubre. Campus Am\u00e9rica es un espacio de valoraci\u00f3n e impulso de&#8230;<\/p>\n","protected":false},"author":86,"featured_media":36601,"comment_status":"closed","ping_status":"closed","template":"","tags":[],"tribe_events_cat":[4729,392,4,345,191],"acf":[],"yoast_head":"<!-- This site is optimized with the Yoast SEO plugin v21.3 - https:\/\/yoast.com\/wordpress\/plugins\/seo\/ -->\n<title>Clausura Campus Am\u00e9rica 2024 - ULL - Agenda<\/title>\n<meta name=\"robots\" content=\"index, follow, max-snippet:-1, max-image-preview:large, max-video-preview:-1\" \/>\n<link rel=\"canonical\" href=\"https:\/\/www.ull.es\/portal\/agenda\/evento\/clausura-campus-america-2024\/\" \/>\n<meta property=\"og:locale\" content=\"es_ES\" \/>\n<meta property=\"og:type\" content=\"article\" \/>\n<meta property=\"og:title\" content=\"Clausura Campus Am\u00e9rica 2024 - ULL - Agenda\" \/>\n<meta property=\"og:description\" content=\"El viernes 18 de octubre de 2024, de 18 a 20 horas en el Paraninfo de la Universidad de La Laguna, tendr\u00e1 lugar el acto de clausura de la IV edici\u00f3n de Campus Am\u00e9rica, que este a\u00f1o se celebrar\u00e1 del 9 al 18 de octubre. Campus Am\u00e9rica es un espacio de valoraci\u00f3n e impulso de...\" \/>\n<meta property=\"og:url\" content=\"https:\/\/www.ull.es\/portal\/agenda\/evento\/clausura-campus-america-2024\/\" \/>\n<meta property=\"og:site_name\" content=\"ULL - Agenda\" \/>\n<meta property=\"article:modified_time\" content=\"2024-10-18T12:31:24+00:00\" \/>\n<meta property=\"og:image\" content=\"https:\/\/www.ull.es\/portal\/agenda\/wp-content\/uploads\/sites\/12\/2024\/06\/Actos-Institucionales_Banner-eventos_Clausura.png\" \/>\n\t<meta property=\"og:image:width\" content=\"750\" \/>\n\t<meta property=\"og:image:height\" content=\"370\" \/>\n\t<meta property=\"og:image:type\" content=\"image\/png\" \/>\n<meta name=\"twitter:card\" content=\"summary_large_image\" \/>\n<meta name=\"twitter:label1\" content=\"Tiempo de lectura\" \/>\n\t<meta name=\"twitter:data1\" content=\"2 minutos\" \/>\n<script type=\"application\/ld+json\" class=\"yoast-schema-graph\">{\"@context\":\"https:\/\/schema.org\",\"@graph\":[{\"@type\":\"WebPage\",\"@id\":\"https:\/\/www.ull.es\/portal\/agenda\/evento\/clausura-campus-america-2024\/\",\"url\":\"https:\/\/www.ull.es\/portal\/agenda\/evento\/clausura-campus-america-2024\/\",\"name\":\"Clausura Campus Am\u00e9rica 2024 - ULL - Agenda\",\"isPartOf\":{\"@id\":\"https:\/\/www.ull.es\/portal\/agenda\/#website\"},\"datePublished\":\"2024-06-25T13:39:52+00:00\",\"dateModified\":\"2024-10-18T12:31:24+00:00\",\"breadcrumb\":{\"@id\":\"https:\/\/www.ull.es\/portal\/agenda\/evento\/clausura-campus-america-2024\/#breadcrumb\"},\"inLanguage\":\"es\",\"potentialAction\":[{\"@type\":\"ReadAction\",\"target\":[\"https:\/\/www.ull.es\/portal\/agenda\/evento\/clausura-campus-america-2024\/\"]}]},{\"@type\":\"BreadcrumbList\",\"@id\":\"https:\/\/www.ull.es\/portal\/agenda\/evento\/clausura-campus-america-2024\/#breadcrumb\",\"itemListElement\":[{\"@type\":\"ListItem\",\"position\":1,\"name\":\"Portada\",\"item\":\"https:\/\/www.ull.es\/portal\/agenda\/\"},{\"@type\":\"ListItem\",\"position\":2,\"name\":\"Clausura Campus Am\u00e9rica 2024\"}]},{\"@type\":\"WebSite\",\"@id\":\"https:\/\/www.ull.es\/portal\/agenda\/#website\",\"url\":\"https:\/\/www.ull.es\/portal\/agenda\/\",\"name\":\"ULL - Agenda\",\"description\":\"\",\"potentialAction\":[{\"@type\":\"SearchAction\",\"target\":{\"@type\":\"EntryPoint\",\"urlTemplate\":\"https:\/\/www.ull.es\/portal\/agenda\/?s={search_term_string}\"},\"query-input\":\"required name=search_term_string\"}],\"inLanguage\":\"es\"}]}<\/script>\n<!-- \/ Yoast SEO plugin. -->","yoast_head_json":{"title":"Clausura Campus Am\u00e9rica 2024 - ULL - Agenda","robots":{"index":"index","follow":"follow","max-snippet":"max-snippet:-1","max-image-preview":"max-image-preview:large","max-video-preview":"max-video-preview:-1"},"canonical":"https:\/\/www.ull.es\/portal\/agenda\/evento\/clausura-campus-america-2024\/","og_locale":"es_ES","og_type":"article","og_title":"Clausura Campus Am\u00e9rica 2024 - ULL - Agenda","og_description":"El viernes 18 de octubre de 2024, de 18 a 20 horas en el Paraninfo de la Universidad de La Laguna, tendr\u00e1 lugar el acto de clausura de la IV edici\u00f3n de Campus Am\u00e9rica, que este a\u00f1o se celebrar\u00e1 del 9 al 18 de octubre. Campus Am\u00e9rica es un espacio de valoraci\u00f3n e impulso de...","og_url":"https:\/\/www.ull.es\/portal\/agenda\/evento\/clausura-campus-america-2024\/","og_site_name":"ULL - Agenda","article_modified_time":"2024-10-18T12:31:24+00:00","og_image":[{"width":750,"height":370,"url":"https:\/\/www.ull.es\/portal\/agenda\/wp-content\/uploads\/sites\/12\/2024\/06\/Actos-Institucionales_Banner-eventos_Clausura.png","type":"image\/png"}],"twitter_card":"summary_large_image","twitter_misc":{"Tiempo de lectura":"2 minutos"},"schema":{"@context":"https:\/\/schema.org","@graph":[{"@type":"WebPage","@id":"https:\/\/www.ull.es\/portal\/agenda\/evento\/clausura-campus-america-2024\/","url":"https:\/\/www.ull.es\/portal\/agenda\/evento\/clausura-campus-america-2024\/","name":"Clausura Campus Am\u00e9rica 2024 - ULL - Agenda","isPartOf":{"@id":"https:\/\/www.ull.es\/portal\/agenda\/#website"},"datePublished":"2024-06-25T13:39:52+00:00","dateModified":"2024-10-18T12:31:24+00:00","breadcrumb":{"@id":"https:\/\/www.ull.es\/portal\/agenda\/evento\/clausura-campus-america-2024\/#breadcrumb"},"inLanguage":"es","potentialAction":[{"@type":"ReadAction","target":["https:\/\/www.ull.es\/portal\/agenda\/evento\/clausura-campus-america-2024\/"]}]},{"@type":"BreadcrumbList","@id":"https:\/\/www.ull.es\/portal\/agenda\/evento\/clausura-campus-america-2024\/#breadcrumb","itemListElement":[{"@type":"ListItem","position":1,"name":"Portada","item":"https:\/\/www.ull.es\/portal\/agenda\/"},{"@type":"ListItem","position":2,"name":"Clausura Campus Am\u00e9rica 2024"}]},{"@type":"WebSite","@id":"https:\/\/www.ull.es\/portal\/agenda\/#website","url":"https:\/\/www.ull.es\/portal\/agenda\/","name":"ULL - Agenda","description":"","potentialAction":[{"@type":"SearchAction","target":{"@type":"EntryPoint","urlTemplate":"https:\/\/www.ull.es\/portal\/agenda\/?s={search_term_string}"},"query-input":"required name=search_term_string"}],"inLanguage":"es"}]}},"_links":{"self":[{"href":"https:\/\/www.ull.es\/portal\/agenda\/wp-json\/wp\/v2\/tribe_events\/36527"}],"collection":[{"href":"https:\/\/www.ull.es\/portal\/agenda\/wp-json\/wp\/v2\/tribe_events"}],"about":[{"href":"https:\/\/www.ull.es\/portal\/agenda\/wp-json\/wp\/v2\/types\/tribe_events"}],"author":[{"embeddable":true,"href":"https:\/\/www.ull.es\/portal\/agenda\/wp-json\/wp\/v2\/users\/86"}],"replies":[{"embeddable":true,"href":"https:\/\/www.ull.es\/portal\/agenda\/wp-json\/wp\/v2\/comments?post=36527"}],"version-history":[{"count":28,"href":"https:\/\/www.ull.es\/portal\/agenda\/wp-json\/wp\/v2\/tribe_events\/36527\/revisions"}],"predecessor-version":[{"id":38896,"href":"https:\/\/www.ull.es\/portal\/agenda\/wp-json\/wp\/v2\/tribe_events\/36527\/revisions\/38896"}],"wp:featuredmedia":[{"embeddable":true,"href":"https:\/\/www.ull.es\/portal\/agenda\/wp-json\/wp\/v2\/media\/36601"}],"wp:attachment":[{"href":"https:\/\/www.ull.es\/portal\/agenda\/wp-json\/wp\/v2\/media?parent=36527"}],"wp:term":[{"taxonomy":"post_tag","embeddable":true,"href":"https:\/\/www.ull.es\/portal\/agenda\/wp-json\/wp\/v2\/tags?post=36527"},{"taxonomy":"tribe_events_cat","embeddable":true,"href":"https:\/\/www.ull.es\/portal\/agenda\/wp-json\/wp\/v2\/tribe_events_cat?post=36527"}],"curies":[{"name":"wp","href":"https:\/\/api.w.org\/{rel}","templated":true}]}}

Clausura Campus América 2024

<p>El viernes 18 de octubre de 2024, de 18 a 20 horas en el Paraninfo de la Universidad de La Laguna, tendrá lugar el acto de clausura de la IV edición de Campus América, que este año se celebrará del 9 al 18 de octubre. Campus América es un espacio de valoración e impulso de las acciones de internacionalización de la Universidad de La Laguna con el continente americano, este año con Ecuador como país invitado.</p>
<p><a href="https://www.youtube.com/live/cTv__RbkS0s" target="_blank" rel="noopener" target="_blank" rel="noopener"><strong>Streaming</strong></a></p>
<p><strong>Conferencia magistral: &#8216;</strong>Ecuador: la patria escindida por una herida equinoccial&#8217; a cargo de Raúl Vallejo Corral, escritor y político ecuatoriano<em>.</em></p>
<p><strong>Concierto de Clausura Campus América 2024 &#8211; Capítulo Ecuador</strong></p>
<ul>
<li>Conservatorio Superior de Música de Canarias, con el Director Roberto Pía; el profesor José María Vicente, director de orquesta y coro del CSMT; el director invitado Patricio Aizaga, director de la Orquesta Sinfónica Juvenil de Ecuador; Gabriela Alonzo, bailarina de danza clásica y contemporánea; e Isadora Delgado Alonzo, soprano lírica. <strong><a href="https://drive.google.com/file/d/1_Q4VhV5kkGARkKsI3LSki3iYULetdaHg/view?usp=sharing" target="_blank" rel="noopener" target="_blank" rel="noopener">Programa</a></strong></li>
</ul>
<div class="tribe-events-single-event-description tribe-events-content">
<div class="tribe-events-single-event-description tribe-events-content">
<p><strong><a href="https://www.ull.es/portal/campusamerica/" target="_blank" rel="noopener" target="_blank" rel="noopener">Más información en la web</a></strong></p>
</div>
</div>

<p>El viernes 18 de octubre de 2024, de 18 a 20 horas en el Paraninfo de la Universidad de La Laguna, tendrá lugar el acto de clausura de la IV edición de Campus América, que este año se celebrará del 9 al 18 de octubre. Campus América es un espacio de valoración e impulso de&#8230;</p>

<!-- This site is optimized with the Yoast SEO plugin v21.3 - https://yoast.com/wordpress/plugins/seo/ -->
<title>Clausura Campus América 2024 - ULL - Agenda</title>
<meta name="robots" content="index, follow, max-snippet:-1, max-image-preview:large, max-video-preview:-1" />
<link rel="canonical" href="https://www.ull.es/portal/agenda/evento/clausura-campus-america-2024/" />
<meta property="og:locale" content="es_ES" />
<meta property="og:type" content="article" />
<meta property="og:title" content="Clausura Campus América 2024 - ULL - Agenda" />
<meta property="og:description" content="El viernes 18 de octubre de 2024, de 18 a 20 horas en el Paraninfo de la Universidad de La Laguna, tendrá lugar el acto de clausura de la IV edición de Campus América, que este año se celebrará del 9 al 18 de octubre. Campus América es un espacio de valoración e impulso de..." />
<meta property="og:url" content="https://www.ull.es/portal/agenda/evento/clausura-campus-america-2024/" />
<meta property="og:site_name" content="ULL - Agenda" />
<meta property="article:modified_time" content="2024-10-18T12:31:24+00:00" />
<meta property="og:image" content="https://www.ull.es/portal/agenda/wp-content/uploads/sites/12/2024/06/Actos-Institucionales_Banner-eventos_Clausura.png" />
	<meta property="og:image:width" content="750" />
	<meta property="og:image:height" content="370" />
	<meta property="og:image:type" content="image/png" />
<meta name="twitter:card" content="summary_large_image" />
<meta name="twitter:label1" content="Tiempo de lectura" />
	<meta name="twitter:data1" content="2 minutos" />
<script type="application/ld+json" class="yoast-schema-graph">{"@context":"https://schema.org","@graph":[{"@type":"WebPage","@id":"https://www.ull.es/portal/agenda/evento/clausura-campus-america-2024/","url":"https://www.ull.es/portal/agenda/evento/clausura-campus-america-2024/","name":"Clausura Campus América 2024 - ULL - Agenda","isPartOf":{"@id":"https://www.ull.es/portal/agenda/#website"},"datePublished":"2024-06-25T13:39:52+00:00","dateModified":"2024-10-18T12:31:24+00:00","breadcrumb":{"@id":"https://www.ull.es/portal/agenda/evento/clausura-campus-america-2024/#breadcrumb"},"inLanguage":"es","potentialAction":[{"@type":"ReadAction","target":["https://www.ull.es/portal/agenda/evento/clausura-campus-america-2024/"]}]},{"@type":"BreadcrumbList","@id":"https://www.ull.es/portal/agenda/evento/clausura-campus-america-2024/#breadcrumb","itemListElement":[{"@type":"ListItem","position":1,"name":"Portada","item":"https://www.ull.es/portal/agenda/"},{"@type":"ListItem","position":2,"name":"Clausura Campus América 2024"}]},{"@type":"WebSite","@id":"https://www.ull.es/portal/agenda/#website","url":"https://www.ull.es/portal/agenda/","name":"ULL - Agenda","description":"","potentialAction":[{"@type":"SearchAction","target":{"@type":"EntryPoint","urlTemplate":"https://www.ull.es/portal/agenda/?s={search_term_string}"},"query-input":"required name=search_term_string"}],"inLanguage":"es"}]}</script>
<!-- / Yoast SEO plugin. -->

Clausura Campus América 2024 - ULL - Agenda

El viernes 18 de octubre de 2024, de 18 a 20 horas en el Paraninfo de la Universidad de La Laguna, tendrá lugar el acto de clausura de la IV edición de Campus América, que este año se celebrará del 9 al 18 de octubre. Campus América es un espacio de valoración e impulso de...
