{"id":36894,"date":"2024-07-11T09:06:22","date_gmt":"2024-07-11T09:06:22","guid":{"rendered":"https:\/\/www.ull.es\/portal\/agenda\/?post_type=tribe_events&#038;p=36894"},"modified":"2024-09-09T09:29:56","modified_gmt":"2024-09-09T09:29:56","slug":"escepticos-en-el-pub-en-tenerife-n-o-111-15-1-hablar-en-publico-para-hacer-divulgacion","status":"publish","type":"tribe_events","link":"https:\/\/www.ull.es\/portal\/agenda\/evento\/escepticos-en-el-pub-en-tenerife-n-o-111-15-1-hablar-en-publico-para-hacer-divulgacion\/","title":{"rendered":"Esc\u00e9pticos en el Pub en Tenerife n.\u00ba 111 (15.1): \u00abHablar en p\u00fablico para hacer divulgaci\u00f3n\u00bb"},"content":{"rendered":"<p>El Aula Cultural de Divulgaci\u00f3n Cient\u00edfica, el Aula Cultural \u00abRadio Campus\u00bb, la Asociaci\u00f3n cultural de relaciones internacionales \u00abHacer para el Desarrollo\u00bb y Docencia en Derecho Civil organizan este seminario que se celebrar\u00e1 en el Pub \u00abS\u00f3crates\u00bb el 20 de septiembre de 2024 de 20:00 a 22:00 horas.<\/p>\n<p>La actividad pretende exponer los fundamentos de la oratoria y el arte de hablar en p\u00fablico orientadas a la realizaci\u00f3n de conferencias de car\u00e1cter divulgativo en el \u00e1mbito de iniciativas como el ciclo de conferencias informales \u00abEsc\u00e9pticos en el Pub en Tenerife\u00bb.<\/p>\n<p>Dirigido a cualquier persona interesada en la divulgaci\u00f3n cient\u00edfica.<\/p>\n<p>Imparte: Eva Mar\u00eda Gonz\u00e1lez Lorenzo. Doctora en Ciencias de la Comunicaci\u00f3n. Miembro del Aula Cultural de Divulgaci\u00f3n Cient\u00edfica.<\/p>\n<p>Direcci\u00f3n acad\u00e9mica: Luis Javier Capote P\u00e9rez. Profesor Contratado Doctor Tipo I de Derecho Civil de la Universidad de La Laguna. Co-Director y miembro fundador del Aula Cultural de Divulgaci\u00f3n Cient\u00edfica de la Universidad de La Laguna.<\/p>\n<p><a href=\"https:\/\/sede.fg.ull.es\/es\/curso\/detalle?code=a24020200&amp;name=escepticos-en-el-pub-en-tenerife-n-111-15-1-hablar-en-publico-para-hacer-divulgacion&amp;query=%3Fcode%3DA24020200\" target=\"_blank\" rel=\"noopener\" target=\"_blank\" rel=\"noopener\"><strong><u>M\u00e1s informaci\u00f3n e inscripci\u00f3n aqu\u00ed.<\/u><\/strong><\/a><\/p>\n<p>CERTIFICADO DE ASISTENCIA: La Universidad de La Laguna, a trav\u00e9s del Vicerrectorado de Cultura y Extensi\u00f3n Universitaria, emitir\u00e1 un certificado de asistencia a todas aquellas personas que participen, previa inscripci\u00f3n en la actividad.<\/p>\n<p><strong>Contacto: 922 319 616 \/ 922 319 626 \u2013\u00a0<\/strong><a href=\"mailto:extuni@ull.edu.es\" target=\"_blank\" rel=\"noopener\" target=\"_blank\" rel=\"noopener\"><strong>extuni@ull.es<\/strong><\/a><\/p>\n<p>Colaboran: C\u00e1tedra Cultural \u00abFrancisco Tom\u00e1s y Valiente\u00bb, Pub \u00abS\u00f3crates\u00bb y ARP-Sociedad para el Avance del Pensamiento Cr\u00edtico.<\/p>\n","protected":false},"excerpt":{"rendered":"<p>El Aula Cultural de Divulgaci\u00f3n Cient\u00edfica, el Aula Cultural \u00abRadio Campus\u00bb, la Asociaci\u00f3n cultural de relaciones internacionales \u00abHacer para el Desarrollo\u00bb y Docencia en Derecho Civil organizan este seminario que se celebrar\u00e1 en el Pub \u00abS\u00f3crates\u00bb el 20 de septiembre de 2024 de 20:00 a 22:00 horas. La actividad pretende exponer los fundamentos de la&#8230;<\/p>\n","protected":false},"author":43,"featured_media":37745,"comment_status":"closed","ping_status":"closed","template":"","tags":[4259,977,3812,3294,3751],"tribe_events_cat":[472,4802,471,4,186],"acf":[],"yoast_head":"<!-- This site is optimized with the Yoast SEO plugin v21.3 - https:\/\/yoast.com\/wordpress\/plugins\/seo\/ -->\n<title>Esc\u00e9pticos en el Pub en Tenerife n.\u00ba 111 (15.1): \u00abHablar en p\u00fablico para hacer divulgaci\u00f3n\u00bb - ULL - Agenda<\/title>\n<meta name=\"robots\" content=\"index, follow, max-snippet:-1, max-image-preview:large, max-video-preview:-1\" \/>\n<link rel=\"canonical\" href=\"https:\/\/www.ull.es\/portal\/agenda\/evento\/escepticos-en-el-pub-en-tenerife-n-o-111-15-1-hablar-en-publico-para-hacer-divulgacion\/\" \/>\n<meta property=\"og:locale\" content=\"es_ES\" \/>\n<meta property=\"og:type\" content=\"article\" \/>\n<meta property=\"og:title\" content=\"Esc\u00e9pticos en el Pub en Tenerife n.\u00ba 111 (15.1): \u00abHablar en p\u00fablico para hacer divulgaci\u00f3n\u00bb - ULL - Agenda\" \/>\n<meta property=\"og:description\" content=\"El Aula Cultural de Divulgaci\u00f3n Cient\u00edfica, el Aula Cultural \u00abRadio Campus\u00bb, la Asociaci\u00f3n cultural de relaciones internacionales \u00abHacer para el Desarrollo\u00bb y Docencia en Derecho Civil organizan este seminario que se celebrar\u00e1 en el Pub \u00abS\u00f3crates\u00bb el 20 de septiembre de 2024 de 20:00 a 22:00 horas. La actividad pretende exponer los fundamentos de la...\" \/>\n<meta property=\"og:url\" content=\"https:\/\/www.ull.es\/portal\/agenda\/evento\/escepticos-en-el-pub-en-tenerife-n-o-111-15-1-hablar-en-publico-para-hacer-divulgacion\/\" \/>\n<meta property=\"og:site_name\" content=\"ULL - Agenda\" \/>\n<meta property=\"article:modified_time\" content=\"2024-09-09T09:29:56+00:00\" \/>\n<meta property=\"og:image\" content=\"https:\/\/www.ull.es\/portal\/agenda\/wp-content\/uploads\/sites\/12\/2024\/07\/Pub111.png\" \/>\n\t<meta property=\"og:image:width\" content=\"700\" \/>\n\t<meta property=\"og:image:height\" content=\"350\" \/>\n\t<meta property=\"og:image:type\" content=\"image\/png\" \/>\n<meta name=\"twitter:card\" content=\"summary_large_image\" \/>\n<meta name=\"twitter:label1\" content=\"Tiempo de lectura\" \/>\n\t<meta name=\"twitter:data1\" content=\"1 minuto\" \/>\n<script type=\"application\/ld+json\" class=\"yoast-schema-graph\">{\"@context\":\"https:\/\/schema.org\",\"@graph\":[{\"@type\":\"WebPage\",\"@id\":\"https:\/\/www.ull.es\/portal\/agenda\/evento\/escepticos-en-el-pub-en-tenerife-n-o-111-15-1-hablar-en-publico-para-hacer-divulgacion\/\",\"url\":\"https:\/\/www.ull.es\/portal\/agenda\/evento\/escepticos-en-el-pub-en-tenerife-n-o-111-15-1-hablar-en-publico-para-hacer-divulgacion\/\",\"name\":\"Esc\u00e9pticos en el Pub en Tenerife n.\u00ba 111 (15.1): \u00abHablar en p\u00fablico para hacer divulgaci\u00f3n\u00bb - ULL - Agenda\",\"isPartOf\":{\"@id\":\"https:\/\/www.ull.es\/portal\/agenda\/#website\"},\"datePublished\":\"2024-07-11T09:06:22+00:00\",\"dateModified\":\"2024-09-09T09:29:56+00:00\",\"breadcrumb\":{\"@id\":\"https:\/\/www.ull.es\/portal\/agenda\/evento\/escepticos-en-el-pub-en-tenerife-n-o-111-15-1-hablar-en-publico-para-hacer-divulgacion\/#breadcrumb\"},\"inLanguage\":\"es\",\"potentialAction\":[{\"@type\":\"ReadAction\",\"target\":[\"https:\/\/www.ull.es\/portal\/agenda\/evento\/escepticos-en-el-pub-en-tenerife-n-o-111-15-1-hablar-en-publico-para-hacer-divulgacion\/\"]}]},{\"@type\":\"BreadcrumbList\",\"@id\":\"https:\/\/www.ull.es\/portal\/agenda\/evento\/escepticos-en-el-pub-en-tenerife-n-o-111-15-1-hablar-en-publico-para-hacer-divulgacion\/#breadcrumb\",\"itemListElement\":[{\"@type\":\"ListItem\",\"position\":1,\"name\":\"Portada\",\"item\":\"https:\/\/www.ull.es\/portal\/agenda\/\"},{\"@type\":\"ListItem\",\"position\":2,\"name\":\"Esc\u00e9pticos en el Pub en Tenerife n.\u00ba 111 (15.1): \u00abHablar en p\u00fablico para hacer divulgaci\u00f3n\u00bb\"}]},{\"@type\":\"WebSite\",\"@id\":\"https:\/\/www.ull.es\/portal\/agenda\/#website\",\"url\":\"https:\/\/www.ull.es\/portal\/agenda\/\",\"name\":\"ULL - Agenda\",\"description\":\"\",\"potentialAction\":[{\"@type\":\"SearchAction\",\"target\":{\"@type\":\"EntryPoint\",\"urlTemplate\":\"https:\/\/www.ull.es\/portal\/agenda\/?s={search_term_string}\"},\"query-input\":\"required name=search_term_string\"}],\"inLanguage\":\"es\"}]}<\/script>\n<!-- \/ Yoast SEO plugin. -->","yoast_head_json":{"title":"Esc\u00e9pticos en el Pub en Tenerife n.\u00ba 111 (15.1): \u00abHablar en p\u00fablico para hacer divulgaci\u00f3n\u00bb - ULL - Agenda","robots":{"index":"index","follow":"follow","max-snippet":"max-snippet:-1","max-image-preview":"max-image-preview:large","max-video-preview":"max-video-preview:-1"},"canonical":"https:\/\/www.ull.es\/portal\/agenda\/evento\/escepticos-en-el-pub-en-tenerife-n-o-111-15-1-hablar-en-publico-para-hacer-divulgacion\/","og_locale":"es_ES","og_type":"article","og_title":"Esc\u00e9pticos en el Pub en Tenerife n.\u00ba 111 (15.1): \u00abHablar en p\u00fablico para hacer divulgaci\u00f3n\u00bb - ULL - Agenda","og_description":"El Aula Cultural de Divulgaci\u00f3n Cient\u00edfica, el Aula Cultural \u00abRadio Campus\u00bb, la Asociaci\u00f3n cultural de relaciones internacionales \u00abHacer para el Desarrollo\u00bb y Docencia en Derecho Civil organizan este seminario que se celebrar\u00e1 en el Pub \u00abS\u00f3crates\u00bb el 20 de septiembre de 2024 de 20:00 a 22:00 horas. La actividad pretende exponer los fundamentos de la...","og_url":"https:\/\/www.ull.es\/portal\/agenda\/evento\/escepticos-en-el-pub-en-tenerife-n-o-111-15-1-hablar-en-publico-para-hacer-divulgacion\/","og_site_name":"ULL - Agenda","article_modified_time":"2024-09-09T09:29:56+00:00","og_image":[{"width":700,"height":350,"url":"https:\/\/www.ull.es\/portal\/agenda\/wp-content\/uploads\/sites\/12\/2024\/07\/Pub111.png","type":"image\/png"}],"twitter_card":"summary_large_image","twitter_misc":{"Tiempo de lectura":"1 minuto"},"schema":{"@context":"https:\/\/schema.org","@graph":[{"@type":"WebPage","@id":"https:\/\/www.ull.es\/portal\/agenda\/evento\/escepticos-en-el-pub-en-tenerife-n-o-111-15-1-hablar-en-publico-para-hacer-divulgacion\/","url":"https:\/\/www.ull.es\/portal\/agenda\/evento\/escepticos-en-el-pub-en-tenerife-n-o-111-15-1-hablar-en-publico-para-hacer-divulgacion\/","name":"Esc\u00e9pticos en el Pub en Tenerife n.\u00ba 111 (15.1): \u00abHablar en p\u00fablico para hacer divulgaci\u00f3n\u00bb - ULL - Agenda","isPartOf":{"@id":"https:\/\/www.ull.es\/portal\/agenda\/#website"},"datePublished":"2024-07-11T09:06:22+00:00","dateModified":"2024-09-09T09:29:56+00:00","breadcrumb":{"@id":"https:\/\/www.ull.es\/portal\/agenda\/evento\/escepticos-en-el-pub-en-tenerife-n-o-111-15-1-hablar-en-publico-para-hacer-divulgacion\/#breadcrumb"},"inLanguage":"es","potentialAction":[{"@type":"ReadAction","target":["https:\/\/www.ull.es\/portal\/agenda\/evento\/escepticos-en-el-pub-en-tenerife-n-o-111-15-1-hablar-en-publico-para-hacer-divulgacion\/"]}]},{"@type":"BreadcrumbList","@id":"https:\/\/www.ull.es\/portal\/agenda\/evento\/escepticos-en-el-pub-en-tenerife-n-o-111-15-1-hablar-en-publico-para-hacer-divulgacion\/#breadcrumb","itemListElement":[{"@type":"ListItem","position":1,"name":"Portada","item":"https:\/\/www.ull.es\/portal\/agenda\/"},{"@type":"ListItem","position":2,"name":"Esc\u00e9pticos en el Pub en Tenerife n.\u00ba 111 (15.1): \u00abHablar en p\u00fablico para hacer divulgaci\u00f3n\u00bb"}]},{"@type":"WebSite","@id":"https:\/\/www.ull.es\/portal\/agenda\/#website","url":"https:\/\/www.ull.es\/portal\/agenda\/","name":"ULL - Agenda","description":"","potentialAction":[{"@type":"SearchAction","target":{"@type":"EntryPoint","urlTemplate":"https:\/\/www.ull.es\/portal\/agenda\/?s={search_term_string}"},"query-input":"required name=search_term_string"}],"inLanguage":"es"}]}},"_links":{"self":[{"href":"https:\/\/www.ull.es\/portal\/agenda\/wp-json\/wp\/v2\/tribe_events\/36894"}],"collection":[{"href":"https:\/\/www.ull.es\/portal\/agenda\/wp-json\/wp\/v2\/tribe_events"}],"about":[{"href":"https:\/\/www.ull.es\/portal\/agenda\/wp-json\/wp\/v2\/types\/tribe_events"}],"author":[{"embeddable":true,"href":"https:\/\/www.ull.es\/portal\/agenda\/wp-json\/wp\/v2\/users\/43"}],"replies":[{"embeddable":true,"href":"https:\/\/www.ull.es\/portal\/agenda\/wp-json\/wp\/v2\/comments?post=36894"}],"version-history":[{"count":6,"href":"https:\/\/www.ull.es\/portal\/agenda\/wp-json\/wp\/v2\/tribe_events\/36894\/revisions"}],"predecessor-version":[{"id":37746,"href":"https:\/\/www.ull.es\/portal\/agenda\/wp-json\/wp\/v2\/tribe_events\/36894\/revisions\/37746"}],"wp:featuredmedia":[{"embeddable":true,"href":"https:\/\/www.ull.es\/portal\/agenda\/wp-json\/wp\/v2\/media\/37745"}],"wp:attachment":[{"href":"https:\/\/www.ull.es\/portal\/agenda\/wp-json\/wp\/v2\/media?parent=36894"}],"wp:term":[{"taxonomy":"post_tag","embeddable":true,"href":"https:\/\/www.ull.es\/portal\/agenda\/wp-json\/wp\/v2\/tags?post=36894"},{"taxonomy":"tribe_events_cat","embeddable":true,"href":"https:\/\/www.ull.es\/portal\/agenda\/wp-json\/wp\/v2\/tribe_events_cat?post=36894"}],"curies":[{"name":"wp","href":"https:\/\/api.w.org\/{rel}","templated":true}]}}

Escépticos en el Pub en Tenerife n.º 111 (15.1): «Hablar en público para hacer divulgación»

<p>El Aula Cultural de Divulgación Científica, el Aula Cultural «Radio Campus», la Asociación cultural de relaciones internacionales «Hacer para el Desarrollo» y Docencia en Derecho Civil organizan este seminario que se celebrará en el Pub «Sócrates» el 20 de septiembre de 2024 de 20:00 a 22:00 horas.</p>
<p>La actividad pretende exponer los fundamentos de la oratoria y el arte de hablar en público orientadas a la realización de conferencias de carácter divulgativo en el ámbito de iniciativas como el ciclo de conferencias informales «Escépticos en el Pub en Tenerife».</p>
<p>Dirigido a cualquier persona interesada en la divulgación científica.</p>
<p>Imparte: Eva María González Lorenzo. Doctora en Ciencias de la Comunicación. Miembro del Aula Cultural de Divulgación Científica.</p>
<p>Dirección académica: Luis Javier Capote Pérez. Profesor Contratado Doctor Tipo I de Derecho Civil de la Universidad de La Laguna. Co-Director y miembro fundador del Aula Cultural de Divulgación Científica de la Universidad de La Laguna.</p>
<p><a href="https://sede.fg.ull.es/es/curso/detalle?code=a24020200&amp;name=escepticos-en-el-pub-en-tenerife-n-111-15-1-hablar-en-publico-para-hacer-divulgacion&amp;query=%3Fcode%3DA24020200" target="_blank" rel="noopener" target="_blank" rel="noopener"><strong><u>Más información e inscripción aquí.</u></strong></a></p>
<p>CERTIFICADO DE ASISTENCIA: La Universidad de La Laguna, a través del Vicerrectorado de Cultura y Extensión Universitaria, emitirá un certificado de asistencia a todas aquellas personas que participen, previa inscripción en la actividad.</p>
<p><strong>Contacto: 922 319 616 / 922 319 626 – </strong><a href="mailto:extuni@ull.edu.es" target="_blank" rel="noopener" target="_blank" rel="noopener"><strong>extuni@ull.es</strong></a></p>
<p>Colaboran: Cátedra Cultural «Francisco Tomás y Valiente», Pub «Sócrates» y ARP-Sociedad para el Avance del Pensamiento Crítico.</p>

<p>El Aula Cultural de Divulgación Científica, el Aula Cultural «Radio Campus», la Asociación cultural de relaciones internacionales «Hacer para el Desarrollo» y Docencia en Derecho Civil organizan este seminario que se celebrará en el Pub «Sócrates» el 20 de septiembre de 2024 de 20:00 a 22:00 horas. La actividad pretende exponer los fundamentos de la&#8230;</p>

<!-- This site is optimized with the Yoast SEO plugin v21.3 - https://yoast.com/wordpress/plugins/seo/ -->
<title>Escépticos en el Pub en Tenerife n.º 111 (15.1): «Hablar en público para hacer divulgación» - ULL - Agenda</title>
<meta name="robots" content="index, follow, max-snippet:-1, max-image-preview:large, max-video-preview:-1" />
<link rel="canonical" href="https://www.ull.es/portal/agenda/evento/escepticos-en-el-pub-en-tenerife-n-o-111-15-1-hablar-en-publico-para-hacer-divulgacion/" />
<meta property="og:locale" content="es_ES" />
<meta property="og:type" content="article" />
<meta property="og:title" content="Escépticos en el Pub en Tenerife n.º 111 (15.1): «Hablar en público para hacer divulgación» - ULL - Agenda" />
<meta property="og:description" content="El Aula Cultural de Divulgación Científica, el Aula Cultural «Radio Campus», la Asociación cultural de relaciones internacionales «Hacer para el Desarrollo» y Docencia en Derecho Civil organizan este seminario que se celebrará en el Pub «Sócrates» el 20 de septiembre de 2024 de 20:00 a 22:00 horas. La actividad pretende exponer los fundamentos de la..." />
<meta property="og:url" content="https://www.ull.es/portal/agenda/evento/escepticos-en-el-pub-en-tenerife-n-o-111-15-1-hablar-en-publico-para-hacer-divulgacion/" />
<meta property="og:site_name" content="ULL - Agenda" />
<meta property="article:modified_time" content="2024-09-09T09:29:56+00:00" />
<meta property="og:image" content="https://www.ull.es/portal/agenda/wp-content/uploads/sites/12/2024/07/Pub111.png" />
	<meta property="og:image:width" content="700" />
	<meta property="og:image:height" content="350" />
	<meta property="og:image:type" content="image/png" />
<meta name="twitter:card" content="summary_large_image" />
<meta name="twitter:label1" content="Tiempo de lectura" />
	<meta name="twitter:data1" content="1 minuto" />
<script type="application/ld+json" class="yoast-schema-graph">{"@context":"https://schema.org","@graph":[{"@type":"WebPage","@id":"https://www.ull.es/portal/agenda/evento/escepticos-en-el-pub-en-tenerife-n-o-111-15-1-hablar-en-publico-para-hacer-divulgacion/","url":"https://www.ull.es/portal/agenda/evento/escepticos-en-el-pub-en-tenerife-n-o-111-15-1-hablar-en-publico-para-hacer-divulgacion/","name":"Escépticos en el Pub en Tenerife n.º 111 (15.1): «Hablar en público para hacer divulgación» - ULL - Agenda","isPartOf":{"@id":"https://www.ull.es/portal/agenda/#website"},"datePublished":"2024-07-11T09:06:22+00:00","dateModified":"2024-09-09T09:29:56+00:00","breadcrumb":{"@id":"https://www.ull.es/portal/agenda/evento/escepticos-en-el-pub-en-tenerife-n-o-111-15-1-hablar-en-publico-para-hacer-divulgacion/#breadcrumb"},"inLanguage":"es","potentialAction":[{"@type":"ReadAction","target":["https://www.ull.es/portal/agenda/evento/escepticos-en-el-pub-en-tenerife-n-o-111-15-1-hablar-en-publico-para-hacer-divulgacion/"]}]},{"@type":"BreadcrumbList","@id":"https://www.ull.es/portal/agenda/evento/escepticos-en-el-pub-en-tenerife-n-o-111-15-1-hablar-en-publico-para-hacer-divulgacion/#breadcrumb","itemListElement":[{"@type":"ListItem","position":1,"name":"Portada","item":"https://www.ull.es/portal/agenda/"},{"@type":"ListItem","position":2,"name":"Escépticos en el Pub en Tenerife n.º 111 (15.1): «Hablar en público para hacer divulgación»"}]},{"@type":"WebSite","@id":"https://www.ull.es/portal/agenda/#website","url":"https://www.ull.es/portal/agenda/","name":"ULL - Agenda","description":"","potentialAction":[{"@type":"SearchAction","target":{"@type":"EntryPoint","urlTemplate":"https://www.ull.es/portal/agenda/?s={search_term_string}"},"query-input":"required name=search_term_string"}],"inLanguage":"es"}]}</script>
<!-- / Yoast SEO plugin. -->

Escépticos en el Pub en Tenerife n.º 111 (15.1): «Hablar en público para hacer divulgación» - ULL - Agenda

El Aula Cultural de Divulgación Científica, el Aula Cultural «Radio Campus», la Asociación cultural de relaciones internacionales «Hacer para el Desarrollo» y Docencia en Derecho Civil organizan este seminario que se celebrará en el Pub «Sócrates» el 20 de septiembre de 2024 de 20:00 a 22:00 horas. La actividad pretende exponer los fundamentos de la...
