{"id":36902,"date":"2024-07-11T10:36:19","date_gmt":"2024-07-11T10:36:19","guid":{"rendered":"https:\/\/www.ull.es\/portal\/agenda\/?post_type=tribe_events&#038;p=36902"},"modified":"2024-07-12T10:42:44","modified_gmt":"2024-07-12T10:42:44","slug":"charla-de-clausura-universidad-de-verano-de-la-gomera-2024-la-salud-mental-una-agenda-para-el-siglo-21","status":"publish","type":"tribe_events","link":"https:\/\/www.ull.es\/portal\/agenda\/evento\/charla-de-clausura-universidad-de-verano-de-la-gomera-2024-la-salud-mental-una-agenda-para-el-siglo-21\/","title":{"rendered":"Charla de clausura Universidad de Verano de La Gomera 2024: \u00abLa salud mental, una agenda para el siglo XXI\u00bb"},"content":{"rendered":"<p>Este a\u00f1o contaremos con el catedr\u00e1tico Wenceslao Pe\u00f1ate Castro en el acto de clausura de la \u00a0<a href=\"https:\/\/www.ull.es\/cultura\/cursos-extension-universitaria\/universidad-de-verano-de-la-gomera\/\" target=\"_blank\" rel=\"noopener\" target=\"_blank\" rel=\"noopener\">\u201cUniversidad de Verano de La Gomera 2024\u201d<\/a>, quien impartir\u00e1 una conferencia bajo el t\u00edtulo\u00a0<em>\u00abLa salud mental, una agenda para el siglo XXI\u00bb<\/em>, que tendr\u00e1 lugar el pr\u00f3ximo 30 de julio en el Sal\u00f3n de Plenos del Cabildo Insular de La Gomera a las 20:00 horas.<\/p>\n<p>La salud mental ha pasado por diferentes vicisitudes a lo largo de la historia, pasando gran parte de ella bajo concepciones err\u00f3neas, degradantes y vejatorias para las personas que sufr\u00edan problemas mentales. Fue hace solo unas pocas d\u00e9cadas cuando la salud mental se empez\u00f3 a considerar como un trastorno de salud como cualquier otro, integrando las alteraciones psicopatol\u00f3gicas dentro de los sistemas p\u00fablicos de salud, como un derecho m\u00e1s de la ciudadan\u00eda. En los \u00faltimos a\u00f1os, acentuado por la visibilidad que estos problemas de salud tuvieron durante los peores momentos de la pandemia de la COVID-19, distintos organismos y asociaciones han empezado a desarrollar estrategias para consolidar el cambio en el abordaje de la salud mental, atendiendo a sus peculiaridades y a su complejidad, ya que supone un problema de salud multidisciplinar, con una dimensionalizaci\u00f3n de recursos, un acercamiento terap\u00e9utico y una planificaci\u00f3n de la prevenci\u00f3n espec\u00edficos.<\/p>\n<p>Wenceslao Pe\u00f1ate Castro es Catedr\u00e1tico de Universidad en el \u00e1rea de conocimiento de Personalidad, Evaluaci\u00f3n y Tratamiento Psicol\u00f3gico. Pertenece al Departamento de Psicolog\u00eda Cl\u00ednica, Psicobiolog\u00eda y Metodolog\u00eda y al Instituto Universitario de Neurociencia de la Universidad de La Laguna. Desde el a\u00f1o 2021 es el Director de la Unidad del Servicio Psicol\u00f3gico y Logop\u00e9dico de la Universidad de La Laguna.<\/p>\n<p>Termina as\u00ed un nuevo programa de la Universidad de Verano de La Gomera, que ha ofrecido media docena de cursos, todos reconocibles por un cr\u00e9dito ECTS, as\u00ed como dos presentaciones de resultados de tesis doctorales.<\/p>\n<p>Entrada libre hasta completar el aforo.<\/p>\n<p>Contacto: 922 319 616 \/ 922 319 626 \u2013\u00a0<a href=\"mailto:extuni@ull.edu.es\" target=\"_blank\" rel=\"noopener\" target=\"_blank\" rel=\"noopener\">extuni@ull.es<\/a><\/p>\n","protected":false},"excerpt":{"rendered":"<p>Este a\u00f1o contaremos con el catedr\u00e1tico Wenceslao Pe\u00f1ate Castro en el acto de clausura de la \u00a0\u201cUniversidad de Verano de La Gomera 2024\u201d, quien impartir\u00e1 una conferencia bajo el t\u00edtulo\u00a0\u00abLa salud mental, una agenda para el siglo XXI\u00bb, que tendr\u00e1 lugar el pr\u00f3ximo 30 de julio en el Sal\u00f3n de Plenos del Cabildo Insular de&#8230;<\/p>\n","protected":false},"author":43,"featured_media":36942,"comment_status":"closed","ping_status":"closed","template":"","tags":[4259,4712,977,3812,4713,3751,3001],"tribe_events_cat":[472,1555,4,186],"acf":[],"yoast_head":"<!-- This site is optimized with the Yoast SEO plugin v21.3 - https:\/\/yoast.com\/wordpress\/plugins\/seo\/ -->\n<title>Charla de clausura Universidad de Verano de La Gomera 2024: \u00abLa salud mental, una agenda para el siglo XXI\u00bb - ULL - Agenda<\/title>\n<meta name=\"robots\" content=\"index, follow, max-snippet:-1, max-image-preview:large, max-video-preview:-1\" \/>\n<link rel=\"canonical\" href=\"https:\/\/www.ull.es\/portal\/agenda\/evento\/charla-de-clausura-universidad-de-verano-de-la-gomera-2024-la-salud-mental-una-agenda-para-el-siglo-21\/\" \/>\n<meta property=\"og:locale\" content=\"es_ES\" \/>\n<meta property=\"og:type\" content=\"article\" \/>\n<meta property=\"og:title\" content=\"Charla de clausura Universidad de Verano de La Gomera 2024: \u00abLa salud mental, una agenda para el siglo XXI\u00bb - ULL - Agenda\" \/>\n<meta property=\"og:description\" content=\"Este a\u00f1o contaremos con el catedr\u00e1tico Wenceslao Pe\u00f1ate Castro en el acto de clausura de la \u00a0\u201cUniversidad de Verano de La Gomera 2024\u201d, quien impartir\u00e1 una conferencia bajo el t\u00edtulo\u00a0\u00abLa salud mental, una agenda para el siglo XXI\u00bb, que tendr\u00e1 lugar el pr\u00f3ximo 30 de julio en el Sal\u00f3n de Plenos del Cabildo Insular de...\" \/>\n<meta property=\"og:url\" content=\"https:\/\/www.ull.es\/portal\/agenda\/evento\/charla-de-clausura-universidad-de-verano-de-la-gomera-2024-la-salud-mental-una-agenda-para-el-siglo-21\/\" \/>\n<meta property=\"og:site_name\" content=\"ULL - Agenda\" \/>\n<meta property=\"article:modified_time\" content=\"2024-07-12T10:42:44+00:00\" \/>\n<meta property=\"og:image\" content=\"https:\/\/www.ull.es\/portal\/agenda\/wp-content\/uploads\/sites\/12\/2024\/07\/Charla-de-clausura-1.png\" \/>\n\t<meta property=\"og:image:width\" content=\"750\" \/>\n\t<meta property=\"og:image:height\" content=\"370\" \/>\n\t<meta property=\"og:image:type\" content=\"image\/png\" \/>\n<meta name=\"twitter:card\" content=\"summary_large_image\" \/>\n<meta name=\"twitter:label1\" content=\"Tiempo de lectura\" \/>\n\t<meta name=\"twitter:data1\" content=\"2 minutos\" \/>\n<script type=\"application\/ld+json\" class=\"yoast-schema-graph\">{\"@context\":\"https:\/\/schema.org\",\"@graph\":[{\"@type\":\"WebPage\",\"@id\":\"https:\/\/www.ull.es\/portal\/agenda\/evento\/charla-de-clausura-universidad-de-verano-de-la-gomera-2024-la-salud-mental-una-agenda-para-el-siglo-21\/\",\"url\":\"https:\/\/www.ull.es\/portal\/agenda\/evento\/charla-de-clausura-universidad-de-verano-de-la-gomera-2024-la-salud-mental-una-agenda-para-el-siglo-21\/\",\"name\":\"Charla de clausura Universidad de Verano de La Gomera 2024: \u00abLa salud mental, una agenda para el siglo XXI\u00bb - ULL - Agenda\",\"isPartOf\":{\"@id\":\"https:\/\/www.ull.es\/portal\/agenda\/#website\"},\"datePublished\":\"2024-07-11T10:36:19+00:00\",\"dateModified\":\"2024-07-12T10:42:44+00:00\",\"breadcrumb\":{\"@id\":\"https:\/\/www.ull.es\/portal\/agenda\/evento\/charla-de-clausura-universidad-de-verano-de-la-gomera-2024-la-salud-mental-una-agenda-para-el-siglo-21\/#breadcrumb\"},\"inLanguage\":\"es\",\"potentialAction\":[{\"@type\":\"ReadAction\",\"target\":[\"https:\/\/www.ull.es\/portal\/agenda\/evento\/charla-de-clausura-universidad-de-verano-de-la-gomera-2024-la-salud-mental-una-agenda-para-el-siglo-21\/\"]}]},{\"@type\":\"BreadcrumbList\",\"@id\":\"https:\/\/www.ull.es\/portal\/agenda\/evento\/charla-de-clausura-universidad-de-verano-de-la-gomera-2024-la-salud-mental-una-agenda-para-el-siglo-21\/#breadcrumb\",\"itemListElement\":[{\"@type\":\"ListItem\",\"position\":1,\"name\":\"Portada\",\"item\":\"https:\/\/www.ull.es\/portal\/agenda\/\"},{\"@type\":\"ListItem\",\"position\":2,\"name\":\"Charla de clausura Universidad de Verano de La Gomera 2024: \u00abLa salud mental, una agenda para el siglo XXI\u00bb\"}]},{\"@type\":\"WebSite\",\"@id\":\"https:\/\/www.ull.es\/portal\/agenda\/#website\",\"url\":\"https:\/\/www.ull.es\/portal\/agenda\/\",\"name\":\"ULL - Agenda\",\"description\":\"\",\"potentialAction\":[{\"@type\":\"SearchAction\",\"target\":{\"@type\":\"EntryPoint\",\"urlTemplate\":\"https:\/\/www.ull.es\/portal\/agenda\/?s={search_term_string}\"},\"query-input\":\"required name=search_term_string\"}],\"inLanguage\":\"es\"}]}<\/script>\n<!-- \/ Yoast SEO plugin. -->","yoast_head_json":{"title":"Charla de clausura Universidad de Verano de La Gomera 2024: \u00abLa salud mental, una agenda para el siglo XXI\u00bb - ULL - Agenda","robots":{"index":"index","follow":"follow","max-snippet":"max-snippet:-1","max-image-preview":"max-image-preview:large","max-video-preview":"max-video-preview:-1"},"canonical":"https:\/\/www.ull.es\/portal\/agenda\/evento\/charla-de-clausura-universidad-de-verano-de-la-gomera-2024-la-salud-mental-una-agenda-para-el-siglo-21\/","og_locale":"es_ES","og_type":"article","og_title":"Charla de clausura Universidad de Verano de La Gomera 2024: \u00abLa salud mental, una agenda para el siglo XXI\u00bb - ULL - Agenda","og_description":"Este a\u00f1o contaremos con el catedr\u00e1tico Wenceslao Pe\u00f1ate Castro en el acto de clausura de la \u00a0\u201cUniversidad de Verano de La Gomera 2024\u201d, quien impartir\u00e1 una conferencia bajo el t\u00edtulo\u00a0\u00abLa salud mental, una agenda para el siglo XXI\u00bb, que tendr\u00e1 lugar el pr\u00f3ximo 30 de julio en el Sal\u00f3n de Plenos del Cabildo Insular de...","og_url":"https:\/\/www.ull.es\/portal\/agenda\/evento\/charla-de-clausura-universidad-de-verano-de-la-gomera-2024-la-salud-mental-una-agenda-para-el-siglo-21\/","og_site_name":"ULL - Agenda","article_modified_time":"2024-07-12T10:42:44+00:00","og_image":[{"width":750,"height":370,"url":"https:\/\/www.ull.es\/portal\/agenda\/wp-content\/uploads\/sites\/12\/2024\/07\/Charla-de-clausura-1.png","type":"image\/png"}],"twitter_card":"summary_large_image","twitter_misc":{"Tiempo de lectura":"2 minutos"},"schema":{"@context":"https:\/\/schema.org","@graph":[{"@type":"WebPage","@id":"https:\/\/www.ull.es\/portal\/agenda\/evento\/charla-de-clausura-universidad-de-verano-de-la-gomera-2024-la-salud-mental-una-agenda-para-el-siglo-21\/","url":"https:\/\/www.ull.es\/portal\/agenda\/evento\/charla-de-clausura-universidad-de-verano-de-la-gomera-2024-la-salud-mental-una-agenda-para-el-siglo-21\/","name":"Charla de clausura Universidad de Verano de La Gomera 2024: \u00abLa salud mental, una agenda para el siglo XXI\u00bb - ULL - Agenda","isPartOf":{"@id":"https:\/\/www.ull.es\/portal\/agenda\/#website"},"datePublished":"2024-07-11T10:36:19+00:00","dateModified":"2024-07-12T10:42:44+00:00","breadcrumb":{"@id":"https:\/\/www.ull.es\/portal\/agenda\/evento\/charla-de-clausura-universidad-de-verano-de-la-gomera-2024-la-salud-mental-una-agenda-para-el-siglo-21\/#breadcrumb"},"inLanguage":"es","potentialAction":[{"@type":"ReadAction","target":["https:\/\/www.ull.es\/portal\/agenda\/evento\/charla-de-clausura-universidad-de-verano-de-la-gomera-2024-la-salud-mental-una-agenda-para-el-siglo-21\/"]}]},{"@type":"BreadcrumbList","@id":"https:\/\/www.ull.es\/portal\/agenda\/evento\/charla-de-clausura-universidad-de-verano-de-la-gomera-2024-la-salud-mental-una-agenda-para-el-siglo-21\/#breadcrumb","itemListElement":[{"@type":"ListItem","position":1,"name":"Portada","item":"https:\/\/www.ull.es\/portal\/agenda\/"},{"@type":"ListItem","position":2,"name":"Charla de clausura Universidad de Verano de La Gomera 2024: \u00abLa salud mental, una agenda para el siglo XXI\u00bb"}]},{"@type":"WebSite","@id":"https:\/\/www.ull.es\/portal\/agenda\/#website","url":"https:\/\/www.ull.es\/portal\/agenda\/","name":"ULL - Agenda","description":"","potentialAction":[{"@type":"SearchAction","target":{"@type":"EntryPoint","urlTemplate":"https:\/\/www.ull.es\/portal\/agenda\/?s={search_term_string}"},"query-input":"required name=search_term_string"}],"inLanguage":"es"}]}},"_links":{"self":[{"href":"https:\/\/www.ull.es\/portal\/agenda\/wp-json\/wp\/v2\/tribe_events\/36902"}],"collection":[{"href":"https:\/\/www.ull.es\/portal\/agenda\/wp-json\/wp\/v2\/tribe_events"}],"about":[{"href":"https:\/\/www.ull.es\/portal\/agenda\/wp-json\/wp\/v2\/types\/tribe_events"}],"author":[{"embeddable":true,"href":"https:\/\/www.ull.es\/portal\/agenda\/wp-json\/wp\/v2\/users\/43"}],"replies":[{"embeddable":true,"href":"https:\/\/www.ull.es\/portal\/agenda\/wp-json\/wp\/v2\/comments?post=36902"}],"version-history":[{"count":9,"href":"https:\/\/www.ull.es\/portal\/agenda\/wp-json\/wp\/v2\/tribe_events\/36902\/revisions"}],"predecessor-version":[{"id":36948,"href":"https:\/\/www.ull.es\/portal\/agenda\/wp-json\/wp\/v2\/tribe_events\/36902\/revisions\/36948"}],"wp:featuredmedia":[{"embeddable":true,"href":"https:\/\/www.ull.es\/portal\/agenda\/wp-json\/wp\/v2\/media\/36942"}],"wp:attachment":[{"href":"https:\/\/www.ull.es\/portal\/agenda\/wp-json\/wp\/v2\/media?parent=36902"}],"wp:term":[{"taxonomy":"post_tag","embeddable":true,"href":"https:\/\/www.ull.es\/portal\/agenda\/wp-json\/wp\/v2\/tags?post=36902"},{"taxonomy":"tribe_events_cat","embeddable":true,"href":"https:\/\/www.ull.es\/portal\/agenda\/wp-json\/wp\/v2\/tribe_events_cat?post=36902"}],"curies":[{"name":"wp","href":"https:\/\/api.w.org\/{rel}","templated":true}]}}

<p>Este año contaremos con el catedrático Wenceslao Peñate Castro en el acto de clausura de la  <a href="https://www.ull.es/cultura/cursos-extension-universitaria/universidad-de-verano-de-la-gomera/" target="_blank" rel="noopener" target="_blank" rel="noopener">“Universidad de Verano de La Gomera 2024”</a>, quien impartirá una conferencia bajo el título <em>«La salud mental, una agenda para el siglo XXI»</em>, que tendrá lugar el próximo 30 de julio en el Salón de Plenos del Cabildo Insular de La Gomera a las 20:00 horas.</p>
<p>La salud mental ha pasado por diferentes vicisitudes a lo largo de la historia, pasando gran parte de ella bajo concepciones erróneas, degradantes y vejatorias para las personas que sufrían problemas mentales. Fue hace solo unas pocas décadas cuando la salud mental se empezó a considerar como un trastorno de salud como cualquier otro, integrando las alteraciones psicopatológicas dentro de los sistemas públicos de salud, como un derecho más de la ciudadanía. En los últimos años, acentuado por la visibilidad que estos problemas de salud tuvieron durante los peores momentos de la pandemia de la COVID-19, distintos organismos y asociaciones han empezado a desarrollar estrategias para consolidar el cambio en el abordaje de la salud mental, atendiendo a sus peculiaridades y a su complejidad, ya que supone un problema de salud multidisciplinar, con una dimensionalización de recursos, un acercamiento terapéutico y una planificación de la prevención específicos.</p>
<p>Wenceslao Peñate Castro es Catedrático de Universidad en el área de conocimiento de Personalidad, Evaluación y Tratamiento Psicológico. Pertenece al Departamento de Psicología Clínica, Psicobiología y Metodología y al Instituto Universitario de Neurociencia de la Universidad de La Laguna. Desde el año 2021 es el Director de la Unidad del Servicio Psicológico y Logopédico de la Universidad de La Laguna.</p>
<p>Termina así un nuevo programa de la Universidad de Verano de La Gomera, que ha ofrecido media docena de cursos, todos reconocibles por un crédito ECTS, así como dos presentaciones de resultados de tesis doctorales.</p>
<p>Entrada libre hasta completar el aforo.</p>
<p>Contacto: 922 319 616 / 922 319 626 – <a href="mailto:extuni@ull.edu.es" target="_blank" rel="noopener" target="_blank" rel="noopener">extuni@ull.es</a></p>

<p>Este año contaremos con el catedrático Wenceslao Peñate Castro en el acto de clausura de la  “Universidad de Verano de La Gomera 2024”, quien impartirá una conferencia bajo el título «La salud mental, una agenda para el siglo XXI», que tendrá lugar el próximo 30 de julio en el Salón de Plenos del Cabildo Insular de&#8230;</p>

<!-- This site is optimized with the Yoast SEO plugin v21.3 - https://yoast.com/wordpress/plugins/seo/ -->
<title>Charla de clausura Universidad de Verano de La Gomera 2024: «La salud mental, una agenda para el siglo XXI» - ULL - Agenda</title>
<meta name="robots" content="index, follow, max-snippet:-1, max-image-preview:large, max-video-preview:-1" />
<link rel="canonical" href="https://www.ull.es/portal/agenda/evento/charla-de-clausura-universidad-de-verano-de-la-gomera-2024-la-salud-mental-una-agenda-para-el-siglo-21/" />
<meta property="og:locale" content="es_ES" />
<meta property="og:type" content="article" />
<meta property="og:title" content="Charla de clausura Universidad de Verano de La Gomera 2024: «La salud mental, una agenda para el siglo XXI» - ULL - Agenda" />
<meta property="og:description" content="Este año contaremos con el catedrático Wenceslao Peñate Castro en el acto de clausura de la  “Universidad de Verano de La Gomera 2024”, quien impartirá una conferencia bajo el título «La salud mental, una agenda para el siglo XXI», que tendrá lugar el próximo 30 de julio en el Salón de Plenos del Cabildo Insular de..." />
<meta property="og:url" content="https://www.ull.es/portal/agenda/evento/charla-de-clausura-universidad-de-verano-de-la-gomera-2024-la-salud-mental-una-agenda-para-el-siglo-21/" />
<meta property="og:site_name" content="ULL - Agenda" />
<meta property="article:modified_time" content="2024-07-12T10:42:44+00:00" />
<meta property="og:image" content="https://www.ull.es/portal/agenda/wp-content/uploads/sites/12/2024/07/Charla-de-clausura-1.png" />
	<meta property="og:image:width" content="750" />
	<meta property="og:image:height" content="370" />
	<meta property="og:image:type" content="image/png" />
<meta name="twitter:card" content="summary_large_image" />
<meta name="twitter:label1" content="Tiempo de lectura" />
	<meta name="twitter:data1" content="2 minutos" />
<script type="application/ld+json" class="yoast-schema-graph">{"@context":"https://schema.org","@graph":[{"@type":"WebPage","@id":"https://www.ull.es/portal/agenda/evento/charla-de-clausura-universidad-de-verano-de-la-gomera-2024-la-salud-mental-una-agenda-para-el-siglo-21/","url":"https://www.ull.es/portal/agenda/evento/charla-de-clausura-universidad-de-verano-de-la-gomera-2024-la-salud-mental-una-agenda-para-el-siglo-21/","name":"Charla de clausura Universidad de Verano de La Gomera 2024: «La salud mental, una agenda para el siglo XXI» - ULL - Agenda","isPartOf":{"@id":"https://www.ull.es/portal/agenda/#website"},"datePublished":"2024-07-11T10:36:19+00:00","dateModified":"2024-07-12T10:42:44+00:00","breadcrumb":{"@id":"https://www.ull.es/portal/agenda/evento/charla-de-clausura-universidad-de-verano-de-la-gomera-2024-la-salud-mental-una-agenda-para-el-siglo-21/#breadcrumb"},"inLanguage":"es","potentialAction":[{"@type":"ReadAction","target":["https://www.ull.es/portal/agenda/evento/charla-de-clausura-universidad-de-verano-de-la-gomera-2024-la-salud-mental-una-agenda-para-el-siglo-21/"]}]},{"@type":"BreadcrumbList","@id":"https://www.ull.es/portal/agenda/evento/charla-de-clausura-universidad-de-verano-de-la-gomera-2024-la-salud-mental-una-agenda-para-el-siglo-21/#breadcrumb","itemListElement":[{"@type":"ListItem","position":1,"name":"Portada","item":"https://www.ull.es/portal/agenda/"},{"@type":"ListItem","position":2,"name":"Charla de clausura Universidad de Verano de La Gomera 2024: «La salud mental, una agenda para el siglo XXI»"}]},{"@type":"WebSite","@id":"https://www.ull.es/portal/agenda/#website","url":"https://www.ull.es/portal/agenda/","name":"ULL - Agenda","description":"","potentialAction":[{"@type":"SearchAction","target":{"@type":"EntryPoint","urlTemplate":"https://www.ull.es/portal/agenda/?s={search_term_string}"},"query-input":"required name=search_term_string"}],"inLanguage":"es"}]}</script>
<!-- / Yoast SEO plugin. -->

Este año contaremos con el catedrático Wenceslao Peñate Castro en el acto de clausura de la  “Universidad de Verano de La Gomera 2024”, quien impartirá una conferencia bajo el título «La salud mental, una agenda para el siglo XXI», que tendrá lugar el próximo 30 de julio en el Salón de Plenos del Cabildo Insular de...
