{"id":37012,"date":"2024-07-17T12:17:32","date_gmt":"2024-07-17T12:17:32","guid":{"rendered":"https:\/\/www.ull.es\/portal\/agenda\/?post_type=tribe_events&#038;p=37012"},"modified":"2024-07-17T12:21:56","modified_gmt":"2024-07-17T12:21:56","slug":"xiv-semana-del-comic-de-la-laguna-conferencia-inaugural-pepita-pardell-i-terrade-pionera-de-la-animacion-en-espana","status":"publish","type":"tribe_events","link":"https:\/\/www.ull.es\/portal\/agenda\/evento\/xiv-semana-del-comic-de-la-laguna-conferencia-inaugural-pepita-pardell-i-terrade-pionera-de-la-animacion-en-espana\/","title":{"rendered":"XIV Semana del C\u00f3mic de La Laguna. Conferencia inaugural: \u00abPepita Pardell i Terrade, pionera de la animaci\u00f3n en Espa\u00f1a\u00bb"},"content":{"rendered":"<p>El Aula Cultural \u00abRadio Campus\u00bb organiza esta conferencia enmarcada dentro de la <a href=\"https:\/\/www.ull.es\/portal\/agenda\/evento\/xiv-semana-del-comic-de-la-laguna\/\" target=\"_blank\" rel=\"noopener\" target=\"_blank\" rel=\"noopener\"><em><strong>XIV Semana del C\u00f3mic de La Laguna<\/strong><\/em><\/a> que se celebrar\u00e1 en modalidad online el 29 de noviembre de 2024 en horario de 19:00 a 21:00 horas.<\/p>\n<p>La conferencia, que dar\u00e1 inicio a los eventos que componen la programaci\u00f3n de la XIV Semana del C\u00f3mic de La Laguna, pretende pretende dar a conocer la figura de Pepita Pardell i Terrade.<\/p>\n<p>Imparte: Marta Pardell Carretero.<\/p>\n<p>Marta Pardell Carretero es periodista y sobrina de Pepita Pardell. Naci\u00f3 en Barcelona en 1977 y desde peque\u00f1a comparti\u00f3 con su t\u00eda la pasi\u00f3n por el c\u00f3mic, los dibujos animados y el arte. Siendo muy peque\u00f1a aprendi\u00f3 a leer con las historietas de Zipi y Zape, por las que siente pasi\u00f3n. La proximidad de la casa de sus abuelos con la editorial Bruguera contribuy\u00f3 a que los c\u00f3mics fueran parte esencial de su ni\u00f1ez y adolescencia. Fue Pepita quien despert\u00f3 su inter\u00e9s por el cine llev\u00e1ndola a todos los estrenos Disney o por el arte, visitando numerosas exposiciones de pintura o gui\u00e1ndola a trav\u00e9s de la arquitectura de Gaud\u00ed por Barcelona. Marta se licenci\u00f3 en periodismo en la Universidad Aut\u00f3noma de Barcelona en 1999 y desde entonces ha trabajado en radio y televisi\u00f3n en medios como Radio Barcelona-Cadena SER, COMRadio, 8TV o la Xarxa de Comunicaci\u00f3 Local, donde actualmente dirige y presenta un informativo de radio diario.<\/p>\n<p><a href=\"https:\/\/sede.fg.ull.es\/es\/curso\/detalle?code=a24020201&amp;name=xiv-semana-del-comic-de-la-laguna-conferencia-inaugural-pepita-pardell-i-terrade-pionera-de-la-animacion-en-espa-a&amp;query=%3Fcode%3DA24020201\" target=\"_blank\" rel=\"noopener noreferrer\" target=\"_blank\" rel=\"noopener\"><strong><u>Asistencia gratuita previa inscripci\u00f3n aqu\u00ed.<\/u><\/strong><\/a><\/p>\n<p>CERTIFICADO DE ASISTENCIA: La Universidad de La Laguna, a trav\u00e9s del Vicerrectorado de Cultura y Extensi\u00f3n Universitaria, emitir\u00e1 un certificado de asistencia a todas aquellas personas que participen, previa inscripci\u00f3n en la actividad.<\/p>\n<p><strong>Contacto: 922 319 616 \/ 922 319 626 \u2013\u00a0<\/strong><a href=\"mailto:extuni@ull.edu.es\" target=\"_blank\" rel=\"noopener\" target=\"_blank\" rel=\"noopener\"><strong>extuni@ull.es<\/strong><\/a><\/p>\n","protected":false},"excerpt":{"rendered":"<p>El Aula Cultural \u00abRadio Campus\u00bb organiza esta conferencia enmarcada dentro de la XIV Semana del C\u00f3mic de La Laguna que se celebrar\u00e1 en modalidad online el 29 de noviembre de 2024 en horario de 19:00 a 21:00 horas. La conferencia, que dar\u00e1 inicio a los eventos que componen la programaci\u00f3n de la XIV Semana del&#8230;<\/p>\n","protected":false},"author":43,"featured_media":37013,"comment_status":"closed","ping_status":"closed","template":"","tags":[4259,780,779,3668,977,3812,3692,4263,3751,4265,1680],"tribe_events_cat":[472,4802,471,4,186],"acf":[],"yoast_head":"<!-- This site is optimized with the Yoast SEO plugin v21.3 - https:\/\/yoast.com\/wordpress\/plugins\/seo\/ -->\n<title>XIV Semana del C\u00f3mic de La Laguna. Conferencia inaugural: \u00abPepita Pardell i Terrade, pionera de la animaci\u00f3n en Espa\u00f1a\u00bb - ULL - Agenda<\/title>\n<meta name=\"robots\" content=\"index, follow, max-snippet:-1, max-image-preview:large, max-video-preview:-1\" \/>\n<link rel=\"canonical\" href=\"https:\/\/www.ull.es\/portal\/agenda\/evento\/xiv-semana-del-comic-de-la-laguna-conferencia-inaugural-pepita-pardell-i-terrade-pionera-de-la-animacion-en-espana\/\" \/>\n<meta property=\"og:locale\" content=\"es_ES\" \/>\n<meta property=\"og:type\" content=\"article\" \/>\n<meta property=\"og:title\" content=\"XIV Semana del C\u00f3mic de La Laguna. Conferencia inaugural: \u00abPepita Pardell i Terrade, pionera de la animaci\u00f3n en Espa\u00f1a\u00bb - ULL - Agenda\" \/>\n<meta property=\"og:description\" content=\"El Aula Cultural \u00abRadio Campus\u00bb organiza esta conferencia enmarcada dentro de la XIV Semana del C\u00f3mic de La Laguna que se celebrar\u00e1 en modalidad online el 29 de noviembre de 2024 en horario de 19:00 a 21:00 horas. La conferencia, que dar\u00e1 inicio a los eventos que componen la programaci\u00f3n de la XIV Semana del...\" \/>\n<meta property=\"og:url\" content=\"https:\/\/www.ull.es\/portal\/agenda\/evento\/xiv-semana-del-comic-de-la-laguna-conferencia-inaugural-pepita-pardell-i-terrade-pionera-de-la-animacion-en-espana\/\" \/>\n<meta property=\"og:site_name\" content=\"ULL - Agenda\" \/>\n<meta property=\"article:modified_time\" content=\"2024-07-17T12:21:56+00:00\" \/>\n<meta property=\"og:image\" content=\"https:\/\/www.ull.es\/portal\/agenda\/wp-content\/uploads\/sites\/12\/2024\/07\/1-1.png\" \/>\n\t<meta property=\"og:image:width\" content=\"700\" \/>\n\t<meta property=\"og:image:height\" content=\"350\" \/>\n\t<meta property=\"og:image:type\" content=\"image\/png\" \/>\n<meta name=\"twitter:card\" content=\"summary_large_image\" \/>\n<meta name=\"twitter:label1\" content=\"Tiempo de lectura\" \/>\n\t<meta name=\"twitter:data1\" content=\"2 minutos\" \/>\n<script type=\"application\/ld+json\" class=\"yoast-schema-graph\">{\"@context\":\"https:\/\/schema.org\",\"@graph\":[{\"@type\":\"WebPage\",\"@id\":\"https:\/\/www.ull.es\/portal\/agenda\/evento\/xiv-semana-del-comic-de-la-laguna-conferencia-inaugural-pepita-pardell-i-terrade-pionera-de-la-animacion-en-espana\/\",\"url\":\"https:\/\/www.ull.es\/portal\/agenda\/evento\/xiv-semana-del-comic-de-la-laguna-conferencia-inaugural-pepita-pardell-i-terrade-pionera-de-la-animacion-en-espana\/\",\"name\":\"XIV Semana del C\u00f3mic de La Laguna. Conferencia inaugural: \u00abPepita Pardell i Terrade, pionera de la animaci\u00f3n en Espa\u00f1a\u00bb - ULL - Agenda\",\"isPartOf\":{\"@id\":\"https:\/\/www.ull.es\/portal\/agenda\/#website\"},\"datePublished\":\"2024-07-17T12:17:32+00:00\",\"dateModified\":\"2024-07-17T12:21:56+00:00\",\"breadcrumb\":{\"@id\":\"https:\/\/www.ull.es\/portal\/agenda\/evento\/xiv-semana-del-comic-de-la-laguna-conferencia-inaugural-pepita-pardell-i-terrade-pionera-de-la-animacion-en-espana\/#breadcrumb\"},\"inLanguage\":\"es\",\"potentialAction\":[{\"@type\":\"ReadAction\",\"target\":[\"https:\/\/www.ull.es\/portal\/agenda\/evento\/xiv-semana-del-comic-de-la-laguna-conferencia-inaugural-pepita-pardell-i-terrade-pionera-de-la-animacion-en-espana\/\"]}]},{\"@type\":\"BreadcrumbList\",\"@id\":\"https:\/\/www.ull.es\/portal\/agenda\/evento\/xiv-semana-del-comic-de-la-laguna-conferencia-inaugural-pepita-pardell-i-terrade-pionera-de-la-animacion-en-espana\/#breadcrumb\",\"itemListElement\":[{\"@type\":\"ListItem\",\"position\":1,\"name\":\"Portada\",\"item\":\"https:\/\/www.ull.es\/portal\/agenda\/\"},{\"@type\":\"ListItem\",\"position\":2,\"name\":\"XIV Semana del C\u00f3mic de La Laguna. Conferencia inaugural: \u00abPepita Pardell i Terrade, pionera de la animaci\u00f3n en Espa\u00f1a\u00bb\"}]},{\"@type\":\"WebSite\",\"@id\":\"https:\/\/www.ull.es\/portal\/agenda\/#website\",\"url\":\"https:\/\/www.ull.es\/portal\/agenda\/\",\"name\":\"ULL - Agenda\",\"description\":\"\",\"potentialAction\":[{\"@type\":\"SearchAction\",\"target\":{\"@type\":\"EntryPoint\",\"urlTemplate\":\"https:\/\/www.ull.es\/portal\/agenda\/?s={search_term_string}\"},\"query-input\":\"required name=search_term_string\"}],\"inLanguage\":\"es\"}]}<\/script>\n<!-- \/ Yoast SEO plugin. -->","yoast_head_json":{"title":"XIV Semana del C\u00f3mic de La Laguna. Conferencia inaugural: \u00abPepita Pardell i Terrade, pionera de la animaci\u00f3n en Espa\u00f1a\u00bb - ULL - Agenda","robots":{"index":"index","follow":"follow","max-snippet":"max-snippet:-1","max-image-preview":"max-image-preview:large","max-video-preview":"max-video-preview:-1"},"canonical":"https:\/\/www.ull.es\/portal\/agenda\/evento\/xiv-semana-del-comic-de-la-laguna-conferencia-inaugural-pepita-pardell-i-terrade-pionera-de-la-animacion-en-espana\/","og_locale":"es_ES","og_type":"article","og_title":"XIV Semana del C\u00f3mic de La Laguna. Conferencia inaugural: \u00abPepita Pardell i Terrade, pionera de la animaci\u00f3n en Espa\u00f1a\u00bb - ULL - Agenda","og_description":"El Aula Cultural \u00abRadio Campus\u00bb organiza esta conferencia enmarcada dentro de la XIV Semana del C\u00f3mic de La Laguna que se celebrar\u00e1 en modalidad online el 29 de noviembre de 2024 en horario de 19:00 a 21:00 horas. La conferencia, que dar\u00e1 inicio a los eventos que componen la programaci\u00f3n de la XIV Semana del...","og_url":"https:\/\/www.ull.es\/portal\/agenda\/evento\/xiv-semana-del-comic-de-la-laguna-conferencia-inaugural-pepita-pardell-i-terrade-pionera-de-la-animacion-en-espana\/","og_site_name":"ULL - Agenda","article_modified_time":"2024-07-17T12:21:56+00:00","og_image":[{"width":700,"height":350,"url":"https:\/\/www.ull.es\/portal\/agenda\/wp-content\/uploads\/sites\/12\/2024\/07\/1-1.png","type":"image\/png"}],"twitter_card":"summary_large_image","twitter_misc":{"Tiempo de lectura":"2 minutos"},"schema":{"@context":"https:\/\/schema.org","@graph":[{"@type":"WebPage","@id":"https:\/\/www.ull.es\/portal\/agenda\/evento\/xiv-semana-del-comic-de-la-laguna-conferencia-inaugural-pepita-pardell-i-terrade-pionera-de-la-animacion-en-espana\/","url":"https:\/\/www.ull.es\/portal\/agenda\/evento\/xiv-semana-del-comic-de-la-laguna-conferencia-inaugural-pepita-pardell-i-terrade-pionera-de-la-animacion-en-espana\/","name":"XIV Semana del C\u00f3mic de La Laguna. Conferencia inaugural: \u00abPepita Pardell i Terrade, pionera de la animaci\u00f3n en Espa\u00f1a\u00bb - ULL - Agenda","isPartOf":{"@id":"https:\/\/www.ull.es\/portal\/agenda\/#website"},"datePublished":"2024-07-17T12:17:32+00:00","dateModified":"2024-07-17T12:21:56+00:00","breadcrumb":{"@id":"https:\/\/www.ull.es\/portal\/agenda\/evento\/xiv-semana-del-comic-de-la-laguna-conferencia-inaugural-pepita-pardell-i-terrade-pionera-de-la-animacion-en-espana\/#breadcrumb"},"inLanguage":"es","potentialAction":[{"@type":"ReadAction","target":["https:\/\/www.ull.es\/portal\/agenda\/evento\/xiv-semana-del-comic-de-la-laguna-conferencia-inaugural-pepita-pardell-i-terrade-pionera-de-la-animacion-en-espana\/"]}]},{"@type":"BreadcrumbList","@id":"https:\/\/www.ull.es\/portal\/agenda\/evento\/xiv-semana-del-comic-de-la-laguna-conferencia-inaugural-pepita-pardell-i-terrade-pionera-de-la-animacion-en-espana\/#breadcrumb","itemListElement":[{"@type":"ListItem","position":1,"name":"Portada","item":"https:\/\/www.ull.es\/portal\/agenda\/"},{"@type":"ListItem","position":2,"name":"XIV Semana del C\u00f3mic de La Laguna. Conferencia inaugural: \u00abPepita Pardell i Terrade, pionera de la animaci\u00f3n en Espa\u00f1a\u00bb"}]},{"@type":"WebSite","@id":"https:\/\/www.ull.es\/portal\/agenda\/#website","url":"https:\/\/www.ull.es\/portal\/agenda\/","name":"ULL - Agenda","description":"","potentialAction":[{"@type":"SearchAction","target":{"@type":"EntryPoint","urlTemplate":"https:\/\/www.ull.es\/portal\/agenda\/?s={search_term_string}"},"query-input":"required name=search_term_string"}],"inLanguage":"es"}]}},"_links":{"self":[{"href":"https:\/\/www.ull.es\/portal\/agenda\/wp-json\/wp\/v2\/tribe_events\/37012"}],"collection":[{"href":"https:\/\/www.ull.es\/portal\/agenda\/wp-json\/wp\/v2\/tribe_events"}],"about":[{"href":"https:\/\/www.ull.es\/portal\/agenda\/wp-json\/wp\/v2\/types\/tribe_events"}],"author":[{"embeddable":true,"href":"https:\/\/www.ull.es\/portal\/agenda\/wp-json\/wp\/v2\/users\/43"}],"replies":[{"embeddable":true,"href":"https:\/\/www.ull.es\/portal\/agenda\/wp-json\/wp\/v2\/comments?post=37012"}],"version-history":[{"count":3,"href":"https:\/\/www.ull.es\/portal\/agenda\/wp-json\/wp\/v2\/tribe_events\/37012\/revisions"}],"predecessor-version":[{"id":37017,"href":"https:\/\/www.ull.es\/portal\/agenda\/wp-json\/wp\/v2\/tribe_events\/37012\/revisions\/37017"}],"wp:featuredmedia":[{"embeddable":true,"href":"https:\/\/www.ull.es\/portal\/agenda\/wp-json\/wp\/v2\/media\/37013"}],"wp:attachment":[{"href":"https:\/\/www.ull.es\/portal\/agenda\/wp-json\/wp\/v2\/media?parent=37012"}],"wp:term":[{"taxonomy":"post_tag","embeddable":true,"href":"https:\/\/www.ull.es\/portal\/agenda\/wp-json\/wp\/v2\/tags?post=37012"},{"taxonomy":"tribe_events_cat","embeddable":true,"href":"https:\/\/www.ull.es\/portal\/agenda\/wp-json\/wp\/v2\/tribe_events_cat?post=37012"}],"curies":[{"name":"wp","href":"https:\/\/api.w.org\/{rel}","templated":true}]}}

XIV Semana del Cómic de La Laguna. Conferencia inaugural: «Pepita Pardell i Terrade, pionera de la animación en España»

<p>El Aula Cultural «Radio Campus» organiza esta conferencia enmarcada dentro de la <a href="https://www.ull.es/portal/agenda/evento/xiv-semana-del-comic-de-la-laguna/" target="_blank" rel="noopener" target="_blank" rel="noopener"><em><strong>XIV Semana del Cómic de La Laguna</strong></em></a> que se celebrará en modalidad online el 29 de noviembre de 2024 en horario de 19:00 a 21:00 horas.</p>
<p>La conferencia, que dará inicio a los eventos que componen la programación de la XIV Semana del Cómic de La Laguna, pretende pretende dar a conocer la figura de Pepita Pardell i Terrade.</p>
<p>Imparte: Marta Pardell Carretero.</p>
<p>Marta Pardell Carretero es periodista y sobrina de Pepita Pardell. Nació en Barcelona en 1977 y desde pequeña compartió con su tía la pasión por el cómic, los dibujos animados y el arte. Siendo muy pequeña aprendió a leer con las historietas de Zipi y Zape, por las que siente pasión. La proximidad de la casa de sus abuelos con la editorial Bruguera contribuyó a que los cómics fueran parte esencial de su niñez y adolescencia. Fue Pepita quien despertó su interés por el cine llevándola a todos los estrenos Disney o por el arte, visitando numerosas exposiciones de pintura o guiándola a través de la arquitectura de Gaudí por Barcelona. Marta se licenció en periodismo en la Universidad Autónoma de Barcelona en 1999 y desde entonces ha trabajado en radio y televisión en medios como Radio Barcelona-Cadena SER, COMRadio, 8TV o la Xarxa de Comunicació Local, donde actualmente dirige y presenta un informativo de radio diario.</p>
<p><a href="https://sede.fg.ull.es/es/curso/detalle?code=a24020201&amp;name=xiv-semana-del-comic-de-la-laguna-conferencia-inaugural-pepita-pardell-i-terrade-pionera-de-la-animacion-en-espa-a&amp;query=%3Fcode%3DA24020201" target="_blank" rel="noopener noreferrer" target="_blank" rel="noopener"><strong><u>Asistencia gratuita previa inscripción aquí.</u></strong></a></p>
<p>CERTIFICADO DE ASISTENCIA: La Universidad de La Laguna, a través del Vicerrectorado de Cultura y Extensión Universitaria, emitirá un certificado de asistencia a todas aquellas personas que participen, previa inscripción en la actividad.</p>
<p><strong>Contacto: 922 319 616 / 922 319 626 – </strong><a href="mailto:extuni@ull.edu.es" target="_blank" rel="noopener" target="_blank" rel="noopener"><strong>extuni@ull.es</strong></a></p>

<p>El Aula Cultural «Radio Campus» organiza esta conferencia enmarcada dentro de la XIV Semana del Cómic de La Laguna que se celebrará en modalidad online el 29 de noviembre de 2024 en horario de 19:00 a 21:00 horas. La conferencia, que dará inicio a los eventos que componen la programación de la XIV Semana del&#8230;</p>

<!-- This site is optimized with the Yoast SEO plugin v21.3 - https://yoast.com/wordpress/plugins/seo/ -->
<title>XIV Semana del Cómic de La Laguna. Conferencia inaugural: «Pepita Pardell i Terrade, pionera de la animación en España» - ULL - Agenda</title>
<meta name="robots" content="index, follow, max-snippet:-1, max-image-preview:large, max-video-preview:-1" />
<link rel="canonical" href="https://www.ull.es/portal/agenda/evento/xiv-semana-del-comic-de-la-laguna-conferencia-inaugural-pepita-pardell-i-terrade-pionera-de-la-animacion-en-espana/" />
<meta property="og:locale" content="es_ES" />
<meta property="og:type" content="article" />
<meta property="og:title" content="XIV Semana del Cómic de La Laguna. Conferencia inaugural: «Pepita Pardell i Terrade, pionera de la animación en España» - ULL - Agenda" />
<meta property="og:description" content="El Aula Cultural «Radio Campus» organiza esta conferencia enmarcada dentro de la XIV Semana del Cómic de La Laguna que se celebrará en modalidad online el 29 de noviembre de 2024 en horario de 19:00 a 21:00 horas. La conferencia, que dará inicio a los eventos que componen la programación de la XIV Semana del..." />
<meta property="og:url" content="https://www.ull.es/portal/agenda/evento/xiv-semana-del-comic-de-la-laguna-conferencia-inaugural-pepita-pardell-i-terrade-pionera-de-la-animacion-en-espana/" />
<meta property="og:site_name" content="ULL - Agenda" />
<meta property="article:modified_time" content="2024-07-17T12:21:56+00:00" />
<meta property="og:image" content="https://www.ull.es/portal/agenda/wp-content/uploads/sites/12/2024/07/1-1.png" />
	<meta property="og:image:width" content="700" />
	<meta property="og:image:height" content="350" />
	<meta property="og:image:type" content="image/png" />
<meta name="twitter:card" content="summary_large_image" />
<meta name="twitter:label1" content="Tiempo de lectura" />
	<meta name="twitter:data1" content="2 minutos" />
<script type="application/ld+json" class="yoast-schema-graph">{"@context":"https://schema.org","@graph":[{"@type":"WebPage","@id":"https://www.ull.es/portal/agenda/evento/xiv-semana-del-comic-de-la-laguna-conferencia-inaugural-pepita-pardell-i-terrade-pionera-de-la-animacion-en-espana/","url":"https://www.ull.es/portal/agenda/evento/xiv-semana-del-comic-de-la-laguna-conferencia-inaugural-pepita-pardell-i-terrade-pionera-de-la-animacion-en-espana/","name":"XIV Semana del Cómic de La Laguna. Conferencia inaugural: «Pepita Pardell i Terrade, pionera de la animación en España» - ULL - Agenda","isPartOf":{"@id":"https://www.ull.es/portal/agenda/#website"},"datePublished":"2024-07-17T12:17:32+00:00","dateModified":"2024-07-17T12:21:56+00:00","breadcrumb":{"@id":"https://www.ull.es/portal/agenda/evento/xiv-semana-del-comic-de-la-laguna-conferencia-inaugural-pepita-pardell-i-terrade-pionera-de-la-animacion-en-espana/#breadcrumb"},"inLanguage":"es","potentialAction":[{"@type":"ReadAction","target":["https://www.ull.es/portal/agenda/evento/xiv-semana-del-comic-de-la-laguna-conferencia-inaugural-pepita-pardell-i-terrade-pionera-de-la-animacion-en-espana/"]}]},{"@type":"BreadcrumbList","@id":"https://www.ull.es/portal/agenda/evento/xiv-semana-del-comic-de-la-laguna-conferencia-inaugural-pepita-pardell-i-terrade-pionera-de-la-animacion-en-espana/#breadcrumb","itemListElement":[{"@type":"ListItem","position":1,"name":"Portada","item":"https://www.ull.es/portal/agenda/"},{"@type":"ListItem","position":2,"name":"XIV Semana del Cómic de La Laguna. Conferencia inaugural: «Pepita Pardell i Terrade, pionera de la animación en España»"}]},{"@type":"WebSite","@id":"https://www.ull.es/portal/agenda/#website","url":"https://www.ull.es/portal/agenda/","name":"ULL - Agenda","description":"","potentialAction":[{"@type":"SearchAction","target":{"@type":"EntryPoint","urlTemplate":"https://www.ull.es/portal/agenda/?s={search_term_string}"},"query-input":"required name=search_term_string"}],"inLanguage":"es"}]}</script>
<!-- / Yoast SEO plugin. -->

XIV Semana del Cómic de La Laguna. Conferencia inaugural: «Pepita Pardell i Terrade, pionera de la animación en España» - ULL - Agenda

El Aula Cultural «Radio Campus» organiza esta conferencia enmarcada dentro de la XIV Semana del Cómic de La Laguna que se celebrará en modalidad online el 29 de noviembre de 2024 en horario de 19:00 a 21:00 horas. La conferencia, que dará inicio a los eventos que componen la programación de la XIV Semana del...
