{"id":37037,"date":"2024-07-18T13:26:54","date_gmt":"2024-07-18T13:26:54","guid":{"rendered":"https:\/\/www.ull.es\/portal\/agenda\/?post_type=tribe_events&#038;p=37037"},"modified":"2025-07-08T09:30:53","modified_gmt":"2025-07-08T09:30:53","slug":"jornada-de-bienvenida-grado-en-biologia","status":"publish","type":"tribe_events","link":"https:\/\/www.ull.es\/portal\/agenda\/evento\/jornada-de-bienvenida-grado-en-biologia\/","title":{"rendered":"Jornada de Bienvenida del Grado en Biolog\u00eda"},"content":{"rendered":"<p>El lunes 8\u00a0 de septiembre a partir de las 8:45 horas tendr\u00e1 lugar la Jornada de Bienvenida al alumnado de nuevo ingreso del Grado en Biolog\u00eda de la Facultad de Ciencias de la Universidad de La Laguna. En este acto la decana de la Facultad recibir\u00e1 al alumnado y presentar\u00e1 al equipo decanal, al profesorado, las asignaturas que se impartir\u00e1n en el nuevo curso, as\u00ed como los servicios que pueden disponer como Biblioteca, Deportes, Erasmus\u2026<\/p>\n<p><a href=\"https:\/\/drive.google.com\/file\/d\/1uBPf5SGS6rbiRBSvKDAEVpH0BE_l1obj\/view?usp=sharing\" target=\"_blank\" rel=\"noopener\" target=\"_blank\" rel=\"noopener\">Programa<\/a><\/p>\n","protected":false},"excerpt":{"rendered":"<p>El lunes 8\u00a0 de septiembre a partir de las 8:45 horas tendr\u00e1 lugar la Jornada de Bienvenida al alumnado de nuevo ingreso del Grado en Biolog\u00eda de la Facultad de Ciencias de la Universidad de La Laguna. En este acto la decana de la Facultad recibir\u00e1 al alumnado y presentar\u00e1 al equipo decanal, al profesorado,&#8230;<\/p>\n","protected":false},"author":65,"featured_media":43488,"comment_status":"closed","ping_status":"closed","template":"","tags":[],"tribe_events_cat":[4774,972,4772],"acf":[],"yoast_head":"<!-- This site is optimized with the Yoast SEO plugin v21.3 - https:\/\/yoast.com\/wordpress\/plugins\/seo\/ -->\n<title>Jornada de Bienvenida del Grado en Biolog\u00eda - ULL - Agenda<\/title>\n<meta name=\"robots\" content=\"index, follow, max-snippet:-1, max-image-preview:large, max-video-preview:-1\" \/>\n<link rel=\"canonical\" href=\"https:\/\/www.ull.es\/portal\/agenda\/evento\/jornada-de-bienvenida-grado-en-biologia\/\" \/>\n<meta property=\"og:locale\" content=\"es_ES\" \/>\n<meta property=\"og:type\" content=\"article\" \/>\n<meta property=\"og:title\" content=\"Jornada de Bienvenida del Grado en Biolog\u00eda - ULL - Agenda\" \/>\n<meta property=\"og:description\" content=\"El lunes 8\u00a0 de septiembre a partir de las 8:45 horas tendr\u00e1 lugar la Jornada de Bienvenida al alumnado de nuevo ingreso del Grado en Biolog\u00eda de la Facultad de Ciencias de la Universidad de La Laguna. En este acto la decana de la Facultad recibir\u00e1 al alumnado y presentar\u00e1 al equipo decanal, al profesorado,...\" \/>\n<meta property=\"og:url\" content=\"https:\/\/www.ull.es\/portal\/agenda\/evento\/jornada-de-bienvenida-grado-en-biologia\/\" \/>\n<meta property=\"og:site_name\" content=\"ULL - Agenda\" \/>\n<meta property=\"article:modified_time\" content=\"2025-07-08T09:30:53+00:00\" \/>\n<meta property=\"og:image\" content=\"https:\/\/www.ull.es\/portal\/agenda\/wp-content\/uploads\/sites\/12\/2024\/07\/Grado-en-Biologia-banner-eventos.jpg\" \/>\n\t<meta property=\"og:image:width\" content=\"750\" \/>\n\t<meta property=\"og:image:height\" content=\"370\" \/>\n\t<meta property=\"og:image:type\" content=\"image\/jpeg\" \/>\n<meta name=\"twitter:card\" content=\"summary_large_image\" \/>\n<meta name=\"twitter:label1\" content=\"Tiempo de lectura\" \/>\n\t<meta name=\"twitter:data1\" content=\"1 minuto\" \/>\n<script type=\"application\/ld+json\" class=\"yoast-schema-graph\">{\"@context\":\"https:\/\/schema.org\",\"@graph\":[{\"@type\":\"WebPage\",\"@id\":\"https:\/\/www.ull.es\/portal\/agenda\/evento\/jornada-de-bienvenida-grado-en-biologia\/\",\"url\":\"https:\/\/www.ull.es\/portal\/agenda\/evento\/jornada-de-bienvenida-grado-en-biologia\/\",\"name\":\"Jornada de Bienvenida del Grado en Biolog\u00eda - ULL - Agenda\",\"isPartOf\":{\"@id\":\"https:\/\/www.ull.es\/portal\/agenda\/#website\"},\"datePublished\":\"2024-07-18T13:26:54+00:00\",\"dateModified\":\"2025-07-08T09:30:53+00:00\",\"breadcrumb\":{\"@id\":\"https:\/\/www.ull.es\/portal\/agenda\/evento\/jornada-de-bienvenida-grado-en-biologia\/#breadcrumb\"},\"inLanguage\":\"es\",\"potentialAction\":[{\"@type\":\"ReadAction\",\"target\":[\"https:\/\/www.ull.es\/portal\/agenda\/evento\/jornada-de-bienvenida-grado-en-biologia\/\"]}]},{\"@type\":\"BreadcrumbList\",\"@id\":\"https:\/\/www.ull.es\/portal\/agenda\/evento\/jornada-de-bienvenida-grado-en-biologia\/#breadcrumb\",\"itemListElement\":[{\"@type\":\"ListItem\",\"position\":1,\"name\":\"Portada\",\"item\":\"https:\/\/www.ull.es\/portal\/agenda\/\"},{\"@type\":\"ListItem\",\"position\":2,\"name\":\"Jornada de Bienvenida del Grado en Biolog\u00eda\"}]},{\"@type\":\"WebSite\",\"@id\":\"https:\/\/www.ull.es\/portal\/agenda\/#website\",\"url\":\"https:\/\/www.ull.es\/portal\/agenda\/\",\"name\":\"ULL - Agenda\",\"description\":\"\",\"potentialAction\":[{\"@type\":\"SearchAction\",\"target\":{\"@type\":\"EntryPoint\",\"urlTemplate\":\"https:\/\/www.ull.es\/portal\/agenda\/?s={search_term_string}\"},\"query-input\":\"required name=search_term_string\"}],\"inLanguage\":\"es\"}]}<\/script>\n<!-- \/ Yoast SEO plugin. -->","yoast_head_json":{"title":"Jornada de Bienvenida del Grado en Biolog\u00eda - ULL - Agenda","robots":{"index":"index","follow":"follow","max-snippet":"max-snippet:-1","max-image-preview":"max-image-preview:large","max-video-preview":"max-video-preview:-1"},"canonical":"https:\/\/www.ull.es\/portal\/agenda\/evento\/jornada-de-bienvenida-grado-en-biologia\/","og_locale":"es_ES","og_type":"article","og_title":"Jornada de Bienvenida del Grado en Biolog\u00eda - ULL - Agenda","og_description":"El lunes 8\u00a0 de septiembre a partir de las 8:45 horas tendr\u00e1 lugar la Jornada de Bienvenida al alumnado de nuevo ingreso del Grado en Biolog\u00eda de la Facultad de Ciencias de la Universidad de La Laguna. En este acto la decana de la Facultad recibir\u00e1 al alumnado y presentar\u00e1 al equipo decanal, al profesorado,...","og_url":"https:\/\/www.ull.es\/portal\/agenda\/evento\/jornada-de-bienvenida-grado-en-biologia\/","og_site_name":"ULL - Agenda","article_modified_time":"2025-07-08T09:30:53+00:00","og_image":[{"width":750,"height":370,"url":"https:\/\/www.ull.es\/portal\/agenda\/wp-content\/uploads\/sites\/12\/2024\/07\/Grado-en-Biologia-banner-eventos.jpg","type":"image\/jpeg"}],"twitter_card":"summary_large_image","twitter_misc":{"Tiempo de lectura":"1 minuto"},"schema":{"@context":"https:\/\/schema.org","@graph":[{"@type":"WebPage","@id":"https:\/\/www.ull.es\/portal\/agenda\/evento\/jornada-de-bienvenida-grado-en-biologia\/","url":"https:\/\/www.ull.es\/portal\/agenda\/evento\/jornada-de-bienvenida-grado-en-biologia\/","name":"Jornada de Bienvenida del Grado en Biolog\u00eda - ULL - Agenda","isPartOf":{"@id":"https:\/\/www.ull.es\/portal\/agenda\/#website"},"datePublished":"2024-07-18T13:26:54+00:00","dateModified":"2025-07-08T09:30:53+00:00","breadcrumb":{"@id":"https:\/\/www.ull.es\/portal\/agenda\/evento\/jornada-de-bienvenida-grado-en-biologia\/#breadcrumb"},"inLanguage":"es","potentialAction":[{"@type":"ReadAction","target":["https:\/\/www.ull.es\/portal\/agenda\/evento\/jornada-de-bienvenida-grado-en-biologia\/"]}]},{"@type":"BreadcrumbList","@id":"https:\/\/www.ull.es\/portal\/agenda\/evento\/jornada-de-bienvenida-grado-en-biologia\/#breadcrumb","itemListElement":[{"@type":"ListItem","position":1,"name":"Portada","item":"https:\/\/www.ull.es\/portal\/agenda\/"},{"@type":"ListItem","position":2,"name":"Jornada de Bienvenida del Grado en Biolog\u00eda"}]},{"@type":"WebSite","@id":"https:\/\/www.ull.es\/portal\/agenda\/#website","url":"https:\/\/www.ull.es\/portal\/agenda\/","name":"ULL - Agenda","description":"","potentialAction":[{"@type":"SearchAction","target":{"@type":"EntryPoint","urlTemplate":"https:\/\/www.ull.es\/portal\/agenda\/?s={search_term_string}"},"query-input":"required name=search_term_string"}],"inLanguage":"es"}]}},"_links":{"self":[{"href":"https:\/\/www.ull.es\/portal\/agenda\/wp-json\/wp\/v2\/tribe_events\/37037"}],"collection":[{"href":"https:\/\/www.ull.es\/portal\/agenda\/wp-json\/wp\/v2\/tribe_events"}],"about":[{"href":"https:\/\/www.ull.es\/portal\/agenda\/wp-json\/wp\/v2\/types\/tribe_events"}],"author":[{"embeddable":true,"href":"https:\/\/www.ull.es\/portal\/agenda\/wp-json\/wp\/v2\/users\/65"}],"replies":[{"embeddable":true,"href":"https:\/\/www.ull.es\/portal\/agenda\/wp-json\/wp\/v2\/comments?post=37037"}],"version-history":[{"count":2,"href":"https:\/\/www.ull.es\/portal\/agenda\/wp-json\/wp\/v2\/tribe_events\/37037\/revisions"}],"predecessor-version":[{"id":43487,"href":"https:\/\/www.ull.es\/portal\/agenda\/wp-json\/wp\/v2\/tribe_events\/37037\/revisions\/43487"}],"wp:featuredmedia":[{"embeddable":true,"href":"https:\/\/www.ull.es\/portal\/agenda\/wp-json\/wp\/v2\/media\/43488"}],"wp:attachment":[{"href":"https:\/\/www.ull.es\/portal\/agenda\/wp-json\/wp\/v2\/media?parent=37037"}],"wp:term":[{"taxonomy":"post_tag","embeddable":true,"href":"https:\/\/www.ull.es\/portal\/agenda\/wp-json\/wp\/v2\/tags?post=37037"},{"taxonomy":"tribe_events_cat","embeddable":true,"href":"https:\/\/www.ull.es\/portal\/agenda\/wp-json\/wp\/v2\/tribe_events_cat?post=37037"}],"curies":[{"name":"wp","href":"https:\/\/api.w.org\/{rel}","templated":true}]}}

Jornada de Bienvenida del Grado en Biología

<p>El lunes 8  de septiembre a partir de las 8:45 horas tendrá lugar la Jornada de Bienvenida al alumnado de nuevo ingreso del Grado en Biología de la Facultad de Ciencias de la Universidad de La Laguna. En este acto la decana de la Facultad recibirá al alumnado y presentará al equipo decanal, al profesorado, las asignaturas que se impartirán en el nuevo curso, así como los servicios que pueden disponer como Biblioteca, Deportes, Erasmus…</p>
<p><a href="https://drive.google.com/file/d/1uBPf5SGS6rbiRBSvKDAEVpH0BE_l1obj/view?usp=sharing" target="_blank" rel="noopener" target="_blank" rel="noopener">Programa</a></p>

<p>El lunes 8  de septiembre a partir de las 8:45 horas tendrá lugar la Jornada de Bienvenida al alumnado de nuevo ingreso del Grado en Biología de la Facultad de Ciencias de la Universidad de La Laguna. En este acto la decana de la Facultad recibirá al alumnado y presentará al equipo decanal, al profesorado,&#8230;</p>

<!-- This site is optimized with the Yoast SEO plugin v21.3 - https://yoast.com/wordpress/plugins/seo/ -->
<title>Jornada de Bienvenida del Grado en Biología - ULL - Agenda</title>
<meta name="robots" content="index, follow, max-snippet:-1, max-image-preview:large, max-video-preview:-1" />
<link rel="canonical" href="https://www.ull.es/portal/agenda/evento/jornada-de-bienvenida-grado-en-biologia/" />
<meta property="og:locale" content="es_ES" />
<meta property="og:type" content="article" />
<meta property="og:title" content="Jornada de Bienvenida del Grado en Biología - ULL - Agenda" />
<meta property="og:description" content="El lunes 8  de septiembre a partir de las 8:45 horas tendrá lugar la Jornada de Bienvenida al alumnado de nuevo ingreso del Grado en Biología de la Facultad de Ciencias de la Universidad de La Laguna. En este acto la decana de la Facultad recibirá al alumnado y presentará al equipo decanal, al profesorado,..." />
<meta property="og:url" content="https://www.ull.es/portal/agenda/evento/jornada-de-bienvenida-grado-en-biologia/" />
<meta property="og:site_name" content="ULL - Agenda" />
<meta property="article:modified_time" content="2025-07-08T09:30:53+00:00" />
<meta property="og:image" content="https://www.ull.es/portal/agenda/wp-content/uploads/sites/12/2024/07/Grado-en-Biologia-banner-eventos.jpg" />
	<meta property="og:image:width" content="750" />
	<meta property="og:image:height" content="370" />
	<meta property="og:image:type" content="image/jpeg" />
<meta name="twitter:card" content="summary_large_image" />
<meta name="twitter:label1" content="Tiempo de lectura" />
	<meta name="twitter:data1" content="1 minuto" />
<script type="application/ld+json" class="yoast-schema-graph">{"@context":"https://schema.org","@graph":[{"@type":"WebPage","@id":"https://www.ull.es/portal/agenda/evento/jornada-de-bienvenida-grado-en-biologia/","url":"https://www.ull.es/portal/agenda/evento/jornada-de-bienvenida-grado-en-biologia/","name":"Jornada de Bienvenida del Grado en Biología - ULL - Agenda","isPartOf":{"@id":"https://www.ull.es/portal/agenda/#website"},"datePublished":"2024-07-18T13:26:54+00:00","dateModified":"2025-07-08T09:30:53+00:00","breadcrumb":{"@id":"https://www.ull.es/portal/agenda/evento/jornada-de-bienvenida-grado-en-biologia/#breadcrumb"},"inLanguage":"es","potentialAction":[{"@type":"ReadAction","target":["https://www.ull.es/portal/agenda/evento/jornada-de-bienvenida-grado-en-biologia/"]}]},{"@type":"BreadcrumbList","@id":"https://www.ull.es/portal/agenda/evento/jornada-de-bienvenida-grado-en-biologia/#breadcrumb","itemListElement":[{"@type":"ListItem","position":1,"name":"Portada","item":"https://www.ull.es/portal/agenda/"},{"@type":"ListItem","position":2,"name":"Jornada de Bienvenida del Grado en Biología"}]},{"@type":"WebSite","@id":"https://www.ull.es/portal/agenda/#website","url":"https://www.ull.es/portal/agenda/","name":"ULL - Agenda","description":"","potentialAction":[{"@type":"SearchAction","target":{"@type":"EntryPoint","urlTemplate":"https://www.ull.es/portal/agenda/?s={search_term_string}"},"query-input":"required name=search_term_string"}],"inLanguage":"es"}]}</script>
<!-- / Yoast SEO plugin. -->

Jornada de Bienvenida del Grado en Biología - ULL - Agenda

El lunes 8  de septiembre a partir de las 8:45 horas tendrá lugar la Jornada de Bienvenida al alumnado de nuevo ingreso del Grado en Biología de la Facultad de Ciencias de la Universidad de La Laguna. En este acto la decana de la Facultad recibirá al alumnado y presentará al equipo decanal, al profesorado,...
