{"id":37078,"date":"2024-07-22T11:37:09","date_gmt":"2024-07-22T11:37:09","guid":{"rendered":"https:\/\/www.ull.es\/portal\/agenda\/?post_type=tribe_events&#038;p=37078"},"modified":"2024-07-22T11:45:44","modified_gmt":"2024-07-22T11:45:44","slug":"xiv-semana-del-comic-de-la-laguna-hablando-sobre-libros-xxv-la-mejor-historia-de-zinco-jamas-contada","status":"publish","type":"tribe_events","link":"https:\/\/www.ull.es\/portal\/agenda\/evento\/xiv-semana-del-comic-de-la-laguna-hablando-sobre-libros-xxv-la-mejor-historia-de-zinco-jamas-contada\/","title":{"rendered":"XIV Semana del C\u00f3mic de La Laguna. Hablando sobre libros XXV \u00abLa mejor historia de Zinco jam\u00e1s contada\u00bb"},"content":{"rendered":"<p>El Aula Cultural \u00abRadio Campus\u00bb organiza este seminario enmarcado dentro de la\u00a0<a href=\"https:\/\/www.ull.es\/portal\/agenda\/evento\/xiv-semana-del-comic-de-la-laguna\/\" target=\"_blank\" rel=\"noopener\" target=\"_blank\" rel=\"noopener\"><em><strong>XIV Semana del C\u00f3mic de La Laguna<\/strong><\/em><\/a> que se celebrar\u00e1 en modalidad online el 1 de diciembre de 2024 en horario de 18:00 a 19:00 horas.<\/p>\n<p>El objetivo de la actividad es el de compartir con los autores una charla distendida en el que, con la excusa de la presentaci\u00f3n de un libro sobre la empresa, se har\u00e1 repaso de la historia y trayectoria de Ediciones Zinco, la entidad responsable de publicar los tebeos de DC Comics durante los a\u00f1os ochenta y noventa del siglo pasado, as\u00ed como responsable de diversas publicaciones en el \u00e1mbito de los juegos de rol y la inform\u00e1tica.<\/p>\n<p>Presentan: Enrique Doblas Miranda, Gustavo Higuero Artigas y Carlos Gim\u00e9nez T\u00e9llez. Autores del libro.<\/p>\n<p><a href=\"https:\/\/sede.fg.ull.es\/es\/curso\/detalle?code=a24020211&amp;name=xiv-semana-del-comic-de-la-laguna-hablando-sobre-libros-xxv-la-mejor-historia-de-zinco-jamas-contada&amp;query=%3Fcode%3DA24020211\" target=\"_blank\" rel=\"noopener noreferrer\" target=\"_blank\" rel=\"noopener\"><strong><u>Asistencia gratuita previa inscripci\u00f3n aqu\u00ed.<\/u><\/strong><\/a><\/p>\n<p>CERTIFICADO DE ASISTENCIA: La Universidad de La Laguna, a trav\u00e9s del Vicerrectorado de Cultura y Extensi\u00f3n Universitaria, emitir\u00e1 un certificado de asistencia a todas aquellas personas que participen, previa inscripci\u00f3n en la actividad.<\/p>\n<p><strong>Contacto: 922 319 616 \/ 922 319 626 \u2013\u00a0<\/strong><a href=\"mailto:extuni@ull.edu.es\" target=\"_blank\" rel=\"noopener\" target=\"_blank\" rel=\"noopener\"><strong>extuni@ull.es<\/strong><\/a><\/p>\n","protected":false},"excerpt":{"rendered":"<p>El Aula Cultural \u00abRadio Campus\u00bb organiza este seminario enmarcado dentro de la\u00a0XIV Semana del C\u00f3mic de La Laguna que se celebrar\u00e1 en modalidad online el 1 de diciembre de 2024 en horario de 18:00 a 19:00 horas. El objetivo de la actividad es el de compartir con los autores una charla distendida en el que,&#8230;<\/p>\n","protected":false},"author":43,"featured_media":37079,"comment_status":"closed","ping_status":"closed","template":"","tags":[4259,780,779,3668,977,3812,3692,4263,3751,4265,1680],"tribe_events_cat":[472,4802,471,4,186],"acf":[],"yoast_head":"<!-- This site is optimized with the Yoast SEO plugin v21.3 - https:\/\/yoast.com\/wordpress\/plugins\/seo\/ -->\n<title>XIV Semana del C\u00f3mic de La Laguna. Hablando sobre libros XXV \u00abLa mejor historia de Zinco jam\u00e1s contada\u00bb - ULL - Agenda<\/title>\n<meta name=\"robots\" content=\"index, follow, max-snippet:-1, max-image-preview:large, max-video-preview:-1\" \/>\n<link rel=\"canonical\" href=\"https:\/\/www.ull.es\/portal\/agenda\/evento\/xiv-semana-del-comic-de-la-laguna-hablando-sobre-libros-xxv-la-mejor-historia-de-zinco-jamas-contada\/\" \/>\n<meta property=\"og:locale\" content=\"es_ES\" \/>\n<meta property=\"og:type\" content=\"article\" \/>\n<meta property=\"og:title\" content=\"XIV Semana del C\u00f3mic de La Laguna. Hablando sobre libros XXV \u00abLa mejor historia de Zinco jam\u00e1s contada\u00bb - ULL - Agenda\" \/>\n<meta property=\"og:description\" content=\"El Aula Cultural \u00abRadio Campus\u00bb organiza este seminario enmarcado dentro de la\u00a0XIV Semana del C\u00f3mic de La Laguna que se celebrar\u00e1 en modalidad online el 1 de diciembre de 2024 en horario de 18:00 a 19:00 horas. El objetivo de la actividad es el de compartir con los autores una charla distendida en el que,...\" \/>\n<meta property=\"og:url\" content=\"https:\/\/www.ull.es\/portal\/agenda\/evento\/xiv-semana-del-comic-de-la-laguna-hablando-sobre-libros-xxv-la-mejor-historia-de-zinco-jamas-contada\/\" \/>\n<meta property=\"og:site_name\" content=\"ULL - Agenda\" \/>\n<meta property=\"article:modified_time\" content=\"2024-07-22T11:45:44+00:00\" \/>\n<meta property=\"og:image\" content=\"https:\/\/www.ull.es\/portal\/agenda\/wp-content\/uploads\/sites\/12\/2024\/07\/Comic1.png\" \/>\n\t<meta property=\"og:image:width\" content=\"700\" \/>\n\t<meta property=\"og:image:height\" content=\"350\" \/>\n\t<meta property=\"og:image:type\" content=\"image\/png\" \/>\n<meta name=\"twitter:card\" content=\"summary_large_image\" \/>\n<meta name=\"twitter:label1\" content=\"Tiempo de lectura\" \/>\n\t<meta name=\"twitter:data1\" content=\"1 minuto\" \/>\n<script type=\"application\/ld+json\" class=\"yoast-schema-graph\">{\"@context\":\"https:\/\/schema.org\",\"@graph\":[{\"@type\":\"WebPage\",\"@id\":\"https:\/\/www.ull.es\/portal\/agenda\/evento\/xiv-semana-del-comic-de-la-laguna-hablando-sobre-libros-xxv-la-mejor-historia-de-zinco-jamas-contada\/\",\"url\":\"https:\/\/www.ull.es\/portal\/agenda\/evento\/xiv-semana-del-comic-de-la-laguna-hablando-sobre-libros-xxv-la-mejor-historia-de-zinco-jamas-contada\/\",\"name\":\"XIV Semana del C\u00f3mic de La Laguna. Hablando sobre libros XXV \u00abLa mejor historia de Zinco jam\u00e1s contada\u00bb - ULL - Agenda\",\"isPartOf\":{\"@id\":\"https:\/\/www.ull.es\/portal\/agenda\/#website\"},\"datePublished\":\"2024-07-22T11:37:09+00:00\",\"dateModified\":\"2024-07-22T11:45:44+00:00\",\"breadcrumb\":{\"@id\":\"https:\/\/www.ull.es\/portal\/agenda\/evento\/xiv-semana-del-comic-de-la-laguna-hablando-sobre-libros-xxv-la-mejor-historia-de-zinco-jamas-contada\/#breadcrumb\"},\"inLanguage\":\"es\",\"potentialAction\":[{\"@type\":\"ReadAction\",\"target\":[\"https:\/\/www.ull.es\/portal\/agenda\/evento\/xiv-semana-del-comic-de-la-laguna-hablando-sobre-libros-xxv-la-mejor-historia-de-zinco-jamas-contada\/\"]}]},{\"@type\":\"BreadcrumbList\",\"@id\":\"https:\/\/www.ull.es\/portal\/agenda\/evento\/xiv-semana-del-comic-de-la-laguna-hablando-sobre-libros-xxv-la-mejor-historia-de-zinco-jamas-contada\/#breadcrumb\",\"itemListElement\":[{\"@type\":\"ListItem\",\"position\":1,\"name\":\"Portada\",\"item\":\"https:\/\/www.ull.es\/portal\/agenda\/\"},{\"@type\":\"ListItem\",\"position\":2,\"name\":\"XIV Semana del C\u00f3mic de La Laguna. Hablando sobre libros XXV \u00abLa mejor historia de Zinco jam\u00e1s contada\u00bb\"}]},{\"@type\":\"WebSite\",\"@id\":\"https:\/\/www.ull.es\/portal\/agenda\/#website\",\"url\":\"https:\/\/www.ull.es\/portal\/agenda\/\",\"name\":\"ULL - Agenda\",\"description\":\"\",\"potentialAction\":[{\"@type\":\"SearchAction\",\"target\":{\"@type\":\"EntryPoint\",\"urlTemplate\":\"https:\/\/www.ull.es\/portal\/agenda\/?s={search_term_string}\"},\"query-input\":\"required name=search_term_string\"}],\"inLanguage\":\"es\"}]}<\/script>\n<!-- \/ Yoast SEO plugin. -->","yoast_head_json":{"title":"XIV Semana del C\u00f3mic de La Laguna. Hablando sobre libros XXV \u00abLa mejor historia de Zinco jam\u00e1s contada\u00bb - ULL - Agenda","robots":{"index":"index","follow":"follow","max-snippet":"max-snippet:-1","max-image-preview":"max-image-preview:large","max-video-preview":"max-video-preview:-1"},"canonical":"https:\/\/www.ull.es\/portal\/agenda\/evento\/xiv-semana-del-comic-de-la-laguna-hablando-sobre-libros-xxv-la-mejor-historia-de-zinco-jamas-contada\/","og_locale":"es_ES","og_type":"article","og_title":"XIV Semana del C\u00f3mic de La Laguna. Hablando sobre libros XXV \u00abLa mejor historia de Zinco jam\u00e1s contada\u00bb - ULL - Agenda","og_description":"El Aula Cultural \u00abRadio Campus\u00bb organiza este seminario enmarcado dentro de la\u00a0XIV Semana del C\u00f3mic de La Laguna que se celebrar\u00e1 en modalidad online el 1 de diciembre de 2024 en horario de 18:00 a 19:00 horas. El objetivo de la actividad es el de compartir con los autores una charla distendida en el que,...","og_url":"https:\/\/www.ull.es\/portal\/agenda\/evento\/xiv-semana-del-comic-de-la-laguna-hablando-sobre-libros-xxv-la-mejor-historia-de-zinco-jamas-contada\/","og_site_name":"ULL - Agenda","article_modified_time":"2024-07-22T11:45:44+00:00","og_image":[{"width":700,"height":350,"url":"https:\/\/www.ull.es\/portal\/agenda\/wp-content\/uploads\/sites\/12\/2024\/07\/Comic1.png","type":"image\/png"}],"twitter_card":"summary_large_image","twitter_misc":{"Tiempo de lectura":"1 minuto"},"schema":{"@context":"https:\/\/schema.org","@graph":[{"@type":"WebPage","@id":"https:\/\/www.ull.es\/portal\/agenda\/evento\/xiv-semana-del-comic-de-la-laguna-hablando-sobre-libros-xxv-la-mejor-historia-de-zinco-jamas-contada\/","url":"https:\/\/www.ull.es\/portal\/agenda\/evento\/xiv-semana-del-comic-de-la-laguna-hablando-sobre-libros-xxv-la-mejor-historia-de-zinco-jamas-contada\/","name":"XIV Semana del C\u00f3mic de La Laguna. Hablando sobre libros XXV \u00abLa mejor historia de Zinco jam\u00e1s contada\u00bb - ULL - Agenda","isPartOf":{"@id":"https:\/\/www.ull.es\/portal\/agenda\/#website"},"datePublished":"2024-07-22T11:37:09+00:00","dateModified":"2024-07-22T11:45:44+00:00","breadcrumb":{"@id":"https:\/\/www.ull.es\/portal\/agenda\/evento\/xiv-semana-del-comic-de-la-laguna-hablando-sobre-libros-xxv-la-mejor-historia-de-zinco-jamas-contada\/#breadcrumb"},"inLanguage":"es","potentialAction":[{"@type":"ReadAction","target":["https:\/\/www.ull.es\/portal\/agenda\/evento\/xiv-semana-del-comic-de-la-laguna-hablando-sobre-libros-xxv-la-mejor-historia-de-zinco-jamas-contada\/"]}]},{"@type":"BreadcrumbList","@id":"https:\/\/www.ull.es\/portal\/agenda\/evento\/xiv-semana-del-comic-de-la-laguna-hablando-sobre-libros-xxv-la-mejor-historia-de-zinco-jamas-contada\/#breadcrumb","itemListElement":[{"@type":"ListItem","position":1,"name":"Portada","item":"https:\/\/www.ull.es\/portal\/agenda\/"},{"@type":"ListItem","position":2,"name":"XIV Semana del C\u00f3mic de La Laguna. Hablando sobre libros XXV \u00abLa mejor historia de Zinco jam\u00e1s contada\u00bb"}]},{"@type":"WebSite","@id":"https:\/\/www.ull.es\/portal\/agenda\/#website","url":"https:\/\/www.ull.es\/portal\/agenda\/","name":"ULL - Agenda","description":"","potentialAction":[{"@type":"SearchAction","target":{"@type":"EntryPoint","urlTemplate":"https:\/\/www.ull.es\/portal\/agenda\/?s={search_term_string}"},"query-input":"required name=search_term_string"}],"inLanguage":"es"}]}},"_links":{"self":[{"href":"https:\/\/www.ull.es\/portal\/agenda\/wp-json\/wp\/v2\/tribe_events\/37078"}],"collection":[{"href":"https:\/\/www.ull.es\/portal\/agenda\/wp-json\/wp\/v2\/tribe_events"}],"about":[{"href":"https:\/\/www.ull.es\/portal\/agenda\/wp-json\/wp\/v2\/types\/tribe_events"}],"author":[{"embeddable":true,"href":"https:\/\/www.ull.es\/portal\/agenda\/wp-json\/wp\/v2\/users\/43"}],"replies":[{"embeddable":true,"href":"https:\/\/www.ull.es\/portal\/agenda\/wp-json\/wp\/v2\/comments?post=37078"}],"version-history":[{"count":1,"href":"https:\/\/www.ull.es\/portal\/agenda\/wp-json\/wp\/v2\/tribe_events\/37078\/revisions"}],"predecessor-version":[{"id":37080,"href":"https:\/\/www.ull.es\/portal\/agenda\/wp-json\/wp\/v2\/tribe_events\/37078\/revisions\/37080"}],"wp:featuredmedia":[{"embeddable":true,"href":"https:\/\/www.ull.es\/portal\/agenda\/wp-json\/wp\/v2\/media\/37079"}],"wp:attachment":[{"href":"https:\/\/www.ull.es\/portal\/agenda\/wp-json\/wp\/v2\/media?parent=37078"}],"wp:term":[{"taxonomy":"post_tag","embeddable":true,"href":"https:\/\/www.ull.es\/portal\/agenda\/wp-json\/wp\/v2\/tags?post=37078"},{"taxonomy":"tribe_events_cat","embeddable":true,"href":"https:\/\/www.ull.es\/portal\/agenda\/wp-json\/wp\/v2\/tribe_events_cat?post=37078"}],"curies":[{"name":"wp","href":"https:\/\/api.w.org\/{rel}","templated":true}]}}

XIV Semana del Cómic de La Laguna. Hablando sobre libros XXV «La mejor historia de Zinco jamás contada»

<p>El Aula Cultural «Radio Campus» organiza este seminario enmarcado dentro de la <a href="https://www.ull.es/portal/agenda/evento/xiv-semana-del-comic-de-la-laguna/" target="_blank" rel="noopener" target="_blank" rel="noopener"><em><strong>XIV Semana del Cómic de La Laguna</strong></em></a> que se celebrará en modalidad online el 1 de diciembre de 2024 en horario de 18:00 a 19:00 horas.</p>
<p>El objetivo de la actividad es el de compartir con los autores una charla distendida en el que, con la excusa de la presentación de un libro sobre la empresa, se hará repaso de la historia y trayectoria de Ediciones Zinco, la entidad responsable de publicar los tebeos de DC Comics durante los años ochenta y noventa del siglo pasado, así como responsable de diversas publicaciones en el ámbito de los juegos de rol y la informática.</p>
<p>Presentan: Enrique Doblas Miranda, Gustavo Higuero Artigas y Carlos Giménez Téllez. Autores del libro.</p>
<p><a href="https://sede.fg.ull.es/es/curso/detalle?code=a24020211&amp;name=xiv-semana-del-comic-de-la-laguna-hablando-sobre-libros-xxv-la-mejor-historia-de-zinco-jamas-contada&amp;query=%3Fcode%3DA24020211" target="_blank" rel="noopener noreferrer" target="_blank" rel="noopener"><strong><u>Asistencia gratuita previa inscripción aquí.</u></strong></a></p>
<p>CERTIFICADO DE ASISTENCIA: La Universidad de La Laguna, a través del Vicerrectorado de Cultura y Extensión Universitaria, emitirá un certificado de asistencia a todas aquellas personas que participen, previa inscripción en la actividad.</p>
<p><strong>Contacto: 922 319 616 / 922 319 626 – </strong><a href="mailto:extuni@ull.edu.es" target="_blank" rel="noopener" target="_blank" rel="noopener"><strong>extuni@ull.es</strong></a></p>

<p>El Aula Cultural «Radio Campus» organiza este seminario enmarcado dentro de la XIV Semana del Cómic de La Laguna que se celebrará en modalidad online el 1 de diciembre de 2024 en horario de 18:00 a 19:00 horas. El objetivo de la actividad es el de compartir con los autores una charla distendida en el que,&#8230;</p>

<!-- This site is optimized with the Yoast SEO plugin v21.3 - https://yoast.com/wordpress/plugins/seo/ -->
<title>XIV Semana del Cómic de La Laguna. Hablando sobre libros XXV «La mejor historia de Zinco jamás contada» - ULL - Agenda</title>
<meta name="robots" content="index, follow, max-snippet:-1, max-image-preview:large, max-video-preview:-1" />
<link rel="canonical" href="https://www.ull.es/portal/agenda/evento/xiv-semana-del-comic-de-la-laguna-hablando-sobre-libros-xxv-la-mejor-historia-de-zinco-jamas-contada/" />
<meta property="og:locale" content="es_ES" />
<meta property="og:type" content="article" />
<meta property="og:title" content="XIV Semana del Cómic de La Laguna. Hablando sobre libros XXV «La mejor historia de Zinco jamás contada» - ULL - Agenda" />
<meta property="og:description" content="El Aula Cultural «Radio Campus» organiza este seminario enmarcado dentro de la XIV Semana del Cómic de La Laguna que se celebrará en modalidad online el 1 de diciembre de 2024 en horario de 18:00 a 19:00 horas. El objetivo de la actividad es el de compartir con los autores una charla distendida en el que,..." />
<meta property="og:url" content="https://www.ull.es/portal/agenda/evento/xiv-semana-del-comic-de-la-laguna-hablando-sobre-libros-xxv-la-mejor-historia-de-zinco-jamas-contada/" />
<meta property="og:site_name" content="ULL - Agenda" />
<meta property="article:modified_time" content="2024-07-22T11:45:44+00:00" />
<meta property="og:image" content="https://www.ull.es/portal/agenda/wp-content/uploads/sites/12/2024/07/Comic1.png" />
	<meta property="og:image:width" content="700" />
	<meta property="og:image:height" content="350" />
	<meta property="og:image:type" content="image/png" />
<meta name="twitter:card" content="summary_large_image" />
<meta name="twitter:label1" content="Tiempo de lectura" />
	<meta name="twitter:data1" content="1 minuto" />
<script type="application/ld+json" class="yoast-schema-graph">{"@context":"https://schema.org","@graph":[{"@type":"WebPage","@id":"https://www.ull.es/portal/agenda/evento/xiv-semana-del-comic-de-la-laguna-hablando-sobre-libros-xxv-la-mejor-historia-de-zinco-jamas-contada/","url":"https://www.ull.es/portal/agenda/evento/xiv-semana-del-comic-de-la-laguna-hablando-sobre-libros-xxv-la-mejor-historia-de-zinco-jamas-contada/","name":"XIV Semana del Cómic de La Laguna. Hablando sobre libros XXV «La mejor historia de Zinco jamás contada» - ULL - Agenda","isPartOf":{"@id":"https://www.ull.es/portal/agenda/#website"},"datePublished":"2024-07-22T11:37:09+00:00","dateModified":"2024-07-22T11:45:44+00:00","breadcrumb":{"@id":"https://www.ull.es/portal/agenda/evento/xiv-semana-del-comic-de-la-laguna-hablando-sobre-libros-xxv-la-mejor-historia-de-zinco-jamas-contada/#breadcrumb"},"inLanguage":"es","potentialAction":[{"@type":"ReadAction","target":["https://www.ull.es/portal/agenda/evento/xiv-semana-del-comic-de-la-laguna-hablando-sobre-libros-xxv-la-mejor-historia-de-zinco-jamas-contada/"]}]},{"@type":"BreadcrumbList","@id":"https://www.ull.es/portal/agenda/evento/xiv-semana-del-comic-de-la-laguna-hablando-sobre-libros-xxv-la-mejor-historia-de-zinco-jamas-contada/#breadcrumb","itemListElement":[{"@type":"ListItem","position":1,"name":"Portada","item":"https://www.ull.es/portal/agenda/"},{"@type":"ListItem","position":2,"name":"XIV Semana del Cómic de La Laguna. Hablando sobre libros XXV «La mejor historia de Zinco jamás contada»"}]},{"@type":"WebSite","@id":"https://www.ull.es/portal/agenda/#website","url":"https://www.ull.es/portal/agenda/","name":"ULL - Agenda","description":"","potentialAction":[{"@type":"SearchAction","target":{"@type":"EntryPoint","urlTemplate":"https://www.ull.es/portal/agenda/?s={search_term_string}"},"query-input":"required name=search_term_string"}],"inLanguage":"es"}]}</script>
<!-- / Yoast SEO plugin. -->

XIV Semana del Cómic de La Laguna. Hablando sobre libros XXV «La mejor historia de Zinco jamás contada» - ULL - Agenda

El Aula Cultural «Radio Campus» organiza este seminario enmarcado dentro de la XIV Semana del Cómic de La Laguna que se celebrará en modalidad online el 1 de diciembre de 2024 en horario de 18:00 a 19:00 horas. El objetivo de la actividad es el de compartir con los autores una charla distendida en el que,...
