{"id":37139,"date":"2024-07-24T12:31:18","date_gmt":"2024-07-24T12:31:18","guid":{"rendered":"https:\/\/www.ull.es\/portal\/agenda\/?post_type=tribe_events&#038;p=37139"},"modified":"2024-07-26T12:42:07","modified_gmt":"2024-07-26T12:42:07","slug":"seminar-on-neural-correlates-of-stress","status":"publish","type":"tribe_events","link":"https:\/\/www.ull.es\/portal\/agenda\/evento\/seminar-on-neural-correlates-of-stress\/","title":{"rendered":"Seminar on neural correlates of stress"},"content":{"rendered":"<p>El Instituto Universitario de Neurociencia organiza el &#8216;Seminar on neural correlates of stress&#8217;, en el que dos investigadoras de prestigio presentar\u00e1n sus trabajos, ambos centrados en los correlatos neuronales del estr\u00e9s.<\/p>\n<p>La doctora Mar\u00eda Pic\u00f3 P\u00e9rez, de la Universitat Jaume I, impartir\u00e1 la charla titulada \u00abA novel framework for studying the influence of sex\/gender in the stress response and its neural correlates\u00bb. A continuaci\u00f3n, la doctora Lejla Colic, de la Universit\u00e4tsklinikum Jena (Alemania), expondr\u00e1 su trabajo \u00abEffects of childhood adversity, recent stress and neurometabolites on heart rate variability and brain responses during social stress imaging task\u00bb.<\/p>\n<p>El evento tendr\u00e1 lugar el lunes 2 de septiembre a las 11h en la sala de audiovisuales de la facultad de psicolog\u00eda de la Universidad de La Laguna.<\/p>\n","protected":false},"excerpt":{"rendered":"<p>El Instituto Universitario de Neurociencia organiza el &#8216;Seminar on neural correlates of stress&#8217;, en el que dos investigadoras de prestigio presentar\u00e1n sus trabajos, ambos centrados en los correlatos neuronales del estr\u00e9s. La doctora Mar\u00eda Pic\u00f3 P\u00e9rez, de la Universitat Jaume I, impartir\u00e1 la charla titulada \u00abA novel framework for studying the influence of sex\/gender in&#8230;<\/p>\n","protected":false},"author":65,"featured_media":37218,"comment_status":"closed","ping_status":"closed","template":"","tags":[],"tribe_events_cat":[],"acf":[],"yoast_head":"<!-- This site is optimized with the Yoast SEO plugin v21.3 - https:\/\/yoast.com\/wordpress\/plugins\/seo\/ -->\n<title>Seminar on neural correlates of stress - ULL - Agenda<\/title>\n<meta name=\"robots\" content=\"index, follow, max-snippet:-1, max-image-preview:large, max-video-preview:-1\" \/>\n<link rel=\"canonical\" href=\"https:\/\/www.ull.es\/portal\/agenda\/evento\/seminar-on-neural-correlates-of-stress\/\" \/>\n<meta property=\"og:locale\" content=\"es_ES\" \/>\n<meta property=\"og:type\" content=\"article\" \/>\n<meta property=\"og:title\" content=\"Seminar on neural correlates of stress - ULL - Agenda\" \/>\n<meta property=\"og:description\" content=\"El Instituto Universitario de Neurociencia organiza el &#8216;Seminar on neural correlates of stress&#8217;, en el que dos investigadoras de prestigio presentar\u00e1n sus trabajos, ambos centrados en los correlatos neuronales del estr\u00e9s. La doctora Mar\u00eda Pic\u00f3 P\u00e9rez, de la Universitat Jaume I, impartir\u00e1 la charla titulada \u00abA novel framework for studying the influence of sex\/gender in...\" \/>\n<meta property=\"og:url\" content=\"https:\/\/www.ull.es\/portal\/agenda\/evento\/seminar-on-neural-correlates-of-stress\/\" \/>\n<meta property=\"og:site_name\" content=\"ULL - Agenda\" \/>\n<meta property=\"article:modified_time\" content=\"2024-07-26T12:42:07+00:00\" \/>\n<meta property=\"og:image\" content=\"https:\/\/www.ull.es\/portal\/agenda\/wp-content\/uploads\/sites\/12\/2024\/07\/Seminar-on-neural-correlates-of-stress_Banner-eventos.png\" \/>\n\t<meta property=\"og:image:width\" content=\"750\" \/>\n\t<meta property=\"og:image:height\" content=\"370\" \/>\n\t<meta property=\"og:image:type\" content=\"image\/png\" \/>\n<meta name=\"twitter:card\" content=\"summary_large_image\" \/>\n<meta name=\"twitter:label1\" content=\"Tiempo de lectura\" \/>\n\t<meta name=\"twitter:data1\" content=\"1 minuto\" \/>\n<script type=\"application\/ld+json\" class=\"yoast-schema-graph\">{\"@context\":\"https:\/\/schema.org\",\"@graph\":[{\"@type\":\"WebPage\",\"@id\":\"https:\/\/www.ull.es\/portal\/agenda\/evento\/seminar-on-neural-correlates-of-stress\/\",\"url\":\"https:\/\/www.ull.es\/portal\/agenda\/evento\/seminar-on-neural-correlates-of-stress\/\",\"name\":\"Seminar on neural correlates of stress - ULL - Agenda\",\"isPartOf\":{\"@id\":\"https:\/\/www.ull.es\/portal\/agenda\/#website\"},\"datePublished\":\"2024-07-24T12:31:18+00:00\",\"dateModified\":\"2024-07-26T12:42:07+00:00\",\"breadcrumb\":{\"@id\":\"https:\/\/www.ull.es\/portal\/agenda\/evento\/seminar-on-neural-correlates-of-stress\/#breadcrumb\"},\"inLanguage\":\"es\",\"potentialAction\":[{\"@type\":\"ReadAction\",\"target\":[\"https:\/\/www.ull.es\/portal\/agenda\/evento\/seminar-on-neural-correlates-of-stress\/\"]}]},{\"@type\":\"BreadcrumbList\",\"@id\":\"https:\/\/www.ull.es\/portal\/agenda\/evento\/seminar-on-neural-correlates-of-stress\/#breadcrumb\",\"itemListElement\":[{\"@type\":\"ListItem\",\"position\":1,\"name\":\"Portada\",\"item\":\"https:\/\/www.ull.es\/portal\/agenda\/\"},{\"@type\":\"ListItem\",\"position\":2,\"name\":\"Seminar on neural correlates of stress\"}]},{\"@type\":\"WebSite\",\"@id\":\"https:\/\/www.ull.es\/portal\/agenda\/#website\",\"url\":\"https:\/\/www.ull.es\/portal\/agenda\/\",\"name\":\"ULL - Agenda\",\"description\":\"\",\"potentialAction\":[{\"@type\":\"SearchAction\",\"target\":{\"@type\":\"EntryPoint\",\"urlTemplate\":\"https:\/\/www.ull.es\/portal\/agenda\/?s={search_term_string}\"},\"query-input\":\"required name=search_term_string\"}],\"inLanguage\":\"es\"}]}<\/script>\n<!-- \/ Yoast SEO plugin. -->","yoast_head_json":{"title":"Seminar on neural correlates of stress - ULL - Agenda","robots":{"index":"index","follow":"follow","max-snippet":"max-snippet:-1","max-image-preview":"max-image-preview:large","max-video-preview":"max-video-preview:-1"},"canonical":"https:\/\/www.ull.es\/portal\/agenda\/evento\/seminar-on-neural-correlates-of-stress\/","og_locale":"es_ES","og_type":"article","og_title":"Seminar on neural correlates of stress - ULL - Agenda","og_description":"El Instituto Universitario de Neurociencia organiza el &#8216;Seminar on neural correlates of stress&#8217;, en el que dos investigadoras de prestigio presentar\u00e1n sus trabajos, ambos centrados en los correlatos neuronales del estr\u00e9s. La doctora Mar\u00eda Pic\u00f3 P\u00e9rez, de la Universitat Jaume I, impartir\u00e1 la charla titulada \u00abA novel framework for studying the influence of sex\/gender in...","og_url":"https:\/\/www.ull.es\/portal\/agenda\/evento\/seminar-on-neural-correlates-of-stress\/","og_site_name":"ULL - Agenda","article_modified_time":"2024-07-26T12:42:07+00:00","og_image":[{"width":750,"height":370,"url":"https:\/\/www.ull.es\/portal\/agenda\/wp-content\/uploads\/sites\/12\/2024\/07\/Seminar-on-neural-correlates-of-stress_Banner-eventos.png","type":"image\/png"}],"twitter_card":"summary_large_image","twitter_misc":{"Tiempo de lectura":"1 minuto"},"schema":{"@context":"https:\/\/schema.org","@graph":[{"@type":"WebPage","@id":"https:\/\/www.ull.es\/portal\/agenda\/evento\/seminar-on-neural-correlates-of-stress\/","url":"https:\/\/www.ull.es\/portal\/agenda\/evento\/seminar-on-neural-correlates-of-stress\/","name":"Seminar on neural correlates of stress - ULL - Agenda","isPartOf":{"@id":"https:\/\/www.ull.es\/portal\/agenda\/#website"},"datePublished":"2024-07-24T12:31:18+00:00","dateModified":"2024-07-26T12:42:07+00:00","breadcrumb":{"@id":"https:\/\/www.ull.es\/portal\/agenda\/evento\/seminar-on-neural-correlates-of-stress\/#breadcrumb"},"inLanguage":"es","potentialAction":[{"@type":"ReadAction","target":["https:\/\/www.ull.es\/portal\/agenda\/evento\/seminar-on-neural-correlates-of-stress\/"]}]},{"@type":"BreadcrumbList","@id":"https:\/\/www.ull.es\/portal\/agenda\/evento\/seminar-on-neural-correlates-of-stress\/#breadcrumb","itemListElement":[{"@type":"ListItem","position":1,"name":"Portada","item":"https:\/\/www.ull.es\/portal\/agenda\/"},{"@type":"ListItem","position":2,"name":"Seminar on neural correlates of stress"}]},{"@type":"WebSite","@id":"https:\/\/www.ull.es\/portal\/agenda\/#website","url":"https:\/\/www.ull.es\/portal\/agenda\/","name":"ULL - Agenda","description":"","potentialAction":[{"@type":"SearchAction","target":{"@type":"EntryPoint","urlTemplate":"https:\/\/www.ull.es\/portal\/agenda\/?s={search_term_string}"},"query-input":"required name=search_term_string"}],"inLanguage":"es"}]}},"_links":{"self":[{"href":"https:\/\/www.ull.es\/portal\/agenda\/wp-json\/wp\/v2\/tribe_events\/37139"}],"collection":[{"href":"https:\/\/www.ull.es\/portal\/agenda\/wp-json\/wp\/v2\/tribe_events"}],"about":[{"href":"https:\/\/www.ull.es\/portal\/agenda\/wp-json\/wp\/v2\/types\/tribe_events"}],"author":[{"embeddable":true,"href":"https:\/\/www.ull.es\/portal\/agenda\/wp-json\/wp\/v2\/users\/65"}],"replies":[{"embeddable":true,"href":"https:\/\/www.ull.es\/portal\/agenda\/wp-json\/wp\/v2\/comments?post=37139"}],"version-history":[{"count":1,"href":"https:\/\/www.ull.es\/portal\/agenda\/wp-json\/wp\/v2\/tribe_events\/37139\/revisions"}],"predecessor-version":[{"id":37142,"href":"https:\/\/www.ull.es\/portal\/agenda\/wp-json\/wp\/v2\/tribe_events\/37139\/revisions\/37142"}],"wp:featuredmedia":[{"embeddable":true,"href":"https:\/\/www.ull.es\/portal\/agenda\/wp-json\/wp\/v2\/media\/37218"}],"wp:attachment":[{"href":"https:\/\/www.ull.es\/portal\/agenda\/wp-json\/wp\/v2\/media?parent=37139"}],"wp:term":[{"taxonomy":"post_tag","embeddable":true,"href":"https:\/\/www.ull.es\/portal\/agenda\/wp-json\/wp\/v2\/tags?post=37139"},{"taxonomy":"tribe_events_cat","embeddable":true,"href":"https:\/\/www.ull.es\/portal\/agenda\/wp-json\/wp\/v2\/tribe_events_cat?post=37139"}],"curies":[{"name":"wp","href":"https:\/\/api.w.org\/{rel}","templated":true}]}}

<p>El Instituto Universitario de Neurociencia organiza el &#8216;Seminar on neural correlates of stress&#8217;, en el que dos investigadoras de prestigio presentarán sus trabajos, ambos centrados en los correlatos neuronales del estrés.</p>
<p>La doctora María Picó Pérez, de la Universitat Jaume I, impartirá la charla titulada «A novel framework for studying the influence of sex/gender in the stress response and its neural correlates». A continuación, la doctora Lejla Colic, de la Universitätsklinikum Jena (Alemania), expondrá su trabajo «Effects of childhood adversity, recent stress and neurometabolites on heart rate variability and brain responses during social stress imaging task».</p>
<p>El evento tendrá lugar el lunes 2 de septiembre a las 11h en la sala de audiovisuales de la facultad de psicología de la Universidad de La Laguna.</p>

<p>El Instituto Universitario de Neurociencia organiza el &#8216;Seminar on neural correlates of stress&#8217;, en el que dos investigadoras de prestigio presentarán sus trabajos, ambos centrados en los correlatos neuronales del estrés. La doctora María Picó Pérez, de la Universitat Jaume I, impartirá la charla titulada «A novel framework for studying the influence of sex/gender in&#8230;</p>

<!-- This site is optimized with the Yoast SEO plugin v21.3 - https://yoast.com/wordpress/plugins/seo/ -->
<title>Seminar on neural correlates of stress - ULL - Agenda</title>
<meta name="robots" content="index, follow, max-snippet:-1, max-image-preview:large, max-video-preview:-1" />
<link rel="canonical" href="https://www.ull.es/portal/agenda/evento/seminar-on-neural-correlates-of-stress/" />
<meta property="og:locale" content="es_ES" />
<meta property="og:type" content="article" />
<meta property="og:title" content="Seminar on neural correlates of stress - ULL - Agenda" />
<meta property="og:description" content="El Instituto Universitario de Neurociencia organiza el &#8216;Seminar on neural correlates of stress&#8217;, en el que dos investigadoras de prestigio presentarán sus trabajos, ambos centrados en los correlatos neuronales del estrés. La doctora María Picó Pérez, de la Universitat Jaume I, impartirá la charla titulada «A novel framework for studying the influence of sex/gender in..." />
<meta property="og:url" content="https://www.ull.es/portal/agenda/evento/seminar-on-neural-correlates-of-stress/" />
<meta property="og:site_name" content="ULL - Agenda" />
<meta property="article:modified_time" content="2024-07-26T12:42:07+00:00" />
<meta property="og:image" content="https://www.ull.es/portal/agenda/wp-content/uploads/sites/12/2024/07/Seminar-on-neural-correlates-of-stress_Banner-eventos.png" />
	<meta property="og:image:width" content="750" />
	<meta property="og:image:height" content="370" />
	<meta property="og:image:type" content="image/png" />
<meta name="twitter:card" content="summary_large_image" />
<meta name="twitter:label1" content="Tiempo de lectura" />
	<meta name="twitter:data1" content="1 minuto" />
<script type="application/ld+json" class="yoast-schema-graph">{"@context":"https://schema.org","@graph":[{"@type":"WebPage","@id":"https://www.ull.es/portal/agenda/evento/seminar-on-neural-correlates-of-stress/","url":"https://www.ull.es/portal/agenda/evento/seminar-on-neural-correlates-of-stress/","name":"Seminar on neural correlates of stress - ULL - Agenda","isPartOf":{"@id":"https://www.ull.es/portal/agenda/#website"},"datePublished":"2024-07-24T12:31:18+00:00","dateModified":"2024-07-26T12:42:07+00:00","breadcrumb":{"@id":"https://www.ull.es/portal/agenda/evento/seminar-on-neural-correlates-of-stress/#breadcrumb"},"inLanguage":"es","potentialAction":[{"@type":"ReadAction","target":["https://www.ull.es/portal/agenda/evento/seminar-on-neural-correlates-of-stress/"]}]},{"@type":"BreadcrumbList","@id":"https://www.ull.es/portal/agenda/evento/seminar-on-neural-correlates-of-stress/#breadcrumb","itemListElement":[{"@type":"ListItem","position":1,"name":"Portada","item":"https://www.ull.es/portal/agenda/"},{"@type":"ListItem","position":2,"name":"Seminar on neural correlates of stress"}]},{"@type":"WebSite","@id":"https://www.ull.es/portal/agenda/#website","url":"https://www.ull.es/portal/agenda/","name":"ULL - Agenda","description":"","potentialAction":[{"@type":"SearchAction","target":{"@type":"EntryPoint","urlTemplate":"https://www.ull.es/portal/agenda/?s={search_term_string}"},"query-input":"required name=search_term_string"}],"inLanguage":"es"}]}</script>
<!-- / Yoast SEO plugin. -->

El Instituto Universitario de Neurociencia organiza el &#8216;Seminar on neural correlates of stress&#8217;, en el que dos investigadoras de prestigio presentarán sus trabajos, ambos centrados en los correlatos neuronales del estrés. La doctora María Picó Pérez, de la Universitat Jaume I, impartirá la charla titulada «A novel framework for studying the influence of sex/gender in...
