{"id":37350,"date":"2024-08-05T07:24:20","date_gmt":"2024-08-05T07:24:20","guid":{"rendered":"https:\/\/www.ull.es\/portal\/agenda\/?post_type=tribe_events&#038;p=37350"},"modified":"2024-08-05T12:50:20","modified_gmt":"2024-08-05T12:50:20","slug":"la-ull-contra-el-acoso-sexual-y-sexista","status":"publish","type":"tribe_events","link":"https:\/\/www.ull.es\/portal\/agenda\/evento\/la-ull-contra-el-acoso-sexual-y-sexista\/","title":{"rendered":"La ULL contra el acoso sexual y sexista"},"content":{"rendered":"<p>En esta actividad se realizar\u00e1 una presentaci\u00f3n de la Unidad de Igualdad de G\u00e9nero y de la Oficina de Prevenci\u00f3n y Respuesta al Acoso Sexual y Acoso Sexista de la Universidad de La Laguna.<\/p>\n<p>La Unidad de Igualdad de G\u00e9nero es el \u00f3rgano responsable de coordinar, proponer, seguir y valorar el cumplimiento de la legislaci\u00f3n sobre igualdad entre mujeres y hombres. Tambi\u00e9n es responsable de la puesta en marcha de los planes y medidas que se propongan o apliquen para la promoci\u00f3n y logro de la igualdad efectiva en todos los \u00e1mbitos de la vida universitaria y en las relaciones entre universidad y sociedad. Asimismo, act\u00faa como un servicio de asesor\u00eda y recursos en materia de igualdad y de informaci\u00f3n peri\u00f3dica y sistem\u00e1tica sobre la situaci\u00f3n y el desarrollo del principio de igualdad entre hombres y mujeres en la Universidad de La Laguna.<\/p>\n<p>Para m\u00e1s informaci\u00f3n, pulse este <a href=\"https:\/\/www.ull.es\/servicios\/igualdad\/\" target=\"_blank\" rel=\"noopener\" target=\"_blank\" rel=\"noopener\">enlace<\/a>.<\/p>\n","protected":false},"excerpt":{"rendered":"<p>En esta actividad se realizar\u00e1 una presentaci\u00f3n de la Unidad de Igualdad de G\u00e9nero y de la Oficina de Prevenci\u00f3n y Respuesta al Acoso Sexual y Acoso Sexista de la Universidad de La Laguna. La Unidad de Igualdad de G\u00e9nero es el \u00f3rgano responsable de coordinar, proponer, seguir y valorar el cumplimiento de la legislaci\u00f3n&#8230;<\/p>\n","protected":false},"author":65,"featured_media":37470,"comment_status":"closed","ping_status":"closed","template":"","tags":[],"tribe_events_cat":[4879,4772,4945],"acf":[],"yoast_head":"<!-- This site is optimized with the Yoast SEO plugin v21.3 - https:\/\/yoast.com\/wordpress\/plugins\/seo\/ -->\n<title>La ULL contra el acoso sexual y sexista - ULL - Agenda<\/title>\n<meta name=\"robots\" content=\"index, follow, max-snippet:-1, max-image-preview:large, max-video-preview:-1\" \/>\n<link rel=\"canonical\" href=\"https:\/\/www.ull.es\/portal\/agenda\/evento\/la-ull-contra-el-acoso-sexual-y-sexista\/\" \/>\n<meta property=\"og:locale\" content=\"es_ES\" \/>\n<meta property=\"og:type\" content=\"article\" \/>\n<meta property=\"og:title\" content=\"La ULL contra el acoso sexual y sexista - ULL - Agenda\" \/>\n<meta property=\"og:description\" content=\"En esta actividad se realizar\u00e1 una presentaci\u00f3n de la Unidad de Igualdad de G\u00e9nero y de la Oficina de Prevenci\u00f3n y Respuesta al Acoso Sexual y Acoso Sexista de la Universidad de La Laguna. La Unidad de Igualdad de G\u00e9nero es el \u00f3rgano responsable de coordinar, proponer, seguir y valorar el cumplimiento de la legislaci\u00f3n...\" \/>\n<meta property=\"og:url\" content=\"https:\/\/www.ull.es\/portal\/agenda\/evento\/la-ull-contra-el-acoso-sexual-y-sexista\/\" \/>\n<meta property=\"og:site_name\" content=\"ULL - Agenda\" \/>\n<meta property=\"article:modified_time\" content=\"2024-08-05T12:50:20+00:00\" \/>\n<meta property=\"og:image\" content=\"https:\/\/www.ull.es\/portal\/agenda\/wp-content\/uploads\/sites\/12\/2024\/08\/JJ-Bienvenida_Banner-Eventos_SERVICIO-APOYO-ESTUDIANTES-1.png\" \/>\n\t<meta property=\"og:image:width\" content=\"750\" \/>\n\t<meta property=\"og:image:height\" content=\"370\" \/>\n\t<meta property=\"og:image:type\" content=\"image\/png\" \/>\n<meta name=\"twitter:card\" content=\"summary_large_image\" \/>\n<meta name=\"twitter:label1\" content=\"Tiempo de lectura\" \/>\n\t<meta name=\"twitter:data1\" content=\"1 minuto\" \/>\n<script type=\"application\/ld+json\" class=\"yoast-schema-graph\">{\"@context\":\"https:\/\/schema.org\",\"@graph\":[{\"@type\":\"WebPage\",\"@id\":\"https:\/\/www.ull.es\/portal\/agenda\/evento\/la-ull-contra-el-acoso-sexual-y-sexista\/\",\"url\":\"https:\/\/www.ull.es\/portal\/agenda\/evento\/la-ull-contra-el-acoso-sexual-y-sexista\/\",\"name\":\"La ULL contra el acoso sexual y sexista - ULL - Agenda\",\"isPartOf\":{\"@id\":\"https:\/\/www.ull.es\/portal\/agenda\/#website\"},\"datePublished\":\"2024-08-05T07:24:20+00:00\",\"dateModified\":\"2024-08-05T12:50:20+00:00\",\"breadcrumb\":{\"@id\":\"https:\/\/www.ull.es\/portal\/agenda\/evento\/la-ull-contra-el-acoso-sexual-y-sexista\/#breadcrumb\"},\"inLanguage\":\"es\",\"potentialAction\":[{\"@type\":\"ReadAction\",\"target\":[\"https:\/\/www.ull.es\/portal\/agenda\/evento\/la-ull-contra-el-acoso-sexual-y-sexista\/\"]}]},{\"@type\":\"BreadcrumbList\",\"@id\":\"https:\/\/www.ull.es\/portal\/agenda\/evento\/la-ull-contra-el-acoso-sexual-y-sexista\/#breadcrumb\",\"itemListElement\":[{\"@type\":\"ListItem\",\"position\":1,\"name\":\"Portada\",\"item\":\"https:\/\/www.ull.es\/portal\/agenda\/\"},{\"@type\":\"ListItem\",\"position\":2,\"name\":\"La ULL contra el acoso sexual y sexista\"}]},{\"@type\":\"WebSite\",\"@id\":\"https:\/\/www.ull.es\/portal\/agenda\/#website\",\"url\":\"https:\/\/www.ull.es\/portal\/agenda\/\",\"name\":\"ULL - Agenda\",\"description\":\"\",\"potentialAction\":[{\"@type\":\"SearchAction\",\"target\":{\"@type\":\"EntryPoint\",\"urlTemplate\":\"https:\/\/www.ull.es\/portal\/agenda\/?s={search_term_string}\"},\"query-input\":\"required name=search_term_string\"}],\"inLanguage\":\"es\"}]}<\/script>\n<!-- \/ Yoast SEO plugin. -->","yoast_head_json":{"title":"La ULL contra el acoso sexual y sexista - ULL - Agenda","robots":{"index":"index","follow":"follow","max-snippet":"max-snippet:-1","max-image-preview":"max-image-preview:large","max-video-preview":"max-video-preview:-1"},"canonical":"https:\/\/www.ull.es\/portal\/agenda\/evento\/la-ull-contra-el-acoso-sexual-y-sexista\/","og_locale":"es_ES","og_type":"article","og_title":"La ULL contra el acoso sexual y sexista - ULL - Agenda","og_description":"En esta actividad se realizar\u00e1 una presentaci\u00f3n de la Unidad de Igualdad de G\u00e9nero y de la Oficina de Prevenci\u00f3n y Respuesta al Acoso Sexual y Acoso Sexista de la Universidad de La Laguna. La Unidad de Igualdad de G\u00e9nero es el \u00f3rgano responsable de coordinar, proponer, seguir y valorar el cumplimiento de la legislaci\u00f3n...","og_url":"https:\/\/www.ull.es\/portal\/agenda\/evento\/la-ull-contra-el-acoso-sexual-y-sexista\/","og_site_name":"ULL - Agenda","article_modified_time":"2024-08-05T12:50:20+00:00","og_image":[{"width":750,"height":370,"url":"https:\/\/www.ull.es\/portal\/agenda\/wp-content\/uploads\/sites\/12\/2024\/08\/JJ-Bienvenida_Banner-Eventos_SERVICIO-APOYO-ESTUDIANTES-1.png","type":"image\/png"}],"twitter_card":"summary_large_image","twitter_misc":{"Tiempo de lectura":"1 minuto"},"schema":{"@context":"https:\/\/schema.org","@graph":[{"@type":"WebPage","@id":"https:\/\/www.ull.es\/portal\/agenda\/evento\/la-ull-contra-el-acoso-sexual-y-sexista\/","url":"https:\/\/www.ull.es\/portal\/agenda\/evento\/la-ull-contra-el-acoso-sexual-y-sexista\/","name":"La ULL contra el acoso sexual y sexista - ULL - Agenda","isPartOf":{"@id":"https:\/\/www.ull.es\/portal\/agenda\/#website"},"datePublished":"2024-08-05T07:24:20+00:00","dateModified":"2024-08-05T12:50:20+00:00","breadcrumb":{"@id":"https:\/\/www.ull.es\/portal\/agenda\/evento\/la-ull-contra-el-acoso-sexual-y-sexista\/#breadcrumb"},"inLanguage":"es","potentialAction":[{"@type":"ReadAction","target":["https:\/\/www.ull.es\/portal\/agenda\/evento\/la-ull-contra-el-acoso-sexual-y-sexista\/"]}]},{"@type":"BreadcrumbList","@id":"https:\/\/www.ull.es\/portal\/agenda\/evento\/la-ull-contra-el-acoso-sexual-y-sexista\/#breadcrumb","itemListElement":[{"@type":"ListItem","position":1,"name":"Portada","item":"https:\/\/www.ull.es\/portal\/agenda\/"},{"@type":"ListItem","position":2,"name":"La ULL contra el acoso sexual y sexista"}]},{"@type":"WebSite","@id":"https:\/\/www.ull.es\/portal\/agenda\/#website","url":"https:\/\/www.ull.es\/portal\/agenda\/","name":"ULL - Agenda","description":"","potentialAction":[{"@type":"SearchAction","target":{"@type":"EntryPoint","urlTemplate":"https:\/\/www.ull.es\/portal\/agenda\/?s={search_term_string}"},"query-input":"required name=search_term_string"}],"inLanguage":"es"}]}},"_links":{"self":[{"href":"https:\/\/www.ull.es\/portal\/agenda\/wp-json\/wp\/v2\/tribe_events\/37350"}],"collection":[{"href":"https:\/\/www.ull.es\/portal\/agenda\/wp-json\/wp\/v2\/tribe_events"}],"about":[{"href":"https:\/\/www.ull.es\/portal\/agenda\/wp-json\/wp\/v2\/types\/tribe_events"}],"author":[{"embeddable":true,"href":"https:\/\/www.ull.es\/portal\/agenda\/wp-json\/wp\/v2\/users\/65"}],"replies":[{"embeddable":true,"href":"https:\/\/www.ull.es\/portal\/agenda\/wp-json\/wp\/v2\/comments?post=37350"}],"version-history":[{"count":3,"href":"https:\/\/www.ull.es\/portal\/agenda\/wp-json\/wp\/v2\/tribe_events\/37350\/revisions"}],"predecessor-version":[{"id":37430,"href":"https:\/\/www.ull.es\/portal\/agenda\/wp-json\/wp\/v2\/tribe_events\/37350\/revisions\/37430"}],"wp:featuredmedia":[{"embeddable":true,"href":"https:\/\/www.ull.es\/portal\/agenda\/wp-json\/wp\/v2\/media\/37470"}],"wp:attachment":[{"href":"https:\/\/www.ull.es\/portal\/agenda\/wp-json\/wp\/v2\/media?parent=37350"}],"wp:term":[{"taxonomy":"post_tag","embeddable":true,"href":"https:\/\/www.ull.es\/portal\/agenda\/wp-json\/wp\/v2\/tags?post=37350"},{"taxonomy":"tribe_events_cat","embeddable":true,"href":"https:\/\/www.ull.es\/portal\/agenda\/wp-json\/wp\/v2\/tribe_events_cat?post=37350"}],"curies":[{"name":"wp","href":"https:\/\/api.w.org\/{rel}","templated":true}]}}

<p>En esta actividad se realizará una presentación de la Unidad de Igualdad de Género y de la Oficina de Prevención y Respuesta al Acoso Sexual y Acoso Sexista de la Universidad de La Laguna.</p>
<p>La Unidad de Igualdad de Género es el órgano responsable de coordinar, proponer, seguir y valorar el cumplimiento de la legislación sobre igualdad entre mujeres y hombres. También es responsable de la puesta en marcha de los planes y medidas que se propongan o apliquen para la promoción y logro de la igualdad efectiva en todos los ámbitos de la vida universitaria y en las relaciones entre universidad y sociedad. Asimismo, actúa como un servicio de asesoría y recursos en materia de igualdad y de información periódica y sistemática sobre la situación y el desarrollo del principio de igualdad entre hombres y mujeres en la Universidad de La Laguna.</p>
<p>Para más información, pulse este <a href="https://www.ull.es/servicios/igualdad/" target="_blank" rel="noopener" target="_blank" rel="noopener">enlace</a>.</p>

<p>En esta actividad se realizará una presentación de la Unidad de Igualdad de Género y de la Oficina de Prevención y Respuesta al Acoso Sexual y Acoso Sexista de la Universidad de La Laguna. La Unidad de Igualdad de Género es el órgano responsable de coordinar, proponer, seguir y valorar el cumplimiento de la legislación&#8230;</p>

<!-- This site is optimized with the Yoast SEO plugin v21.3 - https://yoast.com/wordpress/plugins/seo/ -->
<title>La ULL contra el acoso sexual y sexista - ULL - Agenda</title>
<meta name="robots" content="index, follow, max-snippet:-1, max-image-preview:large, max-video-preview:-1" />
<link rel="canonical" href="https://www.ull.es/portal/agenda/evento/la-ull-contra-el-acoso-sexual-y-sexista/" />
<meta property="og:locale" content="es_ES" />
<meta property="og:type" content="article" />
<meta property="og:title" content="La ULL contra el acoso sexual y sexista - ULL - Agenda" />
<meta property="og:description" content="En esta actividad se realizará una presentación de la Unidad de Igualdad de Género y de la Oficina de Prevención y Respuesta al Acoso Sexual y Acoso Sexista de la Universidad de La Laguna. La Unidad de Igualdad de Género es el órgano responsable de coordinar, proponer, seguir y valorar el cumplimiento de la legislación..." />
<meta property="og:url" content="https://www.ull.es/portal/agenda/evento/la-ull-contra-el-acoso-sexual-y-sexista/" />
<meta property="og:site_name" content="ULL - Agenda" />
<meta property="article:modified_time" content="2024-08-05T12:50:20+00:00" />
<meta property="og:image" content="https://www.ull.es/portal/agenda/wp-content/uploads/sites/12/2024/08/JJ-Bienvenida_Banner-Eventos_SERVICIO-APOYO-ESTUDIANTES-1.png" />
	<meta property="og:image:width" content="750" />
	<meta property="og:image:height" content="370" />
	<meta property="og:image:type" content="image/png" />
<meta name="twitter:card" content="summary_large_image" />
<meta name="twitter:label1" content="Tiempo de lectura" />
	<meta name="twitter:data1" content="1 minuto" />
<script type="application/ld+json" class="yoast-schema-graph">{"@context":"https://schema.org","@graph":[{"@type":"WebPage","@id":"https://www.ull.es/portal/agenda/evento/la-ull-contra-el-acoso-sexual-y-sexista/","url":"https://www.ull.es/portal/agenda/evento/la-ull-contra-el-acoso-sexual-y-sexista/","name":"La ULL contra el acoso sexual y sexista - ULL - Agenda","isPartOf":{"@id":"https://www.ull.es/portal/agenda/#website"},"datePublished":"2024-08-05T07:24:20+00:00","dateModified":"2024-08-05T12:50:20+00:00","breadcrumb":{"@id":"https://www.ull.es/portal/agenda/evento/la-ull-contra-el-acoso-sexual-y-sexista/#breadcrumb"},"inLanguage":"es","potentialAction":[{"@type":"ReadAction","target":["https://www.ull.es/portal/agenda/evento/la-ull-contra-el-acoso-sexual-y-sexista/"]}]},{"@type":"BreadcrumbList","@id":"https://www.ull.es/portal/agenda/evento/la-ull-contra-el-acoso-sexual-y-sexista/#breadcrumb","itemListElement":[{"@type":"ListItem","position":1,"name":"Portada","item":"https://www.ull.es/portal/agenda/"},{"@type":"ListItem","position":2,"name":"La ULL contra el acoso sexual y sexista"}]},{"@type":"WebSite","@id":"https://www.ull.es/portal/agenda/#website","url":"https://www.ull.es/portal/agenda/","name":"ULL - Agenda","description":"","potentialAction":[{"@type":"SearchAction","target":{"@type":"EntryPoint","urlTemplate":"https://www.ull.es/portal/agenda/?s={search_term_string}"},"query-input":"required name=search_term_string"}],"inLanguage":"es"}]}</script>
<!-- / Yoast SEO plugin. -->

En esta actividad se realizará una presentación de la Unidad de Igualdad de Género y de la Oficina de Prevención y Respuesta al Acoso Sexual y Acoso Sexista de la Universidad de La Laguna. La Unidad de Igualdad de Género es el órgano responsable de coordinar, proponer, seguir y valorar el cumplimiento de la legislación...
