{"id":37384,"date":"2024-08-05T08:27:05","date_gmt":"2024-08-05T08:27:05","guid":{"rendered":"https:\/\/www.ull.es\/portal\/agenda\/?post_type=tribe_events&#038;p=37384"},"modified":"2024-09-03T10:32:40","modified_gmt":"2024-09-03T10:32:40","slug":"programa-de-atencion-al-alumnado-con-necesidades-especiales-de-la-ull","status":"publish","type":"tribe_events","link":"https:\/\/www.ull.es\/portal\/agenda\/evento\/programa-de-atencion-al-alumnado-con-necesidades-especiales-de-la-ull\/","title":{"rendered":"Programa de Atenci\u00f3n al Alumnado con necesidades especiales de la ULL"},"content":{"rendered":"<p>El PAED es un programa de atenci\u00f3n a estudiantes con necesidades espec\u00edficas de apoyo educativo impulsado por el vicerrectorado de Estudiantes de la Universidad de La Laguna, mediante el cual se presta una atenci\u00f3n especializada y gratuita a alumnado universitario que lo precise, previa inscripci\u00f3n en el programa.<\/p>\n<p>Es objetivo de este programa (PAED), dependiente del Vicerrectorado de Estudiantes, atender a alumnos con discapacidad o que presenten necesidades espec\u00edficas de apoyo educativo, con el fin de garantizar la igualdad de oportunidades de este alumnado y promover su plena integraci\u00f3n en el desarrollo de sus estudios y vida universitaria.<\/p>\n<p>El PAED sirve como lugar de referencia a este alumnado cuando presenta o tenga alg\u00fan problema o dificultad en sus estudios o carrera, el cual ser\u00e1 atendido de manera directa y personalizada con el fin de conocer sus caracter\u00edsticas y necesidades, y poder as\u00ed ofrecer las soluciones m\u00e1s adecuadas con los recursos disponibles en cada momento.<\/p>\n<p>Desde su creaci\u00f3n, el PAED impulsa medidas para atender las necesidades espec\u00edficas de este colectivo, con el objeto de fomentar su desarrollo integral en un entorno abierto y universalmente accesible, favoreciendo su permanencia y la culminaci\u00f3n de los estudios en la Universidad, consolidando as\u00ed los principios de normalizaci\u00f3n e igualdad de oportunidades que persigue nuestra Instituci\u00f3n.<\/p>\n<p>Esta actividad tiene un aforo de 60 participantes. Si est\u00e1s interesado debes inscribirte en este <a href=\"https:\/\/inscripciones-ull.es\/\" target=\"_blank\" rel=\"noopener\" target=\"_blank\" rel=\"noopener\">enlace<\/a>.<\/p>\n","protected":false},"excerpt":{"rendered":"<p>El PAED es un programa de atenci\u00f3n a estudiantes con necesidades espec\u00edficas de apoyo educativo impulsado por el vicerrectorado de Estudiantes de la Universidad de La Laguna, mediante el cual se presta una atenci\u00f3n especializada y gratuita a alumnado universitario que lo precise, previa inscripci\u00f3n en el programa. Es objetivo de este programa (PAED), dependiente&#8230;<\/p>\n","protected":false},"author":65,"featured_media":37470,"comment_status":"closed","ping_status":"closed","template":"","tags":[],"tribe_events_cat":[4879,4772,4945],"acf":[],"yoast_head":"<!-- This site is optimized with the Yoast SEO plugin v21.3 - https:\/\/yoast.com\/wordpress\/plugins\/seo\/ -->\n<title>Programa de Atenci\u00f3n al Alumnado con necesidades especiales de la ULL - ULL - Agenda<\/title>\n<meta name=\"robots\" content=\"index, follow, max-snippet:-1, max-image-preview:large, max-video-preview:-1\" \/>\n<link rel=\"canonical\" href=\"https:\/\/www.ull.es\/portal\/agenda\/evento\/programa-de-atencion-al-alumnado-con-necesidades-especiales-de-la-ull\/\" \/>\n<meta property=\"og:locale\" content=\"es_ES\" \/>\n<meta property=\"og:type\" content=\"article\" \/>\n<meta property=\"og:title\" content=\"Programa de Atenci\u00f3n al Alumnado con necesidades especiales de la ULL - ULL - Agenda\" \/>\n<meta property=\"og:description\" content=\"El PAED es un programa de atenci\u00f3n a estudiantes con necesidades espec\u00edficas de apoyo educativo impulsado por el vicerrectorado de Estudiantes de la Universidad de La Laguna, mediante el cual se presta una atenci\u00f3n especializada y gratuita a alumnado universitario que lo precise, previa inscripci\u00f3n en el programa. Es objetivo de este programa (PAED), dependiente...\" \/>\n<meta property=\"og:url\" content=\"https:\/\/www.ull.es\/portal\/agenda\/evento\/programa-de-atencion-al-alumnado-con-necesidades-especiales-de-la-ull\/\" \/>\n<meta property=\"og:site_name\" content=\"ULL - Agenda\" \/>\n<meta property=\"article:modified_time\" content=\"2024-09-03T10:32:40+00:00\" \/>\n<meta property=\"og:image\" content=\"https:\/\/www.ull.es\/portal\/agenda\/wp-content\/uploads\/sites\/12\/2024\/08\/JJ-Bienvenida_Banner-Eventos_SERVICIO-APOYO-ESTUDIANTES-1.png\" \/>\n\t<meta property=\"og:image:width\" content=\"750\" \/>\n\t<meta property=\"og:image:height\" content=\"370\" \/>\n\t<meta property=\"og:image:type\" content=\"image\/png\" \/>\n<meta name=\"twitter:card\" content=\"summary_large_image\" \/>\n<meta name=\"twitter:label1\" content=\"Tiempo de lectura\" \/>\n\t<meta name=\"twitter:data1\" content=\"2 minutos\" \/>\n<script type=\"application\/ld+json\" class=\"yoast-schema-graph\">{\"@context\":\"https:\/\/schema.org\",\"@graph\":[{\"@type\":\"WebPage\",\"@id\":\"https:\/\/www.ull.es\/portal\/agenda\/evento\/programa-de-atencion-al-alumnado-con-necesidades-especiales-de-la-ull\/\",\"url\":\"https:\/\/www.ull.es\/portal\/agenda\/evento\/programa-de-atencion-al-alumnado-con-necesidades-especiales-de-la-ull\/\",\"name\":\"Programa de Atenci\u00f3n al Alumnado con necesidades especiales de la ULL - ULL - Agenda\",\"isPartOf\":{\"@id\":\"https:\/\/www.ull.es\/portal\/agenda\/#website\"},\"datePublished\":\"2024-08-05T08:27:05+00:00\",\"dateModified\":\"2024-09-03T10:32:40+00:00\",\"breadcrumb\":{\"@id\":\"https:\/\/www.ull.es\/portal\/agenda\/evento\/programa-de-atencion-al-alumnado-con-necesidades-especiales-de-la-ull\/#breadcrumb\"},\"inLanguage\":\"es\",\"potentialAction\":[{\"@type\":\"ReadAction\",\"target\":[\"https:\/\/www.ull.es\/portal\/agenda\/evento\/programa-de-atencion-al-alumnado-con-necesidades-especiales-de-la-ull\/\"]}]},{\"@type\":\"BreadcrumbList\",\"@id\":\"https:\/\/www.ull.es\/portal\/agenda\/evento\/programa-de-atencion-al-alumnado-con-necesidades-especiales-de-la-ull\/#breadcrumb\",\"itemListElement\":[{\"@type\":\"ListItem\",\"position\":1,\"name\":\"Portada\",\"item\":\"https:\/\/www.ull.es\/portal\/agenda\/\"},{\"@type\":\"ListItem\",\"position\":2,\"name\":\"Programa de Atenci\u00f3n al Alumnado con necesidades especiales de la ULL\"}]},{\"@type\":\"WebSite\",\"@id\":\"https:\/\/www.ull.es\/portal\/agenda\/#website\",\"url\":\"https:\/\/www.ull.es\/portal\/agenda\/\",\"name\":\"ULL - Agenda\",\"description\":\"\",\"potentialAction\":[{\"@type\":\"SearchAction\",\"target\":{\"@type\":\"EntryPoint\",\"urlTemplate\":\"https:\/\/www.ull.es\/portal\/agenda\/?s={search_term_string}\"},\"query-input\":\"required name=search_term_string\"}],\"inLanguage\":\"es\"}]}<\/script>\n<!-- \/ Yoast SEO plugin. -->","yoast_head_json":{"title":"Programa de Atenci\u00f3n al Alumnado con necesidades especiales de la ULL - ULL - Agenda","robots":{"index":"index","follow":"follow","max-snippet":"max-snippet:-1","max-image-preview":"max-image-preview:large","max-video-preview":"max-video-preview:-1"},"canonical":"https:\/\/www.ull.es\/portal\/agenda\/evento\/programa-de-atencion-al-alumnado-con-necesidades-especiales-de-la-ull\/","og_locale":"es_ES","og_type":"article","og_title":"Programa de Atenci\u00f3n al Alumnado con necesidades especiales de la ULL - ULL - Agenda","og_description":"El PAED es un programa de atenci\u00f3n a estudiantes con necesidades espec\u00edficas de apoyo educativo impulsado por el vicerrectorado de Estudiantes de la Universidad de La Laguna, mediante el cual se presta una atenci\u00f3n especializada y gratuita a alumnado universitario que lo precise, previa inscripci\u00f3n en el programa. Es objetivo de este programa (PAED), dependiente...","og_url":"https:\/\/www.ull.es\/portal\/agenda\/evento\/programa-de-atencion-al-alumnado-con-necesidades-especiales-de-la-ull\/","og_site_name":"ULL - Agenda","article_modified_time":"2024-09-03T10:32:40+00:00","og_image":[{"width":750,"height":370,"url":"https:\/\/www.ull.es\/portal\/agenda\/wp-content\/uploads\/sites\/12\/2024\/08\/JJ-Bienvenida_Banner-Eventos_SERVICIO-APOYO-ESTUDIANTES-1.png","type":"image\/png"}],"twitter_card":"summary_large_image","twitter_misc":{"Tiempo de lectura":"2 minutos"},"schema":{"@context":"https:\/\/schema.org","@graph":[{"@type":"WebPage","@id":"https:\/\/www.ull.es\/portal\/agenda\/evento\/programa-de-atencion-al-alumnado-con-necesidades-especiales-de-la-ull\/","url":"https:\/\/www.ull.es\/portal\/agenda\/evento\/programa-de-atencion-al-alumnado-con-necesidades-especiales-de-la-ull\/","name":"Programa de Atenci\u00f3n al Alumnado con necesidades especiales de la ULL - ULL - Agenda","isPartOf":{"@id":"https:\/\/www.ull.es\/portal\/agenda\/#website"},"datePublished":"2024-08-05T08:27:05+00:00","dateModified":"2024-09-03T10:32:40+00:00","breadcrumb":{"@id":"https:\/\/www.ull.es\/portal\/agenda\/evento\/programa-de-atencion-al-alumnado-con-necesidades-especiales-de-la-ull\/#breadcrumb"},"inLanguage":"es","potentialAction":[{"@type":"ReadAction","target":["https:\/\/www.ull.es\/portal\/agenda\/evento\/programa-de-atencion-al-alumnado-con-necesidades-especiales-de-la-ull\/"]}]},{"@type":"BreadcrumbList","@id":"https:\/\/www.ull.es\/portal\/agenda\/evento\/programa-de-atencion-al-alumnado-con-necesidades-especiales-de-la-ull\/#breadcrumb","itemListElement":[{"@type":"ListItem","position":1,"name":"Portada","item":"https:\/\/www.ull.es\/portal\/agenda\/"},{"@type":"ListItem","position":2,"name":"Programa de Atenci\u00f3n al Alumnado con necesidades especiales de la ULL"}]},{"@type":"WebSite","@id":"https:\/\/www.ull.es\/portal\/agenda\/#website","url":"https:\/\/www.ull.es\/portal\/agenda\/","name":"ULL - Agenda","description":"","potentialAction":[{"@type":"SearchAction","target":{"@type":"EntryPoint","urlTemplate":"https:\/\/www.ull.es\/portal\/agenda\/?s={search_term_string}"},"query-input":"required name=search_term_string"}],"inLanguage":"es"}]}},"_links":{"self":[{"href":"https:\/\/www.ull.es\/portal\/agenda\/wp-json\/wp\/v2\/tribe_events\/37384"}],"collection":[{"href":"https:\/\/www.ull.es\/portal\/agenda\/wp-json\/wp\/v2\/tribe_events"}],"about":[{"href":"https:\/\/www.ull.es\/portal\/agenda\/wp-json\/wp\/v2\/types\/tribe_events"}],"author":[{"embeddable":true,"href":"https:\/\/www.ull.es\/portal\/agenda\/wp-json\/wp\/v2\/users\/65"}],"replies":[{"embeddable":true,"href":"https:\/\/www.ull.es\/portal\/agenda\/wp-json\/wp\/v2\/comments?post=37384"}],"version-history":[{"count":3,"href":"https:\/\/www.ull.es\/portal\/agenda\/wp-json\/wp\/v2\/tribe_events\/37384\/revisions"}],"predecessor-version":[{"id":37602,"href":"https:\/\/www.ull.es\/portal\/agenda\/wp-json\/wp\/v2\/tribe_events\/37384\/revisions\/37602"}],"wp:featuredmedia":[{"embeddable":true,"href":"https:\/\/www.ull.es\/portal\/agenda\/wp-json\/wp\/v2\/media\/37470"}],"wp:attachment":[{"href":"https:\/\/www.ull.es\/portal\/agenda\/wp-json\/wp\/v2\/media?parent=37384"}],"wp:term":[{"taxonomy":"post_tag","embeddable":true,"href":"https:\/\/www.ull.es\/portal\/agenda\/wp-json\/wp\/v2\/tags?post=37384"},{"taxonomy":"tribe_events_cat","embeddable":true,"href":"https:\/\/www.ull.es\/portal\/agenda\/wp-json\/wp\/v2\/tribe_events_cat?post=37384"}],"curies":[{"name":"wp","href":"https:\/\/api.w.org\/{rel}","templated":true}]}}

Programa de Atención al Alumnado con necesidades especiales de la ULL

<p>El PAED es un programa de atención a estudiantes con necesidades específicas de apoyo educativo impulsado por el vicerrectorado de Estudiantes de la Universidad de La Laguna, mediante el cual se presta una atención especializada y gratuita a alumnado universitario que lo precise, previa inscripción en el programa.</p>
<p>Es objetivo de este programa (PAED), dependiente del Vicerrectorado de Estudiantes, atender a alumnos con discapacidad o que presenten necesidades específicas de apoyo educativo, con el fin de garantizar la igualdad de oportunidades de este alumnado y promover su plena integración en el desarrollo de sus estudios y vida universitaria.</p>
<p>El PAED sirve como lugar de referencia a este alumnado cuando presenta o tenga algún problema o dificultad en sus estudios o carrera, el cual será atendido de manera directa y personalizada con el fin de conocer sus características y necesidades, y poder así ofrecer las soluciones más adecuadas con los recursos disponibles en cada momento.</p>
<p>Desde su creación, el PAED impulsa medidas para atender las necesidades específicas de este colectivo, con el objeto de fomentar su desarrollo integral en un entorno abierto y universalmente accesible, favoreciendo su permanencia y la culminación de los estudios en la Universidad, consolidando así los principios de normalización e igualdad de oportunidades que persigue nuestra Institución.</p>
<p>Esta actividad tiene un aforo de 60 participantes. Si estás interesado debes inscribirte en este <a href="https://inscripciones-ull.es/" target="_blank" rel="noopener" target="_blank" rel="noopener">enlace</a>.</p>

<p>El PAED es un programa de atención a estudiantes con necesidades específicas de apoyo educativo impulsado por el vicerrectorado de Estudiantes de la Universidad de La Laguna, mediante el cual se presta una atención especializada y gratuita a alumnado universitario que lo precise, previa inscripción en el programa. Es objetivo de este programa (PAED), dependiente&#8230;</p>

<!-- This site is optimized with the Yoast SEO plugin v21.3 - https://yoast.com/wordpress/plugins/seo/ -->
<title>Programa de Atención al Alumnado con necesidades especiales de la ULL - ULL - Agenda</title>
<meta name="robots" content="index, follow, max-snippet:-1, max-image-preview:large, max-video-preview:-1" />
<link rel="canonical" href="https://www.ull.es/portal/agenda/evento/programa-de-atencion-al-alumnado-con-necesidades-especiales-de-la-ull/" />
<meta property="og:locale" content="es_ES" />
<meta property="og:type" content="article" />
<meta property="og:title" content="Programa de Atención al Alumnado con necesidades especiales de la ULL - ULL - Agenda" />
<meta property="og:description" content="El PAED es un programa de atención a estudiantes con necesidades específicas de apoyo educativo impulsado por el vicerrectorado de Estudiantes de la Universidad de La Laguna, mediante el cual se presta una atención especializada y gratuita a alumnado universitario que lo precise, previa inscripción en el programa. Es objetivo de este programa (PAED), dependiente..." />
<meta property="og:url" content="https://www.ull.es/portal/agenda/evento/programa-de-atencion-al-alumnado-con-necesidades-especiales-de-la-ull/" />
<meta property="og:site_name" content="ULL - Agenda" />
<meta property="article:modified_time" content="2024-09-03T10:32:40+00:00" />
<meta property="og:image" content="https://www.ull.es/portal/agenda/wp-content/uploads/sites/12/2024/08/JJ-Bienvenida_Banner-Eventos_SERVICIO-APOYO-ESTUDIANTES-1.png" />
	<meta property="og:image:width" content="750" />
	<meta property="og:image:height" content="370" />
	<meta property="og:image:type" content="image/png" />
<meta name="twitter:card" content="summary_large_image" />
<meta name="twitter:label1" content="Tiempo de lectura" />
	<meta name="twitter:data1" content="2 minutos" />
<script type="application/ld+json" class="yoast-schema-graph">{"@context":"https://schema.org","@graph":[{"@type":"WebPage","@id":"https://www.ull.es/portal/agenda/evento/programa-de-atencion-al-alumnado-con-necesidades-especiales-de-la-ull/","url":"https://www.ull.es/portal/agenda/evento/programa-de-atencion-al-alumnado-con-necesidades-especiales-de-la-ull/","name":"Programa de Atención al Alumnado con necesidades especiales de la ULL - ULL - Agenda","isPartOf":{"@id":"https://www.ull.es/portal/agenda/#website"},"datePublished":"2024-08-05T08:27:05+00:00","dateModified":"2024-09-03T10:32:40+00:00","breadcrumb":{"@id":"https://www.ull.es/portal/agenda/evento/programa-de-atencion-al-alumnado-con-necesidades-especiales-de-la-ull/#breadcrumb"},"inLanguage":"es","potentialAction":[{"@type":"ReadAction","target":["https://www.ull.es/portal/agenda/evento/programa-de-atencion-al-alumnado-con-necesidades-especiales-de-la-ull/"]}]},{"@type":"BreadcrumbList","@id":"https://www.ull.es/portal/agenda/evento/programa-de-atencion-al-alumnado-con-necesidades-especiales-de-la-ull/#breadcrumb","itemListElement":[{"@type":"ListItem","position":1,"name":"Portada","item":"https://www.ull.es/portal/agenda/"},{"@type":"ListItem","position":2,"name":"Programa de Atención al Alumnado con necesidades especiales de la ULL"}]},{"@type":"WebSite","@id":"https://www.ull.es/portal/agenda/#website","url":"https://www.ull.es/portal/agenda/","name":"ULL - Agenda","description":"","potentialAction":[{"@type":"SearchAction","target":{"@type":"EntryPoint","urlTemplate":"https://www.ull.es/portal/agenda/?s={search_term_string}"},"query-input":"required name=search_term_string"}],"inLanguage":"es"}]}</script>
<!-- / Yoast SEO plugin. -->

Programa de Atención al Alumnado con necesidades especiales de la ULL - ULL - Agenda

El PAED es un programa de atención a estudiantes con necesidades específicas de apoyo educativo impulsado por el vicerrectorado de Estudiantes de la Universidad de La Laguna, mediante el cual se presta una atención especializada y gratuita a alumnado universitario que lo precise, previa inscripción en el programa. Es objetivo de este programa (PAED), dependiente...
