{"id":37692,"date":"2024-09-04T10:27:59","date_gmt":"2024-09-04T10:27:59","guid":{"rendered":"https:\/\/www.ull.es\/portal\/agenda\/?post_type=tribe_events&#038;p=37692"},"modified":"2024-09-04T10:30:14","modified_gmt":"2024-09-04T10:30:14","slug":"seminario-identidades-en-transicion-cultura-adolescencia-y-perspectivas-feministas","status":"publish","type":"tribe_events","link":"https:\/\/www.ull.es\/portal\/agenda\/evento\/seminario-identidades-en-transicion-cultura-adolescencia-y-perspectivas-feministas\/","title":{"rendered":"Seminario \u00abIdentidades en Transici\u00f3n: Cultura, Adolescencia y Perspectivas Feministas\u00bb"},"content":{"rendered":"<p>El Seminario \u201cIdentidades en transici\u00f3n: Cultura, Adolescencia y Perspectivas Feministas\u201d, se celebrar\u00e1 en Tenerife entre el 13 y el 18 de septiembre de 2024.<\/p>\n<p>Este seminario propone distintas actividades para reflexionar sobre las experiencias trans de la mano del soci\u00f3logo Miquel Miss\u00e9.<\/p>\n<p><strong>PROGRAMA DE ACTIVIDADES<\/strong><\/p>\n<p>Viernes 13 de septiembre<\/p>\n<ul>\n<li>18:00h. Sal\u00f3n de Actos del Museo de Historia y Antropolog\u00eda (Casa Lercaro): &#8211; Conferencia \u00abLa Cultura del passing\u00bb, a cargo de Miquel Miss\u00e9. Organiza: Unidad de Igualdad de G\u00e9nero de la Universidad de La Laguna<\/li>\n<\/ul>\n<p>S\u00e1bado 14 de septiembre<\/p>\n<ul>\n<li>12:00h. &#8211; Librer\u00eda de Mujeres (Santa Cruz de Tenerife) &#8211; Presentaci\u00f3n del libro \u00abLa Cultura del passing\u00bb, con la presencia de Miquel Miss\u00e9 y Noem\u00ed Parra Aba\u00fanza. Dinamiza: Fundaci\u00f3n La Colectiva y Librer\u00eda de Mujeres<\/li>\n<\/ul>\n<p>Lunes 16 y martes 17 de septiembre<\/p>\n<ul>\n<li>9:00-13:00h. &#8211; Aula de Grados del Campus de Guajara &#8211; Curso \u00abPensar la experiencia trans desde una perspectiva feminista\u00bb Organiza: Laboratorio de Innovaci\u00f3n Social de la ULL Formaci\u00f3n certificada por la Fundaci\u00f3n General de la Universidad de La Laguna (FGULL)<\/li>\n<\/ul>\n<p>Este seminario es posible gracias al impulso de la Universidad de La Laguna a trav\u00e9s de su Unidad de Igualdad de G\u00e9nero, la Facultad de Ciencias Sociales y de la Comunicaci\u00f3n, el Laboratorio de Innovaci\u00f3n Social de la ULL y el Departamento de Geograf\u00eda e Historia.<\/p>\n<p>Para m\u00e1s informaci\u00f3n, pulse este <a href=\"https:\/\/linktr.ee\/seminario_id\" target=\"_blank\" rel=\"noopener\" target=\"_blank\" rel=\"noopener\">enlace.\u00a0<\/a><\/p>\n<p><a href=\"https:\/\/linktr.ee\/seminario_id\" target=\"_blank\" rel=\"noopener\" target=\"_blank\" rel=\"noopener\">Inscripci\u00f3n<\/a><\/p>\n","protected":false},"excerpt":{"rendered":"<p>El Seminario \u201cIdentidades en transici\u00f3n: Cultura, Adolescencia y Perspectivas Feministas\u201d, se celebrar\u00e1 en Tenerife entre el 13 y el 18 de septiembre de 2024. Este seminario propone distintas actividades para reflexionar sobre las experiencias trans de la mano del soci\u00f3logo Miquel Miss\u00e9. PROGRAMA DE ACTIVIDADES Viernes 13 de septiembre 18:00h. Sal\u00f3n de Actos del Museo&#8230;<\/p>\n","protected":false},"author":65,"featured_media":37693,"comment_status":"closed","ping_status":"closed","template":"","tags":[],"tribe_events_cat":[4,848,985,509,186,191,2125],"acf":[],"yoast_head":"<!-- This site is optimized with the Yoast SEO plugin v21.3 - https:\/\/yoast.com\/wordpress\/plugins\/seo\/ -->\n<title>Seminario &quot;Identidades en Transici\u00f3n: Cultura, Adolescencia y Perspectivas Feministas&quot; - ULL - Agenda<\/title>\n<meta name=\"robots\" content=\"index, follow, max-snippet:-1, max-image-preview:large, max-video-preview:-1\" \/>\n<link rel=\"canonical\" href=\"https:\/\/www.ull.es\/portal\/agenda\/evento\/seminario-identidades-en-transicion-cultura-adolescencia-y-perspectivas-feministas\/\" \/>\n<meta property=\"og:locale\" content=\"es_ES\" \/>\n<meta property=\"og:type\" content=\"article\" \/>\n<meta property=\"og:title\" content=\"Seminario &quot;Identidades en Transici\u00f3n: Cultura, Adolescencia y Perspectivas Feministas&quot; - ULL - Agenda\" \/>\n<meta property=\"og:description\" content=\"El Seminario \u201cIdentidades en transici\u00f3n: Cultura, Adolescencia y Perspectivas Feministas\u201d, se celebrar\u00e1 en Tenerife entre el 13 y el 18 de septiembre de 2024. Este seminario propone distintas actividades para reflexionar sobre las experiencias trans de la mano del soci\u00f3logo Miquel Miss\u00e9. PROGRAMA DE ACTIVIDADES Viernes 13 de septiembre 18:00h. Sal\u00f3n de Actos del Museo...\" \/>\n<meta property=\"og:url\" content=\"https:\/\/www.ull.es\/portal\/agenda\/evento\/seminario-identidades-en-transicion-cultura-adolescencia-y-perspectivas-feministas\/\" \/>\n<meta property=\"og:site_name\" content=\"ULL - Agenda\" \/>\n<meta property=\"article:modified_time\" content=\"2024-09-04T10:30:14+00:00\" \/>\n<meta property=\"og:image\" content=\"https:\/\/www.ull.es\/portal\/agenda\/wp-content\/uploads\/sites\/12\/2024\/09\/Eventos-ULL_Seminario-Identidades-en-Transicion-Paula-Sosa-Nunez.png\" \/>\n\t<meta property=\"og:image:width\" content=\"700\" \/>\n\t<meta property=\"og:image:height\" content=\"394\" \/>\n\t<meta property=\"og:image:type\" content=\"image\/png\" \/>\n<meta name=\"twitter:card\" content=\"summary_large_image\" \/>\n<meta name=\"twitter:label1\" content=\"Tiempo de lectura\" \/>\n\t<meta name=\"twitter:data1\" content=\"1 minuto\" \/>\n<script type=\"application\/ld+json\" class=\"yoast-schema-graph\">{\"@context\":\"https:\/\/schema.org\",\"@graph\":[{\"@type\":\"WebPage\",\"@id\":\"https:\/\/www.ull.es\/portal\/agenda\/evento\/seminario-identidades-en-transicion-cultura-adolescencia-y-perspectivas-feministas\/\",\"url\":\"https:\/\/www.ull.es\/portal\/agenda\/evento\/seminario-identidades-en-transicion-cultura-adolescencia-y-perspectivas-feministas\/\",\"name\":\"Seminario \\\"Identidades en Transici\u00f3n: Cultura, Adolescencia y Perspectivas Feministas\\\" - ULL - Agenda\",\"isPartOf\":{\"@id\":\"https:\/\/www.ull.es\/portal\/agenda\/#website\"},\"datePublished\":\"2024-09-04T10:27:59+00:00\",\"dateModified\":\"2024-09-04T10:30:14+00:00\",\"breadcrumb\":{\"@id\":\"https:\/\/www.ull.es\/portal\/agenda\/evento\/seminario-identidades-en-transicion-cultura-adolescencia-y-perspectivas-feministas\/#breadcrumb\"},\"inLanguage\":\"es\",\"potentialAction\":[{\"@type\":\"ReadAction\",\"target\":[\"https:\/\/www.ull.es\/portal\/agenda\/evento\/seminario-identidades-en-transicion-cultura-adolescencia-y-perspectivas-feministas\/\"]}]},{\"@type\":\"BreadcrumbList\",\"@id\":\"https:\/\/www.ull.es\/portal\/agenda\/evento\/seminario-identidades-en-transicion-cultura-adolescencia-y-perspectivas-feministas\/#breadcrumb\",\"itemListElement\":[{\"@type\":\"ListItem\",\"position\":1,\"name\":\"Portada\",\"item\":\"https:\/\/www.ull.es\/portal\/agenda\/\"},{\"@type\":\"ListItem\",\"position\":2,\"name\":\"Seminario \u00abIdentidades en Transici\u00f3n: Cultura, Adolescencia y Perspectivas Feministas\u00bb\"}]},{\"@type\":\"WebSite\",\"@id\":\"https:\/\/www.ull.es\/portal\/agenda\/#website\",\"url\":\"https:\/\/www.ull.es\/portal\/agenda\/\",\"name\":\"ULL - Agenda\",\"description\":\"\",\"potentialAction\":[{\"@type\":\"SearchAction\",\"target\":{\"@type\":\"EntryPoint\",\"urlTemplate\":\"https:\/\/www.ull.es\/portal\/agenda\/?s={search_term_string}\"},\"query-input\":\"required name=search_term_string\"}],\"inLanguage\":\"es\"}]}<\/script>\n<!-- \/ Yoast SEO plugin. -->","yoast_head_json":{"title":"Seminario \"Identidades en Transici\u00f3n: Cultura, Adolescencia y Perspectivas Feministas\" - ULL - Agenda","robots":{"index":"index","follow":"follow","max-snippet":"max-snippet:-1","max-image-preview":"max-image-preview:large","max-video-preview":"max-video-preview:-1"},"canonical":"https:\/\/www.ull.es\/portal\/agenda\/evento\/seminario-identidades-en-transicion-cultura-adolescencia-y-perspectivas-feministas\/","og_locale":"es_ES","og_type":"article","og_title":"Seminario \"Identidades en Transici\u00f3n: Cultura, Adolescencia y Perspectivas Feministas\" - ULL - Agenda","og_description":"El Seminario \u201cIdentidades en transici\u00f3n: Cultura, Adolescencia y Perspectivas Feministas\u201d, se celebrar\u00e1 en Tenerife entre el 13 y el 18 de septiembre de 2024. Este seminario propone distintas actividades para reflexionar sobre las experiencias trans de la mano del soci\u00f3logo Miquel Miss\u00e9. PROGRAMA DE ACTIVIDADES Viernes 13 de septiembre 18:00h. Sal\u00f3n de Actos del Museo...","og_url":"https:\/\/www.ull.es\/portal\/agenda\/evento\/seminario-identidades-en-transicion-cultura-adolescencia-y-perspectivas-feministas\/","og_site_name":"ULL - Agenda","article_modified_time":"2024-09-04T10:30:14+00:00","og_image":[{"width":700,"height":394,"url":"https:\/\/www.ull.es\/portal\/agenda\/wp-content\/uploads\/sites\/12\/2024\/09\/Eventos-ULL_Seminario-Identidades-en-Transicion-Paula-Sosa-Nunez.png","type":"image\/png"}],"twitter_card":"summary_large_image","twitter_misc":{"Tiempo de lectura":"1 minuto"},"schema":{"@context":"https:\/\/schema.org","@graph":[{"@type":"WebPage","@id":"https:\/\/www.ull.es\/portal\/agenda\/evento\/seminario-identidades-en-transicion-cultura-adolescencia-y-perspectivas-feministas\/","url":"https:\/\/www.ull.es\/portal\/agenda\/evento\/seminario-identidades-en-transicion-cultura-adolescencia-y-perspectivas-feministas\/","name":"Seminario \"Identidades en Transici\u00f3n: Cultura, Adolescencia y Perspectivas Feministas\" - ULL - Agenda","isPartOf":{"@id":"https:\/\/www.ull.es\/portal\/agenda\/#website"},"datePublished":"2024-09-04T10:27:59+00:00","dateModified":"2024-09-04T10:30:14+00:00","breadcrumb":{"@id":"https:\/\/www.ull.es\/portal\/agenda\/evento\/seminario-identidades-en-transicion-cultura-adolescencia-y-perspectivas-feministas\/#breadcrumb"},"inLanguage":"es","potentialAction":[{"@type":"ReadAction","target":["https:\/\/www.ull.es\/portal\/agenda\/evento\/seminario-identidades-en-transicion-cultura-adolescencia-y-perspectivas-feministas\/"]}]},{"@type":"BreadcrumbList","@id":"https:\/\/www.ull.es\/portal\/agenda\/evento\/seminario-identidades-en-transicion-cultura-adolescencia-y-perspectivas-feministas\/#breadcrumb","itemListElement":[{"@type":"ListItem","position":1,"name":"Portada","item":"https:\/\/www.ull.es\/portal\/agenda\/"},{"@type":"ListItem","position":2,"name":"Seminario \u00abIdentidades en Transici\u00f3n: Cultura, Adolescencia y Perspectivas Feministas\u00bb"}]},{"@type":"WebSite","@id":"https:\/\/www.ull.es\/portal\/agenda\/#website","url":"https:\/\/www.ull.es\/portal\/agenda\/","name":"ULL - Agenda","description":"","potentialAction":[{"@type":"SearchAction","target":{"@type":"EntryPoint","urlTemplate":"https:\/\/www.ull.es\/portal\/agenda\/?s={search_term_string}"},"query-input":"required name=search_term_string"}],"inLanguage":"es"}]}},"_links":{"self":[{"href":"https:\/\/www.ull.es\/portal\/agenda\/wp-json\/wp\/v2\/tribe_events\/37692"}],"collection":[{"href":"https:\/\/www.ull.es\/portal\/agenda\/wp-json\/wp\/v2\/tribe_events"}],"about":[{"href":"https:\/\/www.ull.es\/portal\/agenda\/wp-json\/wp\/v2\/types\/tribe_events"}],"author":[{"embeddable":true,"href":"https:\/\/www.ull.es\/portal\/agenda\/wp-json\/wp\/v2\/users\/65"}],"replies":[{"embeddable":true,"href":"https:\/\/www.ull.es\/portal\/agenda\/wp-json\/wp\/v2\/comments?post=37692"}],"version-history":[{"count":3,"href":"https:\/\/www.ull.es\/portal\/agenda\/wp-json\/wp\/v2\/tribe_events\/37692\/revisions"}],"predecessor-version":[{"id":37696,"href":"https:\/\/www.ull.es\/portal\/agenda\/wp-json\/wp\/v2\/tribe_events\/37692\/revisions\/37696"}],"wp:featuredmedia":[{"embeddable":true,"href":"https:\/\/www.ull.es\/portal\/agenda\/wp-json\/wp\/v2\/media\/37693"}],"wp:attachment":[{"href":"https:\/\/www.ull.es\/portal\/agenda\/wp-json\/wp\/v2\/media?parent=37692"}],"wp:term":[{"taxonomy":"post_tag","embeddable":true,"href":"https:\/\/www.ull.es\/portal\/agenda\/wp-json\/wp\/v2\/tags?post=37692"},{"taxonomy":"tribe_events_cat","embeddable":true,"href":"https:\/\/www.ull.es\/portal\/agenda\/wp-json\/wp\/v2\/tribe_events_cat?post=37692"}],"curies":[{"name":"wp","href":"https:\/\/api.w.org\/{rel}","templated":true}]}}

Seminario «Identidades en Transición: Cultura, Adolescencia y Perspectivas Feministas»

<p>El Seminario “Identidades en transición: Cultura, Adolescencia y Perspectivas Feministas”, se celebrará en Tenerife entre el 13 y el 18 de septiembre de 2024.</p>
<p>Este seminario propone distintas actividades para reflexionar sobre las experiencias trans de la mano del sociólogo Miquel Missé.</p>
<p><strong>PROGRAMA DE ACTIVIDADES</strong></p>
<p>Viernes 13 de septiembre</p>
<ul>
<li>18:00h. Salón de Actos del Museo de Historia y Antropología (Casa Lercaro): &#8211; Conferencia «La Cultura del passing», a cargo de Miquel Missé. Organiza: Unidad de Igualdad de Género de la Universidad de La Laguna</li>
</ul>
<p>Sábado 14 de septiembre</p>
<ul>
<li>12:00h. &#8211; Librería de Mujeres (Santa Cruz de Tenerife) &#8211; Presentación del libro «La Cultura del passing», con la presencia de Miquel Missé y Noemí Parra Abaúnza. Dinamiza: Fundación La Colectiva y Librería de Mujeres</li>
</ul>
<p>Lunes 16 y martes 17 de septiembre</p>
<ul>
<li>9:00-13:00h. &#8211; Aula de Grados del Campus de Guajara &#8211; Curso «Pensar la experiencia trans desde una perspectiva feminista» Organiza: Laboratorio de Innovación Social de la ULL Formación certificada por la Fundación General de la Universidad de La Laguna (FGULL)</li>
</ul>
<p>Este seminario es posible gracias al impulso de la Universidad de La Laguna a través de su Unidad de Igualdad de Género, la Facultad de Ciencias Sociales y de la Comunicación, el Laboratorio de Innovación Social de la ULL y el Departamento de Geografía e Historia.</p>
<p>Para más información, pulse este <a href="https://linktr.ee/seminario_id" target="_blank" rel="noopener" target="_blank" rel="noopener">enlace. </a></p>
<p><a href="https://linktr.ee/seminario_id" target="_blank" rel="noopener" target="_blank" rel="noopener">Inscripción</a></p>

<p>El Seminario “Identidades en transición: Cultura, Adolescencia y Perspectivas Feministas”, se celebrará en Tenerife entre el 13 y el 18 de septiembre de 2024. Este seminario propone distintas actividades para reflexionar sobre las experiencias trans de la mano del sociólogo Miquel Missé. PROGRAMA DE ACTIVIDADES Viernes 13 de septiembre 18:00h. Salón de Actos del Museo&#8230;</p>

<!-- This site is optimized with the Yoast SEO plugin v21.3 - https://yoast.com/wordpress/plugins/seo/ -->
<title>Seminario &quot;Identidades en Transición: Cultura, Adolescencia y Perspectivas Feministas&quot; - ULL - Agenda</title>
<meta name="robots" content="index, follow, max-snippet:-1, max-image-preview:large, max-video-preview:-1" />
<link rel="canonical" href="https://www.ull.es/portal/agenda/evento/seminario-identidades-en-transicion-cultura-adolescencia-y-perspectivas-feministas/" />
<meta property="og:locale" content="es_ES" />
<meta property="og:type" content="article" />
<meta property="og:title" content="Seminario &quot;Identidades en Transición: Cultura, Adolescencia y Perspectivas Feministas&quot; - ULL - Agenda" />
<meta property="og:description" content="El Seminario “Identidades en transición: Cultura, Adolescencia y Perspectivas Feministas”, se celebrará en Tenerife entre el 13 y el 18 de septiembre de 2024. Este seminario propone distintas actividades para reflexionar sobre las experiencias trans de la mano del sociólogo Miquel Missé. PROGRAMA DE ACTIVIDADES Viernes 13 de septiembre 18:00h. Salón de Actos del Museo..." />
<meta property="og:url" content="https://www.ull.es/portal/agenda/evento/seminario-identidades-en-transicion-cultura-adolescencia-y-perspectivas-feministas/" />
<meta property="og:site_name" content="ULL - Agenda" />
<meta property="article:modified_time" content="2024-09-04T10:30:14+00:00" />
<meta property="og:image" content="https://www.ull.es/portal/agenda/wp-content/uploads/sites/12/2024/09/Eventos-ULL_Seminario-Identidades-en-Transicion-Paula-Sosa-Nunez.png" />
	<meta property="og:image:width" content="700" />
	<meta property="og:image:height" content="394" />
	<meta property="og:image:type" content="image/png" />
<meta name="twitter:card" content="summary_large_image" />
<meta name="twitter:label1" content="Tiempo de lectura" />
	<meta name="twitter:data1" content="1 minuto" />
<script type="application/ld+json" class="yoast-schema-graph">{"@context":"https://schema.org","@graph":[{"@type":"WebPage","@id":"https://www.ull.es/portal/agenda/evento/seminario-identidades-en-transicion-cultura-adolescencia-y-perspectivas-feministas/","url":"https://www.ull.es/portal/agenda/evento/seminario-identidades-en-transicion-cultura-adolescencia-y-perspectivas-feministas/","name":"Seminario \"Identidades en Transición: Cultura, Adolescencia y Perspectivas Feministas\" - ULL - Agenda","isPartOf":{"@id":"https://www.ull.es/portal/agenda/#website"},"datePublished":"2024-09-04T10:27:59+00:00","dateModified":"2024-09-04T10:30:14+00:00","breadcrumb":{"@id":"https://www.ull.es/portal/agenda/evento/seminario-identidades-en-transicion-cultura-adolescencia-y-perspectivas-feministas/#breadcrumb"},"inLanguage":"es","potentialAction":[{"@type":"ReadAction","target":["https://www.ull.es/portal/agenda/evento/seminario-identidades-en-transicion-cultura-adolescencia-y-perspectivas-feministas/"]}]},{"@type":"BreadcrumbList","@id":"https://www.ull.es/portal/agenda/evento/seminario-identidades-en-transicion-cultura-adolescencia-y-perspectivas-feministas/#breadcrumb","itemListElement":[{"@type":"ListItem","position":1,"name":"Portada","item":"https://www.ull.es/portal/agenda/"},{"@type":"ListItem","position":2,"name":"Seminario «Identidades en Transición: Cultura, Adolescencia y Perspectivas Feministas»"}]},{"@type":"WebSite","@id":"https://www.ull.es/portal/agenda/#website","url":"https://www.ull.es/portal/agenda/","name":"ULL - Agenda","description":"","potentialAction":[{"@type":"SearchAction","target":{"@type":"EntryPoint","urlTemplate":"https://www.ull.es/portal/agenda/?s={search_term_string}"},"query-input":"required name=search_term_string"}],"inLanguage":"es"}]}</script>
<!-- / Yoast SEO plugin. -->

Seminario "Identidades en Transición: Cultura, Adolescencia y Perspectivas Feministas" - ULL - Agenda

El Seminario “Identidades en transición: Cultura, Adolescencia y Perspectivas Feministas”, se celebrará en Tenerife entre el 13 y el 18 de septiembre de 2024. Este seminario propone distintas actividades para reflexionar sobre las experiencias trans de la mano del sociólogo Miquel Missé. PROGRAMA DE ACTIVIDADES Viernes 13 de septiembre 18:00h. Salón de Actos del Museo...
