{"id":37772,"date":"2024-09-10T08:00:34","date_gmt":"2024-09-10T08:00:34","guid":{"rendered":"https:\/\/www.ull.es\/portal\/agenda\/?post_type=tribe_events&#038;p=37772"},"modified":"2024-09-12T07:29:31","modified_gmt":"2024-09-12T07:29:31","slug":"renovacion-de-la-catedra-cajasiete-big-data-open-data-y-blockchain","status":"publish","type":"tribe_events","link":"https:\/\/www.ull.es\/portal\/agenda\/evento\/renovacion-de-la-catedra-cajasiete-big-data-open-data-y-blockchain\/","title":{"rendered":"Renovaci\u00f3n de la C\u00e1tedra Cajasiete Big Data, Open Data y Blockchain"},"content":{"rendered":"<p>La Universidad de La Laguna celebra el jueves 12 de septiembre a las 10:00 horas en el Espacio Mutua en La Laguna al acto de renovaci\u00f3n de la C\u00e1tedra Cajasiete-ULL de Big Data, Open Data y Blockchain.<\/p>\n<p>El acto contar\u00e1 con la presencia del rector, Francisco Garc\u00eda Rodr\u00edguez; el presidente de Cajasiete, Fernando Berge Royo y el presidente de Mutua Tinerfe\u00f1a Juan Antonio L\u00f3pez de Vergara.<\/p>\n<p>PROGRAMA<\/p>\n<ul>\n<li>10:00 &#8211; 10:15 &#8211; Recepci\u00f3n de asistentes<\/li>\n<li>10:15 &#8211; 10:30 &#8211; Inauguraci\u00f3n del acto: Rector, Presidente Cajasiete, Presidente Mutua<\/li>\n<li>10:30 &#8211; 10:45 &#8211; Introducci\u00f3n de lo trabajado en el a\u00f1o + video memoria de actividades<\/li>\n<li>10:45 &#8211; 11:00 &#8211; Mapa BOB<\/li>\n<li>11:00 &#8211; 11:15 &#8211; Proyectos<\/li>\n<li>11:15 &#8211; 12:00 &#8211; Ponencia de invitado estrella<\/li>\n<li>12:00 &#8211; 12:30 &#8211; Plan de trabajo colaborativo, entrega certificaciones, foto de familia<\/li>\n<li>12:30 &#8211; Caf\u00e9 y networking<\/li>\n<\/ul>\n","protected":false},"excerpt":{"rendered":"<p>La Universidad de La Laguna celebra el jueves 12 de septiembre a las 10:00 horas en el Espacio Mutua en La Laguna al acto de renovaci\u00f3n de la C\u00e1tedra Cajasiete-ULL de Big Data, Open Data y Blockchain. El acto contar\u00e1 con la presencia del rector, Francisco Garc\u00eda Rodr\u00edguez; el presidente de Cajasiete, Fernando Berge Royo&#8230;<\/p>\n","protected":false},"author":65,"featured_media":37879,"comment_status":"closed","ping_status":"closed","template":"","tags":[],"tribe_events_cat":[3440,4,191],"acf":[],"yoast_head":"<!-- This site is optimized with the Yoast SEO plugin v21.3 - https:\/\/yoast.com\/wordpress\/plugins\/seo\/ -->\n<title>Renovaci\u00f3n de la C\u00e1tedra Cajasiete Big Data, Open Data y Blockchain - ULL - Agenda<\/title>\n<meta name=\"robots\" content=\"index, follow, max-snippet:-1, max-image-preview:large, max-video-preview:-1\" \/>\n<link rel=\"canonical\" href=\"https:\/\/www.ull.es\/portal\/agenda\/evento\/renovacion-de-la-catedra-cajasiete-big-data-open-data-y-blockchain\/\" \/>\n<meta property=\"og:locale\" content=\"es_ES\" \/>\n<meta property=\"og:type\" content=\"article\" \/>\n<meta property=\"og:title\" content=\"Renovaci\u00f3n de la C\u00e1tedra Cajasiete Big Data, Open Data y Blockchain - ULL - Agenda\" \/>\n<meta property=\"og:description\" content=\"La Universidad de La Laguna celebra el jueves 12 de septiembre a las 10:00 horas en el Espacio Mutua en La Laguna al acto de renovaci\u00f3n de la C\u00e1tedra Cajasiete-ULL de Big Data, Open Data y Blockchain. El acto contar\u00e1 con la presencia del rector, Francisco Garc\u00eda Rodr\u00edguez; el presidente de Cajasiete, Fernando Berge Royo...\" \/>\n<meta property=\"og:url\" content=\"https:\/\/www.ull.es\/portal\/agenda\/evento\/renovacion-de-la-catedra-cajasiete-big-data-open-data-y-blockchain\/\" \/>\n<meta property=\"og:site_name\" content=\"ULL - Agenda\" \/>\n<meta property=\"article:modified_time\" content=\"2024-09-12T07:29:31+00:00\" \/>\n<meta property=\"og:image\" content=\"https:\/\/www.ull.es\/portal\/agenda\/wp-content\/uploads\/sites\/12\/2024\/09\/Renovacion-Catedra-BOB_Banner-eventos.png\" \/>\n\t<meta property=\"og:image:width\" content=\"750\" \/>\n\t<meta property=\"og:image:height\" content=\"370\" \/>\n\t<meta property=\"og:image:type\" content=\"image\/png\" \/>\n<meta name=\"twitter:card\" content=\"summary_large_image\" \/>\n<meta name=\"twitter:label1\" content=\"Tiempo de lectura\" \/>\n\t<meta name=\"twitter:data1\" content=\"1 minuto\" \/>\n<script type=\"application\/ld+json\" class=\"yoast-schema-graph\">{\"@context\":\"https:\/\/schema.org\",\"@graph\":[{\"@type\":\"WebPage\",\"@id\":\"https:\/\/www.ull.es\/portal\/agenda\/evento\/renovacion-de-la-catedra-cajasiete-big-data-open-data-y-blockchain\/\",\"url\":\"https:\/\/www.ull.es\/portal\/agenda\/evento\/renovacion-de-la-catedra-cajasiete-big-data-open-data-y-blockchain\/\",\"name\":\"Renovaci\u00f3n de la C\u00e1tedra Cajasiete Big Data, Open Data y Blockchain - ULL - Agenda\",\"isPartOf\":{\"@id\":\"https:\/\/www.ull.es\/portal\/agenda\/#website\"},\"datePublished\":\"2024-09-10T08:00:34+00:00\",\"dateModified\":\"2024-09-12T07:29:31+00:00\",\"breadcrumb\":{\"@id\":\"https:\/\/www.ull.es\/portal\/agenda\/evento\/renovacion-de-la-catedra-cajasiete-big-data-open-data-y-blockchain\/#breadcrumb\"},\"inLanguage\":\"es\",\"potentialAction\":[{\"@type\":\"ReadAction\",\"target\":[\"https:\/\/www.ull.es\/portal\/agenda\/evento\/renovacion-de-la-catedra-cajasiete-big-data-open-data-y-blockchain\/\"]}]},{\"@type\":\"BreadcrumbList\",\"@id\":\"https:\/\/www.ull.es\/portal\/agenda\/evento\/renovacion-de-la-catedra-cajasiete-big-data-open-data-y-blockchain\/#breadcrumb\",\"itemListElement\":[{\"@type\":\"ListItem\",\"position\":1,\"name\":\"Portada\",\"item\":\"https:\/\/www.ull.es\/portal\/agenda\/\"},{\"@type\":\"ListItem\",\"position\":2,\"name\":\"Renovaci\u00f3n de la C\u00e1tedra Cajasiete Big Data, Open Data y Blockchain\"}]},{\"@type\":\"WebSite\",\"@id\":\"https:\/\/www.ull.es\/portal\/agenda\/#website\",\"url\":\"https:\/\/www.ull.es\/portal\/agenda\/\",\"name\":\"ULL - Agenda\",\"description\":\"\",\"potentialAction\":[{\"@type\":\"SearchAction\",\"target\":{\"@type\":\"EntryPoint\",\"urlTemplate\":\"https:\/\/www.ull.es\/portal\/agenda\/?s={search_term_string}\"},\"query-input\":\"required name=search_term_string\"}],\"inLanguage\":\"es\"}]}<\/script>\n<!-- \/ Yoast SEO plugin. -->","yoast_head_json":{"title":"Renovaci\u00f3n de la C\u00e1tedra Cajasiete Big Data, Open Data y Blockchain - ULL - Agenda","robots":{"index":"index","follow":"follow","max-snippet":"max-snippet:-1","max-image-preview":"max-image-preview:large","max-video-preview":"max-video-preview:-1"},"canonical":"https:\/\/www.ull.es\/portal\/agenda\/evento\/renovacion-de-la-catedra-cajasiete-big-data-open-data-y-blockchain\/","og_locale":"es_ES","og_type":"article","og_title":"Renovaci\u00f3n de la C\u00e1tedra Cajasiete Big Data, Open Data y Blockchain - ULL - Agenda","og_description":"La Universidad de La Laguna celebra el jueves 12 de septiembre a las 10:00 horas en el Espacio Mutua en La Laguna al acto de renovaci\u00f3n de la C\u00e1tedra Cajasiete-ULL de Big Data, Open Data y Blockchain. El acto contar\u00e1 con la presencia del rector, Francisco Garc\u00eda Rodr\u00edguez; el presidente de Cajasiete, Fernando Berge Royo...","og_url":"https:\/\/www.ull.es\/portal\/agenda\/evento\/renovacion-de-la-catedra-cajasiete-big-data-open-data-y-blockchain\/","og_site_name":"ULL - Agenda","article_modified_time":"2024-09-12T07:29:31+00:00","og_image":[{"width":750,"height":370,"url":"https:\/\/www.ull.es\/portal\/agenda\/wp-content\/uploads\/sites\/12\/2024\/09\/Renovacion-Catedra-BOB_Banner-eventos.png","type":"image\/png"}],"twitter_card":"summary_large_image","twitter_misc":{"Tiempo de lectura":"1 minuto"},"schema":{"@context":"https:\/\/schema.org","@graph":[{"@type":"WebPage","@id":"https:\/\/www.ull.es\/portal\/agenda\/evento\/renovacion-de-la-catedra-cajasiete-big-data-open-data-y-blockchain\/","url":"https:\/\/www.ull.es\/portal\/agenda\/evento\/renovacion-de-la-catedra-cajasiete-big-data-open-data-y-blockchain\/","name":"Renovaci\u00f3n de la C\u00e1tedra Cajasiete Big Data, Open Data y Blockchain - ULL - Agenda","isPartOf":{"@id":"https:\/\/www.ull.es\/portal\/agenda\/#website"},"datePublished":"2024-09-10T08:00:34+00:00","dateModified":"2024-09-12T07:29:31+00:00","breadcrumb":{"@id":"https:\/\/www.ull.es\/portal\/agenda\/evento\/renovacion-de-la-catedra-cajasiete-big-data-open-data-y-blockchain\/#breadcrumb"},"inLanguage":"es","potentialAction":[{"@type":"ReadAction","target":["https:\/\/www.ull.es\/portal\/agenda\/evento\/renovacion-de-la-catedra-cajasiete-big-data-open-data-y-blockchain\/"]}]},{"@type":"BreadcrumbList","@id":"https:\/\/www.ull.es\/portal\/agenda\/evento\/renovacion-de-la-catedra-cajasiete-big-data-open-data-y-blockchain\/#breadcrumb","itemListElement":[{"@type":"ListItem","position":1,"name":"Portada","item":"https:\/\/www.ull.es\/portal\/agenda\/"},{"@type":"ListItem","position":2,"name":"Renovaci\u00f3n de la C\u00e1tedra Cajasiete Big Data, Open Data y Blockchain"}]},{"@type":"WebSite","@id":"https:\/\/www.ull.es\/portal\/agenda\/#website","url":"https:\/\/www.ull.es\/portal\/agenda\/","name":"ULL - Agenda","description":"","potentialAction":[{"@type":"SearchAction","target":{"@type":"EntryPoint","urlTemplate":"https:\/\/www.ull.es\/portal\/agenda\/?s={search_term_string}"},"query-input":"required name=search_term_string"}],"inLanguage":"es"}]}},"_links":{"self":[{"href":"https:\/\/www.ull.es\/portal\/agenda\/wp-json\/wp\/v2\/tribe_events\/37772"}],"collection":[{"href":"https:\/\/www.ull.es\/portal\/agenda\/wp-json\/wp\/v2\/tribe_events"}],"about":[{"href":"https:\/\/www.ull.es\/portal\/agenda\/wp-json\/wp\/v2\/types\/tribe_events"}],"author":[{"embeddable":true,"href":"https:\/\/www.ull.es\/portal\/agenda\/wp-json\/wp\/v2\/users\/65"}],"replies":[{"embeddable":true,"href":"https:\/\/www.ull.es\/portal\/agenda\/wp-json\/wp\/v2\/comments?post=37772"}],"version-history":[{"count":2,"href":"https:\/\/www.ull.es\/portal\/agenda\/wp-json\/wp\/v2\/tribe_events\/37772\/revisions"}],"predecessor-version":[{"id":37882,"href":"https:\/\/www.ull.es\/portal\/agenda\/wp-json\/wp\/v2\/tribe_events\/37772\/revisions\/37882"}],"wp:featuredmedia":[{"embeddable":true,"href":"https:\/\/www.ull.es\/portal\/agenda\/wp-json\/wp\/v2\/media\/37879"}],"wp:attachment":[{"href":"https:\/\/www.ull.es\/portal\/agenda\/wp-json\/wp\/v2\/media?parent=37772"}],"wp:term":[{"taxonomy":"post_tag","embeddable":true,"href":"https:\/\/www.ull.es\/portal\/agenda\/wp-json\/wp\/v2\/tags?post=37772"},{"taxonomy":"tribe_events_cat","embeddable":true,"href":"https:\/\/www.ull.es\/portal\/agenda\/wp-json\/wp\/v2\/tribe_events_cat?post=37772"}],"curies":[{"name":"wp","href":"https:\/\/api.w.org\/{rel}","templated":true}]}}

Renovación de la Cátedra Cajasiete Big Data, Open Data y Blockchain

<p>La Universidad de La Laguna celebra el jueves 12 de septiembre a las 10:00 horas en el Espacio Mutua en La Laguna al acto de renovación de la Cátedra Cajasiete-ULL de Big Data, Open Data y Blockchain.</p>
<p>El acto contará con la presencia del rector, Francisco García Rodríguez; el presidente de Cajasiete, Fernando Berge Royo y el presidente de Mutua Tinerfeña Juan Antonio López de Vergara.</p>
<p>PROGRAMA</p>
<ul>
<li>10:00 &#8211; 10:15 &#8211; Recepción de asistentes</li>
<li>10:15 &#8211; 10:30 &#8211; Inauguración del acto: Rector, Presidente Cajasiete, Presidente Mutua</li>
<li>10:30 &#8211; 10:45 &#8211; Introducción de lo trabajado en el año + video memoria de actividades</li>
<li>10:45 &#8211; 11:00 &#8211; Mapa BOB</li>
<li>11:00 &#8211; 11:15 &#8211; Proyectos</li>
<li>11:15 &#8211; 12:00 &#8211; Ponencia de invitado estrella</li>
<li>12:00 &#8211; 12:30 &#8211; Plan de trabajo colaborativo, entrega certificaciones, foto de familia</li>
<li>12:30 &#8211; Café y networking</li>
</ul>

<p>La Universidad de La Laguna celebra el jueves 12 de septiembre a las 10:00 horas en el Espacio Mutua en La Laguna al acto de renovación de la Cátedra Cajasiete-ULL de Big Data, Open Data y Blockchain. El acto contará con la presencia del rector, Francisco García Rodríguez; el presidente de Cajasiete, Fernando Berge Royo&#8230;</p>

<!-- This site is optimized with the Yoast SEO plugin v21.3 - https://yoast.com/wordpress/plugins/seo/ -->
<title>Renovación de la Cátedra Cajasiete Big Data, Open Data y Blockchain - ULL - Agenda</title>
<meta name="robots" content="index, follow, max-snippet:-1, max-image-preview:large, max-video-preview:-1" />
<link rel="canonical" href="https://www.ull.es/portal/agenda/evento/renovacion-de-la-catedra-cajasiete-big-data-open-data-y-blockchain/" />
<meta property="og:locale" content="es_ES" />
<meta property="og:type" content="article" />
<meta property="og:title" content="Renovación de la Cátedra Cajasiete Big Data, Open Data y Blockchain - ULL - Agenda" />
<meta property="og:description" content="La Universidad de La Laguna celebra el jueves 12 de septiembre a las 10:00 horas en el Espacio Mutua en La Laguna al acto de renovación de la Cátedra Cajasiete-ULL de Big Data, Open Data y Blockchain. El acto contará con la presencia del rector, Francisco García Rodríguez; el presidente de Cajasiete, Fernando Berge Royo..." />
<meta property="og:url" content="https://www.ull.es/portal/agenda/evento/renovacion-de-la-catedra-cajasiete-big-data-open-data-y-blockchain/" />
<meta property="og:site_name" content="ULL - Agenda" />
<meta property="article:modified_time" content="2024-09-12T07:29:31+00:00" />
<meta property="og:image" content="https://www.ull.es/portal/agenda/wp-content/uploads/sites/12/2024/09/Renovacion-Catedra-BOB_Banner-eventos.png" />
	<meta property="og:image:width" content="750" />
	<meta property="og:image:height" content="370" />
	<meta property="og:image:type" content="image/png" />
<meta name="twitter:card" content="summary_large_image" />
<meta name="twitter:label1" content="Tiempo de lectura" />
	<meta name="twitter:data1" content="1 minuto" />
<script type="application/ld+json" class="yoast-schema-graph">{"@context":"https://schema.org","@graph":[{"@type":"WebPage","@id":"https://www.ull.es/portal/agenda/evento/renovacion-de-la-catedra-cajasiete-big-data-open-data-y-blockchain/","url":"https://www.ull.es/portal/agenda/evento/renovacion-de-la-catedra-cajasiete-big-data-open-data-y-blockchain/","name":"Renovación de la Cátedra Cajasiete Big Data, Open Data y Blockchain - ULL - Agenda","isPartOf":{"@id":"https://www.ull.es/portal/agenda/#website"},"datePublished":"2024-09-10T08:00:34+00:00","dateModified":"2024-09-12T07:29:31+00:00","breadcrumb":{"@id":"https://www.ull.es/portal/agenda/evento/renovacion-de-la-catedra-cajasiete-big-data-open-data-y-blockchain/#breadcrumb"},"inLanguage":"es","potentialAction":[{"@type":"ReadAction","target":["https://www.ull.es/portal/agenda/evento/renovacion-de-la-catedra-cajasiete-big-data-open-data-y-blockchain/"]}]},{"@type":"BreadcrumbList","@id":"https://www.ull.es/portal/agenda/evento/renovacion-de-la-catedra-cajasiete-big-data-open-data-y-blockchain/#breadcrumb","itemListElement":[{"@type":"ListItem","position":1,"name":"Portada","item":"https://www.ull.es/portal/agenda/"},{"@type":"ListItem","position":2,"name":"Renovación de la Cátedra Cajasiete Big Data, Open Data y Blockchain"}]},{"@type":"WebSite","@id":"https://www.ull.es/portal/agenda/#website","url":"https://www.ull.es/portal/agenda/","name":"ULL - Agenda","description":"","potentialAction":[{"@type":"SearchAction","target":{"@type":"EntryPoint","urlTemplate":"https://www.ull.es/portal/agenda/?s={search_term_string}"},"query-input":"required name=search_term_string"}],"inLanguage":"es"}]}</script>
<!-- / Yoast SEO plugin. -->

Renovación de la Cátedra Cajasiete Big Data, Open Data y Blockchain - ULL - Agenda

La Universidad de La Laguna celebra el jueves 12 de septiembre a las 10:00 horas en el Espacio Mutua en La Laguna al acto de renovación de la Cátedra Cajasiete-ULL de Big Data, Open Data y Blockchain. El acto contará con la presencia del rector, Francisco García Rodríguez; el presidente de Cajasiete, Fernando Berge Royo...
