{"id":37971,"date":"2024-09-16T10:55:58","date_gmt":"2024-09-16T10:55:58","guid":{"rendered":"https:\/\/www.ull.es\/portal\/agenda\/?post_type=tribe_events&#038;p=37971"},"modified":"2024-10-04T09:54:53","modified_gmt":"2024-10-04T09:54:53","slug":"ii-jornadas-agroforestales-curso-de-agricultura-sintropica","status":"publish","type":"tribe_events","link":"https:\/\/www.ull.es\/portal\/agenda\/evento\/ii-jornadas-agroforestales-curso-de-agricultura-sintropica\/","title":{"rendered":"II Jornadas Agroforestales: curso de agricultura sintr\u00f3pica"},"content":{"rendered":"<p>El Aula Cultural de Jardiner\u00eda, Biodiversidad y Permacultura con la colaboraci\u00f3n de la C\u00e1tedra Institucional de Medio Ambiente y Desarrollo Sostenible Cabildo de Tenerife-ULL, el Ayuntamiento de la Laguna, la Secci\u00f3n de Ingenier\u00eda Agraria de la Escuela Polit\u00e9cnica Superior de Ingenier\u00eda, la Fundaci\u00f3n Instituto de Agricultura Ecol\u00f3gica y Sostenible y la C\u00e1tedra Cultural de Agroecolog\u00eda Antonio Bello\u00a0organizan estas jornadas que se celebrar\u00e1n los d\u00edas 14 al 18 de octubre de 2024 en horario de 15:00 a 20:00 horas.<\/p>\n<p>Objetivos:<\/p>\n<p>&#8211; Sensibilizaci\u00f3n y formaci\u00f3n sobre las diferentes pr\u00e1cticas agroecol\u00f3gicas para llevar a cabo una agricultura regenerativa.<br \/>\n&#8211; Sensibilizaci\u00f3n y formaci\u00f3n sobre los diferentes Sistemas de Policultivos Agroforestales.<br \/>\n&#8211; Introducir la Agricultura Sintr\u00f3pica entre los temas de formaci\u00f3n innovadores necesarios para hacer cada vez m\u00e1s sostenibles y soberanos los sistemas agroalimentarios de las Islas Canarias.<br \/>\n&#8211; Formaci\u00f3n del alumnado interesado en adquirir conocimientos espec\u00edficos sobre las tem\u00e1ticas del t\u00edtulo, que son escasas a nivel curricular oficial universitario.<\/p>\n<p>Dirigidas a todo tipo de personas interesadas en conocer e implementar Sistemas Agroforestales Sostenibles.<\/p>\n<p>Direcci\u00f3n acad\u00e9mica:<\/p>\n<ul>\n<li>Antonio Perdomo Molina. Profesor Asociado, Departamento de Ingenier\u00eda Agraria y del Medio Natural de la Universidad de La Laguna.<\/li>\n<li>Pablo Jos\u00e9 V\u00e1zquez Gil. Ingeniero T\u00e9cnico Agr\u00edcola, Servicio Parques y Jardines de la Universidad de La Laguna.<\/li>\n<\/ul>\n<p>CERTIFICADO DE ASISTENCIA Y APTITUD: La Universidad de La Laguna, a trav\u00e9s del Vicerrectorado de Cultura y Extensi\u00f3n Universitaria, emitir\u00e1 un certificado de asistencia a todas aquellas personas que participen a un m\u00ednimo del 80% de las horas lectivas, previa inscripci\u00f3n en la actividad. Adem\u00e1s, aquellas personas que superen la evaluaci\u00f3n, recibir\u00e1n un certificado de asistencia y aprovechamiento.<\/p>\n<p><a href=\"https:\/\/sede.fg.ull.es\/es\/curso\/detalle?code=a24020220&amp;name=ii-jornadas-agroforestales-curso-de-agricultura-sintropica&amp;query=%3Fcode%3DA24020220\" target=\"_blank\" rel=\"noopener noreferrer\" target=\"_blank\" rel=\"noopener\"><strong><u>Consulta el programa e inscr\u00edbete aqu\u00ed.<\/u><\/strong><\/a><\/p>\n<p><span style=\"color: #ff0000\"><strong>\u00a1PLAZAS AGOTADAS!<\/strong><\/span><\/p>\n<p><strong>Contacto: <\/strong><a href=\"mailto:extuni@ull.edu.es\" target=\"_blank\" rel=\"noopener\" target=\"_blank\" rel=\"noopener\"><strong>extuni@ull.es<\/strong><\/a><\/p>\n","protected":false},"excerpt":{"rendered":"<p>El Aula Cultural de Jardiner\u00eda, Biodiversidad y Permacultura con la colaboraci\u00f3n de la C\u00e1tedra Institucional de Medio Ambiente y Desarrollo Sostenible Cabildo de Tenerife-ULL, el Ayuntamiento de la Laguna, la Secci\u00f3n de Ingenier\u00eda Agraria de la Escuela Polit\u00e9cnica Superior de Ingenier\u00eda, la Fundaci\u00f3n Instituto de Agricultura Ecol\u00f3gica y Sostenible y la C\u00e1tedra Cultural de Agroecolog\u00eda&#8230;<\/p>\n","protected":false},"author":43,"featured_media":38262,"comment_status":"closed","ping_status":"closed","template":"","tags":[4946,4259,977,3812,3751],"tribe_events_cat":[472,471,4,186],"acf":[],"yoast_head":"<!-- This site is optimized with the Yoast SEO plugin v21.3 - https:\/\/yoast.com\/wordpress\/plugins\/seo\/ -->\n<title>II Jornadas Agroforestales: curso de agricultura sintr\u00f3pica - ULL - Agenda<\/title>\n<meta name=\"robots\" content=\"index, follow, max-snippet:-1, max-image-preview:large, max-video-preview:-1\" \/>\n<link rel=\"canonical\" href=\"https:\/\/www.ull.es\/portal\/agenda\/evento\/ii-jornadas-agroforestales-curso-de-agricultura-sintropica\/\" \/>\n<meta property=\"og:locale\" content=\"es_ES\" \/>\n<meta property=\"og:type\" content=\"article\" \/>\n<meta property=\"og:title\" content=\"II Jornadas Agroforestales: curso de agricultura sintr\u00f3pica - ULL - Agenda\" \/>\n<meta property=\"og:description\" content=\"El Aula Cultural de Jardiner\u00eda, Biodiversidad y Permacultura con la colaboraci\u00f3n de la C\u00e1tedra Institucional de Medio Ambiente y Desarrollo Sostenible Cabildo de Tenerife-ULL, el Ayuntamiento de la Laguna, la Secci\u00f3n de Ingenier\u00eda Agraria de la Escuela Polit\u00e9cnica Superior de Ingenier\u00eda, la Fundaci\u00f3n Instituto de Agricultura Ecol\u00f3gica y Sostenible y la C\u00e1tedra Cultural de Agroecolog\u00eda...\" \/>\n<meta property=\"og:url\" content=\"https:\/\/www.ull.es\/portal\/agenda\/evento\/ii-jornadas-agroforestales-curso-de-agricultura-sintropica\/\" \/>\n<meta property=\"og:site_name\" content=\"ULL - Agenda\" \/>\n<meta property=\"article:modified_time\" content=\"2024-10-04T09:54:53+00:00\" \/>\n<meta property=\"og:image\" content=\"https:\/\/www.ull.es\/portal\/agenda\/wp-content\/uploads\/sites\/12\/2024\/09\/BannerSintropica.png\" \/>\n\t<meta property=\"og:image:width\" content=\"700\" \/>\n\t<meta property=\"og:image:height\" content=\"350\" \/>\n\t<meta property=\"og:image:type\" content=\"image\/png\" \/>\n<meta name=\"twitter:card\" content=\"summary_large_image\" \/>\n<meta name=\"twitter:label1\" content=\"Tiempo de lectura\" \/>\n\t<meta name=\"twitter:data1\" content=\"2 minutos\" \/>\n<script type=\"application\/ld+json\" class=\"yoast-schema-graph\">{\"@context\":\"https:\/\/schema.org\",\"@graph\":[{\"@type\":\"WebPage\",\"@id\":\"https:\/\/www.ull.es\/portal\/agenda\/evento\/ii-jornadas-agroforestales-curso-de-agricultura-sintropica\/\",\"url\":\"https:\/\/www.ull.es\/portal\/agenda\/evento\/ii-jornadas-agroforestales-curso-de-agricultura-sintropica\/\",\"name\":\"II Jornadas Agroforestales: curso de agricultura sintr\u00f3pica - ULL - Agenda\",\"isPartOf\":{\"@id\":\"https:\/\/www.ull.es\/portal\/agenda\/#website\"},\"datePublished\":\"2024-09-16T10:55:58+00:00\",\"dateModified\":\"2024-10-04T09:54:53+00:00\",\"breadcrumb\":{\"@id\":\"https:\/\/www.ull.es\/portal\/agenda\/evento\/ii-jornadas-agroforestales-curso-de-agricultura-sintropica\/#breadcrumb\"},\"inLanguage\":\"es\",\"potentialAction\":[{\"@type\":\"ReadAction\",\"target\":[\"https:\/\/www.ull.es\/portal\/agenda\/evento\/ii-jornadas-agroforestales-curso-de-agricultura-sintropica\/\"]}]},{\"@type\":\"BreadcrumbList\",\"@id\":\"https:\/\/www.ull.es\/portal\/agenda\/evento\/ii-jornadas-agroforestales-curso-de-agricultura-sintropica\/#breadcrumb\",\"itemListElement\":[{\"@type\":\"ListItem\",\"position\":1,\"name\":\"Portada\",\"item\":\"https:\/\/www.ull.es\/portal\/agenda\/\"},{\"@type\":\"ListItem\",\"position\":2,\"name\":\"II Jornadas Agroforestales: curso de agricultura sintr\u00f3pica\"}]},{\"@type\":\"WebSite\",\"@id\":\"https:\/\/www.ull.es\/portal\/agenda\/#website\",\"url\":\"https:\/\/www.ull.es\/portal\/agenda\/\",\"name\":\"ULL - Agenda\",\"description\":\"\",\"potentialAction\":[{\"@type\":\"SearchAction\",\"target\":{\"@type\":\"EntryPoint\",\"urlTemplate\":\"https:\/\/www.ull.es\/portal\/agenda\/?s={search_term_string}\"},\"query-input\":\"required name=search_term_string\"}],\"inLanguage\":\"es\"}]}<\/script>\n<!-- \/ Yoast SEO plugin. -->","yoast_head_json":{"title":"II Jornadas Agroforestales: curso de agricultura sintr\u00f3pica - ULL - Agenda","robots":{"index":"index","follow":"follow","max-snippet":"max-snippet:-1","max-image-preview":"max-image-preview:large","max-video-preview":"max-video-preview:-1"},"canonical":"https:\/\/www.ull.es\/portal\/agenda\/evento\/ii-jornadas-agroforestales-curso-de-agricultura-sintropica\/","og_locale":"es_ES","og_type":"article","og_title":"II Jornadas Agroforestales: curso de agricultura sintr\u00f3pica - ULL - Agenda","og_description":"El Aula Cultural de Jardiner\u00eda, Biodiversidad y Permacultura con la colaboraci\u00f3n de la C\u00e1tedra Institucional de Medio Ambiente y Desarrollo Sostenible Cabildo de Tenerife-ULL, el Ayuntamiento de la Laguna, la Secci\u00f3n de Ingenier\u00eda Agraria de la Escuela Polit\u00e9cnica Superior de Ingenier\u00eda, la Fundaci\u00f3n Instituto de Agricultura Ecol\u00f3gica y Sostenible y la C\u00e1tedra Cultural de Agroecolog\u00eda...","og_url":"https:\/\/www.ull.es\/portal\/agenda\/evento\/ii-jornadas-agroforestales-curso-de-agricultura-sintropica\/","og_site_name":"ULL - Agenda","article_modified_time":"2024-10-04T09:54:53+00:00","og_image":[{"width":700,"height":350,"url":"https:\/\/www.ull.es\/portal\/agenda\/wp-content\/uploads\/sites\/12\/2024\/09\/BannerSintropica.png","type":"image\/png"}],"twitter_card":"summary_large_image","twitter_misc":{"Tiempo de lectura":"2 minutos"},"schema":{"@context":"https:\/\/schema.org","@graph":[{"@type":"WebPage","@id":"https:\/\/www.ull.es\/portal\/agenda\/evento\/ii-jornadas-agroforestales-curso-de-agricultura-sintropica\/","url":"https:\/\/www.ull.es\/portal\/agenda\/evento\/ii-jornadas-agroforestales-curso-de-agricultura-sintropica\/","name":"II Jornadas Agroforestales: curso de agricultura sintr\u00f3pica - ULL - Agenda","isPartOf":{"@id":"https:\/\/www.ull.es\/portal\/agenda\/#website"},"datePublished":"2024-09-16T10:55:58+00:00","dateModified":"2024-10-04T09:54:53+00:00","breadcrumb":{"@id":"https:\/\/www.ull.es\/portal\/agenda\/evento\/ii-jornadas-agroforestales-curso-de-agricultura-sintropica\/#breadcrumb"},"inLanguage":"es","potentialAction":[{"@type":"ReadAction","target":["https:\/\/www.ull.es\/portal\/agenda\/evento\/ii-jornadas-agroforestales-curso-de-agricultura-sintropica\/"]}]},{"@type":"BreadcrumbList","@id":"https:\/\/www.ull.es\/portal\/agenda\/evento\/ii-jornadas-agroforestales-curso-de-agricultura-sintropica\/#breadcrumb","itemListElement":[{"@type":"ListItem","position":1,"name":"Portada","item":"https:\/\/www.ull.es\/portal\/agenda\/"},{"@type":"ListItem","position":2,"name":"II Jornadas Agroforestales: curso de agricultura sintr\u00f3pica"}]},{"@type":"WebSite","@id":"https:\/\/www.ull.es\/portal\/agenda\/#website","url":"https:\/\/www.ull.es\/portal\/agenda\/","name":"ULL - Agenda","description":"","potentialAction":[{"@type":"SearchAction","target":{"@type":"EntryPoint","urlTemplate":"https:\/\/www.ull.es\/portal\/agenda\/?s={search_term_string}"},"query-input":"required name=search_term_string"}],"inLanguage":"es"}]}},"_links":{"self":[{"href":"https:\/\/www.ull.es\/portal\/agenda\/wp-json\/wp\/v2\/tribe_events\/37971"}],"collection":[{"href":"https:\/\/www.ull.es\/portal\/agenda\/wp-json\/wp\/v2\/tribe_events"}],"about":[{"href":"https:\/\/www.ull.es\/portal\/agenda\/wp-json\/wp\/v2\/types\/tribe_events"}],"author":[{"embeddable":true,"href":"https:\/\/www.ull.es\/portal\/agenda\/wp-json\/wp\/v2\/users\/43"}],"replies":[{"embeddable":true,"href":"https:\/\/www.ull.es\/portal\/agenda\/wp-json\/wp\/v2\/comments?post=37971"}],"version-history":[{"count":7,"href":"https:\/\/www.ull.es\/portal\/agenda\/wp-json\/wp\/v2\/tribe_events\/37971\/revisions"}],"predecessor-version":[{"id":38566,"href":"https:\/\/www.ull.es\/portal\/agenda\/wp-json\/wp\/v2\/tribe_events\/37971\/revisions\/38566"}],"wp:featuredmedia":[{"embeddable":true,"href":"https:\/\/www.ull.es\/portal\/agenda\/wp-json\/wp\/v2\/media\/38262"}],"wp:attachment":[{"href":"https:\/\/www.ull.es\/portal\/agenda\/wp-json\/wp\/v2\/media?parent=37971"}],"wp:term":[{"taxonomy":"post_tag","embeddable":true,"href":"https:\/\/www.ull.es\/portal\/agenda\/wp-json\/wp\/v2\/tags?post=37971"},{"taxonomy":"tribe_events_cat","embeddable":true,"href":"https:\/\/www.ull.es\/portal\/agenda\/wp-json\/wp\/v2\/tribe_events_cat?post=37971"}],"curies":[{"name":"wp","href":"https:\/\/api.w.org\/{rel}","templated":true}]}}

II Jornadas Agroforestales: curso de agricultura sintrópica

<p>El Aula Cultural de Jardinería, Biodiversidad y Permacultura con la colaboración de la Cátedra Institucional de Medio Ambiente y Desarrollo Sostenible Cabildo de Tenerife-ULL, el Ayuntamiento de la Laguna, la Sección de Ingeniería Agraria de la Escuela Politécnica Superior de Ingeniería, la Fundación Instituto de Agricultura Ecológica y Sostenible y la Cátedra Cultural de Agroecología Antonio Bello organizan estas jornadas que se celebrarán los días 14 al 18 de octubre de 2024 en horario de 15:00 a 20:00 horas.</p>
<p>Objetivos:</p>
<p>&#8211; Sensibilización y formación sobre las diferentes prácticas agroecológicas para llevar a cabo una agricultura regenerativa.<br />
&#8211; Sensibilización y formación sobre los diferentes Sistemas de Policultivos Agroforestales.<br />
&#8211; Introducir la Agricultura Sintrópica entre los temas de formación innovadores necesarios para hacer cada vez más sostenibles y soberanos los sistemas agroalimentarios de las Islas Canarias.<br />
&#8211; Formación del alumnado interesado en adquirir conocimientos específicos sobre las temáticas del título, que son escasas a nivel curricular oficial universitario.</p>
<p>Dirigidas a todo tipo de personas interesadas en conocer e implementar Sistemas Agroforestales Sostenibles.</p>
<p>Dirección académica:</p>
<ul>
<li>Antonio Perdomo Molina. Profesor Asociado, Departamento de Ingeniería Agraria y del Medio Natural de la Universidad de La Laguna.</li>
<li>Pablo José Vázquez Gil. Ingeniero Técnico Agrícola, Servicio Parques y Jardines de la Universidad de La Laguna.</li>
</ul>
<p>CERTIFICADO DE ASISTENCIA Y APTITUD: La Universidad de La Laguna, a través del Vicerrectorado de Cultura y Extensión Universitaria, emitirá un certificado de asistencia a todas aquellas personas que participen a un mínimo del 80% de las horas lectivas, previa inscripción en la actividad. Además, aquellas personas que superen la evaluación, recibirán un certificado de asistencia y aprovechamiento.</p>
<p><a href="https://sede.fg.ull.es/es/curso/detalle?code=a24020220&amp;name=ii-jornadas-agroforestales-curso-de-agricultura-sintropica&amp;query=%3Fcode%3DA24020220" target="_blank" rel="noopener noreferrer" target="_blank" rel="noopener"><strong><u>Consulta el programa e inscríbete aquí.</u></strong></a></p>
<p><span style="color: #ff0000"><strong>¡PLAZAS AGOTADAS!</strong></span></p>
<p><strong>Contacto: </strong><a href="mailto:extuni@ull.edu.es" target="_blank" rel="noopener" target="_blank" rel="noopener"><strong>extuni@ull.es</strong></a></p>

<p>El Aula Cultural de Jardinería, Biodiversidad y Permacultura con la colaboración de la Cátedra Institucional de Medio Ambiente y Desarrollo Sostenible Cabildo de Tenerife-ULL, el Ayuntamiento de la Laguna, la Sección de Ingeniería Agraria de la Escuela Politécnica Superior de Ingeniería, la Fundación Instituto de Agricultura Ecológica y Sostenible y la Cátedra Cultural de Agroecología&#8230;</p>

<!-- This site is optimized with the Yoast SEO plugin v21.3 - https://yoast.com/wordpress/plugins/seo/ -->
<title>II Jornadas Agroforestales: curso de agricultura sintrópica - ULL - Agenda</title>
<meta name="robots" content="index, follow, max-snippet:-1, max-image-preview:large, max-video-preview:-1" />
<link rel="canonical" href="https://www.ull.es/portal/agenda/evento/ii-jornadas-agroforestales-curso-de-agricultura-sintropica/" />
<meta property="og:locale" content="es_ES" />
<meta property="og:type" content="article" />
<meta property="og:title" content="II Jornadas Agroforestales: curso de agricultura sintrópica - ULL - Agenda" />
<meta property="og:description" content="El Aula Cultural de Jardinería, Biodiversidad y Permacultura con la colaboración de la Cátedra Institucional de Medio Ambiente y Desarrollo Sostenible Cabildo de Tenerife-ULL, el Ayuntamiento de la Laguna, la Sección de Ingeniería Agraria de la Escuela Politécnica Superior de Ingeniería, la Fundación Instituto de Agricultura Ecológica y Sostenible y la Cátedra Cultural de Agroecología..." />
<meta property="og:url" content="https://www.ull.es/portal/agenda/evento/ii-jornadas-agroforestales-curso-de-agricultura-sintropica/" />
<meta property="og:site_name" content="ULL - Agenda" />
<meta property="article:modified_time" content="2024-10-04T09:54:53+00:00" />
<meta property="og:image" content="https://www.ull.es/portal/agenda/wp-content/uploads/sites/12/2024/09/BannerSintropica.png" />
	<meta property="og:image:width" content="700" />
	<meta property="og:image:height" content="350" />
	<meta property="og:image:type" content="image/png" />
<meta name="twitter:card" content="summary_large_image" />
<meta name="twitter:label1" content="Tiempo de lectura" />
	<meta name="twitter:data1" content="2 minutos" />
<script type="application/ld+json" class="yoast-schema-graph">{"@context":"https://schema.org","@graph":[{"@type":"WebPage","@id":"https://www.ull.es/portal/agenda/evento/ii-jornadas-agroforestales-curso-de-agricultura-sintropica/","url":"https://www.ull.es/portal/agenda/evento/ii-jornadas-agroforestales-curso-de-agricultura-sintropica/","name":"II Jornadas Agroforestales: curso de agricultura sintrópica - ULL - Agenda","isPartOf":{"@id":"https://www.ull.es/portal/agenda/#website"},"datePublished":"2024-09-16T10:55:58+00:00","dateModified":"2024-10-04T09:54:53+00:00","breadcrumb":{"@id":"https://www.ull.es/portal/agenda/evento/ii-jornadas-agroforestales-curso-de-agricultura-sintropica/#breadcrumb"},"inLanguage":"es","potentialAction":[{"@type":"ReadAction","target":["https://www.ull.es/portal/agenda/evento/ii-jornadas-agroforestales-curso-de-agricultura-sintropica/"]}]},{"@type":"BreadcrumbList","@id":"https://www.ull.es/portal/agenda/evento/ii-jornadas-agroforestales-curso-de-agricultura-sintropica/#breadcrumb","itemListElement":[{"@type":"ListItem","position":1,"name":"Portada","item":"https://www.ull.es/portal/agenda/"},{"@type":"ListItem","position":2,"name":"II Jornadas Agroforestales: curso de agricultura sintrópica"}]},{"@type":"WebSite","@id":"https://www.ull.es/portal/agenda/#website","url":"https://www.ull.es/portal/agenda/","name":"ULL - Agenda","description":"","potentialAction":[{"@type":"SearchAction","target":{"@type":"EntryPoint","urlTemplate":"https://www.ull.es/portal/agenda/?s={search_term_string}"},"query-input":"required name=search_term_string"}],"inLanguage":"es"}]}</script>
<!-- / Yoast SEO plugin. -->

II Jornadas Agroforestales: curso de agricultura sintrópica - ULL - Agenda

El Aula Cultural de Jardinería, Biodiversidad y Permacultura con la colaboración de la Cátedra Institucional de Medio Ambiente y Desarrollo Sostenible Cabildo de Tenerife-ULL, el Ayuntamiento de la Laguna, la Sección de Ingeniería Agraria de la Escuela Politécnica Superior de Ingeniería, la Fundación Instituto de Agricultura Ecológica y Sostenible y la Cátedra Cultural de Agroecología...
