{"id":38258,"date":"2024-09-26T07:36:45","date_gmt":"2024-09-26T07:36:45","guid":{"rendered":"https:\/\/www.ull.es\/portal\/agenda\/?post_type=tribe_events&#038;p=38258"},"modified":"2024-09-26T07:49:21","modified_gmt":"2024-09-26T07:49:21","slug":"xvii-concierto-de-la-banda-sinfonica-de-la-universidad-de-la-laguna","status":"publish","type":"tribe_events","link":"https:\/\/www.ull.es\/portal\/agenda\/evento\/xvii-concierto-de-la-banda-sinfonica-de-la-universidad-de-la-laguna\/","title":{"rendered":"XVII Concierto de la Banda Sinf\u00f3nica de la Universidad de La Laguna"},"content":{"rendered":"<p>Con motivo del inicio del nuevo curso acad\u00e9mico, Alumni ULL organiza el XVII Concierto de la Banda Sinf\u00f3nica de la Universidad de La Laguna, que se celebrar\u00e1 el domingo, 29 de septiembre de 2024, a las 12:00 del mediod\u00eda en la Plaza de la Catedral de La Laguna. Este evento es posible gracias a la colaboraci\u00f3n del \u00c1rea de Cultura del Ayuntamiento de La Laguna, la Fundaci\u00f3n CajaCanarias y el Consejo social de la Universidad de La Laguna.<\/p>\n<p>La Banda Sinf\u00f3nica, integrada por destacados m\u00fasicos, presentar\u00e1 un repertorio variado y emotivo, dise\u00f1ado para ofrecer una experiencia art\u00edstica inolvidable para todos los asistentes.<\/p>\n<p>Programa:<\/p>\n<ul>\n<li>Lawrence of Arabia \u2013 arr. Alfred Reed<\/li>\n<li>A Disney Spectacular \u2013 arr. John Moss<\/li>\n<li>La la land \u2013 Justin Hurwitz arr. Michael Brown<\/li>\n<li>The Prince of Egypt \u2013 Stephen Schwartz arr. Jay Bocook<\/li>\n<li>Carmina Burana \u2013 Carl Orff<\/li>\n<li>The Hunger games \u2013 Howard arr. Brown<\/li>\n<li>Guardians of Galaxy \u2013 arr. Michael Brown<\/li>\n<li>Moment for morricone \u2013 Ennio Morricone arr. Johan de Meij<\/li>\n<\/ul>\n","protected":false},"excerpt":{"rendered":"<p>Con motivo del inicio del nuevo curso acad\u00e9mico, Alumni ULL organiza el XVII Concierto de la Banda Sinf\u00f3nica de la Universidad de La Laguna, que se celebrar\u00e1 el domingo, 29 de septiembre de 2024, a las 12:00 del mediod\u00eda en la Plaza de la Catedral de La Laguna. Este evento es posible gracias a la&#8230;<\/p>\n","protected":false},"author":65,"featured_media":38259,"comment_status":"closed","ping_status":"closed","template":"","tags":[],"tribe_events_cat":[4819,3987,4],"acf":[],"yoast_head":"<!-- This site is optimized with the Yoast SEO plugin v21.3 - https:\/\/yoast.com\/wordpress\/plugins\/seo\/ -->\n<title>XVII Concierto de la Banda Sinf\u00f3nica de la Universidad de La Laguna - ULL - Agenda<\/title>\n<meta name=\"robots\" content=\"index, follow, max-snippet:-1, max-image-preview:large, max-video-preview:-1\" \/>\n<link rel=\"canonical\" href=\"https:\/\/www.ull.es\/portal\/agenda\/evento\/xvii-concierto-de-la-banda-sinfonica-de-la-universidad-de-la-laguna\/\" \/>\n<meta property=\"og:locale\" content=\"es_ES\" \/>\n<meta property=\"og:type\" content=\"article\" \/>\n<meta property=\"og:title\" content=\"XVII Concierto de la Banda Sinf\u00f3nica de la Universidad de La Laguna - ULL - Agenda\" \/>\n<meta property=\"og:description\" content=\"Con motivo del inicio del nuevo curso acad\u00e9mico, Alumni ULL organiza el XVII Concierto de la Banda Sinf\u00f3nica de la Universidad de La Laguna, que se celebrar\u00e1 el domingo, 29 de septiembre de 2024, a las 12:00 del mediod\u00eda en la Plaza de la Catedral de La Laguna. Este evento es posible gracias a la...\" \/>\n<meta property=\"og:url\" content=\"https:\/\/www.ull.es\/portal\/agenda\/evento\/xvii-concierto-de-la-banda-sinfonica-de-la-universidad-de-la-laguna\/\" \/>\n<meta property=\"og:site_name\" content=\"ULL - Agenda\" \/>\n<meta property=\"article:modified_time\" content=\"2024-09-26T07:49:21+00:00\" \/>\n<meta property=\"og:image\" content=\"https:\/\/www.ull.es\/portal\/agenda\/wp-content\/uploads\/sites\/12\/2024\/09\/XVII-Concierto-de-la-Banda-Sinfonica-de-la-Universidad-de-La-Laguna-700x350-Alumni-ULL-Antiguos-Alumnos-y-Amigos-de-la-ULL.jpg\" \/>\n\t<meta property=\"og:image:width\" content=\"700\" \/>\n\t<meta property=\"og:image:height\" content=\"350\" \/>\n\t<meta property=\"og:image:type\" content=\"image\/jpeg\" \/>\n<meta name=\"twitter:card\" content=\"summary_large_image\" \/>\n<meta name=\"twitter:label1\" content=\"Tiempo de lectura\" \/>\n\t<meta name=\"twitter:data1\" content=\"1 minuto\" \/>\n<script type=\"application\/ld+json\" class=\"yoast-schema-graph\">{\"@context\":\"https:\/\/schema.org\",\"@graph\":[{\"@type\":\"WebPage\",\"@id\":\"https:\/\/www.ull.es\/portal\/agenda\/evento\/xvii-concierto-de-la-banda-sinfonica-de-la-universidad-de-la-laguna\/\",\"url\":\"https:\/\/www.ull.es\/portal\/agenda\/evento\/xvii-concierto-de-la-banda-sinfonica-de-la-universidad-de-la-laguna\/\",\"name\":\"XVII Concierto de la Banda Sinf\u00f3nica de la Universidad de La Laguna - ULL - Agenda\",\"isPartOf\":{\"@id\":\"https:\/\/www.ull.es\/portal\/agenda\/#website\"},\"datePublished\":\"2024-09-26T07:36:45+00:00\",\"dateModified\":\"2024-09-26T07:49:21+00:00\",\"breadcrumb\":{\"@id\":\"https:\/\/www.ull.es\/portal\/agenda\/evento\/xvii-concierto-de-la-banda-sinfonica-de-la-universidad-de-la-laguna\/#breadcrumb\"},\"inLanguage\":\"es\",\"potentialAction\":[{\"@type\":\"ReadAction\",\"target\":[\"https:\/\/www.ull.es\/portal\/agenda\/evento\/xvii-concierto-de-la-banda-sinfonica-de-la-universidad-de-la-laguna\/\"]}]},{\"@type\":\"BreadcrumbList\",\"@id\":\"https:\/\/www.ull.es\/portal\/agenda\/evento\/xvii-concierto-de-la-banda-sinfonica-de-la-universidad-de-la-laguna\/#breadcrumb\",\"itemListElement\":[{\"@type\":\"ListItem\",\"position\":1,\"name\":\"Portada\",\"item\":\"https:\/\/www.ull.es\/portal\/agenda\/\"},{\"@type\":\"ListItem\",\"position\":2,\"name\":\"XVII Concierto de la Banda Sinf\u00f3nica de la Universidad de La Laguna\"}]},{\"@type\":\"WebSite\",\"@id\":\"https:\/\/www.ull.es\/portal\/agenda\/#website\",\"url\":\"https:\/\/www.ull.es\/portal\/agenda\/\",\"name\":\"ULL - Agenda\",\"description\":\"\",\"potentialAction\":[{\"@type\":\"SearchAction\",\"target\":{\"@type\":\"EntryPoint\",\"urlTemplate\":\"https:\/\/www.ull.es\/portal\/agenda\/?s={search_term_string}\"},\"query-input\":\"required name=search_term_string\"}],\"inLanguage\":\"es\"}]}<\/script>\n<!-- \/ Yoast SEO plugin. -->","yoast_head_json":{"title":"XVII Concierto de la Banda Sinf\u00f3nica de la Universidad de La Laguna - ULL - Agenda","robots":{"index":"index","follow":"follow","max-snippet":"max-snippet:-1","max-image-preview":"max-image-preview:large","max-video-preview":"max-video-preview:-1"},"canonical":"https:\/\/www.ull.es\/portal\/agenda\/evento\/xvii-concierto-de-la-banda-sinfonica-de-la-universidad-de-la-laguna\/","og_locale":"es_ES","og_type":"article","og_title":"XVII Concierto de la Banda Sinf\u00f3nica de la Universidad de La Laguna - ULL - Agenda","og_description":"Con motivo del inicio del nuevo curso acad\u00e9mico, Alumni ULL organiza el XVII Concierto de la Banda Sinf\u00f3nica de la Universidad de La Laguna, que se celebrar\u00e1 el domingo, 29 de septiembre de 2024, a las 12:00 del mediod\u00eda en la Plaza de la Catedral de La Laguna. Este evento es posible gracias a la...","og_url":"https:\/\/www.ull.es\/portal\/agenda\/evento\/xvii-concierto-de-la-banda-sinfonica-de-la-universidad-de-la-laguna\/","og_site_name":"ULL - Agenda","article_modified_time":"2024-09-26T07:49:21+00:00","og_image":[{"width":700,"height":350,"url":"https:\/\/www.ull.es\/portal\/agenda\/wp-content\/uploads\/sites\/12\/2024\/09\/XVII-Concierto-de-la-Banda-Sinfonica-de-la-Universidad-de-La-Laguna-700x350-Alumni-ULL-Antiguos-Alumnos-y-Amigos-de-la-ULL.jpg","type":"image\/jpeg"}],"twitter_card":"summary_large_image","twitter_misc":{"Tiempo de lectura":"1 minuto"},"schema":{"@context":"https:\/\/schema.org","@graph":[{"@type":"WebPage","@id":"https:\/\/www.ull.es\/portal\/agenda\/evento\/xvii-concierto-de-la-banda-sinfonica-de-la-universidad-de-la-laguna\/","url":"https:\/\/www.ull.es\/portal\/agenda\/evento\/xvii-concierto-de-la-banda-sinfonica-de-la-universidad-de-la-laguna\/","name":"XVII Concierto de la Banda Sinf\u00f3nica de la Universidad de La Laguna - ULL - Agenda","isPartOf":{"@id":"https:\/\/www.ull.es\/portal\/agenda\/#website"},"datePublished":"2024-09-26T07:36:45+00:00","dateModified":"2024-09-26T07:49:21+00:00","breadcrumb":{"@id":"https:\/\/www.ull.es\/portal\/agenda\/evento\/xvii-concierto-de-la-banda-sinfonica-de-la-universidad-de-la-laguna\/#breadcrumb"},"inLanguage":"es","potentialAction":[{"@type":"ReadAction","target":["https:\/\/www.ull.es\/portal\/agenda\/evento\/xvii-concierto-de-la-banda-sinfonica-de-la-universidad-de-la-laguna\/"]}]},{"@type":"BreadcrumbList","@id":"https:\/\/www.ull.es\/portal\/agenda\/evento\/xvii-concierto-de-la-banda-sinfonica-de-la-universidad-de-la-laguna\/#breadcrumb","itemListElement":[{"@type":"ListItem","position":1,"name":"Portada","item":"https:\/\/www.ull.es\/portal\/agenda\/"},{"@type":"ListItem","position":2,"name":"XVII Concierto de la Banda Sinf\u00f3nica de la Universidad de La Laguna"}]},{"@type":"WebSite","@id":"https:\/\/www.ull.es\/portal\/agenda\/#website","url":"https:\/\/www.ull.es\/portal\/agenda\/","name":"ULL - Agenda","description":"","potentialAction":[{"@type":"SearchAction","target":{"@type":"EntryPoint","urlTemplate":"https:\/\/www.ull.es\/portal\/agenda\/?s={search_term_string}"},"query-input":"required name=search_term_string"}],"inLanguage":"es"}]}},"_links":{"self":[{"href":"https:\/\/www.ull.es\/portal\/agenda\/wp-json\/wp\/v2\/tribe_events\/38258"}],"collection":[{"href":"https:\/\/www.ull.es\/portal\/agenda\/wp-json\/wp\/v2\/tribe_events"}],"about":[{"href":"https:\/\/www.ull.es\/portal\/agenda\/wp-json\/wp\/v2\/types\/tribe_events"}],"author":[{"embeddable":true,"href":"https:\/\/www.ull.es\/portal\/agenda\/wp-json\/wp\/v2\/users\/65"}],"replies":[{"embeddable":true,"href":"https:\/\/www.ull.es\/portal\/agenda\/wp-json\/wp\/v2\/comments?post=38258"}],"version-history":[{"count":1,"href":"https:\/\/www.ull.es\/portal\/agenda\/wp-json\/wp\/v2\/tribe_events\/38258\/revisions"}],"predecessor-version":[{"id":38261,"href":"https:\/\/www.ull.es\/portal\/agenda\/wp-json\/wp\/v2\/tribe_events\/38258\/revisions\/38261"}],"wp:featuredmedia":[{"embeddable":true,"href":"https:\/\/www.ull.es\/portal\/agenda\/wp-json\/wp\/v2\/media\/38259"}],"wp:attachment":[{"href":"https:\/\/www.ull.es\/portal\/agenda\/wp-json\/wp\/v2\/media?parent=38258"}],"wp:term":[{"taxonomy":"post_tag","embeddable":true,"href":"https:\/\/www.ull.es\/portal\/agenda\/wp-json\/wp\/v2\/tags?post=38258"},{"taxonomy":"tribe_events_cat","embeddable":true,"href":"https:\/\/www.ull.es\/portal\/agenda\/wp-json\/wp\/v2\/tribe_events_cat?post=38258"}],"curies":[{"name":"wp","href":"https:\/\/api.w.org\/{rel}","templated":true}]}}

XVII Concierto de la Banda Sinfónica de la Universidad de La Laguna

<p>Con motivo del inicio del nuevo curso académico, Alumni ULL organiza el XVII Concierto de la Banda Sinfónica de la Universidad de La Laguna, que se celebrará el domingo, 29 de septiembre de 2024, a las 12:00 del mediodía en la Plaza de la Catedral de La Laguna. Este evento es posible gracias a la colaboración del Área de Cultura del Ayuntamiento de La Laguna, la Fundación CajaCanarias y el Consejo social de la Universidad de La Laguna.</p>
<p>La Banda Sinfónica, integrada por destacados músicos, presentará un repertorio variado y emotivo, diseñado para ofrecer una experiencia artística inolvidable para todos los asistentes.</p>
<p>Programa:</p>
<ul>
<li>Lawrence of Arabia – arr. Alfred Reed</li>
<li>A Disney Spectacular – arr. John Moss</li>
<li>La la land – Justin Hurwitz arr. Michael Brown</li>
<li>The Prince of Egypt – Stephen Schwartz arr. Jay Bocook</li>
<li>Carmina Burana – Carl Orff</li>
<li>The Hunger games – Howard arr. Brown</li>
<li>Guardians of Galaxy – arr. Michael Brown</li>
<li>Moment for morricone – Ennio Morricone arr. Johan de Meij</li>
</ul>

<p>Con motivo del inicio del nuevo curso académico, Alumni ULL organiza el XVII Concierto de la Banda Sinfónica de la Universidad de La Laguna, que se celebrará el domingo, 29 de septiembre de 2024, a las 12:00 del mediodía en la Plaza de la Catedral de La Laguna. Este evento es posible gracias a la&#8230;</p>

<!-- This site is optimized with the Yoast SEO plugin v21.3 - https://yoast.com/wordpress/plugins/seo/ -->
<title>XVII Concierto de la Banda Sinfónica de la Universidad de La Laguna - ULL - Agenda</title>
<meta name="robots" content="index, follow, max-snippet:-1, max-image-preview:large, max-video-preview:-1" />
<link rel="canonical" href="https://www.ull.es/portal/agenda/evento/xvii-concierto-de-la-banda-sinfonica-de-la-universidad-de-la-laguna/" />
<meta property="og:locale" content="es_ES" />
<meta property="og:type" content="article" />
<meta property="og:title" content="XVII Concierto de la Banda Sinfónica de la Universidad de La Laguna - ULL - Agenda" />
<meta property="og:description" content="Con motivo del inicio del nuevo curso académico, Alumni ULL organiza el XVII Concierto de la Banda Sinfónica de la Universidad de La Laguna, que se celebrará el domingo, 29 de septiembre de 2024, a las 12:00 del mediodía en la Plaza de la Catedral de La Laguna. Este evento es posible gracias a la..." />
<meta property="og:url" content="https://www.ull.es/portal/agenda/evento/xvii-concierto-de-la-banda-sinfonica-de-la-universidad-de-la-laguna/" />
<meta property="og:site_name" content="ULL - Agenda" />
<meta property="article:modified_time" content="2024-09-26T07:49:21+00:00" />
<meta property="og:image" content="https://www.ull.es/portal/agenda/wp-content/uploads/sites/12/2024/09/XVII-Concierto-de-la-Banda-Sinfonica-de-la-Universidad-de-La-Laguna-700x350-Alumni-ULL-Antiguos-Alumnos-y-Amigos-de-la-ULL.jpg" />
	<meta property="og:image:width" content="700" />
	<meta property="og:image:height" content="350" />
	<meta property="og:image:type" content="image/jpeg" />
<meta name="twitter:card" content="summary_large_image" />
<meta name="twitter:label1" content="Tiempo de lectura" />
	<meta name="twitter:data1" content="1 minuto" />
<script type="application/ld+json" class="yoast-schema-graph">{"@context":"https://schema.org","@graph":[{"@type":"WebPage","@id":"https://www.ull.es/portal/agenda/evento/xvii-concierto-de-la-banda-sinfonica-de-la-universidad-de-la-laguna/","url":"https://www.ull.es/portal/agenda/evento/xvii-concierto-de-la-banda-sinfonica-de-la-universidad-de-la-laguna/","name":"XVII Concierto de la Banda Sinfónica de la Universidad de La Laguna - ULL - Agenda","isPartOf":{"@id":"https://www.ull.es/portal/agenda/#website"},"datePublished":"2024-09-26T07:36:45+00:00","dateModified":"2024-09-26T07:49:21+00:00","breadcrumb":{"@id":"https://www.ull.es/portal/agenda/evento/xvii-concierto-de-la-banda-sinfonica-de-la-universidad-de-la-laguna/#breadcrumb"},"inLanguage":"es","potentialAction":[{"@type":"ReadAction","target":["https://www.ull.es/portal/agenda/evento/xvii-concierto-de-la-banda-sinfonica-de-la-universidad-de-la-laguna/"]}]},{"@type":"BreadcrumbList","@id":"https://www.ull.es/portal/agenda/evento/xvii-concierto-de-la-banda-sinfonica-de-la-universidad-de-la-laguna/#breadcrumb","itemListElement":[{"@type":"ListItem","position":1,"name":"Portada","item":"https://www.ull.es/portal/agenda/"},{"@type":"ListItem","position":2,"name":"XVII Concierto de la Banda Sinfónica de la Universidad de La Laguna"}]},{"@type":"WebSite","@id":"https://www.ull.es/portal/agenda/#website","url":"https://www.ull.es/portal/agenda/","name":"ULL - Agenda","description":"","potentialAction":[{"@type":"SearchAction","target":{"@type":"EntryPoint","urlTemplate":"https://www.ull.es/portal/agenda/?s={search_term_string}"},"query-input":"required name=search_term_string"}],"inLanguage":"es"}]}</script>
<!-- / Yoast SEO plugin. -->

XVII Concierto de la Banda Sinfónica de la Universidad de La Laguna - ULL - Agenda

Con motivo del inicio del nuevo curso académico, Alumni ULL organiza el XVII Concierto de la Banda Sinfónica de la Universidad de La Laguna, que se celebrará el domingo, 29 de septiembre de 2024, a las 12:00 del mediodía en la Plaza de la Catedral de La Laguna. Este evento es posible gracias a la...
