{"id":38337,"date":"2024-09-27T13:18:43","date_gmt":"2024-09-27T13:18:43","guid":{"rendered":"https:\/\/www.ull.es\/portal\/agenda\/?post_type=tribe_events&#038;p=38337"},"modified":"2024-11-05T10:24:15","modified_gmt":"2024-11-05T10:24:15","slug":"exposicion-pictorica-vita-nova-davide-battaglia","status":"publish","type":"tribe_events","link":"https:\/\/www.ull.es\/portal\/agenda\/evento\/exposicion-pictorica-vita-nova-davide-battaglia\/","title":{"rendered":"Exposici\u00f3n pict\u00f3rica \u201cVita Nova\u201d. Davide Battaglia"},"content":{"rendered":"<p style=\"font-weight: 400;\">Davide Battaglia nace en G\u00e9nova en 1982. Estudia en el Liceo Art\u00edstico y en 2006 se grad\u00faa en la Academia Ligustica de Bellas Artes. Ha expuesto sus obras\u00a0en G\u00e9nova, Mil\u00e1n, Roma, Venecia, Paris, Hamburgo, Barcelona, Santa Cruz de Tenerife y Lisboa entre otras ciudades europeas\u00a0y parte de su producci\u00f3n se encuentra en varias colecciones\u00a0p\u00fablicas\u00a0y privadas. En 2009 lleva a cabo \u201cSampGallery\u201d, ambiciosa galer\u00eda de 32 retratos al\u00a0\u00f3leo\u00a0patrocinada por el\u00a0club de f\u00fatbol\u00a0U.C. Sampdoria.\u00a0Colabora regularmente con el mundo editorial como ilustrador y en producciones cinematogr\u00e1ficas (\u201cGiorni e Nuvole\u201d de Silvio Soldini, \u00abIo, Don Giovanni\u00bb de Carlos Saura, \u201cExtreme Jukebox\u201d y \u201cTerror Take Away\u201d de Alberto Bogo, \u201cLa desgracia de Ron Hopper\u201d de Jaime Falero) como pintor de escenario, director de arte y dibujante de\u00a0guion gr\u00e1fico. A partir de 2016 vive en Tenerife, en las Islas Canarias, d\u00f3nde abre una escuela de dibujo y pintura, EB-Estudio Battaglia.<\/p>\n<p style=\"font-weight: 400;\">En 2020, durante el tiempo de confinamiento ante la pandemia de COVID-19, pinta por encargo de una ermita de Tenerife la vera efigie de una antigua talla portuguesa; la obra es renombrada por los historiadores \u201cVirgen de la Pandemia\u201d. Todo el proceso de realizaci\u00f3n de la obra y la historia de la talla original se narran en un documental dirigido por el mismo Davide Battaglia; la pel\u00edcula ha formado parte de la selecci\u00f3n oficial de varios festivales internacionales. En 2022, con otros tres artistas, funda el Grupo de Arte Internacional \u201cY\u201d, publica el c\u00e1talogo-autobiograf\u00eda \u201cSymballo\u201d y empieza a convertirse en pintor hist\u00f3rico tanto por particulares como por instituciones; la presentaci\u00f3n de una gran pintura de historia ya terminada est\u00e1 prevista para diciembre 2024 en la Real Sociedad Econ\u00f3mica de Amigos del Pa\u00eds de Tenerife. Actualmente es parte del Colectivo Albazul, en el que confluyen muchos de los artistas contempor\u00e1neos m\u00e1s reconocidos de Tenerife.<\/p>\n","protected":false},"excerpt":{"rendered":"<p>Davide Battaglia nace en G\u00e9nova en 1982. Estudia en el Liceo Art\u00edstico y en 2006 se grad\u00faa en la Academia Ligustica de Bellas Artes. Ha expuesto sus obras\u00a0en G\u00e9nova, Mil\u00e1n, Roma, Venecia, Paris, Hamburgo, Barcelona, Santa Cruz de Tenerife y Lisboa entre otras ciudades europeas\u00a0y parte de su producci\u00f3n se encuentra en varias colecciones\u00a0p\u00fablicas\u00a0y privadas&#8230;.<\/p>\n","protected":false},"author":65,"featured_media":38426,"comment_status":"closed","ping_status":"closed","template":"","tags":[],"tribe_events_cat":[3987,19,343],"acf":[],"yoast_head":"<!-- This site is optimized with the Yoast SEO plugin v21.3 - https:\/\/yoast.com\/wordpress\/plugins\/seo\/ -->\n<title>Exposici\u00f3n pict\u00f3rica \u201cVita Nova\u201d. Davide Battaglia - ULL - Agenda<\/title>\n<meta name=\"robots\" content=\"index, follow, max-snippet:-1, max-image-preview:large, max-video-preview:-1\" \/>\n<link rel=\"canonical\" href=\"https:\/\/www.ull.es\/portal\/agenda\/evento\/exposicion-pictorica-vita-nova-davide-battaglia\/\" \/>\n<meta property=\"og:locale\" content=\"es_ES\" \/>\n<meta property=\"og:type\" content=\"article\" \/>\n<meta property=\"og:title\" content=\"Exposici\u00f3n pict\u00f3rica \u201cVita Nova\u201d. Davide Battaglia - ULL - Agenda\" \/>\n<meta property=\"og:description\" content=\"Davide Battaglia nace en G\u00e9nova en 1982. Estudia en el Liceo Art\u00edstico y en 2006 se grad\u00faa en la Academia Ligustica de Bellas Artes. Ha expuesto sus obras\u00a0en G\u00e9nova, Mil\u00e1n, Roma, Venecia, Paris, Hamburgo, Barcelona, Santa Cruz de Tenerife y Lisboa entre otras ciudades europeas\u00a0y parte de su producci\u00f3n se encuentra en varias colecciones\u00a0p\u00fablicas\u00a0y privadas....\" \/>\n<meta property=\"og:url\" content=\"https:\/\/www.ull.es\/portal\/agenda\/evento\/exposicion-pictorica-vita-nova-davide-battaglia\/\" \/>\n<meta property=\"og:site_name\" content=\"ULL - Agenda\" \/>\n<meta property=\"article:modified_time\" content=\"2024-11-05T10:24:15+00:00\" \/>\n<meta property=\"og:image\" content=\"https:\/\/www.ull.es\/portal\/agenda\/wp-content\/uploads\/sites\/12\/2024\/09\/af-vita-nova-700x350px-scaled.jpg\" \/>\n\t<meta property=\"og:image:width\" content=\"2560\" \/>\n\t<meta property=\"og:image:height\" content=\"1280\" \/>\n\t<meta property=\"og:image:type\" content=\"image\/jpeg\" \/>\n<meta name=\"twitter:card\" content=\"summary_large_image\" \/>\n<meta name=\"twitter:label1\" content=\"Tiempo de lectura\" \/>\n\t<meta name=\"twitter:data1\" content=\"2 minutos\" \/>\n<script type=\"application\/ld+json\" class=\"yoast-schema-graph\">{\"@context\":\"https:\/\/schema.org\",\"@graph\":[{\"@type\":\"WebPage\",\"@id\":\"https:\/\/www.ull.es\/portal\/agenda\/evento\/exposicion-pictorica-vita-nova-davide-battaglia\/\",\"url\":\"https:\/\/www.ull.es\/portal\/agenda\/evento\/exposicion-pictorica-vita-nova-davide-battaglia\/\",\"name\":\"Exposici\u00f3n pict\u00f3rica \u201cVita Nova\u201d. Davide Battaglia - ULL - Agenda\",\"isPartOf\":{\"@id\":\"https:\/\/www.ull.es\/portal\/agenda\/#website\"},\"datePublished\":\"2024-09-27T13:18:43+00:00\",\"dateModified\":\"2024-11-05T10:24:15+00:00\",\"breadcrumb\":{\"@id\":\"https:\/\/www.ull.es\/portal\/agenda\/evento\/exposicion-pictorica-vita-nova-davide-battaglia\/#breadcrumb\"},\"inLanguage\":\"es\",\"potentialAction\":[{\"@type\":\"ReadAction\",\"target\":[\"https:\/\/www.ull.es\/portal\/agenda\/evento\/exposicion-pictorica-vita-nova-davide-battaglia\/\"]}]},{\"@type\":\"BreadcrumbList\",\"@id\":\"https:\/\/www.ull.es\/portal\/agenda\/evento\/exposicion-pictorica-vita-nova-davide-battaglia\/#breadcrumb\",\"itemListElement\":[{\"@type\":\"ListItem\",\"position\":1,\"name\":\"Portada\",\"item\":\"https:\/\/www.ull.es\/portal\/agenda\/\"},{\"@type\":\"ListItem\",\"position\":2,\"name\":\"Exposici\u00f3n pict\u00f3rica \u201cVita Nova\u201d. Davide Battaglia\"}]},{\"@type\":\"WebSite\",\"@id\":\"https:\/\/www.ull.es\/portal\/agenda\/#website\",\"url\":\"https:\/\/www.ull.es\/portal\/agenda\/\",\"name\":\"ULL - Agenda\",\"description\":\"\",\"potentialAction\":[{\"@type\":\"SearchAction\",\"target\":{\"@type\":\"EntryPoint\",\"urlTemplate\":\"https:\/\/www.ull.es\/portal\/agenda\/?s={search_term_string}\"},\"query-input\":\"required name=search_term_string\"}],\"inLanguage\":\"es\"}]}<\/script>\n<!-- \/ Yoast SEO plugin. -->","yoast_head_json":{"title":"Exposici\u00f3n pict\u00f3rica \u201cVita Nova\u201d. Davide Battaglia - ULL - Agenda","robots":{"index":"index","follow":"follow","max-snippet":"max-snippet:-1","max-image-preview":"max-image-preview:large","max-video-preview":"max-video-preview:-1"},"canonical":"https:\/\/www.ull.es\/portal\/agenda\/evento\/exposicion-pictorica-vita-nova-davide-battaglia\/","og_locale":"es_ES","og_type":"article","og_title":"Exposici\u00f3n pict\u00f3rica \u201cVita Nova\u201d. Davide Battaglia - ULL - Agenda","og_description":"Davide Battaglia nace en G\u00e9nova en 1982. Estudia en el Liceo Art\u00edstico y en 2006 se grad\u00faa en la Academia Ligustica de Bellas Artes. Ha expuesto sus obras\u00a0en G\u00e9nova, Mil\u00e1n, Roma, Venecia, Paris, Hamburgo, Barcelona, Santa Cruz de Tenerife y Lisboa entre otras ciudades europeas\u00a0y parte de su producci\u00f3n se encuentra en varias colecciones\u00a0p\u00fablicas\u00a0y privadas....","og_url":"https:\/\/www.ull.es\/portal\/agenda\/evento\/exposicion-pictorica-vita-nova-davide-battaglia\/","og_site_name":"ULL - Agenda","article_modified_time":"2024-11-05T10:24:15+00:00","og_image":[{"width":2560,"height":1280,"url":"https:\/\/www.ull.es\/portal\/agenda\/wp-content\/uploads\/sites\/12\/2024\/09\/af-vita-nova-700x350px-scaled.jpg","type":"image\/jpeg"}],"twitter_card":"summary_large_image","twitter_misc":{"Tiempo de lectura":"2 minutos"},"schema":{"@context":"https:\/\/schema.org","@graph":[{"@type":"WebPage","@id":"https:\/\/www.ull.es\/portal\/agenda\/evento\/exposicion-pictorica-vita-nova-davide-battaglia\/","url":"https:\/\/www.ull.es\/portal\/agenda\/evento\/exposicion-pictorica-vita-nova-davide-battaglia\/","name":"Exposici\u00f3n pict\u00f3rica \u201cVita Nova\u201d. Davide Battaglia - ULL - Agenda","isPartOf":{"@id":"https:\/\/www.ull.es\/portal\/agenda\/#website"},"datePublished":"2024-09-27T13:18:43+00:00","dateModified":"2024-11-05T10:24:15+00:00","breadcrumb":{"@id":"https:\/\/www.ull.es\/portal\/agenda\/evento\/exposicion-pictorica-vita-nova-davide-battaglia\/#breadcrumb"},"inLanguage":"es","potentialAction":[{"@type":"ReadAction","target":["https:\/\/www.ull.es\/portal\/agenda\/evento\/exposicion-pictorica-vita-nova-davide-battaglia\/"]}]},{"@type":"BreadcrumbList","@id":"https:\/\/www.ull.es\/portal\/agenda\/evento\/exposicion-pictorica-vita-nova-davide-battaglia\/#breadcrumb","itemListElement":[{"@type":"ListItem","position":1,"name":"Portada","item":"https:\/\/www.ull.es\/portal\/agenda\/"},{"@type":"ListItem","position":2,"name":"Exposici\u00f3n pict\u00f3rica \u201cVita Nova\u201d. Davide Battaglia"}]},{"@type":"WebSite","@id":"https:\/\/www.ull.es\/portal\/agenda\/#website","url":"https:\/\/www.ull.es\/portal\/agenda\/","name":"ULL - Agenda","description":"","potentialAction":[{"@type":"SearchAction","target":{"@type":"EntryPoint","urlTemplate":"https:\/\/www.ull.es\/portal\/agenda\/?s={search_term_string}"},"query-input":"required name=search_term_string"}],"inLanguage":"es"}]}},"_links":{"self":[{"href":"https:\/\/www.ull.es\/portal\/agenda\/wp-json\/wp\/v2\/tribe_events\/38337"}],"collection":[{"href":"https:\/\/www.ull.es\/portal\/agenda\/wp-json\/wp\/v2\/tribe_events"}],"about":[{"href":"https:\/\/www.ull.es\/portal\/agenda\/wp-json\/wp\/v2\/types\/tribe_events"}],"author":[{"embeddable":true,"href":"https:\/\/www.ull.es\/portal\/agenda\/wp-json\/wp\/v2\/users\/65"}],"replies":[{"embeddable":true,"href":"https:\/\/www.ull.es\/portal\/agenda\/wp-json\/wp\/v2\/comments?post=38337"}],"version-history":[{"count":1,"href":"https:\/\/www.ull.es\/portal\/agenda\/wp-json\/wp\/v2\/tribe_events\/38337\/revisions"}],"predecessor-version":[{"id":38338,"href":"https:\/\/www.ull.es\/portal\/agenda\/wp-json\/wp\/v2\/tribe_events\/38337\/revisions\/38338"}],"wp:featuredmedia":[{"embeddable":true,"href":"https:\/\/www.ull.es\/portal\/agenda\/wp-json\/wp\/v2\/media\/38426"}],"wp:attachment":[{"href":"https:\/\/www.ull.es\/portal\/agenda\/wp-json\/wp\/v2\/media?parent=38337"}],"wp:term":[{"taxonomy":"post_tag","embeddable":true,"href":"https:\/\/www.ull.es\/portal\/agenda\/wp-json\/wp\/v2\/tags?post=38337"},{"taxonomy":"tribe_events_cat","embeddable":true,"href":"https:\/\/www.ull.es\/portal\/agenda\/wp-json\/wp\/v2\/tribe_events_cat?post=38337"}],"curies":[{"name":"wp","href":"https:\/\/api.w.org\/{rel}","templated":true}]}}

Exposición pictórica “Vita Nova”. Davide Battaglia

<p style="font-weight: 400;">Davide Battaglia nace en Génova en 1982. Estudia en el Liceo Artístico y en 2006 se gradúa en la Academia Ligustica de Bellas Artes. Ha expuesto sus obras en Génova, Milán, Roma, Venecia, Paris, Hamburgo, Barcelona, Santa Cruz de Tenerife y Lisboa entre otras ciudades europeas y parte de su producción se encuentra en varias colecciones públicas y privadas. En 2009 lleva a cabo “SampGallery”, ambiciosa galería de 32 retratos al óleo patrocinada por el club de fútbol U.C. Sampdoria. Colabora regularmente con el mundo editorial como ilustrador y en producciones cinematográficas (“Giorni e Nuvole” de Silvio Soldini, «Io, Don Giovanni» de Carlos Saura, “Extreme Jukebox” y “Terror Take Away” de Alberto Bogo, “La desgracia de Ron Hopper” de Jaime Falero) como pintor de escenario, director de arte y dibujante de guion gráfico. A partir de 2016 vive en Tenerife, en las Islas Canarias, dónde abre una escuela de dibujo y pintura, EB-Estudio Battaglia.</p>
<p style="font-weight: 400;">En 2020, durante el tiempo de confinamiento ante la pandemia de COVID-19, pinta por encargo de una ermita de Tenerife la vera efigie de una antigua talla portuguesa; la obra es renombrada por los historiadores “Virgen de la Pandemia”. Todo el proceso de realización de la obra y la historia de la talla original se narran en un documental dirigido por el mismo Davide Battaglia; la película ha formado parte de la selección oficial de varios festivales internacionales. En 2022, con otros tres artistas, funda el Grupo de Arte Internacional “Y”, publica el cátalogo-autobiografía “Symballo” y empieza a convertirse en pintor histórico tanto por particulares como por instituciones; la presentación de una gran pintura de historia ya terminada está prevista para diciembre 2024 en la Real Sociedad Económica de Amigos del País de Tenerife. Actualmente es parte del Colectivo Albazul, en el que confluyen muchos de los artistas contemporáneos más reconocidos de Tenerife.</p>

<p>Davide Battaglia nace en Génova en 1982. Estudia en el Liceo Artístico y en 2006 se gradúa en la Academia Ligustica de Bellas Artes. Ha expuesto sus obras en Génova, Milán, Roma, Venecia, Paris, Hamburgo, Barcelona, Santa Cruz de Tenerife y Lisboa entre otras ciudades europeas y parte de su producción se encuentra en varias colecciones públicas y privadas&#8230;.</p>

<!-- This site is optimized with the Yoast SEO plugin v21.3 - https://yoast.com/wordpress/plugins/seo/ -->
<title>Exposición pictórica “Vita Nova”. Davide Battaglia - ULL - Agenda</title>
<meta name="robots" content="index, follow, max-snippet:-1, max-image-preview:large, max-video-preview:-1" />
<link rel="canonical" href="https://www.ull.es/portal/agenda/evento/exposicion-pictorica-vita-nova-davide-battaglia/" />
<meta property="og:locale" content="es_ES" />
<meta property="og:type" content="article" />
<meta property="og:title" content="Exposición pictórica “Vita Nova”. Davide Battaglia - ULL - Agenda" />
<meta property="og:description" content="Davide Battaglia nace en Génova en 1982. Estudia en el Liceo Artístico y en 2006 se gradúa en la Academia Ligustica de Bellas Artes. Ha expuesto sus obras en Génova, Milán, Roma, Venecia, Paris, Hamburgo, Barcelona, Santa Cruz de Tenerife y Lisboa entre otras ciudades europeas y parte de su producción se encuentra en varias colecciones públicas y privadas...." />
<meta property="og:url" content="https://www.ull.es/portal/agenda/evento/exposicion-pictorica-vita-nova-davide-battaglia/" />
<meta property="og:site_name" content="ULL - Agenda" />
<meta property="article:modified_time" content="2024-11-05T10:24:15+00:00" />
<meta property="og:image" content="https://www.ull.es/portal/agenda/wp-content/uploads/sites/12/2024/09/af-vita-nova-700x350px-scaled.jpg" />
	<meta property="og:image:width" content="2560" />
	<meta property="og:image:height" content="1280" />
	<meta property="og:image:type" content="image/jpeg" />
<meta name="twitter:card" content="summary_large_image" />
<meta name="twitter:label1" content="Tiempo de lectura" />
	<meta name="twitter:data1" content="2 minutos" />
<script type="application/ld+json" class="yoast-schema-graph">{"@context":"https://schema.org","@graph":[{"@type":"WebPage","@id":"https://www.ull.es/portal/agenda/evento/exposicion-pictorica-vita-nova-davide-battaglia/","url":"https://www.ull.es/portal/agenda/evento/exposicion-pictorica-vita-nova-davide-battaglia/","name":"Exposición pictórica “Vita Nova”. Davide Battaglia - ULL - Agenda","isPartOf":{"@id":"https://www.ull.es/portal/agenda/#website"},"datePublished":"2024-09-27T13:18:43+00:00","dateModified":"2024-11-05T10:24:15+00:00","breadcrumb":{"@id":"https://www.ull.es/portal/agenda/evento/exposicion-pictorica-vita-nova-davide-battaglia/#breadcrumb"},"inLanguage":"es","potentialAction":[{"@type":"ReadAction","target":["https://www.ull.es/portal/agenda/evento/exposicion-pictorica-vita-nova-davide-battaglia/"]}]},{"@type":"BreadcrumbList","@id":"https://www.ull.es/portal/agenda/evento/exposicion-pictorica-vita-nova-davide-battaglia/#breadcrumb","itemListElement":[{"@type":"ListItem","position":1,"name":"Portada","item":"https://www.ull.es/portal/agenda/"},{"@type":"ListItem","position":2,"name":"Exposición pictórica “Vita Nova”. Davide Battaglia"}]},{"@type":"WebSite","@id":"https://www.ull.es/portal/agenda/#website","url":"https://www.ull.es/portal/agenda/","name":"ULL - Agenda","description":"","potentialAction":[{"@type":"SearchAction","target":{"@type":"EntryPoint","urlTemplate":"https://www.ull.es/portal/agenda/?s={search_term_string}"},"query-input":"required name=search_term_string"}],"inLanguage":"es"}]}</script>
<!-- / Yoast SEO plugin. -->

Exposición pictórica “Vita Nova”. Davide Battaglia - ULL - Agenda

Davide Battaglia nace en Génova en 1982. Estudia en el Liceo Artístico y en 2006 se gradúa en la Academia Ligustica de Bellas Artes. Ha expuesto sus obras en Génova, Milán, Roma, Venecia, Paris, Hamburgo, Barcelona, Santa Cruz de Tenerife y Lisboa entre otras ciudades europeas y parte de su producción se encuentra en varias colecciones públicas y privadas....
