{"id":38339,"date":"2024-09-27T13:20:39","date_gmt":"2024-09-27T13:20:39","guid":{"rendered":"https:\/\/www.ull.es\/portal\/agenda\/?post_type=tribe_events&#038;p=38339"},"modified":"2024-11-29T09:20:32","modified_gmt":"2024-11-29T09:20:32","slug":"exposicion-pictorica-colectiva-la-vinal","status":"publish","type":"tribe_events","link":"https:\/\/www.ull.es\/portal\/agenda\/evento\/exposicion-pictorica-colectiva-la-vinal\/","title":{"rendered":"Exposici\u00f3n pict\u00f3rica colectiva \u201cLa Vinal\u201d"},"content":{"rendered":"<p style=\"font-weight: 400;\">La d\u00e9cima edici\u00f3n de\u00a0<em>La Vinal, bienal de Arte y Vino Tacoronte-Acentejo<\/em>\u00a0es ya una realidad en este 2024. Un n\u00famero, el diez, que es representante m\u00e1ximo de la creatividad, el liderazgo y el conocimiento. En esta edici\u00f3n hist\u00f3rica, la convocatoria se centra en el arte del\u00a0<em>Dibujo,\u00a0<\/em>un componente que recorre por s\u00ed mismo de manera sutil todas las ediciones anteriores, ya que, podemos asegurar que en el comienzo de una obra \u2013de cualquier disciplina\u2013 el artista normalmente siempre realiza un dibujo, como apunte general previo o tipo boceto, ya sea mental o sobre un trozo de papel antes de ejecutar la obra final en s\u00ed misma con la t\u00e9cnica que proceda.<\/p>\n<p style=\"font-weight: 400;\">La Denominaci\u00f3n de Origen Tacoronte-Acentejo y su principal herramienta cultural, esto es\u00a0<em>La Vinal,<\/em>\u00a0constituye un ejemplo de perseverancia que transmite un merecido reconocimiento a todos los viticultores y bodegueros que durante d\u00e9cadas han sabido cultivar un singular paisaje vit\u00edcola que es vital para el archipi\u00e9lago canario.<\/p>\n<p style=\"font-weight: 400;\">Esta convocatoria de dibujantes ha estado capitaneada por Fabi\u00e1n Castilla que estuvo acompa\u00f1ado por los siguientes artistas: Pilar Blanco, V\u00edctor Ezquerro, Elia Est\u00e9vez, Martina Armas, Jaime Vera, Julio Almeida, Roberto Batista, Conrado D\u00edaz, Mar\u00eda Luisa Hodgson, Miguel Arocha y Lola del Castillo. Los mismos tuvieron el privilegio de disfrutar de una visita guiada a la comarca para conocer de primera mano la realidad del sector, intercambiando opiniones y experiencias con los viticultores y bodegueros; disfrutando de sus conocimientos, sus pr\u00e1cticas y catando sus vinos. Todo ello, con el fin de lograr una inspiraci\u00f3n adecuada para posteriormente abordar el dibujo que ahora se expone. La exposici\u00f3n se complementa con el pertinente cat\u00e1logo que incluye un texto cr\u00edtico de D\u00aa Pilar Blanco, que con el acertado t\u00edtulo de \u201cVino y Dibujo: dos actividades de transformaci\u00f3n e interpretaci\u00f3n del entorno\u201d, pone al lector sobre la pista del di\u00e1logo permanente que se da entre el arte del dibujo y el arte vitivin\u00edcola.<\/p>\n<p style=\"font-weight: 400;\">Estas obras expuestas en el Paraninfo de la Universidad de La Laguna extienden ahora la relevancia de la Denominaci\u00f3n de Origen Tacoronte-Acentejo m\u00e1s all\u00e1 de su propio territorio geogr\u00e1fico. Que el arte refleje este aspecto de la vida es clave para sostener la memoria del sector vitivin\u00edcola de la comarca en el medio y largo plazo.<\/p>\n","protected":false},"excerpt":{"rendered":"<p>La d\u00e9cima edici\u00f3n de\u00a0La Vinal, bienal de Arte y Vino Tacoronte-Acentejo\u00a0es ya una realidad en este 2024. Un n\u00famero, el diez, que es representante m\u00e1ximo de la creatividad, el liderazgo y el conocimiento. En esta edici\u00f3n hist\u00f3rica, la convocatoria se centra en el arte del\u00a0Dibujo,\u00a0un componente que recorre por s\u00ed mismo de manera sutil todas&#8230;<\/p>\n","protected":false},"author":65,"featured_media":38342,"comment_status":"closed","ping_status":"closed","template":"","tags":[],"tribe_events_cat":[3987,4,19,343],"acf":[],"yoast_head":"<!-- This site is optimized with the Yoast SEO plugin v21.3 - https:\/\/yoast.com\/wordpress\/plugins\/seo\/ -->\n<title>Exposici\u00f3n pict\u00f3rica colectiva \u201cLa Vinal\u201d - ULL - Agenda<\/title>\n<meta name=\"robots\" content=\"index, follow, max-snippet:-1, max-image-preview:large, max-video-preview:-1\" \/>\n<link rel=\"canonical\" href=\"https:\/\/www.ull.es\/portal\/agenda\/evento\/exposicion-pictorica-colectiva-la-vinal\/\" \/>\n<meta property=\"og:locale\" content=\"es_ES\" \/>\n<meta property=\"og:type\" content=\"article\" \/>\n<meta property=\"og:title\" content=\"Exposici\u00f3n pict\u00f3rica colectiva \u201cLa Vinal\u201d - ULL - Agenda\" \/>\n<meta property=\"og:description\" content=\"La d\u00e9cima edici\u00f3n de\u00a0La Vinal, bienal de Arte y Vino Tacoronte-Acentejo\u00a0es ya una realidad en este 2024. Un n\u00famero, el diez, que es representante m\u00e1ximo de la creatividad, el liderazgo y el conocimiento. En esta edici\u00f3n hist\u00f3rica, la convocatoria se centra en el arte del\u00a0Dibujo,\u00a0un componente que recorre por s\u00ed mismo de manera sutil todas...\" \/>\n<meta property=\"og:url\" content=\"https:\/\/www.ull.es\/portal\/agenda\/evento\/exposicion-pictorica-colectiva-la-vinal\/\" \/>\n<meta property=\"og:site_name\" content=\"ULL - Agenda\" \/>\n<meta property=\"article:modified_time\" content=\"2024-11-29T09:20:32+00:00\" \/>\n<meta property=\"og:image\" content=\"https:\/\/www.ull.es\/portal\/agenda\/wp-content\/uploads\/sites\/12\/2024\/09\/6742-Banner-La-Vinal-2024_700x350.jpg\" \/>\n\t<meta property=\"og:image:width\" content=\"700\" \/>\n\t<meta property=\"og:image:height\" content=\"350\" \/>\n\t<meta property=\"og:image:type\" content=\"image\/jpeg\" \/>\n<meta name=\"twitter:card\" content=\"summary_large_image\" \/>\n<meta name=\"twitter:label1\" content=\"Tiempo de lectura\" \/>\n\t<meta name=\"twitter:data1\" content=\"2 minutos\" \/>\n<script type=\"application\/ld+json\" class=\"yoast-schema-graph\">{\"@context\":\"https:\/\/schema.org\",\"@graph\":[{\"@type\":\"WebPage\",\"@id\":\"https:\/\/www.ull.es\/portal\/agenda\/evento\/exposicion-pictorica-colectiva-la-vinal\/\",\"url\":\"https:\/\/www.ull.es\/portal\/agenda\/evento\/exposicion-pictorica-colectiva-la-vinal\/\",\"name\":\"Exposici\u00f3n pict\u00f3rica colectiva \u201cLa Vinal\u201d - ULL - Agenda\",\"isPartOf\":{\"@id\":\"https:\/\/www.ull.es\/portal\/agenda\/#website\"},\"datePublished\":\"2024-09-27T13:20:39+00:00\",\"dateModified\":\"2024-11-29T09:20:32+00:00\",\"breadcrumb\":{\"@id\":\"https:\/\/www.ull.es\/portal\/agenda\/evento\/exposicion-pictorica-colectiva-la-vinal\/#breadcrumb\"},\"inLanguage\":\"es\",\"potentialAction\":[{\"@type\":\"ReadAction\",\"target\":[\"https:\/\/www.ull.es\/portal\/agenda\/evento\/exposicion-pictorica-colectiva-la-vinal\/\"]}]},{\"@type\":\"BreadcrumbList\",\"@id\":\"https:\/\/www.ull.es\/portal\/agenda\/evento\/exposicion-pictorica-colectiva-la-vinal\/#breadcrumb\",\"itemListElement\":[{\"@type\":\"ListItem\",\"position\":1,\"name\":\"Portada\",\"item\":\"https:\/\/www.ull.es\/portal\/agenda\/\"},{\"@type\":\"ListItem\",\"position\":2,\"name\":\"Exposici\u00f3n pict\u00f3rica colectiva \u201cLa Vinal\u201d\"}]},{\"@type\":\"WebSite\",\"@id\":\"https:\/\/www.ull.es\/portal\/agenda\/#website\",\"url\":\"https:\/\/www.ull.es\/portal\/agenda\/\",\"name\":\"ULL - Agenda\",\"description\":\"\",\"potentialAction\":[{\"@type\":\"SearchAction\",\"target\":{\"@type\":\"EntryPoint\",\"urlTemplate\":\"https:\/\/www.ull.es\/portal\/agenda\/?s={search_term_string}\"},\"query-input\":\"required name=search_term_string\"}],\"inLanguage\":\"es\"}]}<\/script>\n<!-- \/ Yoast SEO plugin. -->","yoast_head_json":{"title":"Exposici\u00f3n pict\u00f3rica colectiva \u201cLa Vinal\u201d - ULL - Agenda","robots":{"index":"index","follow":"follow","max-snippet":"max-snippet:-1","max-image-preview":"max-image-preview:large","max-video-preview":"max-video-preview:-1"},"canonical":"https:\/\/www.ull.es\/portal\/agenda\/evento\/exposicion-pictorica-colectiva-la-vinal\/","og_locale":"es_ES","og_type":"article","og_title":"Exposici\u00f3n pict\u00f3rica colectiva \u201cLa Vinal\u201d - ULL - Agenda","og_description":"La d\u00e9cima edici\u00f3n de\u00a0La Vinal, bienal de Arte y Vino Tacoronte-Acentejo\u00a0es ya una realidad en este 2024. Un n\u00famero, el diez, que es representante m\u00e1ximo de la creatividad, el liderazgo y el conocimiento. En esta edici\u00f3n hist\u00f3rica, la convocatoria se centra en el arte del\u00a0Dibujo,\u00a0un componente que recorre por s\u00ed mismo de manera sutil todas...","og_url":"https:\/\/www.ull.es\/portal\/agenda\/evento\/exposicion-pictorica-colectiva-la-vinal\/","og_site_name":"ULL - Agenda","article_modified_time":"2024-11-29T09:20:32+00:00","og_image":[{"width":700,"height":350,"url":"https:\/\/www.ull.es\/portal\/agenda\/wp-content\/uploads\/sites\/12\/2024\/09\/6742-Banner-La-Vinal-2024_700x350.jpg","type":"image\/jpeg"}],"twitter_card":"summary_large_image","twitter_misc":{"Tiempo de lectura":"2 minutos"},"schema":{"@context":"https:\/\/schema.org","@graph":[{"@type":"WebPage","@id":"https:\/\/www.ull.es\/portal\/agenda\/evento\/exposicion-pictorica-colectiva-la-vinal\/","url":"https:\/\/www.ull.es\/portal\/agenda\/evento\/exposicion-pictorica-colectiva-la-vinal\/","name":"Exposici\u00f3n pict\u00f3rica colectiva \u201cLa Vinal\u201d - ULL - Agenda","isPartOf":{"@id":"https:\/\/www.ull.es\/portal\/agenda\/#website"},"datePublished":"2024-09-27T13:20:39+00:00","dateModified":"2024-11-29T09:20:32+00:00","breadcrumb":{"@id":"https:\/\/www.ull.es\/portal\/agenda\/evento\/exposicion-pictorica-colectiva-la-vinal\/#breadcrumb"},"inLanguage":"es","potentialAction":[{"@type":"ReadAction","target":["https:\/\/www.ull.es\/portal\/agenda\/evento\/exposicion-pictorica-colectiva-la-vinal\/"]}]},{"@type":"BreadcrumbList","@id":"https:\/\/www.ull.es\/portal\/agenda\/evento\/exposicion-pictorica-colectiva-la-vinal\/#breadcrumb","itemListElement":[{"@type":"ListItem","position":1,"name":"Portada","item":"https:\/\/www.ull.es\/portal\/agenda\/"},{"@type":"ListItem","position":2,"name":"Exposici\u00f3n pict\u00f3rica colectiva \u201cLa Vinal\u201d"}]},{"@type":"WebSite","@id":"https:\/\/www.ull.es\/portal\/agenda\/#website","url":"https:\/\/www.ull.es\/portal\/agenda\/","name":"ULL - Agenda","description":"","potentialAction":[{"@type":"SearchAction","target":{"@type":"EntryPoint","urlTemplate":"https:\/\/www.ull.es\/portal\/agenda\/?s={search_term_string}"},"query-input":"required name=search_term_string"}],"inLanguage":"es"}]}},"_links":{"self":[{"href":"https:\/\/www.ull.es\/portal\/agenda\/wp-json\/wp\/v2\/tribe_events\/38339"}],"collection":[{"href":"https:\/\/www.ull.es\/portal\/agenda\/wp-json\/wp\/v2\/tribe_events"}],"about":[{"href":"https:\/\/www.ull.es\/portal\/agenda\/wp-json\/wp\/v2\/types\/tribe_events"}],"author":[{"embeddable":true,"href":"https:\/\/www.ull.es\/portal\/agenda\/wp-json\/wp\/v2\/users\/65"}],"replies":[{"embeddable":true,"href":"https:\/\/www.ull.es\/portal\/agenda\/wp-json\/wp\/v2\/comments?post=38339"}],"version-history":[{"count":1,"href":"https:\/\/www.ull.es\/portal\/agenda\/wp-json\/wp\/v2\/tribe_events\/38339\/revisions"}],"predecessor-version":[{"id":38340,"href":"https:\/\/www.ull.es\/portal\/agenda\/wp-json\/wp\/v2\/tribe_events\/38339\/revisions\/38340"}],"wp:featuredmedia":[{"embeddable":true,"href":"https:\/\/www.ull.es\/portal\/agenda\/wp-json\/wp\/v2\/media\/38342"}],"wp:attachment":[{"href":"https:\/\/www.ull.es\/portal\/agenda\/wp-json\/wp\/v2\/media?parent=38339"}],"wp:term":[{"taxonomy":"post_tag","embeddable":true,"href":"https:\/\/www.ull.es\/portal\/agenda\/wp-json\/wp\/v2\/tags?post=38339"},{"taxonomy":"tribe_events_cat","embeddable":true,"href":"https:\/\/www.ull.es\/portal\/agenda\/wp-json\/wp\/v2\/tribe_events_cat?post=38339"}],"curies":[{"name":"wp","href":"https:\/\/api.w.org\/{rel}","templated":true}]}}

Exposición pictórica colectiva “La Vinal”

<p style="font-weight: 400;">La décima edición de <em>La Vinal, bienal de Arte y Vino Tacoronte-Acentejo</em> es ya una realidad en este 2024. Un número, el diez, que es representante máximo de la creatividad, el liderazgo y el conocimiento. En esta edición histórica, la convocatoria se centra en el arte del <em>Dibujo, </em>un componente que recorre por sí mismo de manera sutil todas las ediciones anteriores, ya que, podemos asegurar que en el comienzo de una obra –de cualquier disciplina– el artista normalmente siempre realiza un dibujo, como apunte general previo o tipo boceto, ya sea mental o sobre un trozo de papel antes de ejecutar la obra final en sí misma con la técnica que proceda.</p>
<p style="font-weight: 400;">La Denominación de Origen Tacoronte-Acentejo y su principal herramienta cultural, esto es <em>La Vinal,</em> constituye un ejemplo de perseverancia que transmite un merecido reconocimiento a todos los viticultores y bodegueros que durante décadas han sabido cultivar un singular paisaje vitícola que es vital para el archipiélago canario.</p>
<p style="font-weight: 400;">Esta convocatoria de dibujantes ha estado capitaneada por Fabián Castilla que estuvo acompañado por los siguientes artistas: Pilar Blanco, Víctor Ezquerro, Elia Estévez, Martina Armas, Jaime Vera, Julio Almeida, Roberto Batista, Conrado Díaz, María Luisa Hodgson, Miguel Arocha y Lola del Castillo. Los mismos tuvieron el privilegio de disfrutar de una visita guiada a la comarca para conocer de primera mano la realidad del sector, intercambiando opiniones y experiencias con los viticultores y bodegueros; disfrutando de sus conocimientos, sus prácticas y catando sus vinos. Todo ello, con el fin de lograr una inspiración adecuada para posteriormente abordar el dibujo que ahora se expone. La exposición se complementa con el pertinente catálogo que incluye un texto crítico de Dª Pilar Blanco, que con el acertado título de “Vino y Dibujo: dos actividades de transformación e interpretación del entorno”, pone al lector sobre la pista del diálogo permanente que se da entre el arte del dibujo y el arte vitivinícola.</p>
<p style="font-weight: 400;">Estas obras expuestas en el Paraninfo de la Universidad de La Laguna extienden ahora la relevancia de la Denominación de Origen Tacoronte-Acentejo más allá de su propio territorio geográfico. Que el arte refleje este aspecto de la vida es clave para sostener la memoria del sector vitivinícola de la comarca en el medio y largo plazo.</p>

<p>La décima edición de La Vinal, bienal de Arte y Vino Tacoronte-Acentejo es ya una realidad en este 2024. Un número, el diez, que es representante máximo de la creatividad, el liderazgo y el conocimiento. En esta edición histórica, la convocatoria se centra en el arte del Dibujo, un componente que recorre por sí mismo de manera sutil todas&#8230;</p>

<!-- This site is optimized with the Yoast SEO plugin v21.3 - https://yoast.com/wordpress/plugins/seo/ -->
<title>Exposición pictórica colectiva “La Vinal” - ULL - Agenda</title>
<meta name="robots" content="index, follow, max-snippet:-1, max-image-preview:large, max-video-preview:-1" />
<link rel="canonical" href="https://www.ull.es/portal/agenda/evento/exposicion-pictorica-colectiva-la-vinal/" />
<meta property="og:locale" content="es_ES" />
<meta property="og:type" content="article" />
<meta property="og:title" content="Exposición pictórica colectiva “La Vinal” - ULL - Agenda" />
<meta property="og:description" content="La décima edición de La Vinal, bienal de Arte y Vino Tacoronte-Acentejo es ya una realidad en este 2024. Un número, el diez, que es representante máximo de la creatividad, el liderazgo y el conocimiento. En esta edición histórica, la convocatoria se centra en el arte del Dibujo, un componente que recorre por sí mismo de manera sutil todas..." />
<meta property="og:url" content="https://www.ull.es/portal/agenda/evento/exposicion-pictorica-colectiva-la-vinal/" />
<meta property="og:site_name" content="ULL - Agenda" />
<meta property="article:modified_time" content="2024-11-29T09:20:32+00:00" />
<meta property="og:image" content="https://www.ull.es/portal/agenda/wp-content/uploads/sites/12/2024/09/6742-Banner-La-Vinal-2024_700x350.jpg" />
	<meta property="og:image:width" content="700" />
	<meta property="og:image:height" content="350" />
	<meta property="og:image:type" content="image/jpeg" />
<meta name="twitter:card" content="summary_large_image" />
<meta name="twitter:label1" content="Tiempo de lectura" />
	<meta name="twitter:data1" content="2 minutos" />
<script type="application/ld+json" class="yoast-schema-graph">{"@context":"https://schema.org","@graph":[{"@type":"WebPage","@id":"https://www.ull.es/portal/agenda/evento/exposicion-pictorica-colectiva-la-vinal/","url":"https://www.ull.es/portal/agenda/evento/exposicion-pictorica-colectiva-la-vinal/","name":"Exposición pictórica colectiva “La Vinal” - ULL - Agenda","isPartOf":{"@id":"https://www.ull.es/portal/agenda/#website"},"datePublished":"2024-09-27T13:20:39+00:00","dateModified":"2024-11-29T09:20:32+00:00","breadcrumb":{"@id":"https://www.ull.es/portal/agenda/evento/exposicion-pictorica-colectiva-la-vinal/#breadcrumb"},"inLanguage":"es","potentialAction":[{"@type":"ReadAction","target":["https://www.ull.es/portal/agenda/evento/exposicion-pictorica-colectiva-la-vinal/"]}]},{"@type":"BreadcrumbList","@id":"https://www.ull.es/portal/agenda/evento/exposicion-pictorica-colectiva-la-vinal/#breadcrumb","itemListElement":[{"@type":"ListItem","position":1,"name":"Portada","item":"https://www.ull.es/portal/agenda/"},{"@type":"ListItem","position":2,"name":"Exposición pictórica colectiva “La Vinal”"}]},{"@type":"WebSite","@id":"https://www.ull.es/portal/agenda/#website","url":"https://www.ull.es/portal/agenda/","name":"ULL - Agenda","description":"","potentialAction":[{"@type":"SearchAction","target":{"@type":"EntryPoint","urlTemplate":"https://www.ull.es/portal/agenda/?s={search_term_string}"},"query-input":"required name=search_term_string"}],"inLanguage":"es"}]}</script>
<!-- / Yoast SEO plugin. -->

Exposición pictórica colectiva “La Vinal” - ULL - Agenda

La décima edición de La Vinal, bienal de Arte y Vino Tacoronte-Acentejo es ya una realidad en este 2024. Un número, el diez, que es representante máximo de la creatividad, el liderazgo y el conocimiento. En esta edición histórica, la convocatoria se centra en el arte del Dibujo, un componente que recorre por sí mismo de manera sutil todas...
