{"id":38520,"date":"2024-10-03T07:30:51","date_gmt":"2024-10-03T07:30:51","guid":{"rendered":"https:\/\/www.ull.es\/portal\/agenda\/?post_type=tribe_events&#038;p=38520"},"modified":"2025-03-05T09:57:18","modified_gmt":"2025-03-05T09:57:18","slug":"ix-seminario-internacional-tenerife-noir-de-investigacion-en-el-genero-negro","status":"publish","type":"tribe_events","link":"https:\/\/www.ull.es\/portal\/agenda\/evento\/ix-seminario-internacional-tenerife-noir-de-investigacion-en-el-genero-negro\/","title":{"rendered":"IX Seminario Internacional Tenerife Noir de Investigaci\u00f3n en el G\u00e9nero Negro"},"content":{"rendered":"<p><span style=\"font-weight: 400\">La C\u00e1tedra Cultural Antonio Lozano de G\u00e9nero Criminal y el Departamento de Filolog\u00eda Espa\u00f1ola de la Universidad de La Laguna, con la coordinaci\u00f3n de Tenerife Noir y el Festival Atl\u00e1ntico del G\u00e9nero Negro, organizan el <em>IX Seminario Internacional Tenerife Noir de Investigaci\u00f3n en el G\u00e9nero Negro<\/em> para servir de punto de encuentro entre investigadores sobre el g\u00e9nero criminal. Dado su car\u00e1cter abierto e interdisciplinar, el Seminario pretende ser una cita \u00fatil y provechosa para expertos y j\u00f3venes investigadores en novela y cine negro, que interactuar\u00e1n con lectores y escritores.<\/span><\/p>\n<p><span style=\"font-weight: 400\">Este evento se celebrar\u00e1 de forma presencial en el Campus Guajara de la Universidad de La Laguna entre el 26 y el 28 de marzo de 2025. El objetivo de este encuentro consiste en ofrecer nuevas perspectivas de estudio en distintas manifestaciones del g\u00e9nero negro, en especial las literarias y las audiovisuales, y en desarrollar reflexiones que contribuyan al an\u00e1lisis de estas producciones creativas.<\/span><\/p>\n<p>Direcci\u00f3n acad\u00e9mica: Javier Rivero Grandoso y Ferm\u00edn Dom\u00ednguez Santana. Profesores del\u00a0Departamento de Filolog\u00eda Espa\u00f1ola de la Universidad de La Laguna.<\/p>\n<p>Coordinaci\u00f3n: Alejandro Mart\u00edn Perera, C23CULTURE Consulting&amp;Services.<\/p>\n<p><strong>CERTIFICADO DE ASISTENCIA, APTITUD Y RECONOCIMIENTO POR CR\u00c9DITO ECTS<\/strong><\/p>\n<p>La Universidad de La Laguna, a trav\u00e9s del Vicerrectorado de Cultura y Extensi\u00f3n Universitaria, emitir\u00e1 un certificado de asistencia a todas aquellas personas que asistan a un m\u00ednimo del 80% de las horas lectivas presenciales. Asimismo, aquellas personas que superen el trabajo aut\u00f3nomo del alumnado, recibir\u00e1n un certificado de asistencia y aprovechamiento, reconocible a su vez por un cr\u00e9dito ECTS.<\/p>\n<p>Asistencia gratuita previa inscripci\u00f3n.\u00a0<a href=\"https:\/\/sede.fg.ull.es\/es\/curso\/detalle?code=a25020061&amp;name=ix-seminario-internacional-tenerife-noir-de-investigacion-en-el-genero-negro&amp;query=%3Fcode%3DA25020061\" target=\"_blank\" rel=\"noopener noreferrer\" target=\"_blank\" rel=\"noopener\"><strong><u>Inscr\u00edbete aqu\u00ed.<\/u><\/strong><\/a><\/p>\n<p><strong>Contacto: <\/strong><a href=\"mailto:extuni@ull.edu.es\" target=\"_blank\" rel=\"noopener\" target=\"_blank\" rel=\"noopener\"><strong>extuni@ull.es<\/strong><\/a><\/p>\n","protected":false},"excerpt":{"rendered":"<p>La C\u00e1tedra Cultural Antonio Lozano de G\u00e9nero Criminal y el Departamento de Filolog\u00eda Espa\u00f1ola de la Universidad de La Laguna, con la coordinaci\u00f3n de Tenerife Noir y el Festival Atl\u00e1ntico del G\u00e9nero Negro, organizan el IX Seminario Internacional Tenerife Noir de Investigaci\u00f3n en el G\u00e9nero Negro para servir de punto de encuentro entre investigadores sobre&#8230;<\/p>\n","protected":false},"author":65,"featured_media":40920,"comment_status":"closed","ping_status":"closed","template":"","tags":[4259,977,3812,3751],"tribe_events_cat":[472,344,3987,471,4,473,186,191],"acf":[],"yoast_head":"<!-- This site is optimized with the Yoast SEO plugin v21.3 - https:\/\/yoast.com\/wordpress\/plugins\/seo\/ -->\n<title>IX Seminario Internacional Tenerife Noir de Investigaci\u00f3n en el G\u00e9nero Negro - ULL - Agenda<\/title>\n<meta name=\"robots\" content=\"index, follow, max-snippet:-1, max-image-preview:large, max-video-preview:-1\" \/>\n<link rel=\"canonical\" href=\"https:\/\/www.ull.es\/portal\/agenda\/evento\/ix-seminario-internacional-tenerife-noir-de-investigacion-en-el-genero-negro\/\" \/>\n<meta property=\"og:locale\" content=\"es_ES\" \/>\n<meta property=\"og:type\" content=\"article\" \/>\n<meta property=\"og:title\" content=\"IX Seminario Internacional Tenerife Noir de Investigaci\u00f3n en el G\u00e9nero Negro - ULL - Agenda\" \/>\n<meta property=\"og:description\" content=\"La C\u00e1tedra Cultural Antonio Lozano de G\u00e9nero Criminal y el Departamento de Filolog\u00eda Espa\u00f1ola de la Universidad de La Laguna, con la coordinaci\u00f3n de Tenerife Noir y el Festival Atl\u00e1ntico del G\u00e9nero Negro, organizan el IX Seminario Internacional Tenerife Noir de Investigaci\u00f3n en el G\u00e9nero Negro para servir de punto de encuentro entre investigadores sobre...\" \/>\n<meta property=\"og:url\" content=\"https:\/\/www.ull.es\/portal\/agenda\/evento\/ix-seminario-internacional-tenerife-noir-de-investigacion-en-el-genero-negro\/\" \/>\n<meta property=\"og:site_name\" content=\"ULL - Agenda\" \/>\n<meta property=\"article:modified_time\" content=\"2025-03-05T09:57:18+00:00\" \/>\n<meta property=\"og:image\" content=\"https:\/\/www.ull.es\/portal\/agenda\/wp-content\/uploads\/sites\/12\/2024\/10\/BannerTenerifeNoir.png\" \/>\n\t<meta property=\"og:image:width\" content=\"750\" \/>\n\t<meta property=\"og:image:height\" content=\"370\" \/>\n\t<meta property=\"og:image:type\" content=\"image\/png\" \/>\n<meta name=\"twitter:card\" content=\"summary_large_image\" \/>\n<meta name=\"twitter:label1\" content=\"Tiempo de lectura\" \/>\n\t<meta name=\"twitter:data1\" content=\"2 minutos\" \/>\n<script type=\"application\/ld+json\" class=\"yoast-schema-graph\">{\"@context\":\"https:\/\/schema.org\",\"@graph\":[{\"@type\":\"WebPage\",\"@id\":\"https:\/\/www.ull.es\/portal\/agenda\/evento\/ix-seminario-internacional-tenerife-noir-de-investigacion-en-el-genero-negro\/\",\"url\":\"https:\/\/www.ull.es\/portal\/agenda\/evento\/ix-seminario-internacional-tenerife-noir-de-investigacion-en-el-genero-negro\/\",\"name\":\"IX Seminario Internacional Tenerife Noir de Investigaci\u00f3n en el G\u00e9nero Negro - ULL - Agenda\",\"isPartOf\":{\"@id\":\"https:\/\/www.ull.es\/portal\/agenda\/#website\"},\"datePublished\":\"2024-10-03T07:30:51+00:00\",\"dateModified\":\"2025-03-05T09:57:18+00:00\",\"breadcrumb\":{\"@id\":\"https:\/\/www.ull.es\/portal\/agenda\/evento\/ix-seminario-internacional-tenerife-noir-de-investigacion-en-el-genero-negro\/#breadcrumb\"},\"inLanguage\":\"es\",\"potentialAction\":[{\"@type\":\"ReadAction\",\"target\":[\"https:\/\/www.ull.es\/portal\/agenda\/evento\/ix-seminario-internacional-tenerife-noir-de-investigacion-en-el-genero-negro\/\"]}]},{\"@type\":\"BreadcrumbList\",\"@id\":\"https:\/\/www.ull.es\/portal\/agenda\/evento\/ix-seminario-internacional-tenerife-noir-de-investigacion-en-el-genero-negro\/#breadcrumb\",\"itemListElement\":[{\"@type\":\"ListItem\",\"position\":1,\"name\":\"Portada\",\"item\":\"https:\/\/www.ull.es\/portal\/agenda\/\"},{\"@type\":\"ListItem\",\"position\":2,\"name\":\"IX Seminario Internacional Tenerife Noir de Investigaci\u00f3n en el G\u00e9nero Negro\"}]},{\"@type\":\"WebSite\",\"@id\":\"https:\/\/www.ull.es\/portal\/agenda\/#website\",\"url\":\"https:\/\/www.ull.es\/portal\/agenda\/\",\"name\":\"ULL - Agenda\",\"description\":\"\",\"potentialAction\":[{\"@type\":\"SearchAction\",\"target\":{\"@type\":\"EntryPoint\",\"urlTemplate\":\"https:\/\/www.ull.es\/portal\/agenda\/?s={search_term_string}\"},\"query-input\":\"required name=search_term_string\"}],\"inLanguage\":\"es\"}]}<\/script>\n<!-- \/ Yoast SEO plugin. -->","yoast_head_json":{"title":"IX Seminario Internacional Tenerife Noir de Investigaci\u00f3n en el G\u00e9nero Negro - ULL - Agenda","robots":{"index":"index","follow":"follow","max-snippet":"max-snippet:-1","max-image-preview":"max-image-preview:large","max-video-preview":"max-video-preview:-1"},"canonical":"https:\/\/www.ull.es\/portal\/agenda\/evento\/ix-seminario-internacional-tenerife-noir-de-investigacion-en-el-genero-negro\/","og_locale":"es_ES","og_type":"article","og_title":"IX Seminario Internacional Tenerife Noir de Investigaci\u00f3n en el G\u00e9nero Negro - ULL - Agenda","og_description":"La C\u00e1tedra Cultural Antonio Lozano de G\u00e9nero Criminal y el Departamento de Filolog\u00eda Espa\u00f1ola de la Universidad de La Laguna, con la coordinaci\u00f3n de Tenerife Noir y el Festival Atl\u00e1ntico del G\u00e9nero Negro, organizan el IX Seminario Internacional Tenerife Noir de Investigaci\u00f3n en el G\u00e9nero Negro para servir de punto de encuentro entre investigadores sobre...","og_url":"https:\/\/www.ull.es\/portal\/agenda\/evento\/ix-seminario-internacional-tenerife-noir-de-investigacion-en-el-genero-negro\/","og_site_name":"ULL - Agenda","article_modified_time":"2025-03-05T09:57:18+00:00","og_image":[{"width":750,"height":370,"url":"https:\/\/www.ull.es\/portal\/agenda\/wp-content\/uploads\/sites\/12\/2024\/10\/BannerTenerifeNoir.png","type":"image\/png"}],"twitter_card":"summary_large_image","twitter_misc":{"Tiempo de lectura":"2 minutos"},"schema":{"@context":"https:\/\/schema.org","@graph":[{"@type":"WebPage","@id":"https:\/\/www.ull.es\/portal\/agenda\/evento\/ix-seminario-internacional-tenerife-noir-de-investigacion-en-el-genero-negro\/","url":"https:\/\/www.ull.es\/portal\/agenda\/evento\/ix-seminario-internacional-tenerife-noir-de-investigacion-en-el-genero-negro\/","name":"IX Seminario Internacional Tenerife Noir de Investigaci\u00f3n en el G\u00e9nero Negro - ULL - Agenda","isPartOf":{"@id":"https:\/\/www.ull.es\/portal\/agenda\/#website"},"datePublished":"2024-10-03T07:30:51+00:00","dateModified":"2025-03-05T09:57:18+00:00","breadcrumb":{"@id":"https:\/\/www.ull.es\/portal\/agenda\/evento\/ix-seminario-internacional-tenerife-noir-de-investigacion-en-el-genero-negro\/#breadcrumb"},"inLanguage":"es","potentialAction":[{"@type":"ReadAction","target":["https:\/\/www.ull.es\/portal\/agenda\/evento\/ix-seminario-internacional-tenerife-noir-de-investigacion-en-el-genero-negro\/"]}]},{"@type":"BreadcrumbList","@id":"https:\/\/www.ull.es\/portal\/agenda\/evento\/ix-seminario-internacional-tenerife-noir-de-investigacion-en-el-genero-negro\/#breadcrumb","itemListElement":[{"@type":"ListItem","position":1,"name":"Portada","item":"https:\/\/www.ull.es\/portal\/agenda\/"},{"@type":"ListItem","position":2,"name":"IX Seminario Internacional Tenerife Noir de Investigaci\u00f3n en el G\u00e9nero Negro"}]},{"@type":"WebSite","@id":"https:\/\/www.ull.es\/portal\/agenda\/#website","url":"https:\/\/www.ull.es\/portal\/agenda\/","name":"ULL - Agenda","description":"","potentialAction":[{"@type":"SearchAction","target":{"@type":"EntryPoint","urlTemplate":"https:\/\/www.ull.es\/portal\/agenda\/?s={search_term_string}"},"query-input":"required name=search_term_string"}],"inLanguage":"es"}]}},"_links":{"self":[{"href":"https:\/\/www.ull.es\/portal\/agenda\/wp-json\/wp\/v2\/tribe_events\/38520"}],"collection":[{"href":"https:\/\/www.ull.es\/portal\/agenda\/wp-json\/wp\/v2\/tribe_events"}],"about":[{"href":"https:\/\/www.ull.es\/portal\/agenda\/wp-json\/wp\/v2\/types\/tribe_events"}],"author":[{"embeddable":true,"href":"https:\/\/www.ull.es\/portal\/agenda\/wp-json\/wp\/v2\/users\/65"}],"replies":[{"embeddable":true,"href":"https:\/\/www.ull.es\/portal\/agenda\/wp-json\/wp\/v2\/comments?post=38520"}],"version-history":[{"count":4,"href":"https:\/\/www.ull.es\/portal\/agenda\/wp-json\/wp\/v2\/tribe_events\/38520\/revisions"}],"predecessor-version":[{"id":41128,"href":"https:\/\/www.ull.es\/portal\/agenda\/wp-json\/wp\/v2\/tribe_events\/38520\/revisions\/41128"}],"wp:featuredmedia":[{"embeddable":true,"href":"https:\/\/www.ull.es\/portal\/agenda\/wp-json\/wp\/v2\/media\/40920"}],"wp:attachment":[{"href":"https:\/\/www.ull.es\/portal\/agenda\/wp-json\/wp\/v2\/media?parent=38520"}],"wp:term":[{"taxonomy":"post_tag","embeddable":true,"href":"https:\/\/www.ull.es\/portal\/agenda\/wp-json\/wp\/v2\/tags?post=38520"},{"taxonomy":"tribe_events_cat","embeddable":true,"href":"https:\/\/www.ull.es\/portal\/agenda\/wp-json\/wp\/v2\/tribe_events_cat?post=38520"}],"curies":[{"name":"wp","href":"https:\/\/api.w.org\/{rel}","templated":true}]}}

IX Seminario Internacional Tenerife Noir de Investigación en el Género Negro

<p><span style="font-weight: 400">La Cátedra Cultural Antonio Lozano de Género Criminal y el Departamento de Filología Española de la Universidad de La Laguna, con la coordinación de Tenerife Noir y el Festival Atlántico del Género Negro, organizan el <em>IX Seminario Internacional Tenerife Noir de Investigación en el Género Negro</em> para servir de punto de encuentro entre investigadores sobre el género criminal. Dado su carácter abierto e interdisciplinar, el Seminario pretende ser una cita útil y provechosa para expertos y jóvenes investigadores en novela y cine negro, que interactuarán con lectores y escritores.</span></p>
<p><span style="font-weight: 400">Este evento se celebrará de forma presencial en el Campus Guajara de la Universidad de La Laguna entre el 26 y el 28 de marzo de 2025. El objetivo de este encuentro consiste en ofrecer nuevas perspectivas de estudio en distintas manifestaciones del género negro, en especial las literarias y las audiovisuales, y en desarrollar reflexiones que contribuyan al análisis de estas producciones creativas.</span></p>
<p>Dirección académica: Javier Rivero Grandoso y Fermín Domínguez Santana. Profesores del Departamento de Filología Española de la Universidad de La Laguna.</p>
<p>Coordinación: Alejandro Martín Perera, C23CULTURE Consulting&amp;Services.</p>
<p><strong>CERTIFICADO DE ASISTENCIA, APTITUD Y RECONOCIMIENTO POR CRÉDITO ECTS</strong></p>
<p>La Universidad de La Laguna, a través del Vicerrectorado de Cultura y Extensión Universitaria, emitirá un certificado de asistencia a todas aquellas personas que asistan a un mínimo del 80% de las horas lectivas presenciales. Asimismo, aquellas personas que superen el trabajo autónomo del alumnado, recibirán un certificado de asistencia y aprovechamiento, reconocible a su vez por un crédito ECTS.</p>
<p>Asistencia gratuita previa inscripción. <a href="https://sede.fg.ull.es/es/curso/detalle?code=a25020061&amp;name=ix-seminario-internacional-tenerife-noir-de-investigacion-en-el-genero-negro&amp;query=%3Fcode%3DA25020061" target="_blank" rel="noopener noreferrer" target="_blank" rel="noopener"><strong><u>Inscríbete aquí.</u></strong></a></p>
<p><strong>Contacto: </strong><a href="mailto:extuni@ull.edu.es" target="_blank" rel="noopener" target="_blank" rel="noopener"><strong>extuni@ull.es</strong></a></p>

<p>La Cátedra Cultural Antonio Lozano de Género Criminal y el Departamento de Filología Española de la Universidad de La Laguna, con la coordinación de Tenerife Noir y el Festival Atlántico del Género Negro, organizan el IX Seminario Internacional Tenerife Noir de Investigación en el Género Negro para servir de punto de encuentro entre investigadores sobre&#8230;</p>

<!-- This site is optimized with the Yoast SEO plugin v21.3 - https://yoast.com/wordpress/plugins/seo/ -->
<title>IX Seminario Internacional Tenerife Noir de Investigación en el Género Negro - ULL - Agenda</title>
<meta name="robots" content="index, follow, max-snippet:-1, max-image-preview:large, max-video-preview:-1" />
<link rel="canonical" href="https://www.ull.es/portal/agenda/evento/ix-seminario-internacional-tenerife-noir-de-investigacion-en-el-genero-negro/" />
<meta property="og:locale" content="es_ES" />
<meta property="og:type" content="article" />
<meta property="og:title" content="IX Seminario Internacional Tenerife Noir de Investigación en el Género Negro - ULL - Agenda" />
<meta property="og:description" content="La Cátedra Cultural Antonio Lozano de Género Criminal y el Departamento de Filología Española de la Universidad de La Laguna, con la coordinación de Tenerife Noir y el Festival Atlántico del Género Negro, organizan el IX Seminario Internacional Tenerife Noir de Investigación en el Género Negro para servir de punto de encuentro entre investigadores sobre..." />
<meta property="og:url" content="https://www.ull.es/portal/agenda/evento/ix-seminario-internacional-tenerife-noir-de-investigacion-en-el-genero-negro/" />
<meta property="og:site_name" content="ULL - Agenda" />
<meta property="article:modified_time" content="2025-03-05T09:57:18+00:00" />
<meta property="og:image" content="https://www.ull.es/portal/agenda/wp-content/uploads/sites/12/2024/10/BannerTenerifeNoir.png" />
	<meta property="og:image:width" content="750" />
	<meta property="og:image:height" content="370" />
	<meta property="og:image:type" content="image/png" />
<meta name="twitter:card" content="summary_large_image" />
<meta name="twitter:label1" content="Tiempo de lectura" />
	<meta name="twitter:data1" content="2 minutos" />
<script type="application/ld+json" class="yoast-schema-graph">{"@context":"https://schema.org","@graph":[{"@type":"WebPage","@id":"https://www.ull.es/portal/agenda/evento/ix-seminario-internacional-tenerife-noir-de-investigacion-en-el-genero-negro/","url":"https://www.ull.es/portal/agenda/evento/ix-seminario-internacional-tenerife-noir-de-investigacion-en-el-genero-negro/","name":"IX Seminario Internacional Tenerife Noir de Investigación en el Género Negro - ULL - Agenda","isPartOf":{"@id":"https://www.ull.es/portal/agenda/#website"},"datePublished":"2024-10-03T07:30:51+00:00","dateModified":"2025-03-05T09:57:18+00:00","breadcrumb":{"@id":"https://www.ull.es/portal/agenda/evento/ix-seminario-internacional-tenerife-noir-de-investigacion-en-el-genero-negro/#breadcrumb"},"inLanguage":"es","potentialAction":[{"@type":"ReadAction","target":["https://www.ull.es/portal/agenda/evento/ix-seminario-internacional-tenerife-noir-de-investigacion-en-el-genero-negro/"]}]},{"@type":"BreadcrumbList","@id":"https://www.ull.es/portal/agenda/evento/ix-seminario-internacional-tenerife-noir-de-investigacion-en-el-genero-negro/#breadcrumb","itemListElement":[{"@type":"ListItem","position":1,"name":"Portada","item":"https://www.ull.es/portal/agenda/"},{"@type":"ListItem","position":2,"name":"IX Seminario Internacional Tenerife Noir de Investigación en el Género Negro"}]},{"@type":"WebSite","@id":"https://www.ull.es/portal/agenda/#website","url":"https://www.ull.es/portal/agenda/","name":"ULL - Agenda","description":"","potentialAction":[{"@type":"SearchAction","target":{"@type":"EntryPoint","urlTemplate":"https://www.ull.es/portal/agenda/?s={search_term_string}"},"query-input":"required name=search_term_string"}],"inLanguage":"es"}]}</script>
<!-- / Yoast SEO plugin. -->

IX Seminario Internacional Tenerife Noir de Investigación en el Género Negro - ULL - Agenda

La Cátedra Cultural Antonio Lozano de Género Criminal y el Departamento de Filología Española de la Universidad de La Laguna, con la coordinación de Tenerife Noir y el Festival Atlántico del Género Negro, organizan el IX Seminario Internacional Tenerife Noir de Investigación en el Género Negro para servir de punto de encuentro entre investigadores sobre...
