{"id":38774,"date":"2024-10-14T09:25:10","date_gmt":"2024-10-14T09:25:10","guid":{"rendered":"https:\/\/www.ull.es\/portal\/agenda\/?post_type=tribe_events&#038;p=38774"},"modified":"2024-10-14T13:32:50","modified_gmt":"2024-10-14T13:32:50","slug":"v-neuroencuentro-una-razon-mas-para-vivir","status":"publish","type":"tribe_events","link":"https:\/\/www.ull.es\/portal\/agenda\/evento\/v-neuroencuentro-una-razon-mas-para-vivir\/","title":{"rendered":"V NeuroEncuentro. &#8216;Una raz\u00f3n m\u00e1s para vivir&#8217;"},"content":{"rendered":"<p>El V NeuroEncuentro \u00abUna raz\u00f3n m\u00e1s para vivir\u00bb se llevar\u00e1 a cabo el d\u00eda 28 de octubre a partir de las 08:30 horas en el Aula Magna de la Facultad de Econom\u00eda, Empresa y Turismo de la Universidad de La Laguna,\u00a0 con motivo del D\u00eda Nacional del Da\u00f1o Cerebral Adquirido\u00a0 y del D\u00eda Mundial del Ictus. Este evento busca crear conciencia sobre el Da\u00f1o Cerebral Adquirido, as\u00ed como promover la comprensi\u00f3n y el apoyo a las personas que viven con esta condici\u00f3n.<\/p>\n<p>Este a\u00f1o, contar\u00e1 con Manuel Artiles, fundador y director de M\u00edrame TV, quien tras haber sufrido un Accidente Cerebrovascular, conocido tambi\u00e9n como ictus, se ha convertido en un ejemplo de superaci\u00f3n y resiliencia. Su historia inspira a luchar y seguir adelante frente a la adversidad.<\/p>\n<p>El objetivo del NeuroEncuentro es proporcionar un espacio de formaci\u00f3n y visibilizaci\u00f3n para abordar las necesidades de las familias, cuidadores, profesionales socio-sanitarios y personas afectadas por Da\u00f1o Cerebral Adquirido (DCA).<\/p>\n<p>El verdadero desaf\u00edo del DCA comienza despu\u00e9s del alta hospitalaria, cuando tanto los afectados como sus familias se enfrentan a una nueva realidad para la cual carecen de conocimientos, informaci\u00f3n y recursos, vi\u00e9ndose, en muchos casos, sumidos en una profunda soledad. Por ello, es crucial que la sociedad se sensibilice y adquiera mayor conocimiento sobre este colectivo. Este congreso ofrece una valiosa oportunidad para escuchar a destacados profesionales y especialistas del \u00e1mbito sanitario y socio-sanitario de Canarias.<\/p>\n<p>Para m\u00e1s informaci\u00f3n, pulse este <a href=\"https:\/\/adaceatf.org\/v-neuroencuentro\/\" target=\"_blank\" rel=\"noopener\" target=\"_blank\" rel=\"noopener\">enlace.\u00a0<\/a><\/p>\n<p><a href=\"https:\/\/drive.google.com\/file\/d\/1wvpLNskPWf3Pa56ts7qfvsCj_G9eg_c4\/view?usp=sharing\" target=\"_blank\" rel=\"noopener\">Cartel<\/a><\/p>\n<p><a href=\"https:\/\/drive.google.com\/file\/d\/1mZAGQ1z21yt2okL8aYoYfppWDKTI6q96\/view?usp=sharing\" target=\"_blank\" rel=\"noopener\" target=\"_blank\" rel=\"noopener\">Programa<\/a><\/p>\n","protected":false},"excerpt":{"rendered":"<p>El V NeuroEncuentro \u00abUna raz\u00f3n m\u00e1s para vivir\u00bb se llevar\u00e1 a cabo el d\u00eda 28 de octubre a partir de las 08:30 horas en el Aula Magna de la Facultad de Econom\u00eda, Empresa y Turismo de la Universidad de La Laguna,\u00a0 con motivo del D\u00eda Nacional del Da\u00f1o Cerebral Adquirido\u00a0 y del D\u00eda Mundial del&#8230;<\/p>\n","protected":false},"author":65,"featured_media":38796,"comment_status":"closed","ping_status":"closed","template":"","tags":[],"tribe_events_cat":[4,1090,186,187,191],"acf":[],"yoast_head":"<!-- This site is optimized with the Yoast SEO plugin v21.3 - https:\/\/yoast.com\/wordpress\/plugins\/seo\/ -->\n<title>V NeuroEncuentro. &#039;Una raz\u00f3n m\u00e1s para vivir&#039; - ULL - Agenda<\/title>\n<meta name=\"robots\" content=\"index, follow, max-snippet:-1, max-image-preview:large, max-video-preview:-1\" \/>\n<link rel=\"canonical\" href=\"https:\/\/www.ull.es\/portal\/agenda\/evento\/v-neuroencuentro-una-razon-mas-para-vivir\/\" \/>\n<meta property=\"og:locale\" content=\"es_ES\" \/>\n<meta property=\"og:type\" content=\"article\" \/>\n<meta property=\"og:title\" content=\"V NeuroEncuentro. &#039;Una raz\u00f3n m\u00e1s para vivir&#039; - ULL - Agenda\" \/>\n<meta property=\"og:description\" content=\"El V NeuroEncuentro \u00abUna raz\u00f3n m\u00e1s para vivir\u00bb se llevar\u00e1 a cabo el d\u00eda 28 de octubre a partir de las 08:30 horas en el Aula Magna de la Facultad de Econom\u00eda, Empresa y Turismo de la Universidad de La Laguna,\u00a0 con motivo del D\u00eda Nacional del Da\u00f1o Cerebral Adquirido\u00a0 y del D\u00eda Mundial del...\" \/>\n<meta property=\"og:url\" content=\"https:\/\/www.ull.es\/portal\/agenda\/evento\/v-neuroencuentro-una-razon-mas-para-vivir\/\" \/>\n<meta property=\"og:site_name\" content=\"ULL - Agenda\" \/>\n<meta property=\"article:modified_time\" content=\"2024-10-14T13:32:50+00:00\" \/>\n<meta property=\"og:image\" content=\"https:\/\/www.ull.es\/portal\/agenda\/wp-content\/uploads\/sites\/12\/2024\/10\/V-Neuroencuentro.-Una-razon-para-vivir_Banner-eventos.png\" \/>\n\t<meta property=\"og:image:width\" content=\"750\" \/>\n\t<meta property=\"og:image:height\" content=\"370\" \/>\n\t<meta property=\"og:image:type\" content=\"image\/png\" \/>\n<meta name=\"twitter:card\" content=\"summary_large_image\" \/>\n<meta name=\"twitter:label1\" content=\"Tiempo de lectura\" \/>\n\t<meta name=\"twitter:data1\" content=\"2 minutos\" \/>\n<script type=\"application\/ld+json\" class=\"yoast-schema-graph\">{\"@context\":\"https:\/\/schema.org\",\"@graph\":[{\"@type\":\"WebPage\",\"@id\":\"https:\/\/www.ull.es\/portal\/agenda\/evento\/v-neuroencuentro-una-razon-mas-para-vivir\/\",\"url\":\"https:\/\/www.ull.es\/portal\/agenda\/evento\/v-neuroencuentro-una-razon-mas-para-vivir\/\",\"name\":\"V NeuroEncuentro. 'Una raz\u00f3n m\u00e1s para vivir' - ULL - Agenda\",\"isPartOf\":{\"@id\":\"https:\/\/www.ull.es\/portal\/agenda\/#website\"},\"datePublished\":\"2024-10-14T09:25:10+00:00\",\"dateModified\":\"2024-10-14T13:32:50+00:00\",\"breadcrumb\":{\"@id\":\"https:\/\/www.ull.es\/portal\/agenda\/evento\/v-neuroencuentro-una-razon-mas-para-vivir\/#breadcrumb\"},\"inLanguage\":\"es\",\"potentialAction\":[{\"@type\":\"ReadAction\",\"target\":[\"https:\/\/www.ull.es\/portal\/agenda\/evento\/v-neuroencuentro-una-razon-mas-para-vivir\/\"]}]},{\"@type\":\"BreadcrumbList\",\"@id\":\"https:\/\/www.ull.es\/portal\/agenda\/evento\/v-neuroencuentro-una-razon-mas-para-vivir\/#breadcrumb\",\"itemListElement\":[{\"@type\":\"ListItem\",\"position\":1,\"name\":\"Portada\",\"item\":\"https:\/\/www.ull.es\/portal\/agenda\/\"},{\"@type\":\"ListItem\",\"position\":2,\"name\":\"V NeuroEncuentro. &#8216;Una raz\u00f3n m\u00e1s para vivir&#8217;\"}]},{\"@type\":\"WebSite\",\"@id\":\"https:\/\/www.ull.es\/portal\/agenda\/#website\",\"url\":\"https:\/\/www.ull.es\/portal\/agenda\/\",\"name\":\"ULL - Agenda\",\"description\":\"\",\"potentialAction\":[{\"@type\":\"SearchAction\",\"target\":{\"@type\":\"EntryPoint\",\"urlTemplate\":\"https:\/\/www.ull.es\/portal\/agenda\/?s={search_term_string}\"},\"query-input\":\"required name=search_term_string\"}],\"inLanguage\":\"es\"}]}<\/script>\n<!-- \/ Yoast SEO plugin. -->","yoast_head_json":{"title":"V NeuroEncuentro. 'Una raz\u00f3n m\u00e1s para vivir' - ULL - Agenda","robots":{"index":"index","follow":"follow","max-snippet":"max-snippet:-1","max-image-preview":"max-image-preview:large","max-video-preview":"max-video-preview:-1"},"canonical":"https:\/\/www.ull.es\/portal\/agenda\/evento\/v-neuroencuentro-una-razon-mas-para-vivir\/","og_locale":"es_ES","og_type":"article","og_title":"V NeuroEncuentro. 'Una raz\u00f3n m\u00e1s para vivir' - ULL - Agenda","og_description":"El V NeuroEncuentro \u00abUna raz\u00f3n m\u00e1s para vivir\u00bb se llevar\u00e1 a cabo el d\u00eda 28 de octubre a partir de las 08:30 horas en el Aula Magna de la Facultad de Econom\u00eda, Empresa y Turismo de la Universidad de La Laguna,\u00a0 con motivo del D\u00eda Nacional del Da\u00f1o Cerebral Adquirido\u00a0 y del D\u00eda Mundial del...","og_url":"https:\/\/www.ull.es\/portal\/agenda\/evento\/v-neuroencuentro-una-razon-mas-para-vivir\/","og_site_name":"ULL - Agenda","article_modified_time":"2024-10-14T13:32:50+00:00","og_image":[{"width":750,"height":370,"url":"https:\/\/www.ull.es\/portal\/agenda\/wp-content\/uploads\/sites\/12\/2024\/10\/V-Neuroencuentro.-Una-razon-para-vivir_Banner-eventos.png","type":"image\/png"}],"twitter_card":"summary_large_image","twitter_misc":{"Tiempo de lectura":"2 minutos"},"schema":{"@context":"https:\/\/schema.org","@graph":[{"@type":"WebPage","@id":"https:\/\/www.ull.es\/portal\/agenda\/evento\/v-neuroencuentro-una-razon-mas-para-vivir\/","url":"https:\/\/www.ull.es\/portal\/agenda\/evento\/v-neuroencuentro-una-razon-mas-para-vivir\/","name":"V NeuroEncuentro. 'Una raz\u00f3n m\u00e1s para vivir' - ULL - Agenda","isPartOf":{"@id":"https:\/\/www.ull.es\/portal\/agenda\/#website"},"datePublished":"2024-10-14T09:25:10+00:00","dateModified":"2024-10-14T13:32:50+00:00","breadcrumb":{"@id":"https:\/\/www.ull.es\/portal\/agenda\/evento\/v-neuroencuentro-una-razon-mas-para-vivir\/#breadcrumb"},"inLanguage":"es","potentialAction":[{"@type":"ReadAction","target":["https:\/\/www.ull.es\/portal\/agenda\/evento\/v-neuroencuentro-una-razon-mas-para-vivir\/"]}]},{"@type":"BreadcrumbList","@id":"https:\/\/www.ull.es\/portal\/agenda\/evento\/v-neuroencuentro-una-razon-mas-para-vivir\/#breadcrumb","itemListElement":[{"@type":"ListItem","position":1,"name":"Portada","item":"https:\/\/www.ull.es\/portal\/agenda\/"},{"@type":"ListItem","position":2,"name":"V NeuroEncuentro. &#8216;Una raz\u00f3n m\u00e1s para vivir&#8217;"}]},{"@type":"WebSite","@id":"https:\/\/www.ull.es\/portal\/agenda\/#website","url":"https:\/\/www.ull.es\/portal\/agenda\/","name":"ULL - Agenda","description":"","potentialAction":[{"@type":"SearchAction","target":{"@type":"EntryPoint","urlTemplate":"https:\/\/www.ull.es\/portal\/agenda\/?s={search_term_string}"},"query-input":"required name=search_term_string"}],"inLanguage":"es"}]}},"_links":{"self":[{"href":"https:\/\/www.ull.es\/portal\/agenda\/wp-json\/wp\/v2\/tribe_events\/38774"}],"collection":[{"href":"https:\/\/www.ull.es\/portal\/agenda\/wp-json\/wp\/v2\/tribe_events"}],"about":[{"href":"https:\/\/www.ull.es\/portal\/agenda\/wp-json\/wp\/v2\/types\/tribe_events"}],"author":[{"embeddable":true,"href":"https:\/\/www.ull.es\/portal\/agenda\/wp-json\/wp\/v2\/users\/65"}],"replies":[{"embeddable":true,"href":"https:\/\/www.ull.es\/portal\/agenda\/wp-json\/wp\/v2\/comments?post=38774"}],"version-history":[{"count":3,"href":"https:\/\/www.ull.es\/portal\/agenda\/wp-json\/wp\/v2\/tribe_events\/38774\/revisions"}],"predecessor-version":[{"id":38779,"href":"https:\/\/www.ull.es\/portal\/agenda\/wp-json\/wp\/v2\/tribe_events\/38774\/revisions\/38779"}],"wp:featuredmedia":[{"embeddable":true,"href":"https:\/\/www.ull.es\/portal\/agenda\/wp-json\/wp\/v2\/media\/38796"}],"wp:attachment":[{"href":"https:\/\/www.ull.es\/portal\/agenda\/wp-json\/wp\/v2\/media?parent=38774"}],"wp:term":[{"taxonomy":"post_tag","embeddable":true,"href":"https:\/\/www.ull.es\/portal\/agenda\/wp-json\/wp\/v2\/tags?post=38774"},{"taxonomy":"tribe_events_cat","embeddable":true,"href":"https:\/\/www.ull.es\/portal\/agenda\/wp-json\/wp\/v2\/tribe_events_cat?post=38774"}],"curies":[{"name":"wp","href":"https:\/\/api.w.org\/{rel}","templated":true}]}}

V NeuroEncuentro. &#8216;Una razón más para vivir&#8217;

<p>El V NeuroEncuentro «Una razón más para vivir» se llevará a cabo el día 28 de octubre a partir de las 08:30 horas en el Aula Magna de la Facultad de Economía, Empresa y Turismo de la Universidad de La Laguna,  con motivo del Día Nacional del Daño Cerebral Adquirido  y del Día Mundial del Ictus. Este evento busca crear conciencia sobre el Daño Cerebral Adquirido, así como promover la comprensión y el apoyo a las personas que viven con esta condición.</p>
<p>Este año, contará con Manuel Artiles, fundador y director de Mírame TV, quien tras haber sufrido un Accidente Cerebrovascular, conocido también como ictus, se ha convertido en un ejemplo de superación y resiliencia. Su historia inspira a luchar y seguir adelante frente a la adversidad.</p>
<p>El objetivo del NeuroEncuentro es proporcionar un espacio de formación y visibilización para abordar las necesidades de las familias, cuidadores, profesionales socio-sanitarios y personas afectadas por Daño Cerebral Adquirido (DCA).</p>
<p>El verdadero desafío del DCA comienza después del alta hospitalaria, cuando tanto los afectados como sus familias se enfrentan a una nueva realidad para la cual carecen de conocimientos, información y recursos, viéndose, en muchos casos, sumidos en una profunda soledad. Por ello, es crucial que la sociedad se sensibilice y adquiera mayor conocimiento sobre este colectivo. Este congreso ofrece una valiosa oportunidad para escuchar a destacados profesionales y especialistas del ámbito sanitario y socio-sanitario de Canarias.</p>
<p>Para más información, pulse este <a href="https://adaceatf.org/v-neuroencuentro/" target="_blank" rel="noopener" target="_blank" rel="noopener">enlace. </a></p>
<p><a href="https://drive.google.com/file/d/1wvpLNskPWf3Pa56ts7qfvsCj_G9eg_c4/view?usp=sharing" target="_blank" rel="noopener">Cartel</a></p>
<p><a href="https://drive.google.com/file/d/1mZAGQ1z21yt2okL8aYoYfppWDKTI6q96/view?usp=sharing" target="_blank" rel="noopener" target="_blank" rel="noopener">Programa</a></p>

<p>El V NeuroEncuentro «Una razón más para vivir» se llevará a cabo el día 28 de octubre a partir de las 08:30 horas en el Aula Magna de la Facultad de Economía, Empresa y Turismo de la Universidad de La Laguna,  con motivo del Día Nacional del Daño Cerebral Adquirido  y del Día Mundial del&#8230;</p>

<!-- This site is optimized with the Yoast SEO plugin v21.3 - https://yoast.com/wordpress/plugins/seo/ -->
<title>V NeuroEncuentro. &#039;Una razón más para vivir&#039; - ULL - Agenda</title>
<meta name="robots" content="index, follow, max-snippet:-1, max-image-preview:large, max-video-preview:-1" />
<link rel="canonical" href="https://www.ull.es/portal/agenda/evento/v-neuroencuentro-una-razon-mas-para-vivir/" />
<meta property="og:locale" content="es_ES" />
<meta property="og:type" content="article" />
<meta property="og:title" content="V NeuroEncuentro. &#039;Una razón más para vivir&#039; - ULL - Agenda" />
<meta property="og:description" content="El V NeuroEncuentro «Una razón más para vivir» se llevará a cabo el día 28 de octubre a partir de las 08:30 horas en el Aula Magna de la Facultad de Economía, Empresa y Turismo de la Universidad de La Laguna,  con motivo del Día Nacional del Daño Cerebral Adquirido  y del Día Mundial del..." />
<meta property="og:url" content="https://www.ull.es/portal/agenda/evento/v-neuroencuentro-una-razon-mas-para-vivir/" />
<meta property="og:site_name" content="ULL - Agenda" />
<meta property="article:modified_time" content="2024-10-14T13:32:50+00:00" />
<meta property="og:image" content="https://www.ull.es/portal/agenda/wp-content/uploads/sites/12/2024/10/V-Neuroencuentro.-Una-razon-para-vivir_Banner-eventos.png" />
	<meta property="og:image:width" content="750" />
	<meta property="og:image:height" content="370" />
	<meta property="og:image:type" content="image/png" />
<meta name="twitter:card" content="summary_large_image" />
<meta name="twitter:label1" content="Tiempo de lectura" />
	<meta name="twitter:data1" content="2 minutos" />
<script type="application/ld+json" class="yoast-schema-graph">{"@context":"https://schema.org","@graph":[{"@type":"WebPage","@id":"https://www.ull.es/portal/agenda/evento/v-neuroencuentro-una-razon-mas-para-vivir/","url":"https://www.ull.es/portal/agenda/evento/v-neuroencuentro-una-razon-mas-para-vivir/","name":"V NeuroEncuentro. 'Una razón más para vivir' - ULL - Agenda","isPartOf":{"@id":"https://www.ull.es/portal/agenda/#website"},"datePublished":"2024-10-14T09:25:10+00:00","dateModified":"2024-10-14T13:32:50+00:00","breadcrumb":{"@id":"https://www.ull.es/portal/agenda/evento/v-neuroencuentro-una-razon-mas-para-vivir/#breadcrumb"},"inLanguage":"es","potentialAction":[{"@type":"ReadAction","target":["https://www.ull.es/portal/agenda/evento/v-neuroencuentro-una-razon-mas-para-vivir/"]}]},{"@type":"BreadcrumbList","@id":"https://www.ull.es/portal/agenda/evento/v-neuroencuentro-una-razon-mas-para-vivir/#breadcrumb","itemListElement":[{"@type":"ListItem","position":1,"name":"Portada","item":"https://www.ull.es/portal/agenda/"},{"@type":"ListItem","position":2,"name":"V NeuroEncuentro. &#8216;Una razón más para vivir&#8217;"}]},{"@type":"WebSite","@id":"https://www.ull.es/portal/agenda/#website","url":"https://www.ull.es/portal/agenda/","name":"ULL - Agenda","description":"","potentialAction":[{"@type":"SearchAction","target":{"@type":"EntryPoint","urlTemplate":"https://www.ull.es/portal/agenda/?s={search_term_string}"},"query-input":"required name=search_term_string"}],"inLanguage":"es"}]}</script>
<!-- / Yoast SEO plugin. -->

V NeuroEncuentro. 'Una razón más para vivir' - ULL - Agenda

El V NeuroEncuentro «Una razón más para vivir» se llevará a cabo el día 28 de octubre a partir de las 08:30 horas en el Aula Magna de la Facultad de Economía, Empresa y Turismo de la Universidad de La Laguna,  con motivo del Día Nacional del Daño Cerebral Adquirido  y del Día Mundial del...
