{"id":38858,"date":"2024-10-16T11:24:40","date_gmt":"2024-10-16T11:24:40","guid":{"rendered":"https:\/\/www.ull.es\/portal\/agenda\/?post_type=tribe_events&#038;p=38858"},"modified":"2024-10-24T08:30:24","modified_gmt":"2024-10-24T08:30:24","slug":"jornadas-de-memoria-historica-de-la-disidencia-sexogenerica-resiliencia-del-activismo-canario","status":"publish","type":"tribe_events","link":"https:\/\/www.ull.es\/portal\/agenda\/evento\/jornadas-de-memoria-historica-de-la-disidencia-sexogenerica-resiliencia-del-activismo-canario\/","title":{"rendered":"Jornadas de memoria hist\u00f3rica de la disidencia sexogen\u00e9rica: resiliencia del activismo canario"},"content":{"rendered":"<p>La Direcci\u00f3n General de Diversidad del Gobierno de Canarias, con competencias espec\u00edficas respecto a la recuperaci\u00f3n de la memoria hist\u00f3rica de estas personas, y el Aula Cultural de Diversidad LGBTIQ+ de la Universidad de La Laguna han organizado la celebraci\u00f3n de la Jornada de Memoria Hist\u00f3rica de las Disidencias Sexogen\u00e9ricas en Canarias 2024, para el pr\u00f3ximo d\u00eda 25 de octubre desde las 9:30 hasta las 14:30 en el aula de grado del campus de Guajara de la Universidad de La Laguna.<\/p>\n<p>Ello por cuanto el reconocimiento, la reparaci\u00f3n y dignificaci\u00f3n de las personas disidentes sexuales y de g\u00e9nero es uno de los objetivos espec\u00edficos recogidos en la Orden n.\u00ba 1339\/23, de la Consejera de Bienestar Social, Igualdad, Juventud, Infancia y Familias del Gobierno de Canarias, por la que se aprueba la propuesta del Plan Estrat\u00e9gico Departamental 2024-2027.<\/p>\n<p><a href=\"https:\/\/drive.google.com\/file\/d\/1YFrbryNQppsuGPvkvHBvAWiA2qr5qw9q\/view?usp=sharing\" target=\"_blank\" rel=\"noopener\" target=\"_blank\" rel=\"noopener\">Programa\u00a0<\/a><\/p>\n","protected":false},"excerpt":{"rendered":"<p>La Direcci\u00f3n General de Diversidad del Gobierno de Canarias, con competencias espec\u00edficas respecto a la recuperaci\u00f3n de la memoria hist\u00f3rica de estas personas, y el Aula Cultural de Diversidad LGBTIQ+ de la Universidad de La Laguna han organizado la celebraci\u00f3n de la Jornada de Memoria Hist\u00f3rica de las Disidencias Sexogen\u00e9ricas en Canarias 2024, para el&#8230;<\/p>\n","protected":false},"author":65,"featured_media":38859,"comment_status":"closed","ping_status":"closed","template":"","tags":[],"tribe_events_cat":[344,3987,4,186,191],"acf":[],"yoast_head":"<!-- This site is optimized with the Yoast SEO plugin v21.3 - https:\/\/yoast.com\/wordpress\/plugins\/seo\/ -->\n<title>Jornadas de memoria hist\u00f3rica de la disidencia sexogen\u00e9rica: resiliencia del activismo canario - ULL - Agenda<\/title>\n<meta name=\"robots\" content=\"index, follow, max-snippet:-1, max-image-preview:large, max-video-preview:-1\" \/>\n<link rel=\"canonical\" href=\"https:\/\/www.ull.es\/portal\/agenda\/evento\/jornadas-de-memoria-historica-de-la-disidencia-sexogenerica-resiliencia-del-activismo-canario\/\" \/>\n<meta property=\"og:locale\" content=\"es_ES\" \/>\n<meta property=\"og:type\" content=\"article\" \/>\n<meta property=\"og:title\" content=\"Jornadas de memoria hist\u00f3rica de la disidencia sexogen\u00e9rica: resiliencia del activismo canario - ULL - Agenda\" \/>\n<meta property=\"og:description\" content=\"La Direcci\u00f3n General de Diversidad del Gobierno de Canarias, con competencias espec\u00edficas respecto a la recuperaci\u00f3n de la memoria hist\u00f3rica de estas personas, y el Aula Cultural de Diversidad LGBTIQ+ de la Universidad de La Laguna han organizado la celebraci\u00f3n de la Jornada de Memoria Hist\u00f3rica de las Disidencias Sexogen\u00e9ricas en Canarias 2024, para el...\" \/>\n<meta property=\"og:url\" content=\"https:\/\/www.ull.es\/portal\/agenda\/evento\/jornadas-de-memoria-historica-de-la-disidencia-sexogenerica-resiliencia-del-activismo-canario\/\" \/>\n<meta property=\"og:site_name\" content=\"ULL - Agenda\" \/>\n<meta property=\"article:modified_time\" content=\"2024-10-24T08:30:24+00:00\" \/>\n<meta property=\"og:image\" content=\"https:\/\/www.ull.es\/portal\/agenda\/wp-content\/uploads\/sites\/12\/2024\/10\/AAFF_JMH-DS_2024_-1920X1080px.jpg\" \/>\n\t<meta property=\"og:image:width\" content=\"1920\" \/>\n\t<meta property=\"og:image:height\" content=\"1080\" \/>\n\t<meta property=\"og:image:type\" content=\"image\/jpeg\" \/>\n<meta name=\"twitter:card\" content=\"summary_large_image\" \/>\n<meta name=\"twitter:label1\" content=\"Tiempo de lectura\" \/>\n\t<meta name=\"twitter:data1\" content=\"1 minuto\" \/>\n<script type=\"application\/ld+json\" class=\"yoast-schema-graph\">{\"@context\":\"https:\/\/schema.org\",\"@graph\":[{\"@type\":\"WebPage\",\"@id\":\"https:\/\/www.ull.es\/portal\/agenda\/evento\/jornadas-de-memoria-historica-de-la-disidencia-sexogenerica-resiliencia-del-activismo-canario\/\",\"url\":\"https:\/\/www.ull.es\/portal\/agenda\/evento\/jornadas-de-memoria-historica-de-la-disidencia-sexogenerica-resiliencia-del-activismo-canario\/\",\"name\":\"Jornadas de memoria hist\u00f3rica de la disidencia sexogen\u00e9rica: resiliencia del activismo canario - ULL - Agenda\",\"isPartOf\":{\"@id\":\"https:\/\/www.ull.es\/portal\/agenda\/#website\"},\"datePublished\":\"2024-10-16T11:24:40+00:00\",\"dateModified\":\"2024-10-24T08:30:24+00:00\",\"breadcrumb\":{\"@id\":\"https:\/\/www.ull.es\/portal\/agenda\/evento\/jornadas-de-memoria-historica-de-la-disidencia-sexogenerica-resiliencia-del-activismo-canario\/#breadcrumb\"},\"inLanguage\":\"es\",\"potentialAction\":[{\"@type\":\"ReadAction\",\"target\":[\"https:\/\/www.ull.es\/portal\/agenda\/evento\/jornadas-de-memoria-historica-de-la-disidencia-sexogenerica-resiliencia-del-activismo-canario\/\"]}]},{\"@type\":\"BreadcrumbList\",\"@id\":\"https:\/\/www.ull.es\/portal\/agenda\/evento\/jornadas-de-memoria-historica-de-la-disidencia-sexogenerica-resiliencia-del-activismo-canario\/#breadcrumb\",\"itemListElement\":[{\"@type\":\"ListItem\",\"position\":1,\"name\":\"Portada\",\"item\":\"https:\/\/www.ull.es\/portal\/agenda\/\"},{\"@type\":\"ListItem\",\"position\":2,\"name\":\"Jornadas de memoria hist\u00f3rica de la disidencia sexogen\u00e9rica: resiliencia del activismo canario\"}]},{\"@type\":\"WebSite\",\"@id\":\"https:\/\/www.ull.es\/portal\/agenda\/#website\",\"url\":\"https:\/\/www.ull.es\/portal\/agenda\/\",\"name\":\"ULL - Agenda\",\"description\":\"\",\"potentialAction\":[{\"@type\":\"SearchAction\",\"target\":{\"@type\":\"EntryPoint\",\"urlTemplate\":\"https:\/\/www.ull.es\/portal\/agenda\/?s={search_term_string}\"},\"query-input\":\"required name=search_term_string\"}],\"inLanguage\":\"es\"}]}<\/script>\n<!-- \/ Yoast SEO plugin. -->","yoast_head_json":{"title":"Jornadas de memoria hist\u00f3rica de la disidencia sexogen\u00e9rica: resiliencia del activismo canario - ULL - Agenda","robots":{"index":"index","follow":"follow","max-snippet":"max-snippet:-1","max-image-preview":"max-image-preview:large","max-video-preview":"max-video-preview:-1"},"canonical":"https:\/\/www.ull.es\/portal\/agenda\/evento\/jornadas-de-memoria-historica-de-la-disidencia-sexogenerica-resiliencia-del-activismo-canario\/","og_locale":"es_ES","og_type":"article","og_title":"Jornadas de memoria hist\u00f3rica de la disidencia sexogen\u00e9rica: resiliencia del activismo canario - ULL - Agenda","og_description":"La Direcci\u00f3n General de Diversidad del Gobierno de Canarias, con competencias espec\u00edficas respecto a la recuperaci\u00f3n de la memoria hist\u00f3rica de estas personas, y el Aula Cultural de Diversidad LGBTIQ+ de la Universidad de La Laguna han organizado la celebraci\u00f3n de la Jornada de Memoria Hist\u00f3rica de las Disidencias Sexogen\u00e9ricas en Canarias 2024, para el...","og_url":"https:\/\/www.ull.es\/portal\/agenda\/evento\/jornadas-de-memoria-historica-de-la-disidencia-sexogenerica-resiliencia-del-activismo-canario\/","og_site_name":"ULL - Agenda","article_modified_time":"2024-10-24T08:30:24+00:00","og_image":[{"width":1920,"height":1080,"url":"https:\/\/www.ull.es\/portal\/agenda\/wp-content\/uploads\/sites\/12\/2024\/10\/AAFF_JMH-DS_2024_-1920X1080px.jpg","type":"image\/jpeg"}],"twitter_card":"summary_large_image","twitter_misc":{"Tiempo de lectura":"1 minuto"},"schema":{"@context":"https:\/\/schema.org","@graph":[{"@type":"WebPage","@id":"https:\/\/www.ull.es\/portal\/agenda\/evento\/jornadas-de-memoria-historica-de-la-disidencia-sexogenerica-resiliencia-del-activismo-canario\/","url":"https:\/\/www.ull.es\/portal\/agenda\/evento\/jornadas-de-memoria-historica-de-la-disidencia-sexogenerica-resiliencia-del-activismo-canario\/","name":"Jornadas de memoria hist\u00f3rica de la disidencia sexogen\u00e9rica: resiliencia del activismo canario - ULL - Agenda","isPartOf":{"@id":"https:\/\/www.ull.es\/portal\/agenda\/#website"},"datePublished":"2024-10-16T11:24:40+00:00","dateModified":"2024-10-24T08:30:24+00:00","breadcrumb":{"@id":"https:\/\/www.ull.es\/portal\/agenda\/evento\/jornadas-de-memoria-historica-de-la-disidencia-sexogenerica-resiliencia-del-activismo-canario\/#breadcrumb"},"inLanguage":"es","potentialAction":[{"@type":"ReadAction","target":["https:\/\/www.ull.es\/portal\/agenda\/evento\/jornadas-de-memoria-historica-de-la-disidencia-sexogenerica-resiliencia-del-activismo-canario\/"]}]},{"@type":"BreadcrumbList","@id":"https:\/\/www.ull.es\/portal\/agenda\/evento\/jornadas-de-memoria-historica-de-la-disidencia-sexogenerica-resiliencia-del-activismo-canario\/#breadcrumb","itemListElement":[{"@type":"ListItem","position":1,"name":"Portada","item":"https:\/\/www.ull.es\/portal\/agenda\/"},{"@type":"ListItem","position":2,"name":"Jornadas de memoria hist\u00f3rica de la disidencia sexogen\u00e9rica: resiliencia del activismo canario"}]},{"@type":"WebSite","@id":"https:\/\/www.ull.es\/portal\/agenda\/#website","url":"https:\/\/www.ull.es\/portal\/agenda\/","name":"ULL - Agenda","description":"","potentialAction":[{"@type":"SearchAction","target":{"@type":"EntryPoint","urlTemplate":"https:\/\/www.ull.es\/portal\/agenda\/?s={search_term_string}"},"query-input":"required name=search_term_string"}],"inLanguage":"es"}]}},"_links":{"self":[{"href":"https:\/\/www.ull.es\/portal\/agenda\/wp-json\/wp\/v2\/tribe_events\/38858"}],"collection":[{"href":"https:\/\/www.ull.es\/portal\/agenda\/wp-json\/wp\/v2\/tribe_events"}],"about":[{"href":"https:\/\/www.ull.es\/portal\/agenda\/wp-json\/wp\/v2\/types\/tribe_events"}],"author":[{"embeddable":true,"href":"https:\/\/www.ull.es\/portal\/agenda\/wp-json\/wp\/v2\/users\/65"}],"replies":[{"embeddable":true,"href":"https:\/\/www.ull.es\/portal\/agenda\/wp-json\/wp\/v2\/comments?post=38858"}],"version-history":[{"count":1,"href":"https:\/\/www.ull.es\/portal\/agenda\/wp-json\/wp\/v2\/tribe_events\/38858\/revisions"}],"predecessor-version":[{"id":38860,"href":"https:\/\/www.ull.es\/portal\/agenda\/wp-json\/wp\/v2\/tribe_events\/38858\/revisions\/38860"}],"wp:featuredmedia":[{"embeddable":true,"href":"https:\/\/www.ull.es\/portal\/agenda\/wp-json\/wp\/v2\/media\/38859"}],"wp:attachment":[{"href":"https:\/\/www.ull.es\/portal\/agenda\/wp-json\/wp\/v2\/media?parent=38858"}],"wp:term":[{"taxonomy":"post_tag","embeddable":true,"href":"https:\/\/www.ull.es\/portal\/agenda\/wp-json\/wp\/v2\/tags?post=38858"},{"taxonomy":"tribe_events_cat","embeddable":true,"href":"https:\/\/www.ull.es\/portal\/agenda\/wp-json\/wp\/v2\/tribe_events_cat?post=38858"}],"curies":[{"name":"wp","href":"https:\/\/api.w.org\/{rel}","templated":true}]}}

Jornadas de memoria histórica de la disidencia sexogenérica: resiliencia del activismo canario

<p>La Dirección General de Diversidad del Gobierno de Canarias, con competencias específicas respecto a la recuperación de la memoria histórica de estas personas, y el Aula Cultural de Diversidad LGBTIQ+ de la Universidad de La Laguna han organizado la celebración de la Jornada de Memoria Histórica de las Disidencias Sexogenéricas en Canarias 2024, para el próximo día 25 de octubre desde las 9:30 hasta las 14:30 en el aula de grado del campus de Guajara de la Universidad de La Laguna.</p>
<p>Ello por cuanto el reconocimiento, la reparación y dignificación de las personas disidentes sexuales y de género es uno de los objetivos específicos recogidos en la Orden n.º 1339/23, de la Consejera de Bienestar Social, Igualdad, Juventud, Infancia y Familias del Gobierno de Canarias, por la que se aprueba la propuesta del Plan Estratégico Departamental 2024-2027.</p>
<p><a href="https://drive.google.com/file/d/1YFrbryNQppsuGPvkvHBvAWiA2qr5qw9q/view?usp=sharing" target="_blank" rel="noopener" target="_blank" rel="noopener">Programa </a></p>

<p>La Dirección General de Diversidad del Gobierno de Canarias, con competencias específicas respecto a la recuperación de la memoria histórica de estas personas, y el Aula Cultural de Diversidad LGBTIQ+ de la Universidad de La Laguna han organizado la celebración de la Jornada de Memoria Histórica de las Disidencias Sexogenéricas en Canarias 2024, para el&#8230;</p>

<!-- This site is optimized with the Yoast SEO plugin v21.3 - https://yoast.com/wordpress/plugins/seo/ -->
<title>Jornadas de memoria histórica de la disidencia sexogenérica: resiliencia del activismo canario - ULL - Agenda</title>
<meta name="robots" content="index, follow, max-snippet:-1, max-image-preview:large, max-video-preview:-1" />
<link rel="canonical" href="https://www.ull.es/portal/agenda/evento/jornadas-de-memoria-historica-de-la-disidencia-sexogenerica-resiliencia-del-activismo-canario/" />
<meta property="og:locale" content="es_ES" />
<meta property="og:type" content="article" />
<meta property="og:title" content="Jornadas de memoria histórica de la disidencia sexogenérica: resiliencia del activismo canario - ULL - Agenda" />
<meta property="og:description" content="La Dirección General de Diversidad del Gobierno de Canarias, con competencias específicas respecto a la recuperación de la memoria histórica de estas personas, y el Aula Cultural de Diversidad LGBTIQ+ de la Universidad de La Laguna han organizado la celebración de la Jornada de Memoria Histórica de las Disidencias Sexogenéricas en Canarias 2024, para el..." />
<meta property="og:url" content="https://www.ull.es/portal/agenda/evento/jornadas-de-memoria-historica-de-la-disidencia-sexogenerica-resiliencia-del-activismo-canario/" />
<meta property="og:site_name" content="ULL - Agenda" />
<meta property="article:modified_time" content="2024-10-24T08:30:24+00:00" />
<meta property="og:image" content="https://www.ull.es/portal/agenda/wp-content/uploads/sites/12/2024/10/AAFF_JMH-DS_2024_-1920X1080px.jpg" />
	<meta property="og:image:width" content="1920" />
	<meta property="og:image:height" content="1080" />
	<meta property="og:image:type" content="image/jpeg" />
<meta name="twitter:card" content="summary_large_image" />
<meta name="twitter:label1" content="Tiempo de lectura" />
	<meta name="twitter:data1" content="1 minuto" />
<script type="application/ld+json" class="yoast-schema-graph">{"@context":"https://schema.org","@graph":[{"@type":"WebPage","@id":"https://www.ull.es/portal/agenda/evento/jornadas-de-memoria-historica-de-la-disidencia-sexogenerica-resiliencia-del-activismo-canario/","url":"https://www.ull.es/portal/agenda/evento/jornadas-de-memoria-historica-de-la-disidencia-sexogenerica-resiliencia-del-activismo-canario/","name":"Jornadas de memoria histórica de la disidencia sexogenérica: resiliencia del activismo canario - ULL - Agenda","isPartOf":{"@id":"https://www.ull.es/portal/agenda/#website"},"datePublished":"2024-10-16T11:24:40+00:00","dateModified":"2024-10-24T08:30:24+00:00","breadcrumb":{"@id":"https://www.ull.es/portal/agenda/evento/jornadas-de-memoria-historica-de-la-disidencia-sexogenerica-resiliencia-del-activismo-canario/#breadcrumb"},"inLanguage":"es","potentialAction":[{"@type":"ReadAction","target":["https://www.ull.es/portal/agenda/evento/jornadas-de-memoria-historica-de-la-disidencia-sexogenerica-resiliencia-del-activismo-canario/"]}]},{"@type":"BreadcrumbList","@id":"https://www.ull.es/portal/agenda/evento/jornadas-de-memoria-historica-de-la-disidencia-sexogenerica-resiliencia-del-activismo-canario/#breadcrumb","itemListElement":[{"@type":"ListItem","position":1,"name":"Portada","item":"https://www.ull.es/portal/agenda/"},{"@type":"ListItem","position":2,"name":"Jornadas de memoria histórica de la disidencia sexogenérica: resiliencia del activismo canario"}]},{"@type":"WebSite","@id":"https://www.ull.es/portal/agenda/#website","url":"https://www.ull.es/portal/agenda/","name":"ULL - Agenda","description":"","potentialAction":[{"@type":"SearchAction","target":{"@type":"EntryPoint","urlTemplate":"https://www.ull.es/portal/agenda/?s={search_term_string}"},"query-input":"required name=search_term_string"}],"inLanguage":"es"}]}</script>
<!-- / Yoast SEO plugin. -->

Jornadas de memoria histórica de la disidencia sexogenérica: resiliencia del activismo canario - ULL - Agenda

La Dirección General de Diversidad del Gobierno de Canarias, con competencias específicas respecto a la recuperación de la memoria histórica de estas personas, y el Aula Cultural de Diversidad LGBTIQ+ de la Universidad de La Laguna han organizado la celebración de la Jornada de Memoria Histórica de las Disidencias Sexogenéricas en Canarias 2024, para el...
