{"id":39059,"date":"2024-10-29T09:55:33","date_gmt":"2024-10-29T09:55:33","guid":{"rendered":"https:\/\/www.ull.es\/portal\/agenda\/?post_type=tribe_events&#038;p=39059"},"modified":"2024-11-25T12:35:42","modified_gmt":"2024-11-25T12:35:42","slug":"educacion-para-la-sostenibilidad-influencers-3c","status":"publish","type":"tribe_events","link":"https:\/\/www.ull.es\/portal\/agenda\/evento\/educacion-para-la-sostenibilidad-influencers-3c\/","title":{"rendered":"Educaci\u00f3n para la Sostenibilidad: Influencer 3C"},"content":{"rendered":"<p>La Universidad de La Laguna y el Gobierno de Canarias, dentro de la Agenda Canaria para el Desarrollo Sostenible (ACDS) han puesto en marcha un proyecto dirigido a la juventud canaria. Se trata de un curso gratuito de 25 h, en el que podr\u00e1s formarte como agente de cambio, conociendo qu\u00e9 es la ACDS, c\u00f3mo trabajar la sostenibilidad a trav\u00e9s del aprendizaje-servicio y c\u00f3mo dise\u00f1ar un proyecto de emprendimiento social. Posteriormente, se dise\u00f1ar\u00e1n diferentes acciones de sensibilizaci\u00f3n convirti\u00e9ndote en influencer en tu entorno y, como broche de oro, se organizar\u00e1 un evento comunitario participativo.<\/p>\n<p>Aparte de recibir un certificado y microcredenciales por la formaci\u00f3n, recibir\u00e1s un certificado por la duraci\u00f3n total del proyecto.<\/p>\n<p>La formaci\u00f3n se impartir\u00e1 el 18, 20, 25, 27 de noviembre y 4 y 5 de diciembre de 2024, de 16:00 a 20:00h en la Facultad de Educaci\u00f3n de la Universidad de La Laguna.<\/p>\n<p>Requisitos:<\/p>\n<p>Ser joven con edad comprendida entre los 16 y 25 a\u00f1os, con residencia en las Islas Canarias y tener el t\u00edtulo de Ense\u00f1anza Secundaria Obligatoria.<\/p>\n<p><a href=\"https:\/\/drive.google.com\/file\/d\/1LGMkjxDA3xT05tHC_pWSD5XYh_W31Ou0\/view?usp=sharing\" target=\"_blank\" rel=\"noopener\" target=\"_blank\" rel=\"noopener\">Programa<\/a><\/p>\n<p><a href=\"https:\/\/docs.google.com\/forms\/d\/e\/1FAIpQLSfpxblpPEAh429pgLxZugilUMiS9L2UJC272lO-qMd4CFSuFQ\/viewform\" target=\"_blank\" rel=\"noopener\" target=\"_blank\" rel=\"noopener\">Inscripci\u00f3n<\/a><\/p>\n","protected":false},"excerpt":{"rendered":"<p>La Universidad de La Laguna y el Gobierno de Canarias, dentro de la Agenda Canaria para el Desarrollo Sostenible (ACDS) han puesto en marcha un proyecto dirigido a la juventud canaria. Se trata de un curso gratuito de 25 h, en el que podr\u00e1s formarte como agente de cambio, conociendo qu\u00e9 es la ACDS, c\u00f3mo&#8230;<\/p>\n","protected":false},"author":65,"featured_media":39261,"comment_status":"closed","ping_status":"closed","template":"","tags":[],"tribe_events_cat":[4,815,186],"acf":[],"yoast_head":"<!-- This site is optimized with the Yoast SEO plugin v21.3 - https:\/\/yoast.com\/wordpress\/plugins\/seo\/ -->\n<title>Educaci\u00f3n para la Sostenibilidad: Influencer 3C - ULL - Agenda<\/title>\n<meta name=\"robots\" content=\"index, follow, max-snippet:-1, max-image-preview:large, max-video-preview:-1\" \/>\n<link rel=\"canonical\" href=\"https:\/\/www.ull.es\/portal\/agenda\/evento\/educacion-para-la-sostenibilidad-influencers-3c\/\" \/>\n<meta property=\"og:locale\" content=\"es_ES\" \/>\n<meta property=\"og:type\" content=\"article\" \/>\n<meta property=\"og:title\" content=\"Educaci\u00f3n para la Sostenibilidad: Influencer 3C - ULL - Agenda\" \/>\n<meta property=\"og:description\" content=\"La Universidad de La Laguna y el Gobierno de Canarias, dentro de la Agenda Canaria para el Desarrollo Sostenible (ACDS) han puesto en marcha un proyecto dirigido a la juventud canaria. Se trata de un curso gratuito de 25 h, en el que podr\u00e1s formarte como agente de cambio, conociendo qu\u00e9 es la ACDS, c\u00f3mo...\" \/>\n<meta property=\"og:url\" content=\"https:\/\/www.ull.es\/portal\/agenda\/evento\/educacion-para-la-sostenibilidad-influencers-3c\/\" \/>\n<meta property=\"og:site_name\" content=\"ULL - Agenda\" \/>\n<meta property=\"article:modified_time\" content=\"2024-11-25T12:35:42+00:00\" \/>\n<meta property=\"og:image\" content=\"https:\/\/www.ull.es\/portal\/agenda\/wp-content\/uploads\/sites\/12\/2024\/10\/Eventos-ULL-750-x-370-px-1.jpg\" \/>\n\t<meta property=\"og:image:width\" content=\"750\" \/>\n\t<meta property=\"og:image:height\" content=\"370\" \/>\n\t<meta property=\"og:image:type\" content=\"image\/jpeg\" \/>\n<meta name=\"twitter:card\" content=\"summary_large_image\" \/>\n<meta name=\"twitter:label1\" content=\"Tiempo de lectura\" \/>\n\t<meta name=\"twitter:data1\" content=\"1 minuto\" \/>\n<script type=\"application\/ld+json\" class=\"yoast-schema-graph\">{\"@context\":\"https:\/\/schema.org\",\"@graph\":[{\"@type\":\"WebPage\",\"@id\":\"https:\/\/www.ull.es\/portal\/agenda\/evento\/educacion-para-la-sostenibilidad-influencers-3c\/\",\"url\":\"https:\/\/www.ull.es\/portal\/agenda\/evento\/educacion-para-la-sostenibilidad-influencers-3c\/\",\"name\":\"Educaci\u00f3n para la Sostenibilidad: Influencer 3C - ULL - Agenda\",\"isPartOf\":{\"@id\":\"https:\/\/www.ull.es\/portal\/agenda\/#website\"},\"datePublished\":\"2024-10-29T09:55:33+00:00\",\"dateModified\":\"2024-11-25T12:35:42+00:00\",\"breadcrumb\":{\"@id\":\"https:\/\/www.ull.es\/portal\/agenda\/evento\/educacion-para-la-sostenibilidad-influencers-3c\/#breadcrumb\"},\"inLanguage\":\"es\",\"potentialAction\":[{\"@type\":\"ReadAction\",\"target\":[\"https:\/\/www.ull.es\/portal\/agenda\/evento\/educacion-para-la-sostenibilidad-influencers-3c\/\"]}]},{\"@type\":\"BreadcrumbList\",\"@id\":\"https:\/\/www.ull.es\/portal\/agenda\/evento\/educacion-para-la-sostenibilidad-influencers-3c\/#breadcrumb\",\"itemListElement\":[{\"@type\":\"ListItem\",\"position\":1,\"name\":\"Portada\",\"item\":\"https:\/\/www.ull.es\/portal\/agenda\/\"},{\"@type\":\"ListItem\",\"position\":2,\"name\":\"Educaci\u00f3n para la Sostenibilidad: Influencer 3C\"}]},{\"@type\":\"WebSite\",\"@id\":\"https:\/\/www.ull.es\/portal\/agenda\/#website\",\"url\":\"https:\/\/www.ull.es\/portal\/agenda\/\",\"name\":\"ULL - Agenda\",\"description\":\"\",\"potentialAction\":[{\"@type\":\"SearchAction\",\"target\":{\"@type\":\"EntryPoint\",\"urlTemplate\":\"https:\/\/www.ull.es\/portal\/agenda\/?s={search_term_string}\"},\"query-input\":\"required name=search_term_string\"}],\"inLanguage\":\"es\"}]}<\/script>\n<!-- \/ Yoast SEO plugin. -->","yoast_head_json":{"title":"Educaci\u00f3n para la Sostenibilidad: Influencer 3C - ULL - Agenda","robots":{"index":"index","follow":"follow","max-snippet":"max-snippet:-1","max-image-preview":"max-image-preview:large","max-video-preview":"max-video-preview:-1"},"canonical":"https:\/\/www.ull.es\/portal\/agenda\/evento\/educacion-para-la-sostenibilidad-influencers-3c\/","og_locale":"es_ES","og_type":"article","og_title":"Educaci\u00f3n para la Sostenibilidad: Influencer 3C - ULL - Agenda","og_description":"La Universidad de La Laguna y el Gobierno de Canarias, dentro de la Agenda Canaria para el Desarrollo Sostenible (ACDS) han puesto en marcha un proyecto dirigido a la juventud canaria. Se trata de un curso gratuito de 25 h, en el que podr\u00e1s formarte como agente de cambio, conociendo qu\u00e9 es la ACDS, c\u00f3mo...","og_url":"https:\/\/www.ull.es\/portal\/agenda\/evento\/educacion-para-la-sostenibilidad-influencers-3c\/","og_site_name":"ULL - Agenda","article_modified_time":"2024-11-25T12:35:42+00:00","og_image":[{"width":750,"height":370,"url":"https:\/\/www.ull.es\/portal\/agenda\/wp-content\/uploads\/sites\/12\/2024\/10\/Eventos-ULL-750-x-370-px-1.jpg","type":"image\/jpeg"}],"twitter_card":"summary_large_image","twitter_misc":{"Tiempo de lectura":"1 minuto"},"schema":{"@context":"https:\/\/schema.org","@graph":[{"@type":"WebPage","@id":"https:\/\/www.ull.es\/portal\/agenda\/evento\/educacion-para-la-sostenibilidad-influencers-3c\/","url":"https:\/\/www.ull.es\/portal\/agenda\/evento\/educacion-para-la-sostenibilidad-influencers-3c\/","name":"Educaci\u00f3n para la Sostenibilidad: Influencer 3C - ULL - Agenda","isPartOf":{"@id":"https:\/\/www.ull.es\/portal\/agenda\/#website"},"datePublished":"2024-10-29T09:55:33+00:00","dateModified":"2024-11-25T12:35:42+00:00","breadcrumb":{"@id":"https:\/\/www.ull.es\/portal\/agenda\/evento\/educacion-para-la-sostenibilidad-influencers-3c\/#breadcrumb"},"inLanguage":"es","potentialAction":[{"@type":"ReadAction","target":["https:\/\/www.ull.es\/portal\/agenda\/evento\/educacion-para-la-sostenibilidad-influencers-3c\/"]}]},{"@type":"BreadcrumbList","@id":"https:\/\/www.ull.es\/portal\/agenda\/evento\/educacion-para-la-sostenibilidad-influencers-3c\/#breadcrumb","itemListElement":[{"@type":"ListItem","position":1,"name":"Portada","item":"https:\/\/www.ull.es\/portal\/agenda\/"},{"@type":"ListItem","position":2,"name":"Educaci\u00f3n para la Sostenibilidad: Influencer 3C"}]},{"@type":"WebSite","@id":"https:\/\/www.ull.es\/portal\/agenda\/#website","url":"https:\/\/www.ull.es\/portal\/agenda\/","name":"ULL - Agenda","description":"","potentialAction":[{"@type":"SearchAction","target":{"@type":"EntryPoint","urlTemplate":"https:\/\/www.ull.es\/portal\/agenda\/?s={search_term_string}"},"query-input":"required name=search_term_string"}],"inLanguage":"es"}]}},"_links":{"self":[{"href":"https:\/\/www.ull.es\/portal\/agenda\/wp-json\/wp\/v2\/tribe_events\/39059"}],"collection":[{"href":"https:\/\/www.ull.es\/portal\/agenda\/wp-json\/wp\/v2\/tribe_events"}],"about":[{"href":"https:\/\/www.ull.es\/portal\/agenda\/wp-json\/wp\/v2\/types\/tribe_events"}],"author":[{"embeddable":true,"href":"https:\/\/www.ull.es\/portal\/agenda\/wp-json\/wp\/v2\/users\/65"}],"replies":[{"embeddable":true,"href":"https:\/\/www.ull.es\/portal\/agenda\/wp-json\/wp\/v2\/comments?post=39059"}],"version-history":[{"count":5,"href":"https:\/\/www.ull.es\/portal\/agenda\/wp-json\/wp\/v2\/tribe_events\/39059\/revisions"}],"predecessor-version":[{"id":39315,"href":"https:\/\/www.ull.es\/portal\/agenda\/wp-json\/wp\/v2\/tribe_events\/39059\/revisions\/39315"}],"wp:featuredmedia":[{"embeddable":true,"href":"https:\/\/www.ull.es\/portal\/agenda\/wp-json\/wp\/v2\/media\/39261"}],"wp:attachment":[{"href":"https:\/\/www.ull.es\/portal\/agenda\/wp-json\/wp\/v2\/media?parent=39059"}],"wp:term":[{"taxonomy":"post_tag","embeddable":true,"href":"https:\/\/www.ull.es\/portal\/agenda\/wp-json\/wp\/v2\/tags?post=39059"},{"taxonomy":"tribe_events_cat","embeddable":true,"href":"https:\/\/www.ull.es\/portal\/agenda\/wp-json\/wp\/v2\/tribe_events_cat?post=39059"}],"curies":[{"name":"wp","href":"https:\/\/api.w.org\/{rel}","templated":true}]}}

Educación para la Sostenibilidad: Influencer 3C

<p>La Universidad de La Laguna y el Gobierno de Canarias, dentro de la Agenda Canaria para el Desarrollo Sostenible (ACDS) han puesto en marcha un proyecto dirigido a la juventud canaria. Se trata de un curso gratuito de 25 h, en el que podrás formarte como agente de cambio, conociendo qué es la ACDS, cómo trabajar la sostenibilidad a través del aprendizaje-servicio y cómo diseñar un proyecto de emprendimiento social. Posteriormente, se diseñarán diferentes acciones de sensibilización convirtiéndote en influencer en tu entorno y, como broche de oro, se organizará un evento comunitario participativo.</p>
<p>Aparte de recibir un certificado y microcredenciales por la formación, recibirás un certificado por la duración total del proyecto.</p>
<p>La formación se impartirá el 18, 20, 25, 27 de noviembre y 4 y 5 de diciembre de 2024, de 16:00 a 20:00h en la Facultad de Educación de la Universidad de La Laguna.</p>
<p>Requisitos:</p>
<p>Ser joven con edad comprendida entre los 16 y 25 años, con residencia en las Islas Canarias y tener el título de Enseñanza Secundaria Obligatoria.</p>
<p><a href="https://drive.google.com/file/d/1LGMkjxDA3xT05tHC_pWSD5XYh_W31Ou0/view?usp=sharing" target="_blank" rel="noopener" target="_blank" rel="noopener">Programa</a></p>
<p><a href="https://docs.google.com/forms/d/e/1FAIpQLSfpxblpPEAh429pgLxZugilUMiS9L2UJC272lO-qMd4CFSuFQ/viewform" target="_blank" rel="noopener" target="_blank" rel="noopener">Inscripción</a></p>

<p>La Universidad de La Laguna y el Gobierno de Canarias, dentro de la Agenda Canaria para el Desarrollo Sostenible (ACDS) han puesto en marcha un proyecto dirigido a la juventud canaria. Se trata de un curso gratuito de 25 h, en el que podrás formarte como agente de cambio, conociendo qué es la ACDS, cómo&#8230;</p>

<!-- This site is optimized with the Yoast SEO plugin v21.3 - https://yoast.com/wordpress/plugins/seo/ -->
<title>Educación para la Sostenibilidad: Influencer 3C - ULL - Agenda</title>
<meta name="robots" content="index, follow, max-snippet:-1, max-image-preview:large, max-video-preview:-1" />
<link rel="canonical" href="https://www.ull.es/portal/agenda/evento/educacion-para-la-sostenibilidad-influencers-3c/" />
<meta property="og:locale" content="es_ES" />
<meta property="og:type" content="article" />
<meta property="og:title" content="Educación para la Sostenibilidad: Influencer 3C - ULL - Agenda" />
<meta property="og:description" content="La Universidad de La Laguna y el Gobierno de Canarias, dentro de la Agenda Canaria para el Desarrollo Sostenible (ACDS) han puesto en marcha un proyecto dirigido a la juventud canaria. Se trata de un curso gratuito de 25 h, en el que podrás formarte como agente de cambio, conociendo qué es la ACDS, cómo..." />
<meta property="og:url" content="https://www.ull.es/portal/agenda/evento/educacion-para-la-sostenibilidad-influencers-3c/" />
<meta property="og:site_name" content="ULL - Agenda" />
<meta property="article:modified_time" content="2024-11-25T12:35:42+00:00" />
<meta property="og:image" content="https://www.ull.es/portal/agenda/wp-content/uploads/sites/12/2024/10/Eventos-ULL-750-x-370-px-1.jpg" />
	<meta property="og:image:width" content="750" />
	<meta property="og:image:height" content="370" />
	<meta property="og:image:type" content="image/jpeg" />
<meta name="twitter:card" content="summary_large_image" />
<meta name="twitter:label1" content="Tiempo de lectura" />
	<meta name="twitter:data1" content="1 minuto" />
<script type="application/ld+json" class="yoast-schema-graph">{"@context":"https://schema.org","@graph":[{"@type":"WebPage","@id":"https://www.ull.es/portal/agenda/evento/educacion-para-la-sostenibilidad-influencers-3c/","url":"https://www.ull.es/portal/agenda/evento/educacion-para-la-sostenibilidad-influencers-3c/","name":"Educación para la Sostenibilidad: Influencer 3C - ULL - Agenda","isPartOf":{"@id":"https://www.ull.es/portal/agenda/#website"},"datePublished":"2024-10-29T09:55:33+00:00","dateModified":"2024-11-25T12:35:42+00:00","breadcrumb":{"@id":"https://www.ull.es/portal/agenda/evento/educacion-para-la-sostenibilidad-influencers-3c/#breadcrumb"},"inLanguage":"es","potentialAction":[{"@type":"ReadAction","target":["https://www.ull.es/portal/agenda/evento/educacion-para-la-sostenibilidad-influencers-3c/"]}]},{"@type":"BreadcrumbList","@id":"https://www.ull.es/portal/agenda/evento/educacion-para-la-sostenibilidad-influencers-3c/#breadcrumb","itemListElement":[{"@type":"ListItem","position":1,"name":"Portada","item":"https://www.ull.es/portal/agenda/"},{"@type":"ListItem","position":2,"name":"Educación para la Sostenibilidad: Influencer 3C"}]},{"@type":"WebSite","@id":"https://www.ull.es/portal/agenda/#website","url":"https://www.ull.es/portal/agenda/","name":"ULL - Agenda","description":"","potentialAction":[{"@type":"SearchAction","target":{"@type":"EntryPoint","urlTemplate":"https://www.ull.es/portal/agenda/?s={search_term_string}"},"query-input":"required name=search_term_string"}],"inLanguage":"es"}]}</script>
<!-- / Yoast SEO plugin. -->

Educación para la Sostenibilidad: Influencer 3C - ULL - Agenda

La Universidad de La Laguna y el Gobierno de Canarias, dentro de la Agenda Canaria para el Desarrollo Sostenible (ACDS) han puesto en marcha un proyecto dirigido a la juventud canaria. Se trata de un curso gratuito de 25 h, en el que podrás formarte como agente de cambio, conociendo qué es la ACDS, cómo...
