{"id":39304,"date":"2024-11-07T12:47:34","date_gmt":"2024-11-07T12:47:34","guid":{"rendered":"https:\/\/www.ull.es\/portal\/agenda\/?post_type=tribe_events&#038;p=39304"},"modified":"2024-11-18T09:20:37","modified_gmt":"2024-11-18T09:20:37","slug":"acto-conmemorativo-del-30-aniversario-del-servicio-de-idiomas","status":"publish","type":"tribe_events","link":"https:\/\/www.ull.es\/portal\/agenda\/evento\/acto-conmemorativo-del-30-aniversario-del-servicio-de-idiomas\/","title":{"rendered":"Acto conmemorativo del 30 aniversario del Servicio de Idiomas"},"content":{"rendered":"<div>\n<p dir=\"ltr\">El Servicio de Idiomas de la Universidad de Laguna celebra su treinta aniversario con un acto conmemorativo el pr\u00f3ximo 20 de noviembre a las 18:30 horas en el Paraninfo universitario. El evento contar\u00e1 con la participaci\u00f3n de la reconocida humorista y actriz Petite Lorena, quien animar\u00e1 la velada.<\/p>\n<p dir=\"ltr\">Desde sus inicios, el Servicio de Idiomas ha sido un referente en la formaci\u00f3n ling\u00fc\u00edstica de estudiantes y profesionales en las Islas Canarias. En estas tres d\u00e9cadas, se ha contribuido al crecimiento educativo, profesional y cultural de la sociedad a trav\u00e9s de diversas acciones formativas, intercambios culturales y programas de inmersi\u00f3n ling\u00fc\u00edstica en el extranjero.<\/p>\n<p dir=\"ltr\">El Coro Polif\u00f3nico ser\u00e1 el encargado de poner la parte musical con un repertorio que tendr\u00e1 como eje principal cuatro de los idiomas que se imparten en este departamento, con una breve introducci\u00f3n de la importancia de los mismos en nuestra formaci\u00f3n universitaria y en la propia vida.<\/p>\n<p dir=\"ltr\">Debido a que las plazas son limitadas, rogamos que se confirme su asistencia a esta ocasi\u00f3n tan especial rellenando la siguiente\u00a0<a href=\"https:\/\/urldefense.com\/v3\/__https:\/\/forms.gle\/Fcf36p3LHnwUMF419__;!!D9dNQwwGXtA!TjdczPertb1KetamScF1nLNEQFeafdJbPolu3F0P8nHQOLhIugDX8-21ysQZmWfaJ-24VYKM-Kk5ejBK$\" target=\"_blank\" rel=\"noopener\" data-saferedirecturl=\"https:\/\/www.google.com\/url?q=https:\/\/urldefense.com\/v3\/__https:\/\/forms.gle\/Fcf36p3LHnwUMF419__;!!D9dNQwwGXtA!TjdczPertb1KetamScF1nLNEQFeafdJbPolu3F0P8nHQOLhIugDX8-21ysQZmWfaJ-24VYKM-Kk5ejBK$&amp;source=gmail&amp;ust=1731067460477000&amp;usg=AOvVaw04BoMeYVlfyVu7Zy1WMDNw\" target=\"_blank\" rel=\"noopener\">inscripci\u00f3n<\/a>.<\/p>\n<\/div>\n<div><a href=\"https:\/\/urldefense.com\/v3\/__https:\/\/drive.google.com\/file\/d\/1XF29IqqvWJwcllBnSdZZkgAk2MTztiSw\/view?usp=drive_link__;!!D9dNQwwGXtA!TjdczPertb1KetamScF1nLNEQFeafdJbPolu3F0P8nHQOLhIugDX8-21ysQZmWfaJ-24VYKM-Ptqimme$\" target=\"_blank\" rel=\"noopener\" data-saferedirecturl=\"https:\/\/www.google.com\/url?q=https:\/\/urldefense.com\/v3\/__https:\/\/drive.google.com\/file\/d\/1XF29IqqvWJwcllBnSdZZkgAk2MTztiSw\/view?usp%3Ddrive_link__;!!D9dNQwwGXtA!TjdczPertb1KetamScF1nLNEQFeafdJbPolu3F0P8nHQOLhIugDX8-21ysQZmWfaJ-24VYKM-Ptqimme$&amp;source=gmail&amp;ust=1731067460477000&amp;usg=AOvVaw2XFqs1qqNtbqRPHzvcKU0c\" target=\"_blank\" rel=\"noopener\">Programa<\/a><\/div>\n<div><\/div>\n","protected":false},"excerpt":{"rendered":"<p>El Servicio de Idiomas de la Universidad de Laguna celebra su treinta aniversario con un acto conmemorativo el pr\u00f3ximo 20 de noviembre a las 18:30 horas en el Paraninfo universitario. El evento contar\u00e1 con la participaci\u00f3n de la reconocida humorista y actriz Petite Lorena, quien animar\u00e1 la velada. Desde sus inicios, el Servicio de Idiomas&#8230;<\/p>\n","protected":false},"author":65,"featured_media":39427,"comment_status":"closed","ping_status":"closed","template":"","tags":[],"tribe_events_cat":[4,343,186],"acf":[],"yoast_head":"<!-- This site is optimized with the Yoast SEO plugin v21.3 - https:\/\/yoast.com\/wordpress\/plugins\/seo\/ -->\n<title>Acto conmemorativo del 30 aniversario del Servicio de Idiomas - ULL - Agenda<\/title>\n<meta name=\"robots\" content=\"index, follow, max-snippet:-1, max-image-preview:large, max-video-preview:-1\" \/>\n<link rel=\"canonical\" href=\"https:\/\/www.ull.es\/portal\/agenda\/evento\/acto-conmemorativo-del-30-aniversario-del-servicio-de-idiomas\/\" \/>\n<meta property=\"og:locale\" content=\"es_ES\" \/>\n<meta property=\"og:type\" content=\"article\" \/>\n<meta property=\"og:title\" content=\"Acto conmemorativo del 30 aniversario del Servicio de Idiomas - ULL - Agenda\" \/>\n<meta property=\"og:description\" content=\"El Servicio de Idiomas de la Universidad de Laguna celebra su treinta aniversario con un acto conmemorativo el pr\u00f3ximo 20 de noviembre a las 18:30 horas en el Paraninfo universitario. El evento contar\u00e1 con la participaci\u00f3n de la reconocida humorista y actriz Petite Lorena, quien animar\u00e1 la velada. Desde sus inicios, el Servicio de Idiomas...\" \/>\n<meta property=\"og:url\" content=\"https:\/\/www.ull.es\/portal\/agenda\/evento\/acto-conmemorativo-del-30-aniversario-del-servicio-de-idiomas\/\" \/>\n<meta property=\"og:site_name\" content=\"ULL - Agenda\" \/>\n<meta property=\"article:modified_time\" content=\"2024-11-18T09:20:37+00:00\" \/>\n<meta property=\"og:image\" content=\"https:\/\/www.ull.es\/portal\/agenda\/wp-content\/uploads\/sites\/12\/2024\/11\/Acto-conmemorativo-30-aniversario-SI_Banner-eventos-2.png\" \/>\n\t<meta property=\"og:image:width\" content=\"750\" \/>\n\t<meta property=\"og:image:height\" content=\"370\" \/>\n\t<meta property=\"og:image:type\" content=\"image\/png\" \/>\n<meta name=\"twitter:card\" content=\"summary_large_image\" \/>\n<meta name=\"twitter:label1\" content=\"Tiempo de lectura\" \/>\n\t<meta name=\"twitter:data1\" content=\"1 minuto\" \/>\n<script type=\"application\/ld+json\" class=\"yoast-schema-graph\">{\"@context\":\"https:\/\/schema.org\",\"@graph\":[{\"@type\":\"WebPage\",\"@id\":\"https:\/\/www.ull.es\/portal\/agenda\/evento\/acto-conmemorativo-del-30-aniversario-del-servicio-de-idiomas\/\",\"url\":\"https:\/\/www.ull.es\/portal\/agenda\/evento\/acto-conmemorativo-del-30-aniversario-del-servicio-de-idiomas\/\",\"name\":\"Acto conmemorativo del 30 aniversario del Servicio de Idiomas - ULL - Agenda\",\"isPartOf\":{\"@id\":\"https:\/\/www.ull.es\/portal\/agenda\/#website\"},\"datePublished\":\"2024-11-07T12:47:34+00:00\",\"dateModified\":\"2024-11-18T09:20:37+00:00\",\"breadcrumb\":{\"@id\":\"https:\/\/www.ull.es\/portal\/agenda\/evento\/acto-conmemorativo-del-30-aniversario-del-servicio-de-idiomas\/#breadcrumb\"},\"inLanguage\":\"es\",\"potentialAction\":[{\"@type\":\"ReadAction\",\"target\":[\"https:\/\/www.ull.es\/portal\/agenda\/evento\/acto-conmemorativo-del-30-aniversario-del-servicio-de-idiomas\/\"]}]},{\"@type\":\"BreadcrumbList\",\"@id\":\"https:\/\/www.ull.es\/portal\/agenda\/evento\/acto-conmemorativo-del-30-aniversario-del-servicio-de-idiomas\/#breadcrumb\",\"itemListElement\":[{\"@type\":\"ListItem\",\"position\":1,\"name\":\"Portada\",\"item\":\"https:\/\/www.ull.es\/portal\/agenda\/\"},{\"@type\":\"ListItem\",\"position\":2,\"name\":\"Acto conmemorativo del 30 aniversario del Servicio de Idiomas\"}]},{\"@type\":\"WebSite\",\"@id\":\"https:\/\/www.ull.es\/portal\/agenda\/#website\",\"url\":\"https:\/\/www.ull.es\/portal\/agenda\/\",\"name\":\"ULL - Agenda\",\"description\":\"\",\"potentialAction\":[{\"@type\":\"SearchAction\",\"target\":{\"@type\":\"EntryPoint\",\"urlTemplate\":\"https:\/\/www.ull.es\/portal\/agenda\/?s={search_term_string}\"},\"query-input\":\"required name=search_term_string\"}],\"inLanguage\":\"es\"}]}<\/script>\n<!-- \/ Yoast SEO plugin. -->","yoast_head_json":{"title":"Acto conmemorativo del 30 aniversario del Servicio de Idiomas - ULL - Agenda","robots":{"index":"index","follow":"follow","max-snippet":"max-snippet:-1","max-image-preview":"max-image-preview:large","max-video-preview":"max-video-preview:-1"},"canonical":"https:\/\/www.ull.es\/portal\/agenda\/evento\/acto-conmemorativo-del-30-aniversario-del-servicio-de-idiomas\/","og_locale":"es_ES","og_type":"article","og_title":"Acto conmemorativo del 30 aniversario del Servicio de Idiomas - ULL - Agenda","og_description":"El Servicio de Idiomas de la Universidad de Laguna celebra su treinta aniversario con un acto conmemorativo el pr\u00f3ximo 20 de noviembre a las 18:30 horas en el Paraninfo universitario. El evento contar\u00e1 con la participaci\u00f3n de la reconocida humorista y actriz Petite Lorena, quien animar\u00e1 la velada. Desde sus inicios, el Servicio de Idiomas...","og_url":"https:\/\/www.ull.es\/portal\/agenda\/evento\/acto-conmemorativo-del-30-aniversario-del-servicio-de-idiomas\/","og_site_name":"ULL - Agenda","article_modified_time":"2024-11-18T09:20:37+00:00","og_image":[{"width":750,"height":370,"url":"https:\/\/www.ull.es\/portal\/agenda\/wp-content\/uploads\/sites\/12\/2024\/11\/Acto-conmemorativo-30-aniversario-SI_Banner-eventos-2.png","type":"image\/png"}],"twitter_card":"summary_large_image","twitter_misc":{"Tiempo de lectura":"1 minuto"},"schema":{"@context":"https:\/\/schema.org","@graph":[{"@type":"WebPage","@id":"https:\/\/www.ull.es\/portal\/agenda\/evento\/acto-conmemorativo-del-30-aniversario-del-servicio-de-idiomas\/","url":"https:\/\/www.ull.es\/portal\/agenda\/evento\/acto-conmemorativo-del-30-aniversario-del-servicio-de-idiomas\/","name":"Acto conmemorativo del 30 aniversario del Servicio de Idiomas - ULL - Agenda","isPartOf":{"@id":"https:\/\/www.ull.es\/portal\/agenda\/#website"},"datePublished":"2024-11-07T12:47:34+00:00","dateModified":"2024-11-18T09:20:37+00:00","breadcrumb":{"@id":"https:\/\/www.ull.es\/portal\/agenda\/evento\/acto-conmemorativo-del-30-aniversario-del-servicio-de-idiomas\/#breadcrumb"},"inLanguage":"es","potentialAction":[{"@type":"ReadAction","target":["https:\/\/www.ull.es\/portal\/agenda\/evento\/acto-conmemorativo-del-30-aniversario-del-servicio-de-idiomas\/"]}]},{"@type":"BreadcrumbList","@id":"https:\/\/www.ull.es\/portal\/agenda\/evento\/acto-conmemorativo-del-30-aniversario-del-servicio-de-idiomas\/#breadcrumb","itemListElement":[{"@type":"ListItem","position":1,"name":"Portada","item":"https:\/\/www.ull.es\/portal\/agenda\/"},{"@type":"ListItem","position":2,"name":"Acto conmemorativo del 30 aniversario del Servicio de Idiomas"}]},{"@type":"WebSite","@id":"https:\/\/www.ull.es\/portal\/agenda\/#website","url":"https:\/\/www.ull.es\/portal\/agenda\/","name":"ULL - Agenda","description":"","potentialAction":[{"@type":"SearchAction","target":{"@type":"EntryPoint","urlTemplate":"https:\/\/www.ull.es\/portal\/agenda\/?s={search_term_string}"},"query-input":"required name=search_term_string"}],"inLanguage":"es"}]}},"_links":{"self":[{"href":"https:\/\/www.ull.es\/portal\/agenda\/wp-json\/wp\/v2\/tribe_events\/39304"}],"collection":[{"href":"https:\/\/www.ull.es\/portal\/agenda\/wp-json\/wp\/v2\/tribe_events"}],"about":[{"href":"https:\/\/www.ull.es\/portal\/agenda\/wp-json\/wp\/v2\/types\/tribe_events"}],"author":[{"embeddable":true,"href":"https:\/\/www.ull.es\/portal\/agenda\/wp-json\/wp\/v2\/users\/65"}],"replies":[{"embeddable":true,"href":"https:\/\/www.ull.es\/portal\/agenda\/wp-json\/wp\/v2\/comments?post=39304"}],"version-history":[{"count":2,"href":"https:\/\/www.ull.es\/portal\/agenda\/wp-json\/wp\/v2\/tribe_events\/39304\/revisions"}],"predecessor-version":[{"id":39516,"href":"https:\/\/www.ull.es\/portal\/agenda\/wp-json\/wp\/v2\/tribe_events\/39304\/revisions\/39516"}],"wp:featuredmedia":[{"embeddable":true,"href":"https:\/\/www.ull.es\/portal\/agenda\/wp-json\/wp\/v2\/media\/39427"}],"wp:attachment":[{"href":"https:\/\/www.ull.es\/portal\/agenda\/wp-json\/wp\/v2\/media?parent=39304"}],"wp:term":[{"taxonomy":"post_tag","embeddable":true,"href":"https:\/\/www.ull.es\/portal\/agenda\/wp-json\/wp\/v2\/tags?post=39304"},{"taxonomy":"tribe_events_cat","embeddable":true,"href":"https:\/\/www.ull.es\/portal\/agenda\/wp-json\/wp\/v2\/tribe_events_cat?post=39304"}],"curies":[{"name":"wp","href":"https:\/\/api.w.org\/{rel}","templated":true}]}}

<div>
<p dir="ltr">El Servicio de Idiomas de la Universidad de Laguna celebra su treinta aniversario con un acto conmemorativo el próximo 20 de noviembre a las 18:30 horas en el Paraninfo universitario. El evento contará con la participación de la reconocida humorista y actriz Petite Lorena, quien animará la velada.</p>
<p dir="ltr">Desde sus inicios, el Servicio de Idiomas ha sido un referente en la formación lingüística de estudiantes y profesionales en las Islas Canarias. En estas tres décadas, se ha contribuido al crecimiento educativo, profesional y cultural de la sociedad a través de diversas acciones formativas, intercambios culturales y programas de inmersión lingüística en el extranjero.</p>
<p dir="ltr">El Coro Polifónico será el encargado de poner la parte musical con un repertorio que tendrá como eje principal cuatro de los idiomas que se imparten en este departamento, con una breve introducción de la importancia de los mismos en nuestra formación universitaria y en la propia vida.</p>
<p dir="ltr">Debido a que las plazas son limitadas, rogamos que se confirme su asistencia a esta ocasión tan especial rellenando la siguiente <a href="https://urldefense.com/v3/__https://forms.gle/Fcf36p3LHnwUMF419__;!!D9dNQwwGXtA!TjdczPertb1KetamScF1nLNEQFeafdJbPolu3F0P8nHQOLhIugDX8-21ysQZmWfaJ-24VYKM-Kk5ejBK$" target="_blank" rel="noopener" data-saferedirecturl="https://www.google.com/url?q=https://urldefense.com/v3/__https://forms.gle/Fcf36p3LHnwUMF419__;!!D9dNQwwGXtA!TjdczPertb1KetamScF1nLNEQFeafdJbPolu3F0P8nHQOLhIugDX8-21ysQZmWfaJ-24VYKM-Kk5ejBK$&amp;source=gmail&amp;ust=1731067460477000&amp;usg=AOvVaw04BoMeYVlfyVu7Zy1WMDNw" target="_blank" rel="noopener">inscripción</a>.</p>
</div>
<div><a href="https://urldefense.com/v3/__https://drive.google.com/file/d/1XF29IqqvWJwcllBnSdZZkgAk2MTztiSw/view?usp=drive_link__;!!D9dNQwwGXtA!TjdczPertb1KetamScF1nLNEQFeafdJbPolu3F0P8nHQOLhIugDX8-21ysQZmWfaJ-24VYKM-Ptqimme$" target="_blank" rel="noopener" data-saferedirecturl="https://www.google.com/url?q=https://urldefense.com/v3/__https://drive.google.com/file/d/1XF29IqqvWJwcllBnSdZZkgAk2MTztiSw/view?usp%3Ddrive_link__;!!D9dNQwwGXtA!TjdczPertb1KetamScF1nLNEQFeafdJbPolu3F0P8nHQOLhIugDX8-21ysQZmWfaJ-24VYKM-Ptqimme$&amp;source=gmail&amp;ust=1731067460477000&amp;usg=AOvVaw2XFqs1qqNtbqRPHzvcKU0c" target="_blank" rel="noopener">Programa</a></div>
<div></div>

<p>El Servicio de Idiomas de la Universidad de Laguna celebra su treinta aniversario con un acto conmemorativo el próximo 20 de noviembre a las 18:30 horas en el Paraninfo universitario. El evento contará con la participación de la reconocida humorista y actriz Petite Lorena, quien animará la velada. Desde sus inicios, el Servicio de Idiomas&#8230;</p>

<!-- This site is optimized with the Yoast SEO plugin v21.3 - https://yoast.com/wordpress/plugins/seo/ -->
<title>Acto conmemorativo del 30 aniversario del Servicio de Idiomas - ULL - Agenda</title>
<meta name="robots" content="index, follow, max-snippet:-1, max-image-preview:large, max-video-preview:-1" />
<link rel="canonical" href="https://www.ull.es/portal/agenda/evento/acto-conmemorativo-del-30-aniversario-del-servicio-de-idiomas/" />
<meta property="og:locale" content="es_ES" />
<meta property="og:type" content="article" />
<meta property="og:title" content="Acto conmemorativo del 30 aniversario del Servicio de Idiomas - ULL - Agenda" />
<meta property="og:description" content="El Servicio de Idiomas de la Universidad de Laguna celebra su treinta aniversario con un acto conmemorativo el próximo 20 de noviembre a las 18:30 horas en el Paraninfo universitario. El evento contará con la participación de la reconocida humorista y actriz Petite Lorena, quien animará la velada. Desde sus inicios, el Servicio de Idiomas..." />
<meta property="og:url" content="https://www.ull.es/portal/agenda/evento/acto-conmemorativo-del-30-aniversario-del-servicio-de-idiomas/" />
<meta property="og:site_name" content="ULL - Agenda" />
<meta property="article:modified_time" content="2024-11-18T09:20:37+00:00" />
<meta property="og:image" content="https://www.ull.es/portal/agenda/wp-content/uploads/sites/12/2024/11/Acto-conmemorativo-30-aniversario-SI_Banner-eventos-2.png" />
	<meta property="og:image:width" content="750" />
	<meta property="og:image:height" content="370" />
	<meta property="og:image:type" content="image/png" />
<meta name="twitter:card" content="summary_large_image" />
<meta name="twitter:label1" content="Tiempo de lectura" />
	<meta name="twitter:data1" content="1 minuto" />
<script type="application/ld+json" class="yoast-schema-graph">{"@context":"https://schema.org","@graph":[{"@type":"WebPage","@id":"https://www.ull.es/portal/agenda/evento/acto-conmemorativo-del-30-aniversario-del-servicio-de-idiomas/","url":"https://www.ull.es/portal/agenda/evento/acto-conmemorativo-del-30-aniversario-del-servicio-de-idiomas/","name":"Acto conmemorativo del 30 aniversario del Servicio de Idiomas - ULL - Agenda","isPartOf":{"@id":"https://www.ull.es/portal/agenda/#website"},"datePublished":"2024-11-07T12:47:34+00:00","dateModified":"2024-11-18T09:20:37+00:00","breadcrumb":{"@id":"https://www.ull.es/portal/agenda/evento/acto-conmemorativo-del-30-aniversario-del-servicio-de-idiomas/#breadcrumb"},"inLanguage":"es","potentialAction":[{"@type":"ReadAction","target":["https://www.ull.es/portal/agenda/evento/acto-conmemorativo-del-30-aniversario-del-servicio-de-idiomas/"]}]},{"@type":"BreadcrumbList","@id":"https://www.ull.es/portal/agenda/evento/acto-conmemorativo-del-30-aniversario-del-servicio-de-idiomas/#breadcrumb","itemListElement":[{"@type":"ListItem","position":1,"name":"Portada","item":"https://www.ull.es/portal/agenda/"},{"@type":"ListItem","position":2,"name":"Acto conmemorativo del 30 aniversario del Servicio de Idiomas"}]},{"@type":"WebSite","@id":"https://www.ull.es/portal/agenda/#website","url":"https://www.ull.es/portal/agenda/","name":"ULL - Agenda","description":"","potentialAction":[{"@type":"SearchAction","target":{"@type":"EntryPoint","urlTemplate":"https://www.ull.es/portal/agenda/?s={search_term_string}"},"query-input":"required name=search_term_string"}],"inLanguage":"es"}]}</script>
<!-- / Yoast SEO plugin. -->

El Servicio de Idiomas de la Universidad de Laguna celebra su treinta aniversario con un acto conmemorativo el próximo 20 de noviembre a las 18:30 horas en el Paraninfo universitario. El evento contará con la participación de la reconocida humorista y actriz Petite Lorena, quien animará la velada. Desde sus inicios, el Servicio de Idiomas...
