{"id":39397,"date":"2024-11-12T08:18:54","date_gmt":"2024-11-12T08:18:54","guid":{"rendered":"https:\/\/www.ull.es\/portal\/agenda\/?post_type=tribe_events&#038;p=39397"},"modified":"2024-12-13T12:46:55","modified_gmt":"2024-12-13T12:46:55","slug":"39397","status":"publish","type":"tribe_events","link":"https:\/\/www.ull.es\/portal\/agenda\/evento\/39397\/","title":{"rendered":"Actividad de concienciaci\u00f3n ambiental sobre micropl\u00e1sticas y nuevas formas de contaminaci\u00f3n pl\u00e1stica"},"content":{"rendered":"<div>\n<p>El pr\u00f3ximo 12 y 13 de diciembre se realizar\u00e1 la pr\u00f3xima actividad de voluntariado ambiental titulada \u00abActividad de concienciaci\u00f3n ambiental sobre micropl\u00e1sticas y nuevas formas de contaminaci\u00f3n pl\u00e1stica\u00bb\u00a0impartida por miembros del <a href=\"https:\/\/jhborges.webs.ull.es\/\" target=\"_blank\" rel=\"noopener\" target=\"_blank\" rel=\"noopener\">grupo de investigaci\u00f3n AChem<\/a>. Incluye una formaci\u00f3n on-line el 12 de diciembre de 18:00 a 20:00 horas y una actividad pr\u00e1ctica con recogida de residuos en Playa Grande (El Por\u00eds) el 13 de diciembre de 9:00 a 13:00 horas.<\/p>\n<p>La actividad est\u00e1 abierta a cualquier persona y se contar\u00e1 con transporte p\u00fablico para el desplazamiento a la playa con salida desde el Edificio Central de la ULL.<\/p>\n<p><a href=\"https:\/\/docs.google.com\/forms\/d\/18ZLe8w39XR_G7QClJmj2NaYeSyUOfOLejPMBLft_pKk\/viewform?edit_requested=true\" target=\"_blank\" rel=\"noopener\" target=\"_blank\" rel=\"noopener\">Inscripci\u00f3n<\/a><\/p>\n<\/div>\n<div><\/div>\n","protected":false},"excerpt":{"rendered":"<p>El pr\u00f3ximo 12 y 13 de diciembre se realizar\u00e1 la pr\u00f3xima actividad de voluntariado ambiental titulada \u00abActividad de concienciaci\u00f3n ambiental sobre micropl\u00e1sticas y nuevas formas de contaminaci\u00f3n pl\u00e1stica\u00bb\u00a0impartida por miembros del grupo de investigaci\u00f3n AChem. Incluye una formaci\u00f3n on-line el 12 de diciembre de 18:00 a 20:00 horas y una actividad pr\u00e1ctica con recogida de&#8230;<\/p>\n","protected":false},"author":65,"featured_media":39634,"comment_status":"closed","ping_status":"closed","template":"","tags":[],"tribe_events_cat":[4,186],"acf":[],"yoast_head":"<!-- This site is optimized with the Yoast SEO plugin v21.3 - https:\/\/yoast.com\/wordpress\/plugins\/seo\/ -->\n<title>Actividad de concienciaci\u00f3n ambiental sobre micropl\u00e1sticas y nuevas formas de contaminaci\u00f3n pl\u00e1stica - ULL - Agenda<\/title>\n<meta name=\"robots\" content=\"index, follow, max-snippet:-1, max-image-preview:large, max-video-preview:-1\" \/>\n<link rel=\"canonical\" href=\"https:\/\/www.ull.es\/portal\/agenda\/evento\/39397\/\" \/>\n<meta property=\"og:locale\" content=\"es_ES\" \/>\n<meta property=\"og:type\" content=\"article\" \/>\n<meta property=\"og:title\" content=\"Actividad de concienciaci\u00f3n ambiental sobre micropl\u00e1sticas y nuevas formas de contaminaci\u00f3n pl\u00e1stica - ULL - Agenda\" \/>\n<meta property=\"og:description\" content=\"El pr\u00f3ximo 12 y 13 de diciembre se realizar\u00e1 la pr\u00f3xima actividad de voluntariado ambiental titulada \u00abActividad de concienciaci\u00f3n ambiental sobre micropl\u00e1sticas y nuevas formas de contaminaci\u00f3n pl\u00e1stica\u00bb\u00a0impartida por miembros del grupo de investigaci\u00f3n AChem. Incluye una formaci\u00f3n on-line el 12 de diciembre de 18:00 a 20:00 horas y una actividad pr\u00e1ctica con recogida de...\" \/>\n<meta property=\"og:url\" content=\"https:\/\/www.ull.es\/portal\/agenda\/evento\/39397\/\" \/>\n<meta property=\"og:site_name\" content=\"ULL - Agenda\" \/>\n<meta property=\"article:modified_time\" content=\"2024-12-13T12:46:55+00:00\" \/>\n<meta property=\"og:image\" content=\"https:\/\/www.ull.es\/portal\/agenda\/wp-content\/uploads\/sites\/12\/2024\/11\/Actividad-de-concienciacion-ambiental_Banner-eventos-1.jpg\" \/>\n\t<meta property=\"og:image:width\" content=\"750\" \/>\n\t<meta property=\"og:image:height\" content=\"370\" \/>\n\t<meta property=\"og:image:type\" content=\"image\/jpeg\" \/>\n<meta name=\"twitter:card\" content=\"summary_large_image\" \/>\n<meta name=\"twitter:label1\" content=\"Tiempo de lectura\" \/>\n\t<meta name=\"twitter:data1\" content=\"1 minuto\" \/>\n<script type=\"application\/ld+json\" class=\"yoast-schema-graph\">{\"@context\":\"https:\/\/schema.org\",\"@graph\":[{\"@type\":\"WebPage\",\"@id\":\"https:\/\/www.ull.es\/portal\/agenda\/evento\/39397\/\",\"url\":\"https:\/\/www.ull.es\/portal\/agenda\/evento\/39397\/\",\"name\":\"Actividad de concienciaci\u00f3n ambiental sobre micropl\u00e1sticas y nuevas formas de contaminaci\u00f3n pl\u00e1stica - ULL - Agenda\",\"isPartOf\":{\"@id\":\"https:\/\/www.ull.es\/portal\/agenda\/#website\"},\"datePublished\":\"2024-11-12T08:18:54+00:00\",\"dateModified\":\"2024-12-13T12:46:55+00:00\",\"breadcrumb\":{\"@id\":\"https:\/\/www.ull.es\/portal\/agenda\/evento\/39397\/#breadcrumb\"},\"inLanguage\":\"es\",\"potentialAction\":[{\"@type\":\"ReadAction\",\"target\":[\"https:\/\/www.ull.es\/portal\/agenda\/evento\/39397\/\"]}]},{\"@type\":\"BreadcrumbList\",\"@id\":\"https:\/\/www.ull.es\/portal\/agenda\/evento\/39397\/#breadcrumb\",\"itemListElement\":[{\"@type\":\"ListItem\",\"position\":1,\"name\":\"Portada\",\"item\":\"https:\/\/www.ull.es\/portal\/agenda\/\"},{\"@type\":\"ListItem\",\"position\":2,\"name\":\"Actividad de concienciaci\u00f3n ambiental sobre micropl\u00e1sticas y nuevas formas de contaminaci\u00f3n pl\u00e1stica\"}]},{\"@type\":\"WebSite\",\"@id\":\"https:\/\/www.ull.es\/portal\/agenda\/#website\",\"url\":\"https:\/\/www.ull.es\/portal\/agenda\/\",\"name\":\"ULL - Agenda\",\"description\":\"\",\"potentialAction\":[{\"@type\":\"SearchAction\",\"target\":{\"@type\":\"EntryPoint\",\"urlTemplate\":\"https:\/\/www.ull.es\/portal\/agenda\/?s={search_term_string}\"},\"query-input\":\"required name=search_term_string\"}],\"inLanguage\":\"es\"}]}<\/script>\n<!-- \/ Yoast SEO plugin. -->","yoast_head_json":{"title":"Actividad de concienciaci\u00f3n ambiental sobre micropl\u00e1sticas y nuevas formas de contaminaci\u00f3n pl\u00e1stica - ULL - Agenda","robots":{"index":"index","follow":"follow","max-snippet":"max-snippet:-1","max-image-preview":"max-image-preview:large","max-video-preview":"max-video-preview:-1"},"canonical":"https:\/\/www.ull.es\/portal\/agenda\/evento\/39397\/","og_locale":"es_ES","og_type":"article","og_title":"Actividad de concienciaci\u00f3n ambiental sobre micropl\u00e1sticas y nuevas formas de contaminaci\u00f3n pl\u00e1stica - ULL - Agenda","og_description":"El pr\u00f3ximo 12 y 13 de diciembre se realizar\u00e1 la pr\u00f3xima actividad de voluntariado ambiental titulada \u00abActividad de concienciaci\u00f3n ambiental sobre micropl\u00e1sticas y nuevas formas de contaminaci\u00f3n pl\u00e1stica\u00bb\u00a0impartida por miembros del grupo de investigaci\u00f3n AChem. Incluye una formaci\u00f3n on-line el 12 de diciembre de 18:00 a 20:00 horas y una actividad pr\u00e1ctica con recogida de...","og_url":"https:\/\/www.ull.es\/portal\/agenda\/evento\/39397\/","og_site_name":"ULL - Agenda","article_modified_time":"2024-12-13T12:46:55+00:00","og_image":[{"width":750,"height":370,"url":"https:\/\/www.ull.es\/portal\/agenda\/wp-content\/uploads\/sites\/12\/2024\/11\/Actividad-de-concienciacion-ambiental_Banner-eventos-1.jpg","type":"image\/jpeg"}],"twitter_card":"summary_large_image","twitter_misc":{"Tiempo de lectura":"1 minuto"},"schema":{"@context":"https:\/\/schema.org","@graph":[{"@type":"WebPage","@id":"https:\/\/www.ull.es\/portal\/agenda\/evento\/39397\/","url":"https:\/\/www.ull.es\/portal\/agenda\/evento\/39397\/","name":"Actividad de concienciaci\u00f3n ambiental sobre micropl\u00e1sticas y nuevas formas de contaminaci\u00f3n pl\u00e1stica - ULL - Agenda","isPartOf":{"@id":"https:\/\/www.ull.es\/portal\/agenda\/#website"},"datePublished":"2024-11-12T08:18:54+00:00","dateModified":"2024-12-13T12:46:55+00:00","breadcrumb":{"@id":"https:\/\/www.ull.es\/portal\/agenda\/evento\/39397\/#breadcrumb"},"inLanguage":"es","potentialAction":[{"@type":"ReadAction","target":["https:\/\/www.ull.es\/portal\/agenda\/evento\/39397\/"]}]},{"@type":"BreadcrumbList","@id":"https:\/\/www.ull.es\/portal\/agenda\/evento\/39397\/#breadcrumb","itemListElement":[{"@type":"ListItem","position":1,"name":"Portada","item":"https:\/\/www.ull.es\/portal\/agenda\/"},{"@type":"ListItem","position":2,"name":"Actividad de concienciaci\u00f3n ambiental sobre micropl\u00e1sticas y nuevas formas de contaminaci\u00f3n pl\u00e1stica"}]},{"@type":"WebSite","@id":"https:\/\/www.ull.es\/portal\/agenda\/#website","url":"https:\/\/www.ull.es\/portal\/agenda\/","name":"ULL - Agenda","description":"","potentialAction":[{"@type":"SearchAction","target":{"@type":"EntryPoint","urlTemplate":"https:\/\/www.ull.es\/portal\/agenda\/?s={search_term_string}"},"query-input":"required name=search_term_string"}],"inLanguage":"es"}]}},"_links":{"self":[{"href":"https:\/\/www.ull.es\/portal\/agenda\/wp-json\/wp\/v2\/tribe_events\/39397"}],"collection":[{"href":"https:\/\/www.ull.es\/portal\/agenda\/wp-json\/wp\/v2\/tribe_events"}],"about":[{"href":"https:\/\/www.ull.es\/portal\/agenda\/wp-json\/wp\/v2\/types\/tribe_events"}],"author":[{"embeddable":true,"href":"https:\/\/www.ull.es\/portal\/agenda\/wp-json\/wp\/v2\/users\/65"}],"replies":[{"embeddable":true,"href":"https:\/\/www.ull.es\/portal\/agenda\/wp-json\/wp\/v2\/comments?post=39397"}],"version-history":[{"count":4,"href":"https:\/\/www.ull.es\/portal\/agenda\/wp-json\/wp\/v2\/tribe_events\/39397\/revisions"}],"predecessor-version":[{"id":39674,"href":"https:\/\/www.ull.es\/portal\/agenda\/wp-json\/wp\/v2\/tribe_events\/39397\/revisions\/39674"}],"wp:featuredmedia":[{"embeddable":true,"href":"https:\/\/www.ull.es\/portal\/agenda\/wp-json\/wp\/v2\/media\/39634"}],"wp:attachment":[{"href":"https:\/\/www.ull.es\/portal\/agenda\/wp-json\/wp\/v2\/media?parent=39397"}],"wp:term":[{"taxonomy":"post_tag","embeddable":true,"href":"https:\/\/www.ull.es\/portal\/agenda\/wp-json\/wp\/v2\/tags?post=39397"},{"taxonomy":"tribe_events_cat","embeddable":true,"href":"https:\/\/www.ull.es\/portal\/agenda\/wp-json\/wp\/v2\/tribe_events_cat?post=39397"}],"curies":[{"name":"wp","href":"https:\/\/api.w.org\/{rel}","templated":true}]}}

Actividad de concienciación ambiental sobre microplásticas y nuevas formas de contaminación plástica

<div>
<p>El próximo 12 y 13 de diciembre se realizará la próxima actividad de voluntariado ambiental titulada «Actividad de concienciación ambiental sobre microplásticas y nuevas formas de contaminación plástica» impartida por miembros del <a href="https://jhborges.webs.ull.es/" target="_blank" rel="noopener" target="_blank" rel="noopener">grupo de investigación AChem</a>. Incluye una formación on-line el 12 de diciembre de 18:00 a 20:00 horas y una actividad práctica con recogida de residuos en Playa Grande (El Porís) el 13 de diciembre de 9:00 a 13:00 horas.</p>
<p>La actividad está abierta a cualquier persona y se contará con transporte público para el desplazamiento a la playa con salida desde el Edificio Central de la ULL.</p>
<p><a href="https://docs.google.com/forms/d/18ZLe8w39XR_G7QClJmj2NaYeSyUOfOLejPMBLft_pKk/viewform?edit_requested=true" target="_blank" rel="noopener" target="_blank" rel="noopener">Inscripción</a></p>
</div>
<div></div>

<p>El próximo 12 y 13 de diciembre se realizará la próxima actividad de voluntariado ambiental titulada «Actividad de concienciación ambiental sobre microplásticas y nuevas formas de contaminación plástica» impartida por miembros del grupo de investigación AChem. Incluye una formación on-line el 12 de diciembre de 18:00 a 20:00 horas y una actividad práctica con recogida de&#8230;</p>

<!-- This site is optimized with the Yoast SEO plugin v21.3 - https://yoast.com/wordpress/plugins/seo/ -->
<title>Actividad de concienciación ambiental sobre microplásticas y nuevas formas de contaminación plástica - ULL - Agenda</title>
<meta name="robots" content="index, follow, max-snippet:-1, max-image-preview:large, max-video-preview:-1" />
<link rel="canonical" href="https://www.ull.es/portal/agenda/evento/39397/" />
<meta property="og:locale" content="es_ES" />
<meta property="og:type" content="article" />
<meta property="og:title" content="Actividad de concienciación ambiental sobre microplásticas y nuevas formas de contaminación plástica - ULL - Agenda" />
<meta property="og:description" content="El próximo 12 y 13 de diciembre se realizará la próxima actividad de voluntariado ambiental titulada «Actividad de concienciación ambiental sobre microplásticas y nuevas formas de contaminación plástica» impartida por miembros del grupo de investigación AChem. Incluye una formación on-line el 12 de diciembre de 18:00 a 20:00 horas y una actividad práctica con recogida de..." />
<meta property="og:url" content="https://www.ull.es/portal/agenda/evento/39397/" />
<meta property="og:site_name" content="ULL - Agenda" />
<meta property="article:modified_time" content="2024-12-13T12:46:55+00:00" />
<meta property="og:image" content="https://www.ull.es/portal/agenda/wp-content/uploads/sites/12/2024/11/Actividad-de-concienciacion-ambiental_Banner-eventos-1.jpg" />
	<meta property="og:image:width" content="750" />
	<meta property="og:image:height" content="370" />
	<meta property="og:image:type" content="image/jpeg" />
<meta name="twitter:card" content="summary_large_image" />
<meta name="twitter:label1" content="Tiempo de lectura" />
	<meta name="twitter:data1" content="1 minuto" />
<script type="application/ld+json" class="yoast-schema-graph">{"@context":"https://schema.org","@graph":[{"@type":"WebPage","@id":"https://www.ull.es/portal/agenda/evento/39397/","url":"https://www.ull.es/portal/agenda/evento/39397/","name":"Actividad de concienciación ambiental sobre microplásticas y nuevas formas de contaminación plástica - ULL - Agenda","isPartOf":{"@id":"https://www.ull.es/portal/agenda/#website"},"datePublished":"2024-11-12T08:18:54+00:00","dateModified":"2024-12-13T12:46:55+00:00","breadcrumb":{"@id":"https://www.ull.es/portal/agenda/evento/39397/#breadcrumb"},"inLanguage":"es","potentialAction":[{"@type":"ReadAction","target":["https://www.ull.es/portal/agenda/evento/39397/"]}]},{"@type":"BreadcrumbList","@id":"https://www.ull.es/portal/agenda/evento/39397/#breadcrumb","itemListElement":[{"@type":"ListItem","position":1,"name":"Portada","item":"https://www.ull.es/portal/agenda/"},{"@type":"ListItem","position":2,"name":"Actividad de concienciación ambiental sobre microplásticas y nuevas formas de contaminación plástica"}]},{"@type":"WebSite","@id":"https://www.ull.es/portal/agenda/#website","url":"https://www.ull.es/portal/agenda/","name":"ULL - Agenda","description":"","potentialAction":[{"@type":"SearchAction","target":{"@type":"EntryPoint","urlTemplate":"https://www.ull.es/portal/agenda/?s={search_term_string}"},"query-input":"required name=search_term_string"}],"inLanguage":"es"}]}</script>
<!-- / Yoast SEO plugin. -->

Actividad de concienciación ambiental sobre microplásticas y nuevas formas de contaminación plástica - ULL - Agenda

El próximo 12 y 13 de diciembre se realizará la próxima actividad de voluntariado ambiental titulada «Actividad de concienciación ambiental sobre microplásticas y nuevas formas de contaminación plástica» impartida por miembros del grupo de investigación AChem. Incluye una formación on-line el 12 de diciembre de 18:00 a 20:00 horas y una actividad práctica con recogida de...
