{"id":39433,"date":"2024-11-13T10:54:37","date_gmt":"2024-11-13T10:54:37","guid":{"rendered":"https:\/\/www.ull.es\/portal\/agenda\/?post_type=tribe_events&#038;p=39433"},"modified":"2024-11-18T10:20:03","modified_gmt":"2024-11-18T10:20:03","slug":"jornada-sobre-la-sostenibilidad-laboral-de-la-justicia","status":"publish","type":"tribe_events","link":"https:\/\/www.ull.es\/portal\/agenda\/evento\/jornada-sobre-la-sostenibilidad-laboral-de-la-justicia\/","title":{"rendered":"Jornada sobre la sostenibilidad laboral de la Justicia"},"content":{"rendered":"<p>Los Objetivos de Desarrollo Sostenible fijados por la ONU con vistas al a\u00f1o 2030 necesitan una Justicia fuerte. En muchas ocasiones, la batalla por la sostenibilidad econ\u00f3mica, social y medioambiental se libra en los Juzgados y estos deben estar en condiciones de actuar con eficacia. Sin embargo, habr\u00eda que preguntarse si la Justicia es en s\u00ed misma sostenible, dado el volumen creciente de trabajo que debe asumir cada a\u00f1o sin una proporcional mejora de medios materiales y personales, convirti\u00e9ndose esto en una seria amenaza para la salud misma de jueces y magistrados y resinti\u00e9ndose, por extensi\u00f3n, la calidad de la justicia por ellos impartida. Por otra parte, en la sostenibilidad social se implican valores como el de la igualdad pero, sin embargo, en la Justicia existe un d\u00e9ficit de presencia femenina en las altas esferas judiciales, lo cual exige una seria reflexi\u00f3n.<\/p>\n<p><a href=\"https:\/\/eventos.ull.es\/125898\/tickets\/jornada-sobre-la-sostenibilidad-laboral-de-la-justicia.html\" target=\"_blank\" rel=\"noopener\" target=\"_blank\" rel=\"noopener\">Inscripci\u00f3n<\/a><\/p>\n<p><a href=\"https:\/\/eventos.ull.es\/125898\/programme\/jornada-sobre-la-sostenibilidad-laboral-de-la-justicia.html\" target=\"_blank\" rel=\"noopener\" target=\"_blank\" rel=\"noopener\">Programa<\/a><\/p>\n<p>Para m\u00e1s informaci\u00f3n, pulse este <a href=\"https:\/\/eventos.ull.es\/125898\/detail\/jornada-sobre-la-sostenibilidad-laboral-de-la-justicia.html\" target=\"_blank\" rel=\"noopener\" target=\"_blank\" rel=\"noopener\">enlace<\/a>.<\/p>\n<p>&nbsp;<\/p>\n","protected":false},"excerpt":{"rendered":"<p>Los Objetivos de Desarrollo Sostenible fijados por la ONU con vistas al a\u00f1o 2030 necesitan una Justicia fuerte. En muchas ocasiones, la batalla por la sostenibilidad econ\u00f3mica, social y medioambiental se libra en los Juzgados y estos deben estar en condiciones de actuar con eficacia. Sin embargo, habr\u00eda que preguntarse si la Justicia es en&#8230;<\/p>\n","protected":false},"author":65,"featured_media":39525,"comment_status":"closed","ping_status":"closed","template":"","tags":[],"tribe_events_cat":[4,865],"acf":[],"yoast_head":"<!-- This site is optimized with the Yoast SEO plugin v21.3 - https:\/\/yoast.com\/wordpress\/plugins\/seo\/ -->\n<title>Jornada sobre la sostenibilidad laboral de la Justicia - ULL - Agenda<\/title>\n<meta name=\"robots\" content=\"index, follow, max-snippet:-1, max-image-preview:large, max-video-preview:-1\" \/>\n<link rel=\"canonical\" href=\"https:\/\/www.ull.es\/portal\/agenda\/evento\/jornada-sobre-la-sostenibilidad-laboral-de-la-justicia\/\" \/>\n<meta property=\"og:locale\" content=\"es_ES\" \/>\n<meta property=\"og:type\" content=\"article\" \/>\n<meta property=\"og:title\" content=\"Jornada sobre la sostenibilidad laboral de la Justicia - ULL - Agenda\" \/>\n<meta property=\"og:description\" content=\"Los Objetivos de Desarrollo Sostenible fijados por la ONU con vistas al a\u00f1o 2030 necesitan una Justicia fuerte. En muchas ocasiones, la batalla por la sostenibilidad econ\u00f3mica, social y medioambiental se libra en los Juzgados y estos deben estar en condiciones de actuar con eficacia. Sin embargo, habr\u00eda que preguntarse si la Justicia es en...\" \/>\n<meta property=\"og:url\" content=\"https:\/\/www.ull.es\/portal\/agenda\/evento\/jornada-sobre-la-sostenibilidad-laboral-de-la-justicia\/\" \/>\n<meta property=\"og:site_name\" content=\"ULL - Agenda\" \/>\n<meta property=\"article:modified_time\" content=\"2024-11-18T10:20:03+00:00\" \/>\n<meta property=\"og:image\" content=\"https:\/\/www.ull.es\/portal\/agenda\/wp-content\/uploads\/sites\/12\/2024\/11\/Jornada-sobre-la-sostenibilidad-laboral-de-la-Justicia-2.png\" \/>\n\t<meta property=\"og:image:width\" content=\"750\" \/>\n\t<meta property=\"og:image:height\" content=\"370\" \/>\n\t<meta property=\"og:image:type\" content=\"image\/png\" \/>\n<meta name=\"twitter:card\" content=\"summary_large_image\" \/>\n<meta name=\"twitter:label1\" content=\"Tiempo de lectura\" \/>\n\t<meta name=\"twitter:data1\" content=\"1 minuto\" \/>\n<script type=\"application\/ld+json\" class=\"yoast-schema-graph\">{\"@context\":\"https:\/\/schema.org\",\"@graph\":[{\"@type\":\"WebPage\",\"@id\":\"https:\/\/www.ull.es\/portal\/agenda\/evento\/jornada-sobre-la-sostenibilidad-laboral-de-la-justicia\/\",\"url\":\"https:\/\/www.ull.es\/portal\/agenda\/evento\/jornada-sobre-la-sostenibilidad-laboral-de-la-justicia\/\",\"name\":\"Jornada sobre la sostenibilidad laboral de la Justicia - ULL - Agenda\",\"isPartOf\":{\"@id\":\"https:\/\/www.ull.es\/portal\/agenda\/#website\"},\"datePublished\":\"2024-11-13T10:54:37+00:00\",\"dateModified\":\"2024-11-18T10:20:03+00:00\",\"breadcrumb\":{\"@id\":\"https:\/\/www.ull.es\/portal\/agenda\/evento\/jornada-sobre-la-sostenibilidad-laboral-de-la-justicia\/#breadcrumb\"},\"inLanguage\":\"es\",\"potentialAction\":[{\"@type\":\"ReadAction\",\"target\":[\"https:\/\/www.ull.es\/portal\/agenda\/evento\/jornada-sobre-la-sostenibilidad-laboral-de-la-justicia\/\"]}]},{\"@type\":\"BreadcrumbList\",\"@id\":\"https:\/\/www.ull.es\/portal\/agenda\/evento\/jornada-sobre-la-sostenibilidad-laboral-de-la-justicia\/#breadcrumb\",\"itemListElement\":[{\"@type\":\"ListItem\",\"position\":1,\"name\":\"Portada\",\"item\":\"https:\/\/www.ull.es\/portal\/agenda\/\"},{\"@type\":\"ListItem\",\"position\":2,\"name\":\"Jornada sobre la sostenibilidad laboral de la Justicia\"}]},{\"@type\":\"WebSite\",\"@id\":\"https:\/\/www.ull.es\/portal\/agenda\/#website\",\"url\":\"https:\/\/www.ull.es\/portal\/agenda\/\",\"name\":\"ULL - Agenda\",\"description\":\"\",\"potentialAction\":[{\"@type\":\"SearchAction\",\"target\":{\"@type\":\"EntryPoint\",\"urlTemplate\":\"https:\/\/www.ull.es\/portal\/agenda\/?s={search_term_string}\"},\"query-input\":\"required name=search_term_string\"}],\"inLanguage\":\"es\"}]}<\/script>\n<!-- \/ Yoast SEO plugin. -->","yoast_head_json":{"title":"Jornada sobre la sostenibilidad laboral de la Justicia - ULL - Agenda","robots":{"index":"index","follow":"follow","max-snippet":"max-snippet:-1","max-image-preview":"max-image-preview:large","max-video-preview":"max-video-preview:-1"},"canonical":"https:\/\/www.ull.es\/portal\/agenda\/evento\/jornada-sobre-la-sostenibilidad-laboral-de-la-justicia\/","og_locale":"es_ES","og_type":"article","og_title":"Jornada sobre la sostenibilidad laboral de la Justicia - ULL - Agenda","og_description":"Los Objetivos de Desarrollo Sostenible fijados por la ONU con vistas al a\u00f1o 2030 necesitan una Justicia fuerte. En muchas ocasiones, la batalla por la sostenibilidad econ\u00f3mica, social y medioambiental se libra en los Juzgados y estos deben estar en condiciones de actuar con eficacia. Sin embargo, habr\u00eda que preguntarse si la Justicia es en...","og_url":"https:\/\/www.ull.es\/portal\/agenda\/evento\/jornada-sobre-la-sostenibilidad-laboral-de-la-justicia\/","og_site_name":"ULL - Agenda","article_modified_time":"2024-11-18T10:20:03+00:00","og_image":[{"width":750,"height":370,"url":"https:\/\/www.ull.es\/portal\/agenda\/wp-content\/uploads\/sites\/12\/2024\/11\/Jornada-sobre-la-sostenibilidad-laboral-de-la-Justicia-2.png","type":"image\/png"}],"twitter_card":"summary_large_image","twitter_misc":{"Tiempo de lectura":"1 minuto"},"schema":{"@context":"https:\/\/schema.org","@graph":[{"@type":"WebPage","@id":"https:\/\/www.ull.es\/portal\/agenda\/evento\/jornada-sobre-la-sostenibilidad-laboral-de-la-justicia\/","url":"https:\/\/www.ull.es\/portal\/agenda\/evento\/jornada-sobre-la-sostenibilidad-laboral-de-la-justicia\/","name":"Jornada sobre la sostenibilidad laboral de la Justicia - ULL - Agenda","isPartOf":{"@id":"https:\/\/www.ull.es\/portal\/agenda\/#website"},"datePublished":"2024-11-13T10:54:37+00:00","dateModified":"2024-11-18T10:20:03+00:00","breadcrumb":{"@id":"https:\/\/www.ull.es\/portal\/agenda\/evento\/jornada-sobre-la-sostenibilidad-laboral-de-la-justicia\/#breadcrumb"},"inLanguage":"es","potentialAction":[{"@type":"ReadAction","target":["https:\/\/www.ull.es\/portal\/agenda\/evento\/jornada-sobre-la-sostenibilidad-laboral-de-la-justicia\/"]}]},{"@type":"BreadcrumbList","@id":"https:\/\/www.ull.es\/portal\/agenda\/evento\/jornada-sobre-la-sostenibilidad-laboral-de-la-justicia\/#breadcrumb","itemListElement":[{"@type":"ListItem","position":1,"name":"Portada","item":"https:\/\/www.ull.es\/portal\/agenda\/"},{"@type":"ListItem","position":2,"name":"Jornada sobre la sostenibilidad laboral de la Justicia"}]},{"@type":"WebSite","@id":"https:\/\/www.ull.es\/portal\/agenda\/#website","url":"https:\/\/www.ull.es\/portal\/agenda\/","name":"ULL - Agenda","description":"","potentialAction":[{"@type":"SearchAction","target":{"@type":"EntryPoint","urlTemplate":"https:\/\/www.ull.es\/portal\/agenda\/?s={search_term_string}"},"query-input":"required name=search_term_string"}],"inLanguage":"es"}]}},"_links":{"self":[{"href":"https:\/\/www.ull.es\/portal\/agenda\/wp-json\/wp\/v2\/tribe_events\/39433"}],"collection":[{"href":"https:\/\/www.ull.es\/portal\/agenda\/wp-json\/wp\/v2\/tribe_events"}],"about":[{"href":"https:\/\/www.ull.es\/portal\/agenda\/wp-json\/wp\/v2\/types\/tribe_events"}],"author":[{"embeddable":true,"href":"https:\/\/www.ull.es\/portal\/agenda\/wp-json\/wp\/v2\/users\/65"}],"replies":[{"embeddable":true,"href":"https:\/\/www.ull.es\/portal\/agenda\/wp-json\/wp\/v2\/comments?post=39433"}],"version-history":[{"count":5,"href":"https:\/\/www.ull.es\/portal\/agenda\/wp-json\/wp\/v2\/tribe_events\/39433\/revisions"}],"predecessor-version":[{"id":39488,"href":"https:\/\/www.ull.es\/portal\/agenda\/wp-json\/wp\/v2\/tribe_events\/39433\/revisions\/39488"}],"wp:featuredmedia":[{"embeddable":true,"href":"https:\/\/www.ull.es\/portal\/agenda\/wp-json\/wp\/v2\/media\/39525"}],"wp:attachment":[{"href":"https:\/\/www.ull.es\/portal\/agenda\/wp-json\/wp\/v2\/media?parent=39433"}],"wp:term":[{"taxonomy":"post_tag","embeddable":true,"href":"https:\/\/www.ull.es\/portal\/agenda\/wp-json\/wp\/v2\/tags?post=39433"},{"taxonomy":"tribe_events_cat","embeddable":true,"href":"https:\/\/www.ull.es\/portal\/agenda\/wp-json\/wp\/v2\/tribe_events_cat?post=39433"}],"curies":[{"name":"wp","href":"https:\/\/api.w.org\/{rel}","templated":true}]}}

<p>Los Objetivos de Desarrollo Sostenible fijados por la ONU con vistas al año 2030 necesitan una Justicia fuerte. En muchas ocasiones, la batalla por la sostenibilidad económica, social y medioambiental se libra en los Juzgados y estos deben estar en condiciones de actuar con eficacia. Sin embargo, habría que preguntarse si la Justicia es en sí misma sostenible, dado el volumen creciente de trabajo que debe asumir cada año sin una proporcional mejora de medios materiales y personales, convirtiéndose esto en una seria amenaza para la salud misma de jueces y magistrados y resintiéndose, por extensión, la calidad de la justicia por ellos impartida. Por otra parte, en la sostenibilidad social se implican valores como el de la igualdad pero, sin embargo, en la Justicia existe un déficit de presencia femenina en las altas esferas judiciales, lo cual exige una seria reflexión.</p>
<p><a href="https://eventos.ull.es/125898/tickets/jornada-sobre-la-sostenibilidad-laboral-de-la-justicia.html" target="_blank" rel="noopener" target="_blank" rel="noopener">Inscripción</a></p>
<p><a href="https://eventos.ull.es/125898/programme/jornada-sobre-la-sostenibilidad-laboral-de-la-justicia.html" target="_blank" rel="noopener" target="_blank" rel="noopener">Programa</a></p>
<p>Para más información, pulse este <a href="https://eventos.ull.es/125898/detail/jornada-sobre-la-sostenibilidad-laboral-de-la-justicia.html" target="_blank" rel="noopener" target="_blank" rel="noopener">enlace</a>.</p>
<p>&nbsp;</p>

<p>Los Objetivos de Desarrollo Sostenible fijados por la ONU con vistas al año 2030 necesitan una Justicia fuerte. En muchas ocasiones, la batalla por la sostenibilidad económica, social y medioambiental se libra en los Juzgados y estos deben estar en condiciones de actuar con eficacia. Sin embargo, habría que preguntarse si la Justicia es en&#8230;</p>

<!-- This site is optimized with the Yoast SEO plugin v21.3 - https://yoast.com/wordpress/plugins/seo/ -->
<title>Jornada sobre la sostenibilidad laboral de la Justicia - ULL - Agenda</title>
<meta name="robots" content="index, follow, max-snippet:-1, max-image-preview:large, max-video-preview:-1" />
<link rel="canonical" href="https://www.ull.es/portal/agenda/evento/jornada-sobre-la-sostenibilidad-laboral-de-la-justicia/" />
<meta property="og:locale" content="es_ES" />
<meta property="og:type" content="article" />
<meta property="og:title" content="Jornada sobre la sostenibilidad laboral de la Justicia - ULL - Agenda" />
<meta property="og:description" content="Los Objetivos de Desarrollo Sostenible fijados por la ONU con vistas al año 2030 necesitan una Justicia fuerte. En muchas ocasiones, la batalla por la sostenibilidad económica, social y medioambiental se libra en los Juzgados y estos deben estar en condiciones de actuar con eficacia. Sin embargo, habría que preguntarse si la Justicia es en..." />
<meta property="og:url" content="https://www.ull.es/portal/agenda/evento/jornada-sobre-la-sostenibilidad-laboral-de-la-justicia/" />
<meta property="og:site_name" content="ULL - Agenda" />
<meta property="article:modified_time" content="2024-11-18T10:20:03+00:00" />
<meta property="og:image" content="https://www.ull.es/portal/agenda/wp-content/uploads/sites/12/2024/11/Jornada-sobre-la-sostenibilidad-laboral-de-la-Justicia-2.png" />
	<meta property="og:image:width" content="750" />
	<meta property="og:image:height" content="370" />
	<meta property="og:image:type" content="image/png" />
<meta name="twitter:card" content="summary_large_image" />
<meta name="twitter:label1" content="Tiempo de lectura" />
	<meta name="twitter:data1" content="1 minuto" />
<script type="application/ld+json" class="yoast-schema-graph">{"@context":"https://schema.org","@graph":[{"@type":"WebPage","@id":"https://www.ull.es/portal/agenda/evento/jornada-sobre-la-sostenibilidad-laboral-de-la-justicia/","url":"https://www.ull.es/portal/agenda/evento/jornada-sobre-la-sostenibilidad-laboral-de-la-justicia/","name":"Jornada sobre la sostenibilidad laboral de la Justicia - ULL - Agenda","isPartOf":{"@id":"https://www.ull.es/portal/agenda/#website"},"datePublished":"2024-11-13T10:54:37+00:00","dateModified":"2024-11-18T10:20:03+00:00","breadcrumb":{"@id":"https://www.ull.es/portal/agenda/evento/jornada-sobre-la-sostenibilidad-laboral-de-la-justicia/#breadcrumb"},"inLanguage":"es","potentialAction":[{"@type":"ReadAction","target":["https://www.ull.es/portal/agenda/evento/jornada-sobre-la-sostenibilidad-laboral-de-la-justicia/"]}]},{"@type":"BreadcrumbList","@id":"https://www.ull.es/portal/agenda/evento/jornada-sobre-la-sostenibilidad-laboral-de-la-justicia/#breadcrumb","itemListElement":[{"@type":"ListItem","position":1,"name":"Portada","item":"https://www.ull.es/portal/agenda/"},{"@type":"ListItem","position":2,"name":"Jornada sobre la sostenibilidad laboral de la Justicia"}]},{"@type":"WebSite","@id":"https://www.ull.es/portal/agenda/#website","url":"https://www.ull.es/portal/agenda/","name":"ULL - Agenda","description":"","potentialAction":[{"@type":"SearchAction","target":{"@type":"EntryPoint","urlTemplate":"https://www.ull.es/portal/agenda/?s={search_term_string}"},"query-input":"required name=search_term_string"}],"inLanguage":"es"}]}</script>
<!-- / Yoast SEO plugin. -->

Los Objetivos de Desarrollo Sostenible fijados por la ONU con vistas al año 2030 necesitan una Justicia fuerte. En muchas ocasiones, la batalla por la sostenibilidad económica, social y medioambiental se libra en los Juzgados y estos deben estar en condiciones de actuar con eficacia. Sin embargo, habría que preguntarse si la Justicia es en...
