{"id":39785,"date":"2024-11-27T12:31:17","date_gmt":"2024-11-27T12:31:17","guid":{"rendered":"https:\/\/www.ull.es\/portal\/agenda\/?post_type=tribe_events&#038;p=39785"},"modified":"2024-12-12T13:45:37","modified_gmt":"2024-12-12T13:45:37","slug":"motivacion-y-resiliencia-herramientas-de-motivacion-y-resiliencia","status":"publish","type":"tribe_events","link":"https:\/\/www.ull.es\/portal\/agenda\/evento\/motivacion-y-resiliencia-herramientas-de-motivacion-y-resiliencia\/","title":{"rendered":"Motivaci\u00f3n y resiliencia (Herramientas de motivaci\u00f3n y resiliencia)"},"content":{"rendered":"<p>Santa Cruz de La Palma acoge el curso de Extensi\u00f3n Universitaria <em>\u00abMotivaci\u00f3n y resiliencia (Herramientas de motivaci\u00f3n y resiliencia)\u00bb<\/em>, que se celebrar\u00e1 los d\u00edas 18 al 20 de febrero de 2025 en el marco de la \u201c<a href=\"https:\/\/www.ull.es\/cultura\/cursos-extension-universitaria\/universidad-de-otono-invierno-de-la-palma\/\" target=\"_blank\" rel=\"noopener noreferrer\" target=\"_blank\" rel=\"noopener\">Universidad de Oto\u00f1o-Invierno de La Palma 2024-2025<\/a>\u201d.<\/p>\n<p>El objetivo de esta formaci\u00f3n es dotar a las personas asistentes de las competencias y herramientas necesarias para automotivarse, motivar a los dem\u00e1s y desarrollar resiliencia.<\/p>\n<p>El curso est\u00e1 dirigido a cualquier persona interesada en el tema propuesto.<\/p>\n<p>Direcci\u00f3n acad\u00e9mica: Jos\u00e9 Alberto Mart\u00ednez Gonz\u00e1lez. Profesor Titular de Universidad, Departamento de Empresas e Historia Econ\u00f3mica de la Universidad de La Laguna.<\/p>\n<p><strong>CERTIFICADO DE ASISTENCIA, APTITUD Y RECONOCIMIENTO POR CR\u00c9DITO ECTS<\/strong><\/p>\n<p>La Universidad de La Laguna, a trav\u00e9s del Vicerrectorado de Cultura y Extensi\u00f3n Universitaria, emitir\u00e1 un certificado de asistencia a todas aquellas personas que asistan a un m\u00ednimo del 80% de las horas lectivas presenciales. Asimismo, aquellas personas que superen el trabajo aut\u00f3nomo del alumnado, recibir\u00e1n un certificado de asistencia y aprovechamiento, reconocible a su vez por un cr\u00e9dito ECTS.<\/p>\n<p><a href=\"https:\/\/sede.fg.ull.es\/es\/curso\/detalle?code=a24020289&amp;name=motivacion-y-resiliencia-herramientas-de-motivacion-y-resiliencia&amp;query=%3Fcode%3DA24020289\" target=\"_blank\" rel=\"noopener\" target=\"_blank\" rel=\"noopener\"><strong><u>Consulta el programa e inscr\u00edbete aqu\u00ed.<\/u><\/strong><\/a><\/p>\n<p><strong>Contacto:\u00a0<\/strong><a href=\"mailto:extuni@ull.edu.es\" target=\"_blank\" rel=\"noopener\" target=\"_blank\" rel=\"noopener\"><strong>extuni@ull.es<\/strong><\/a><\/p>\n","protected":false},"excerpt":{"rendered":"<p>Santa Cruz de La Palma acoge el curso de Extensi\u00f3n Universitaria \u00abMotivaci\u00f3n y resiliencia (Herramientas de motivaci\u00f3n y resiliencia)\u00bb, que se celebrar\u00e1 los d\u00edas 18 al 20 de febrero de 2025 en el marco de la \u201cUniversidad de Oto\u00f1o-Invierno de La Palma 2024-2025\u201d. El objetivo de esta formaci\u00f3n es dotar a las personas asistentes de&#8230;<\/p>\n","protected":false},"author":43,"featured_media":39844,"comment_status":"closed","ping_status":"closed","template":"","tags":[4259,4716,977,3812,4717,3751],"tribe_events_cat":[472,4,186,1554],"acf":[],"yoast_head":"<!-- This site is optimized with the Yoast SEO plugin v21.3 - https:\/\/yoast.com\/wordpress\/plugins\/seo\/ -->\n<title>Motivaci\u00f3n y resiliencia (Herramientas de motivaci\u00f3n y resiliencia) - ULL - Agenda<\/title>\n<meta name=\"robots\" content=\"index, follow, max-snippet:-1, max-image-preview:large, max-video-preview:-1\" \/>\n<link rel=\"canonical\" href=\"https:\/\/www.ull.es\/portal\/agenda\/evento\/motivacion-y-resiliencia-herramientas-de-motivacion-y-resiliencia\/\" \/>\n<meta property=\"og:locale\" content=\"es_ES\" \/>\n<meta property=\"og:type\" content=\"article\" \/>\n<meta property=\"og:title\" content=\"Motivaci\u00f3n y resiliencia (Herramientas de motivaci\u00f3n y resiliencia) - ULL - Agenda\" \/>\n<meta property=\"og:description\" content=\"Santa Cruz de La Palma acoge el curso de Extensi\u00f3n Universitaria \u00abMotivaci\u00f3n y resiliencia (Herramientas de motivaci\u00f3n y resiliencia)\u00bb, que se celebrar\u00e1 los d\u00edas 18 al 20 de febrero de 2025 en el marco de la \u201cUniversidad de Oto\u00f1o-Invierno de La Palma 2024-2025\u201d. El objetivo de esta formaci\u00f3n es dotar a las personas asistentes de...\" \/>\n<meta property=\"og:url\" content=\"https:\/\/www.ull.es\/portal\/agenda\/evento\/motivacion-y-resiliencia-herramientas-de-motivacion-y-resiliencia\/\" \/>\n<meta property=\"og:site_name\" content=\"ULL - Agenda\" \/>\n<meta property=\"article:modified_time\" content=\"2024-12-12T13:45:37+00:00\" \/>\n<meta property=\"og:image\" content=\"https:\/\/www.ull.es\/portal\/agenda\/wp-content\/uploads\/sites\/12\/2024\/11\/Motivacion-y-resiliencia-banner-eventos.png\" \/>\n\t<meta property=\"og:image:width\" content=\"750\" \/>\n\t<meta property=\"og:image:height\" content=\"370\" \/>\n\t<meta property=\"og:image:type\" content=\"image\/png\" \/>\n<meta name=\"twitter:card\" content=\"summary_large_image\" \/>\n<meta name=\"twitter:label1\" content=\"Tiempo de lectura\" \/>\n\t<meta name=\"twitter:data1\" content=\"1 minuto\" \/>\n<script type=\"application\/ld+json\" class=\"yoast-schema-graph\">{\"@context\":\"https:\/\/schema.org\",\"@graph\":[{\"@type\":\"WebPage\",\"@id\":\"https:\/\/www.ull.es\/portal\/agenda\/evento\/motivacion-y-resiliencia-herramientas-de-motivacion-y-resiliencia\/\",\"url\":\"https:\/\/www.ull.es\/portal\/agenda\/evento\/motivacion-y-resiliencia-herramientas-de-motivacion-y-resiliencia\/\",\"name\":\"Motivaci\u00f3n y resiliencia (Herramientas de motivaci\u00f3n y resiliencia) - ULL - Agenda\",\"isPartOf\":{\"@id\":\"https:\/\/www.ull.es\/portal\/agenda\/#website\"},\"datePublished\":\"2024-11-27T12:31:17+00:00\",\"dateModified\":\"2024-12-12T13:45:37+00:00\",\"breadcrumb\":{\"@id\":\"https:\/\/www.ull.es\/portal\/agenda\/evento\/motivacion-y-resiliencia-herramientas-de-motivacion-y-resiliencia\/#breadcrumb\"},\"inLanguage\":\"es\",\"potentialAction\":[{\"@type\":\"ReadAction\",\"target\":[\"https:\/\/www.ull.es\/portal\/agenda\/evento\/motivacion-y-resiliencia-herramientas-de-motivacion-y-resiliencia\/\"]}]},{\"@type\":\"BreadcrumbList\",\"@id\":\"https:\/\/www.ull.es\/portal\/agenda\/evento\/motivacion-y-resiliencia-herramientas-de-motivacion-y-resiliencia\/#breadcrumb\",\"itemListElement\":[{\"@type\":\"ListItem\",\"position\":1,\"name\":\"Portada\",\"item\":\"https:\/\/www.ull.es\/portal\/agenda\/\"},{\"@type\":\"ListItem\",\"position\":2,\"name\":\"Motivaci\u00f3n y resiliencia (Herramientas de motivaci\u00f3n y resiliencia)\"}]},{\"@type\":\"WebSite\",\"@id\":\"https:\/\/www.ull.es\/portal\/agenda\/#website\",\"url\":\"https:\/\/www.ull.es\/portal\/agenda\/\",\"name\":\"ULL - Agenda\",\"description\":\"\",\"potentialAction\":[{\"@type\":\"SearchAction\",\"target\":{\"@type\":\"EntryPoint\",\"urlTemplate\":\"https:\/\/www.ull.es\/portal\/agenda\/?s={search_term_string}\"},\"query-input\":\"required name=search_term_string\"}],\"inLanguage\":\"es\"}]}<\/script>\n<!-- \/ Yoast SEO plugin. -->","yoast_head_json":{"title":"Motivaci\u00f3n y resiliencia (Herramientas de motivaci\u00f3n y resiliencia) - ULL - Agenda","robots":{"index":"index","follow":"follow","max-snippet":"max-snippet:-1","max-image-preview":"max-image-preview:large","max-video-preview":"max-video-preview:-1"},"canonical":"https:\/\/www.ull.es\/portal\/agenda\/evento\/motivacion-y-resiliencia-herramientas-de-motivacion-y-resiliencia\/","og_locale":"es_ES","og_type":"article","og_title":"Motivaci\u00f3n y resiliencia (Herramientas de motivaci\u00f3n y resiliencia) - ULL - Agenda","og_description":"Santa Cruz de La Palma acoge el curso de Extensi\u00f3n Universitaria \u00abMotivaci\u00f3n y resiliencia (Herramientas de motivaci\u00f3n y resiliencia)\u00bb, que se celebrar\u00e1 los d\u00edas 18 al 20 de febrero de 2025 en el marco de la \u201cUniversidad de Oto\u00f1o-Invierno de La Palma 2024-2025\u201d. El objetivo de esta formaci\u00f3n es dotar a las personas asistentes de...","og_url":"https:\/\/www.ull.es\/portal\/agenda\/evento\/motivacion-y-resiliencia-herramientas-de-motivacion-y-resiliencia\/","og_site_name":"ULL - Agenda","article_modified_time":"2024-12-12T13:45:37+00:00","og_image":[{"width":750,"height":370,"url":"https:\/\/www.ull.es\/portal\/agenda\/wp-content\/uploads\/sites\/12\/2024\/11\/Motivacion-y-resiliencia-banner-eventos.png","type":"image\/png"}],"twitter_card":"summary_large_image","twitter_misc":{"Tiempo de lectura":"1 minuto"},"schema":{"@context":"https:\/\/schema.org","@graph":[{"@type":"WebPage","@id":"https:\/\/www.ull.es\/portal\/agenda\/evento\/motivacion-y-resiliencia-herramientas-de-motivacion-y-resiliencia\/","url":"https:\/\/www.ull.es\/portal\/agenda\/evento\/motivacion-y-resiliencia-herramientas-de-motivacion-y-resiliencia\/","name":"Motivaci\u00f3n y resiliencia (Herramientas de motivaci\u00f3n y resiliencia) - ULL - Agenda","isPartOf":{"@id":"https:\/\/www.ull.es\/portal\/agenda\/#website"},"datePublished":"2024-11-27T12:31:17+00:00","dateModified":"2024-12-12T13:45:37+00:00","breadcrumb":{"@id":"https:\/\/www.ull.es\/portal\/agenda\/evento\/motivacion-y-resiliencia-herramientas-de-motivacion-y-resiliencia\/#breadcrumb"},"inLanguage":"es","potentialAction":[{"@type":"ReadAction","target":["https:\/\/www.ull.es\/portal\/agenda\/evento\/motivacion-y-resiliencia-herramientas-de-motivacion-y-resiliencia\/"]}]},{"@type":"BreadcrumbList","@id":"https:\/\/www.ull.es\/portal\/agenda\/evento\/motivacion-y-resiliencia-herramientas-de-motivacion-y-resiliencia\/#breadcrumb","itemListElement":[{"@type":"ListItem","position":1,"name":"Portada","item":"https:\/\/www.ull.es\/portal\/agenda\/"},{"@type":"ListItem","position":2,"name":"Motivaci\u00f3n y resiliencia (Herramientas de motivaci\u00f3n y resiliencia)"}]},{"@type":"WebSite","@id":"https:\/\/www.ull.es\/portal\/agenda\/#website","url":"https:\/\/www.ull.es\/portal\/agenda\/","name":"ULL - Agenda","description":"","potentialAction":[{"@type":"SearchAction","target":{"@type":"EntryPoint","urlTemplate":"https:\/\/www.ull.es\/portal\/agenda\/?s={search_term_string}"},"query-input":"required name=search_term_string"}],"inLanguage":"es"}]}},"_links":{"self":[{"href":"https:\/\/www.ull.es\/portal\/agenda\/wp-json\/wp\/v2\/tribe_events\/39785"}],"collection":[{"href":"https:\/\/www.ull.es\/portal\/agenda\/wp-json\/wp\/v2\/tribe_events"}],"about":[{"href":"https:\/\/www.ull.es\/portal\/agenda\/wp-json\/wp\/v2\/types\/tribe_events"}],"author":[{"embeddable":true,"href":"https:\/\/www.ull.es\/portal\/agenda\/wp-json\/wp\/v2\/users\/43"}],"replies":[{"embeddable":true,"href":"https:\/\/www.ull.es\/portal\/agenda\/wp-json\/wp\/v2\/comments?post=39785"}],"version-history":[{"count":3,"href":"https:\/\/www.ull.es\/portal\/agenda\/wp-json\/wp\/v2\/tribe_events\/39785\/revisions"}],"predecessor-version":[{"id":39845,"href":"https:\/\/www.ull.es\/portal\/agenda\/wp-json\/wp\/v2\/tribe_events\/39785\/revisions\/39845"}],"wp:featuredmedia":[{"embeddable":true,"href":"https:\/\/www.ull.es\/portal\/agenda\/wp-json\/wp\/v2\/media\/39844"}],"wp:attachment":[{"href":"https:\/\/www.ull.es\/portal\/agenda\/wp-json\/wp\/v2\/media?parent=39785"}],"wp:term":[{"taxonomy":"post_tag","embeddable":true,"href":"https:\/\/www.ull.es\/portal\/agenda\/wp-json\/wp\/v2\/tags?post=39785"},{"taxonomy":"tribe_events_cat","embeddable":true,"href":"https:\/\/www.ull.es\/portal\/agenda\/wp-json\/wp\/v2\/tribe_events_cat?post=39785"}],"curies":[{"name":"wp","href":"https:\/\/api.w.org\/{rel}","templated":true}]}}

Motivación y resiliencia (Herramientas de motivación y resiliencia)

<p>Santa Cruz de La Palma acoge el curso de Extensión Universitaria <em>«Motivación y resiliencia (Herramientas de motivación y resiliencia)»</em>, que se celebrará los días 18 al 20 de febrero de 2025 en el marco de la “<a href="https://www.ull.es/cultura/cursos-extension-universitaria/universidad-de-otono-invierno-de-la-palma/" target="_blank" rel="noopener noreferrer" target="_blank" rel="noopener">Universidad de Otoño-Invierno de La Palma 2024-2025</a>”.</p>
<p>El objetivo de esta formación es dotar a las personas asistentes de las competencias y herramientas necesarias para automotivarse, motivar a los demás y desarrollar resiliencia.</p>
<p>El curso está dirigido a cualquier persona interesada en el tema propuesto.</p>
<p>Dirección académica: José Alberto Martínez González. Profesor Titular de Universidad, Departamento de Empresas e Historia Económica de la Universidad de La Laguna.</p>
<p><strong>CERTIFICADO DE ASISTENCIA, APTITUD Y RECONOCIMIENTO POR CRÉDITO ECTS</strong></p>
<p>La Universidad de La Laguna, a través del Vicerrectorado de Cultura y Extensión Universitaria, emitirá un certificado de asistencia a todas aquellas personas que asistan a un mínimo del 80% de las horas lectivas presenciales. Asimismo, aquellas personas que superen el trabajo autónomo del alumnado, recibirán un certificado de asistencia y aprovechamiento, reconocible a su vez por un crédito ECTS.</p>
<p><a href="https://sede.fg.ull.es/es/curso/detalle?code=a24020289&amp;name=motivacion-y-resiliencia-herramientas-de-motivacion-y-resiliencia&amp;query=%3Fcode%3DA24020289" target="_blank" rel="noopener" target="_blank" rel="noopener"><strong><u>Consulta el programa e inscríbete aquí.</u></strong></a></p>
<p><strong>Contacto: </strong><a href="mailto:extuni@ull.edu.es" target="_blank" rel="noopener" target="_blank" rel="noopener"><strong>extuni@ull.es</strong></a></p>

<p>Santa Cruz de La Palma acoge el curso de Extensión Universitaria «Motivación y resiliencia (Herramientas de motivación y resiliencia)», que se celebrará los días 18 al 20 de febrero de 2025 en el marco de la “Universidad de Otoño-Invierno de La Palma 2024-2025”. El objetivo de esta formación es dotar a las personas asistentes de&#8230;</p>

<!-- This site is optimized with the Yoast SEO plugin v21.3 - https://yoast.com/wordpress/plugins/seo/ -->
<title>Motivación y resiliencia (Herramientas de motivación y resiliencia) - ULL - Agenda</title>
<meta name="robots" content="index, follow, max-snippet:-1, max-image-preview:large, max-video-preview:-1" />
<link rel="canonical" href="https://www.ull.es/portal/agenda/evento/motivacion-y-resiliencia-herramientas-de-motivacion-y-resiliencia/" />
<meta property="og:locale" content="es_ES" />
<meta property="og:type" content="article" />
<meta property="og:title" content="Motivación y resiliencia (Herramientas de motivación y resiliencia) - ULL - Agenda" />
<meta property="og:description" content="Santa Cruz de La Palma acoge el curso de Extensión Universitaria «Motivación y resiliencia (Herramientas de motivación y resiliencia)», que se celebrará los días 18 al 20 de febrero de 2025 en el marco de la “Universidad de Otoño-Invierno de La Palma 2024-2025”. El objetivo de esta formación es dotar a las personas asistentes de..." />
<meta property="og:url" content="https://www.ull.es/portal/agenda/evento/motivacion-y-resiliencia-herramientas-de-motivacion-y-resiliencia/" />
<meta property="og:site_name" content="ULL - Agenda" />
<meta property="article:modified_time" content="2024-12-12T13:45:37+00:00" />
<meta property="og:image" content="https://www.ull.es/portal/agenda/wp-content/uploads/sites/12/2024/11/Motivacion-y-resiliencia-banner-eventos.png" />
	<meta property="og:image:width" content="750" />
	<meta property="og:image:height" content="370" />
	<meta property="og:image:type" content="image/png" />
<meta name="twitter:card" content="summary_large_image" />
<meta name="twitter:label1" content="Tiempo de lectura" />
	<meta name="twitter:data1" content="1 minuto" />
<script type="application/ld+json" class="yoast-schema-graph">{"@context":"https://schema.org","@graph":[{"@type":"WebPage","@id":"https://www.ull.es/portal/agenda/evento/motivacion-y-resiliencia-herramientas-de-motivacion-y-resiliencia/","url":"https://www.ull.es/portal/agenda/evento/motivacion-y-resiliencia-herramientas-de-motivacion-y-resiliencia/","name":"Motivación y resiliencia (Herramientas de motivación y resiliencia) - ULL - Agenda","isPartOf":{"@id":"https://www.ull.es/portal/agenda/#website"},"datePublished":"2024-11-27T12:31:17+00:00","dateModified":"2024-12-12T13:45:37+00:00","breadcrumb":{"@id":"https://www.ull.es/portal/agenda/evento/motivacion-y-resiliencia-herramientas-de-motivacion-y-resiliencia/#breadcrumb"},"inLanguage":"es","potentialAction":[{"@type":"ReadAction","target":["https://www.ull.es/portal/agenda/evento/motivacion-y-resiliencia-herramientas-de-motivacion-y-resiliencia/"]}]},{"@type":"BreadcrumbList","@id":"https://www.ull.es/portal/agenda/evento/motivacion-y-resiliencia-herramientas-de-motivacion-y-resiliencia/#breadcrumb","itemListElement":[{"@type":"ListItem","position":1,"name":"Portada","item":"https://www.ull.es/portal/agenda/"},{"@type":"ListItem","position":2,"name":"Motivación y resiliencia (Herramientas de motivación y resiliencia)"}]},{"@type":"WebSite","@id":"https://www.ull.es/portal/agenda/#website","url":"https://www.ull.es/portal/agenda/","name":"ULL - Agenda","description":"","potentialAction":[{"@type":"SearchAction","target":{"@type":"EntryPoint","urlTemplate":"https://www.ull.es/portal/agenda/?s={search_term_string}"},"query-input":"required name=search_term_string"}],"inLanguage":"es"}]}</script>
<!-- / Yoast SEO plugin. -->

Motivación y resiliencia (Herramientas de motivación y resiliencia) - ULL - Agenda

Santa Cruz de La Palma acoge el curso de Extensión Universitaria «Motivación y resiliencia (Herramientas de motivación y resiliencia)», que se celebrará los días 18 al 20 de febrero de 2025 en el marco de la “Universidad de Otoño-Invierno de La Palma 2024-2025”. El objetivo de esta formación es dotar a las personas asistentes de...
