{"id":39923,"date":"2024-12-03T14:04:47","date_gmt":"2024-12-03T14:04:47","guid":{"rendered":"https:\/\/www.ull.es\/portal\/agenda\/?post_type=tribe_events&#038;p=39923"},"modified":"2024-12-04T12:01:44","modified_gmt":"2024-12-04T12:01:44","slug":"acto-de-presentacion-del-vol-iii-de-la-coleccion-audiovisual-testimonios-sobre-la-educacion-en-canarias","status":"publish","type":"tribe_events","link":"https:\/\/www.ull.es\/portal\/agenda\/evento\/acto-de-presentacion-del-vol-iii-de-la-coleccion-audiovisual-testimonios-sobre-la-educacion-en-canarias\/","title":{"rendered":"Acto de presentaci\u00f3n del Vol.III de la colecci\u00f3n audiovisual \u00abTestimonios sobre la educaci\u00f3n en Canarias\u00bb"},"content":{"rendered":"<p>El acto de presentaci\u00f3n del tercer volumen de \u00abTestimonios sobre la Educaci\u00f3n en Canarias\u00bb se celebrar\u00e1 el 12 de diciembre a las 18:00 horas en el Sal\u00f3n de Actos de la Facultad de Educaci\u00f3n (M\u00f3dulo A) de Universidad de La Laguna. Este volumen recoge entrevistas sobre tres temas clave: el sindicalismo docente con los fundadores del STEC, las TIC en el sistema escolar con representantes de proyectos educativos, y las sociedades did\u00e1cticas en ense\u00f1anzas medias.<\/p>\n<p>El evento incluir\u00e1 la proyecci\u00f3n del trailer presentaci\u00f3n de esta tercera entrega de entrevistas. Tambi\u00e9n se llevar\u00e1 a cabo la mesa redonda y coloquio \u00abDejar huella. La construcci\u00f3n de la memoria educativa de Canarias\u00bb.<\/p>\n<p>La C\u00e1tedra Fundaci\u00f3n MAPFRE Canarias de Tecnolog\u00eda y Educaci\u00f3n de la Universidad de La Laguna presenta el tercer volumen de la colecci\u00f3n audiovisual \u201cTestimonios sobre la Educaci\u00f3n en Canarias\u201d, una iniciativa destinada a recoger las voces de personajes relevantes en los acontecimientos de la Educaci\u00f3n en Canarias. Este material audiovisual, en formato de entrevistas, ahonda en relatar desde la perspectiva de los propios protagonistas, momentos cruciales de la historia en Canarias que han permitido dar forma a la actual educaci\u00f3n canaria.<\/p>\n<p>Para m\u00e1s informaci\u00f3n, pulse este <a href=\"https:\/\/tecnoedu.webs.ull.es\/testimonios-sobre-la-educacion-en-canarias\/\" target=\"_blank\" rel=\"noopener\" target=\"_blank\" rel=\"noopener\">enlace<\/a>.<\/p>\n","protected":false},"excerpt":{"rendered":"<p>El acto de presentaci\u00f3n del tercer volumen de \u00abTestimonios sobre la Educaci\u00f3n en Canarias\u00bb se celebrar\u00e1 el 12 de diciembre a las 18:00 horas en el Sal\u00f3n de Actos de la Facultad de Educaci\u00f3n (M\u00f3dulo A) de Universidad de La Laguna. Este volumen recoge entrevistas sobre tres temas clave: el sindicalismo docente con los fundadores&#8230;<\/p>\n","protected":false},"author":65,"featured_media":39933,"comment_status":"closed","ping_status":"closed","template":"","tags":[],"tribe_events_cat":[2118,4,815,186,191],"acf":[],"yoast_head":"<!-- This site is optimized with the Yoast SEO plugin v21.3 - https:\/\/yoast.com\/wordpress\/plugins\/seo\/ -->\n<title>Acto de presentaci\u00f3n del Vol.III de la colecci\u00f3n audiovisual \u00abTestimonios sobre la educaci\u00f3n en Canarias\u00bb - ULL - Agenda<\/title>\n<meta name=\"robots\" content=\"index, follow, max-snippet:-1, max-image-preview:large, max-video-preview:-1\" \/>\n<link rel=\"canonical\" href=\"https:\/\/www.ull.es\/portal\/agenda\/evento\/acto-de-presentacion-del-vol-iii-de-la-coleccion-audiovisual-testimonios-sobre-la-educacion-en-canarias\/\" \/>\n<meta property=\"og:locale\" content=\"es_ES\" \/>\n<meta property=\"og:type\" content=\"article\" \/>\n<meta property=\"og:title\" content=\"Acto de presentaci\u00f3n del Vol.III de la colecci\u00f3n audiovisual \u00abTestimonios sobre la educaci\u00f3n en Canarias\u00bb - ULL - Agenda\" \/>\n<meta property=\"og:description\" content=\"El acto de presentaci\u00f3n del tercer volumen de \u00abTestimonios sobre la Educaci\u00f3n en Canarias\u00bb se celebrar\u00e1 el 12 de diciembre a las 18:00 horas en el Sal\u00f3n de Actos de la Facultad de Educaci\u00f3n (M\u00f3dulo A) de Universidad de La Laguna. Este volumen recoge entrevistas sobre tres temas clave: el sindicalismo docente con los fundadores...\" \/>\n<meta property=\"og:url\" content=\"https:\/\/www.ull.es\/portal\/agenda\/evento\/acto-de-presentacion-del-vol-iii-de-la-coleccion-audiovisual-testimonios-sobre-la-educacion-en-canarias\/\" \/>\n<meta property=\"og:site_name\" content=\"ULL - Agenda\" \/>\n<meta property=\"article:modified_time\" content=\"2024-12-04T12:01:44+00:00\" \/>\n<meta property=\"og:image\" content=\"https:\/\/www.ull.es\/portal\/agenda\/wp-content\/uploads\/sites\/12\/2024\/12\/Testimonios-sobre-la-educacion-en-Canarias_Banner-eventos.png\" \/>\n\t<meta property=\"og:image:width\" content=\"750\" \/>\n\t<meta property=\"og:image:height\" content=\"370\" \/>\n\t<meta property=\"og:image:type\" content=\"image\/png\" \/>\n<meta name=\"twitter:card\" content=\"summary_large_image\" \/>\n<meta name=\"twitter:label1\" content=\"Tiempo de lectura\" \/>\n\t<meta name=\"twitter:data1\" content=\"1 minuto\" \/>\n<script type=\"application\/ld+json\" class=\"yoast-schema-graph\">{\"@context\":\"https:\/\/schema.org\",\"@graph\":[{\"@type\":\"WebPage\",\"@id\":\"https:\/\/www.ull.es\/portal\/agenda\/evento\/acto-de-presentacion-del-vol-iii-de-la-coleccion-audiovisual-testimonios-sobre-la-educacion-en-canarias\/\",\"url\":\"https:\/\/www.ull.es\/portal\/agenda\/evento\/acto-de-presentacion-del-vol-iii-de-la-coleccion-audiovisual-testimonios-sobre-la-educacion-en-canarias\/\",\"name\":\"Acto de presentaci\u00f3n del Vol.III de la colecci\u00f3n audiovisual \u00abTestimonios sobre la educaci\u00f3n en Canarias\u00bb - ULL - Agenda\",\"isPartOf\":{\"@id\":\"https:\/\/www.ull.es\/portal\/agenda\/#website\"},\"datePublished\":\"2024-12-03T14:04:47+00:00\",\"dateModified\":\"2024-12-04T12:01:44+00:00\",\"breadcrumb\":{\"@id\":\"https:\/\/www.ull.es\/portal\/agenda\/evento\/acto-de-presentacion-del-vol-iii-de-la-coleccion-audiovisual-testimonios-sobre-la-educacion-en-canarias\/#breadcrumb\"},\"inLanguage\":\"es\",\"potentialAction\":[{\"@type\":\"ReadAction\",\"target\":[\"https:\/\/www.ull.es\/portal\/agenda\/evento\/acto-de-presentacion-del-vol-iii-de-la-coleccion-audiovisual-testimonios-sobre-la-educacion-en-canarias\/\"]}]},{\"@type\":\"BreadcrumbList\",\"@id\":\"https:\/\/www.ull.es\/portal\/agenda\/evento\/acto-de-presentacion-del-vol-iii-de-la-coleccion-audiovisual-testimonios-sobre-la-educacion-en-canarias\/#breadcrumb\",\"itemListElement\":[{\"@type\":\"ListItem\",\"position\":1,\"name\":\"Portada\",\"item\":\"https:\/\/www.ull.es\/portal\/agenda\/\"},{\"@type\":\"ListItem\",\"position\":2,\"name\":\"Acto de presentaci\u00f3n del Vol.III de la colecci\u00f3n audiovisual \u00abTestimonios sobre la educaci\u00f3n en Canarias\u00bb\"}]},{\"@type\":\"WebSite\",\"@id\":\"https:\/\/www.ull.es\/portal\/agenda\/#website\",\"url\":\"https:\/\/www.ull.es\/portal\/agenda\/\",\"name\":\"ULL - Agenda\",\"description\":\"\",\"potentialAction\":[{\"@type\":\"SearchAction\",\"target\":{\"@type\":\"EntryPoint\",\"urlTemplate\":\"https:\/\/www.ull.es\/portal\/agenda\/?s={search_term_string}\"},\"query-input\":\"required name=search_term_string\"}],\"inLanguage\":\"es\"}]}<\/script>\n<!-- \/ Yoast SEO plugin. -->","yoast_head_json":{"title":"Acto de presentaci\u00f3n del Vol.III de la colecci\u00f3n audiovisual \u00abTestimonios sobre la educaci\u00f3n en Canarias\u00bb - ULL - Agenda","robots":{"index":"index","follow":"follow","max-snippet":"max-snippet:-1","max-image-preview":"max-image-preview:large","max-video-preview":"max-video-preview:-1"},"canonical":"https:\/\/www.ull.es\/portal\/agenda\/evento\/acto-de-presentacion-del-vol-iii-de-la-coleccion-audiovisual-testimonios-sobre-la-educacion-en-canarias\/","og_locale":"es_ES","og_type":"article","og_title":"Acto de presentaci\u00f3n del Vol.III de la colecci\u00f3n audiovisual \u00abTestimonios sobre la educaci\u00f3n en Canarias\u00bb - ULL - Agenda","og_description":"El acto de presentaci\u00f3n del tercer volumen de \u00abTestimonios sobre la Educaci\u00f3n en Canarias\u00bb se celebrar\u00e1 el 12 de diciembre a las 18:00 horas en el Sal\u00f3n de Actos de la Facultad de Educaci\u00f3n (M\u00f3dulo A) de Universidad de La Laguna. Este volumen recoge entrevistas sobre tres temas clave: el sindicalismo docente con los fundadores...","og_url":"https:\/\/www.ull.es\/portal\/agenda\/evento\/acto-de-presentacion-del-vol-iii-de-la-coleccion-audiovisual-testimonios-sobre-la-educacion-en-canarias\/","og_site_name":"ULL - Agenda","article_modified_time":"2024-12-04T12:01:44+00:00","og_image":[{"width":750,"height":370,"url":"https:\/\/www.ull.es\/portal\/agenda\/wp-content\/uploads\/sites\/12\/2024\/12\/Testimonios-sobre-la-educacion-en-Canarias_Banner-eventos.png","type":"image\/png"}],"twitter_card":"summary_large_image","twitter_misc":{"Tiempo de lectura":"1 minuto"},"schema":{"@context":"https:\/\/schema.org","@graph":[{"@type":"WebPage","@id":"https:\/\/www.ull.es\/portal\/agenda\/evento\/acto-de-presentacion-del-vol-iii-de-la-coleccion-audiovisual-testimonios-sobre-la-educacion-en-canarias\/","url":"https:\/\/www.ull.es\/portal\/agenda\/evento\/acto-de-presentacion-del-vol-iii-de-la-coleccion-audiovisual-testimonios-sobre-la-educacion-en-canarias\/","name":"Acto de presentaci\u00f3n del Vol.III de la colecci\u00f3n audiovisual \u00abTestimonios sobre la educaci\u00f3n en Canarias\u00bb - ULL - Agenda","isPartOf":{"@id":"https:\/\/www.ull.es\/portal\/agenda\/#website"},"datePublished":"2024-12-03T14:04:47+00:00","dateModified":"2024-12-04T12:01:44+00:00","breadcrumb":{"@id":"https:\/\/www.ull.es\/portal\/agenda\/evento\/acto-de-presentacion-del-vol-iii-de-la-coleccion-audiovisual-testimonios-sobre-la-educacion-en-canarias\/#breadcrumb"},"inLanguage":"es","potentialAction":[{"@type":"ReadAction","target":["https:\/\/www.ull.es\/portal\/agenda\/evento\/acto-de-presentacion-del-vol-iii-de-la-coleccion-audiovisual-testimonios-sobre-la-educacion-en-canarias\/"]}]},{"@type":"BreadcrumbList","@id":"https:\/\/www.ull.es\/portal\/agenda\/evento\/acto-de-presentacion-del-vol-iii-de-la-coleccion-audiovisual-testimonios-sobre-la-educacion-en-canarias\/#breadcrumb","itemListElement":[{"@type":"ListItem","position":1,"name":"Portada","item":"https:\/\/www.ull.es\/portal\/agenda\/"},{"@type":"ListItem","position":2,"name":"Acto de presentaci\u00f3n del Vol.III de la colecci\u00f3n audiovisual \u00abTestimonios sobre la educaci\u00f3n en Canarias\u00bb"}]},{"@type":"WebSite","@id":"https:\/\/www.ull.es\/portal\/agenda\/#website","url":"https:\/\/www.ull.es\/portal\/agenda\/","name":"ULL - Agenda","description":"","potentialAction":[{"@type":"SearchAction","target":{"@type":"EntryPoint","urlTemplate":"https:\/\/www.ull.es\/portal\/agenda\/?s={search_term_string}"},"query-input":"required name=search_term_string"}],"inLanguage":"es"}]}},"_links":{"self":[{"href":"https:\/\/www.ull.es\/portal\/agenda\/wp-json\/wp\/v2\/tribe_events\/39923"}],"collection":[{"href":"https:\/\/www.ull.es\/portal\/agenda\/wp-json\/wp\/v2\/tribe_events"}],"about":[{"href":"https:\/\/www.ull.es\/portal\/agenda\/wp-json\/wp\/v2\/types\/tribe_events"}],"author":[{"embeddable":true,"href":"https:\/\/www.ull.es\/portal\/agenda\/wp-json\/wp\/v2\/users\/65"}],"replies":[{"embeddable":true,"href":"https:\/\/www.ull.es\/portal\/agenda\/wp-json\/wp\/v2\/comments?post=39923"}],"version-history":[{"count":1,"href":"https:\/\/www.ull.es\/portal\/agenda\/wp-json\/wp\/v2\/tribe_events\/39923\/revisions"}],"predecessor-version":[{"id":39924,"href":"https:\/\/www.ull.es\/portal\/agenda\/wp-json\/wp\/v2\/tribe_events\/39923\/revisions\/39924"}],"wp:featuredmedia":[{"embeddable":true,"href":"https:\/\/www.ull.es\/portal\/agenda\/wp-json\/wp\/v2\/media\/39933"}],"wp:attachment":[{"href":"https:\/\/www.ull.es\/portal\/agenda\/wp-json\/wp\/v2\/media?parent=39923"}],"wp:term":[{"taxonomy":"post_tag","embeddable":true,"href":"https:\/\/www.ull.es\/portal\/agenda\/wp-json\/wp\/v2\/tags?post=39923"},{"taxonomy":"tribe_events_cat","embeddable":true,"href":"https:\/\/www.ull.es\/portal\/agenda\/wp-json\/wp\/v2\/tribe_events_cat?post=39923"}],"curies":[{"name":"wp","href":"https:\/\/api.w.org\/{rel}","templated":true}]}}

Acto de presentación del Vol.III de la colección audiovisual «Testimonios sobre la educación en Canarias»

<p>El acto de presentación del tercer volumen de «Testimonios sobre la Educación en Canarias» se celebrará el 12 de diciembre a las 18:00 horas en el Salón de Actos de la Facultad de Educación (Módulo A) de Universidad de La Laguna. Este volumen recoge entrevistas sobre tres temas clave: el sindicalismo docente con los fundadores del STEC, las TIC en el sistema escolar con representantes de proyectos educativos, y las sociedades didácticas en enseñanzas medias.</p>
<p>El evento incluirá la proyección del trailer presentación de esta tercera entrega de entrevistas. También se llevará a cabo la mesa redonda y coloquio «Dejar huella. La construcción de la memoria educativa de Canarias».</p>
<p>La Cátedra Fundación MAPFRE Canarias de Tecnología y Educación de la Universidad de La Laguna presenta el tercer volumen de la colección audiovisual “Testimonios sobre la Educación en Canarias”, una iniciativa destinada a recoger las voces de personajes relevantes en los acontecimientos de la Educación en Canarias. Este material audiovisual, en formato de entrevistas, ahonda en relatar desde la perspectiva de los propios protagonistas, momentos cruciales de la historia en Canarias que han permitido dar forma a la actual educación canaria.</p>
<p>Para más información, pulse este <a href="https://tecnoedu.webs.ull.es/testimonios-sobre-la-educacion-en-canarias/" target="_blank" rel="noopener" target="_blank" rel="noopener">enlace</a>.</p>

<p>El acto de presentación del tercer volumen de «Testimonios sobre la Educación en Canarias» se celebrará el 12 de diciembre a las 18:00 horas en el Salón de Actos de la Facultad de Educación (Módulo A) de Universidad de La Laguna. Este volumen recoge entrevistas sobre tres temas clave: el sindicalismo docente con los fundadores&#8230;</p>

<!-- This site is optimized with the Yoast SEO plugin v21.3 - https://yoast.com/wordpress/plugins/seo/ -->
<title>Acto de presentación del Vol.III de la colección audiovisual «Testimonios sobre la educación en Canarias» - ULL - Agenda</title>
<meta name="robots" content="index, follow, max-snippet:-1, max-image-preview:large, max-video-preview:-1" />
<link rel="canonical" href="https://www.ull.es/portal/agenda/evento/acto-de-presentacion-del-vol-iii-de-la-coleccion-audiovisual-testimonios-sobre-la-educacion-en-canarias/" />
<meta property="og:locale" content="es_ES" />
<meta property="og:type" content="article" />
<meta property="og:title" content="Acto de presentación del Vol.III de la colección audiovisual «Testimonios sobre la educación en Canarias» - ULL - Agenda" />
<meta property="og:description" content="El acto de presentación del tercer volumen de «Testimonios sobre la Educación en Canarias» se celebrará el 12 de diciembre a las 18:00 horas en el Salón de Actos de la Facultad de Educación (Módulo A) de Universidad de La Laguna. Este volumen recoge entrevistas sobre tres temas clave: el sindicalismo docente con los fundadores..." />
<meta property="og:url" content="https://www.ull.es/portal/agenda/evento/acto-de-presentacion-del-vol-iii-de-la-coleccion-audiovisual-testimonios-sobre-la-educacion-en-canarias/" />
<meta property="og:site_name" content="ULL - Agenda" />
<meta property="article:modified_time" content="2024-12-04T12:01:44+00:00" />
<meta property="og:image" content="https://www.ull.es/portal/agenda/wp-content/uploads/sites/12/2024/12/Testimonios-sobre-la-educacion-en-Canarias_Banner-eventos.png" />
	<meta property="og:image:width" content="750" />
	<meta property="og:image:height" content="370" />
	<meta property="og:image:type" content="image/png" />
<meta name="twitter:card" content="summary_large_image" />
<meta name="twitter:label1" content="Tiempo de lectura" />
	<meta name="twitter:data1" content="1 minuto" />
<script type="application/ld+json" class="yoast-schema-graph">{"@context":"https://schema.org","@graph":[{"@type":"WebPage","@id":"https://www.ull.es/portal/agenda/evento/acto-de-presentacion-del-vol-iii-de-la-coleccion-audiovisual-testimonios-sobre-la-educacion-en-canarias/","url":"https://www.ull.es/portal/agenda/evento/acto-de-presentacion-del-vol-iii-de-la-coleccion-audiovisual-testimonios-sobre-la-educacion-en-canarias/","name":"Acto de presentación del Vol.III de la colección audiovisual «Testimonios sobre la educación en Canarias» - ULL - Agenda","isPartOf":{"@id":"https://www.ull.es/portal/agenda/#website"},"datePublished":"2024-12-03T14:04:47+00:00","dateModified":"2024-12-04T12:01:44+00:00","breadcrumb":{"@id":"https://www.ull.es/portal/agenda/evento/acto-de-presentacion-del-vol-iii-de-la-coleccion-audiovisual-testimonios-sobre-la-educacion-en-canarias/#breadcrumb"},"inLanguage":"es","potentialAction":[{"@type":"ReadAction","target":["https://www.ull.es/portal/agenda/evento/acto-de-presentacion-del-vol-iii-de-la-coleccion-audiovisual-testimonios-sobre-la-educacion-en-canarias/"]}]},{"@type":"BreadcrumbList","@id":"https://www.ull.es/portal/agenda/evento/acto-de-presentacion-del-vol-iii-de-la-coleccion-audiovisual-testimonios-sobre-la-educacion-en-canarias/#breadcrumb","itemListElement":[{"@type":"ListItem","position":1,"name":"Portada","item":"https://www.ull.es/portal/agenda/"},{"@type":"ListItem","position":2,"name":"Acto de presentación del Vol.III de la colección audiovisual «Testimonios sobre la educación en Canarias»"}]},{"@type":"WebSite","@id":"https://www.ull.es/portal/agenda/#website","url":"https://www.ull.es/portal/agenda/","name":"ULL - Agenda","description":"","potentialAction":[{"@type":"SearchAction","target":{"@type":"EntryPoint","urlTemplate":"https://www.ull.es/portal/agenda/?s={search_term_string}"},"query-input":"required name=search_term_string"}],"inLanguage":"es"}]}</script>
<!-- / Yoast SEO plugin. -->

Acto de presentación del Vol.III de la colección audiovisual «Testimonios sobre la educación en Canarias» - ULL - Agenda

El acto de presentación del tercer volumen de «Testimonios sobre la Educación en Canarias» se celebrará el 12 de diciembre a las 18:00 horas en el Salón de Actos de la Facultad de Educación (Módulo A) de Universidad de La Laguna. Este volumen recoge entrevistas sobre tres temas clave: el sindicalismo docente con los fundadores...
