{"id":39992,"date":"2024-12-10T11:31:33","date_gmt":"2024-12-10T11:31:33","guid":{"rendered":"https:\/\/www.ull.es\/portal\/agenda\/?post_type=tribe_events&#038;p=39992"},"modified":"2024-12-10T11:38:47","modified_gmt":"2024-12-10T11:38:47","slug":"hablando-sobre-libros-xxvii-cine-en-cortos","status":"publish","type":"tribe_events","link":"https:\/\/www.ull.es\/portal\/agenda\/evento\/hablando-sobre-libros-xxvii-cine-en-cortos\/","title":{"rendered":"Hablando sobre libros XXVII \u00abCine en cortos\u00bb"},"content":{"rendered":"<p>El Aula Cultural \u00abRadio Campus\u00bb organiza este evento que se celebrar\u00e1 en modalidad online el 7 de enero de 2025 en horario de 18:30 a 19:30 horas.<\/p>\n<p><em>Cine en cortos<\/em> es una colecci\u00f3n de microrrelatos que teje un recorrido literario a trav\u00e9s del cine, explorando pel\u00edculas de distintos g\u00e9neros, \u00e9pocas y nacionalidades. Con un enfoque creativo y apasionado. Esta obra cautivadora te sumergir\u00e1 en un viaje literario \u00fanico, donde las historias breves y el mundo del cine se entrelazan magistralmente. Con un estilo din\u00e1mico y sugerente, La autora nos invita a explorar la narrativa desde un \u00e1ngulo innovador y cinematogr\u00e1fico. El cine como inspiraci\u00f3n, variando entre lo referencial y lo incidental en sus relatos. Cada historia ofrece una mirada cin\u00e9fila que refleja el arte, la emoci\u00f3n y la vida que el cine encapsula. Al igual que las pel\u00edculas, estos microrrelatos llevan al lector a so\u00f1ar y como dec\u00eda Fran\u00e7ois Truffaut: \u00abUna buena pel\u00edcula te lleva a un viaje, te hace so\u00f1ar e incluso te cambia la vida\u00bb.<\/p>\n<p>La actividad se presenta como conversaci\u00f3n en forma de entrevista con la autora, Felicidad Batista, en el que la audiencia podr\u00e1 participar en todo momento.<\/p>\n<p>Dirigido a cualquier persona interesada en el mundo de la escritura, la literatura y el cine.<\/p>\n<p>Direcci\u00f3n acad\u00e9mica: Luis Javier Capote P\u00e9rez. Profesor Contratado Doctor Tipo I de Derecho Civil, Departamento de Disciplinas Jur\u00eddicas B\u00e1sicas de la Universidad de La Laguna.<\/p>\n<p><a href=\"https:\/\/sede.fg.ull.es\/es\/curso\/detalle?code=a25020007&amp;name=hablando-sobre-libros-xxvii-cine-en-cortos&amp;query=%3Fcode%3DA25020007\" target=\"_blank\" rel=\"noopener noreferrer\" target=\"_blank\" rel=\"noopener\"><strong><u>Asistencia gratuita previa inscripci\u00f3n aqu\u00ed.<\/u><\/strong><\/a><\/p>\n<p>CERTIFICADO DE ASISTENCIA: La Universidad de La Laguna, a trav\u00e9s del Vicerrectorado de Cultura y Extensi\u00f3n Universitaria, emitir\u00e1 un certificado de asistencia a todas aquellas personas que participen, previa inscripci\u00f3n en la actividad.<\/p>\n<p><strong>Contacto:\u00a0<\/strong><a href=\"mailto:extuni@ull.edu.es\" target=\"_blank\" rel=\"noopener\" target=\"_blank\" rel=\"noopener\"><strong>extuni@ull.es<\/strong><\/a><\/p>\n<p>Colaboran: Asociaci\u00f3n cultural de estudios internacionales \u00abHacer para el desarrollo\u00bb, Pub \u00abS\u00f3crates\u00bb y Hostal \u00abRatones de Biblioteca\u00bb.<\/p>\n","protected":false},"excerpt":{"rendered":"<p>El Aula Cultural \u00abRadio Campus\u00bb organiza este evento que se celebrar\u00e1 en modalidad online el 7 de enero de 2025 en horario de 18:30 a 19:30 horas. Cine en cortos es una colecci\u00f3n de microrrelatos que teje un recorrido literario a trav\u00e9s del cine, explorando pel\u00edculas de distintos g\u00e9neros, \u00e9pocas y nacionalidades. Con un enfoque&#8230;<\/p>\n","protected":false},"author":43,"featured_media":39993,"comment_status":"closed","ping_status":"closed","template":"","tags":[4259,7,977,3812,3751,4165],"tribe_events_cat":[472,471,4,186],"acf":[],"yoast_head":"<!-- This site is optimized with the Yoast SEO plugin v21.3 - https:\/\/yoast.com\/wordpress\/plugins\/seo\/ -->\n<title>Hablando sobre libros XXVII \u00abCine en cortos\u00bb - ULL - Agenda<\/title>\n<meta name=\"robots\" content=\"index, follow, max-snippet:-1, max-image-preview:large, max-video-preview:-1\" \/>\n<link rel=\"canonical\" href=\"https:\/\/www.ull.es\/portal\/agenda\/evento\/hablando-sobre-libros-xxvii-cine-en-cortos\/\" \/>\n<meta property=\"og:locale\" content=\"es_ES\" \/>\n<meta property=\"og:type\" content=\"article\" \/>\n<meta property=\"og:title\" content=\"Hablando sobre libros XXVII \u00abCine en cortos\u00bb - ULL - Agenda\" \/>\n<meta property=\"og:description\" content=\"El Aula Cultural \u00abRadio Campus\u00bb organiza este evento que se celebrar\u00e1 en modalidad online el 7 de enero de 2025 en horario de 18:30 a 19:30 horas. Cine en cortos es una colecci\u00f3n de microrrelatos que teje un recorrido literario a trav\u00e9s del cine, explorando pel\u00edculas de distintos g\u00e9neros, \u00e9pocas y nacionalidades. Con un enfoque...\" \/>\n<meta property=\"og:url\" content=\"https:\/\/www.ull.es\/portal\/agenda\/evento\/hablando-sobre-libros-xxvii-cine-en-cortos\/\" \/>\n<meta property=\"og:site_name\" content=\"ULL - Agenda\" \/>\n<meta property=\"article:modified_time\" content=\"2024-12-10T11:38:47+00:00\" \/>\n<meta property=\"og:image\" content=\"https:\/\/www.ull.es\/portal\/agenda\/wp-content\/uploads\/sites\/12\/2024\/12\/CineenCortos.png\" \/>\n\t<meta property=\"og:image:width\" content=\"750\" \/>\n\t<meta property=\"og:image:height\" content=\"370\" \/>\n\t<meta property=\"og:image:type\" content=\"image\/png\" \/>\n<meta name=\"twitter:card\" content=\"summary_large_image\" \/>\n<meta name=\"twitter:label1\" content=\"Tiempo de lectura\" \/>\n\t<meta name=\"twitter:data1\" content=\"2 minutos\" \/>\n<script type=\"application\/ld+json\" class=\"yoast-schema-graph\">{\"@context\":\"https:\/\/schema.org\",\"@graph\":[{\"@type\":\"WebPage\",\"@id\":\"https:\/\/www.ull.es\/portal\/agenda\/evento\/hablando-sobre-libros-xxvii-cine-en-cortos\/\",\"url\":\"https:\/\/www.ull.es\/portal\/agenda\/evento\/hablando-sobre-libros-xxvii-cine-en-cortos\/\",\"name\":\"Hablando sobre libros XXVII \u00abCine en cortos\u00bb - ULL - Agenda\",\"isPartOf\":{\"@id\":\"https:\/\/www.ull.es\/portal\/agenda\/#website\"},\"datePublished\":\"2024-12-10T11:31:33+00:00\",\"dateModified\":\"2024-12-10T11:38:47+00:00\",\"breadcrumb\":{\"@id\":\"https:\/\/www.ull.es\/portal\/agenda\/evento\/hablando-sobre-libros-xxvii-cine-en-cortos\/#breadcrumb\"},\"inLanguage\":\"es\",\"potentialAction\":[{\"@type\":\"ReadAction\",\"target\":[\"https:\/\/www.ull.es\/portal\/agenda\/evento\/hablando-sobre-libros-xxvii-cine-en-cortos\/\"]}]},{\"@type\":\"BreadcrumbList\",\"@id\":\"https:\/\/www.ull.es\/portal\/agenda\/evento\/hablando-sobre-libros-xxvii-cine-en-cortos\/#breadcrumb\",\"itemListElement\":[{\"@type\":\"ListItem\",\"position\":1,\"name\":\"Portada\",\"item\":\"https:\/\/www.ull.es\/portal\/agenda\/\"},{\"@type\":\"ListItem\",\"position\":2,\"name\":\"Hablando sobre libros XXVII \u00abCine en cortos\u00bb\"}]},{\"@type\":\"WebSite\",\"@id\":\"https:\/\/www.ull.es\/portal\/agenda\/#website\",\"url\":\"https:\/\/www.ull.es\/portal\/agenda\/\",\"name\":\"ULL - Agenda\",\"description\":\"\",\"potentialAction\":[{\"@type\":\"SearchAction\",\"target\":{\"@type\":\"EntryPoint\",\"urlTemplate\":\"https:\/\/www.ull.es\/portal\/agenda\/?s={search_term_string}\"},\"query-input\":\"required name=search_term_string\"}],\"inLanguage\":\"es\"}]}<\/script>\n<!-- \/ Yoast SEO plugin. -->","yoast_head_json":{"title":"Hablando sobre libros XXVII \u00abCine en cortos\u00bb - ULL - Agenda","robots":{"index":"index","follow":"follow","max-snippet":"max-snippet:-1","max-image-preview":"max-image-preview:large","max-video-preview":"max-video-preview:-1"},"canonical":"https:\/\/www.ull.es\/portal\/agenda\/evento\/hablando-sobre-libros-xxvii-cine-en-cortos\/","og_locale":"es_ES","og_type":"article","og_title":"Hablando sobre libros XXVII \u00abCine en cortos\u00bb - ULL - Agenda","og_description":"El Aula Cultural \u00abRadio Campus\u00bb organiza este evento que se celebrar\u00e1 en modalidad online el 7 de enero de 2025 en horario de 18:30 a 19:30 horas. Cine en cortos es una colecci\u00f3n de microrrelatos que teje un recorrido literario a trav\u00e9s del cine, explorando pel\u00edculas de distintos g\u00e9neros, \u00e9pocas y nacionalidades. Con un enfoque...","og_url":"https:\/\/www.ull.es\/portal\/agenda\/evento\/hablando-sobre-libros-xxvii-cine-en-cortos\/","og_site_name":"ULL - Agenda","article_modified_time":"2024-12-10T11:38:47+00:00","og_image":[{"width":750,"height":370,"url":"https:\/\/www.ull.es\/portal\/agenda\/wp-content\/uploads\/sites\/12\/2024\/12\/CineenCortos.png","type":"image\/png"}],"twitter_card":"summary_large_image","twitter_misc":{"Tiempo de lectura":"2 minutos"},"schema":{"@context":"https:\/\/schema.org","@graph":[{"@type":"WebPage","@id":"https:\/\/www.ull.es\/portal\/agenda\/evento\/hablando-sobre-libros-xxvii-cine-en-cortos\/","url":"https:\/\/www.ull.es\/portal\/agenda\/evento\/hablando-sobre-libros-xxvii-cine-en-cortos\/","name":"Hablando sobre libros XXVII \u00abCine en cortos\u00bb - ULL - Agenda","isPartOf":{"@id":"https:\/\/www.ull.es\/portal\/agenda\/#website"},"datePublished":"2024-12-10T11:31:33+00:00","dateModified":"2024-12-10T11:38:47+00:00","breadcrumb":{"@id":"https:\/\/www.ull.es\/portal\/agenda\/evento\/hablando-sobre-libros-xxvii-cine-en-cortos\/#breadcrumb"},"inLanguage":"es","potentialAction":[{"@type":"ReadAction","target":["https:\/\/www.ull.es\/portal\/agenda\/evento\/hablando-sobre-libros-xxvii-cine-en-cortos\/"]}]},{"@type":"BreadcrumbList","@id":"https:\/\/www.ull.es\/portal\/agenda\/evento\/hablando-sobre-libros-xxvii-cine-en-cortos\/#breadcrumb","itemListElement":[{"@type":"ListItem","position":1,"name":"Portada","item":"https:\/\/www.ull.es\/portal\/agenda\/"},{"@type":"ListItem","position":2,"name":"Hablando sobre libros XXVII \u00abCine en cortos\u00bb"}]},{"@type":"WebSite","@id":"https:\/\/www.ull.es\/portal\/agenda\/#website","url":"https:\/\/www.ull.es\/portal\/agenda\/","name":"ULL - Agenda","description":"","potentialAction":[{"@type":"SearchAction","target":{"@type":"EntryPoint","urlTemplate":"https:\/\/www.ull.es\/portal\/agenda\/?s={search_term_string}"},"query-input":"required name=search_term_string"}],"inLanguage":"es"}]}},"_links":{"self":[{"href":"https:\/\/www.ull.es\/portal\/agenda\/wp-json\/wp\/v2\/tribe_events\/39992"}],"collection":[{"href":"https:\/\/www.ull.es\/portal\/agenda\/wp-json\/wp\/v2\/tribe_events"}],"about":[{"href":"https:\/\/www.ull.es\/portal\/agenda\/wp-json\/wp\/v2\/types\/tribe_events"}],"author":[{"embeddable":true,"href":"https:\/\/www.ull.es\/portal\/agenda\/wp-json\/wp\/v2\/users\/43"}],"replies":[{"embeddable":true,"href":"https:\/\/www.ull.es\/portal\/agenda\/wp-json\/wp\/v2\/comments?post=39992"}],"version-history":[{"count":5,"href":"https:\/\/www.ull.es\/portal\/agenda\/wp-json\/wp\/v2\/tribe_events\/39992\/revisions"}],"predecessor-version":[{"id":39998,"href":"https:\/\/www.ull.es\/portal\/agenda\/wp-json\/wp\/v2\/tribe_events\/39992\/revisions\/39998"}],"wp:featuredmedia":[{"embeddable":true,"href":"https:\/\/www.ull.es\/portal\/agenda\/wp-json\/wp\/v2\/media\/39993"}],"wp:attachment":[{"href":"https:\/\/www.ull.es\/portal\/agenda\/wp-json\/wp\/v2\/media?parent=39992"}],"wp:term":[{"taxonomy":"post_tag","embeddable":true,"href":"https:\/\/www.ull.es\/portal\/agenda\/wp-json\/wp\/v2\/tags?post=39992"},{"taxonomy":"tribe_events_cat","embeddable":true,"href":"https:\/\/www.ull.es\/portal\/agenda\/wp-json\/wp\/v2\/tribe_events_cat?post=39992"}],"curies":[{"name":"wp","href":"https:\/\/api.w.org\/{rel}","templated":true}]}}

<p>El Aula Cultural «Radio Campus» organiza este evento que se celebrará en modalidad online el 7 de enero de 2025 en horario de 18:30 a 19:30 horas.</p>
<p><em>Cine en cortos</em> es una colección de microrrelatos que teje un recorrido literario a través del cine, explorando películas de distintos géneros, épocas y nacionalidades. Con un enfoque creativo y apasionado. Esta obra cautivadora te sumergirá en un viaje literario único, donde las historias breves y el mundo del cine se entrelazan magistralmente. Con un estilo dinámico y sugerente, La autora nos invita a explorar la narrativa desde un ángulo innovador y cinematográfico. El cine como inspiración, variando entre lo referencial y lo incidental en sus relatos. Cada historia ofrece una mirada cinéfila que refleja el arte, la emoción y la vida que el cine encapsula. Al igual que las películas, estos microrrelatos llevan al lector a soñar y como decía François Truffaut: «Una buena película te lleva a un viaje, te hace soñar e incluso te cambia la vida».</p>
<p>La actividad se presenta como conversación en forma de entrevista con la autora, Felicidad Batista, en el que la audiencia podrá participar en todo momento.</p>
<p>Dirigido a cualquier persona interesada en el mundo de la escritura, la literatura y el cine.</p>
<p>Dirección académica: Luis Javier Capote Pérez. Profesor Contratado Doctor Tipo I de Derecho Civil, Departamento de Disciplinas Jurídicas Básicas de la Universidad de La Laguna.</p>
<p><a href="https://sede.fg.ull.es/es/curso/detalle?code=a25020007&amp;name=hablando-sobre-libros-xxvii-cine-en-cortos&amp;query=%3Fcode%3DA25020007" target="_blank" rel="noopener noreferrer" target="_blank" rel="noopener"><strong><u>Asistencia gratuita previa inscripción aquí.</u></strong></a></p>
<p>CERTIFICADO DE ASISTENCIA: La Universidad de La Laguna, a través del Vicerrectorado de Cultura y Extensión Universitaria, emitirá un certificado de asistencia a todas aquellas personas que participen, previa inscripción en la actividad.</p>
<p><strong>Contacto: </strong><a href="mailto:extuni@ull.edu.es" target="_blank" rel="noopener" target="_blank" rel="noopener"><strong>extuni@ull.es</strong></a></p>
<p>Colaboran: Asociación cultural de estudios internacionales «Hacer para el desarrollo», Pub «Sócrates» y Hostal «Ratones de Biblioteca».</p>

<p>El Aula Cultural «Radio Campus» organiza este evento que se celebrará en modalidad online el 7 de enero de 2025 en horario de 18:30 a 19:30 horas. Cine en cortos es una colección de microrrelatos que teje un recorrido literario a través del cine, explorando películas de distintos géneros, épocas y nacionalidades. Con un enfoque&#8230;</p>

<!-- This site is optimized with the Yoast SEO plugin v21.3 - https://yoast.com/wordpress/plugins/seo/ -->
<title>Hablando sobre libros XXVII «Cine en cortos» - ULL - Agenda</title>
<meta name="robots" content="index, follow, max-snippet:-1, max-image-preview:large, max-video-preview:-1" />
<link rel="canonical" href="https://www.ull.es/portal/agenda/evento/hablando-sobre-libros-xxvii-cine-en-cortos/" />
<meta property="og:locale" content="es_ES" />
<meta property="og:type" content="article" />
<meta property="og:title" content="Hablando sobre libros XXVII «Cine en cortos» - ULL - Agenda" />
<meta property="og:description" content="El Aula Cultural «Radio Campus» organiza este evento que se celebrará en modalidad online el 7 de enero de 2025 en horario de 18:30 a 19:30 horas. Cine en cortos es una colección de microrrelatos que teje un recorrido literario a través del cine, explorando películas de distintos géneros, épocas y nacionalidades. Con un enfoque..." />
<meta property="og:url" content="https://www.ull.es/portal/agenda/evento/hablando-sobre-libros-xxvii-cine-en-cortos/" />
<meta property="og:site_name" content="ULL - Agenda" />
<meta property="article:modified_time" content="2024-12-10T11:38:47+00:00" />
<meta property="og:image" content="https://www.ull.es/portal/agenda/wp-content/uploads/sites/12/2024/12/CineenCortos.png" />
	<meta property="og:image:width" content="750" />
	<meta property="og:image:height" content="370" />
	<meta property="og:image:type" content="image/png" />
<meta name="twitter:card" content="summary_large_image" />
<meta name="twitter:label1" content="Tiempo de lectura" />
	<meta name="twitter:data1" content="2 minutos" />
<script type="application/ld+json" class="yoast-schema-graph">{"@context":"https://schema.org","@graph":[{"@type":"WebPage","@id":"https://www.ull.es/portal/agenda/evento/hablando-sobre-libros-xxvii-cine-en-cortos/","url":"https://www.ull.es/portal/agenda/evento/hablando-sobre-libros-xxvii-cine-en-cortos/","name":"Hablando sobre libros XXVII «Cine en cortos» - ULL - Agenda","isPartOf":{"@id":"https://www.ull.es/portal/agenda/#website"},"datePublished":"2024-12-10T11:31:33+00:00","dateModified":"2024-12-10T11:38:47+00:00","breadcrumb":{"@id":"https://www.ull.es/portal/agenda/evento/hablando-sobre-libros-xxvii-cine-en-cortos/#breadcrumb"},"inLanguage":"es","potentialAction":[{"@type":"ReadAction","target":["https://www.ull.es/portal/agenda/evento/hablando-sobre-libros-xxvii-cine-en-cortos/"]}]},{"@type":"BreadcrumbList","@id":"https://www.ull.es/portal/agenda/evento/hablando-sobre-libros-xxvii-cine-en-cortos/#breadcrumb","itemListElement":[{"@type":"ListItem","position":1,"name":"Portada","item":"https://www.ull.es/portal/agenda/"},{"@type":"ListItem","position":2,"name":"Hablando sobre libros XXVII «Cine en cortos»"}]},{"@type":"WebSite","@id":"https://www.ull.es/portal/agenda/#website","url":"https://www.ull.es/portal/agenda/","name":"ULL - Agenda","description":"","potentialAction":[{"@type":"SearchAction","target":{"@type":"EntryPoint","urlTemplate":"https://www.ull.es/portal/agenda/?s={search_term_string}"},"query-input":"required name=search_term_string"}],"inLanguage":"es"}]}</script>
<!-- / Yoast SEO plugin. -->

El Aula Cultural «Radio Campus» organiza este evento que se celebrará en modalidad online el 7 de enero de 2025 en horario de 18:30 a 19:30 horas. Cine en cortos es una colección de microrrelatos que teje un recorrido literario a través del cine, explorando películas de distintos géneros, épocas y nacionalidades. Con un enfoque...
