{"id":40021,"date":"2024-12-11T14:31:08","date_gmt":"2024-12-11T14:31:08","guid":{"rendered":"https:\/\/www.ull.es\/portal\/agenda\/?post_type=tribe_events&#038;p=40021"},"modified":"2024-12-11T14:44:21","modified_gmt":"2024-12-11T14:44:21","slug":"viii-jornadas-fes-2024-barometro-la-laguna-habla","status":"publish","type":"tribe_events","link":"https:\/\/www.ull.es\/portal\/agenda\/evento\/viii-jornadas-fes-2024-barometro-la-laguna-habla\/","title":{"rendered":"VIII Jornadas FES 2024 Bar\u00f3metro La Laguna Habla"},"content":{"rendered":"<p>El Foro Econ\u00f3mico y Social del Ayuntamiento de La Laguna, en colaboraci\u00f3n con la Universidad de La Laguna, presentar\u00e1 el \u2018Bar\u00f3metro La Laguna Habla 2024\u2019 el 13 de diciembre, a las 10:00 horas, Esta cita, que tendr\u00e1 lugar en la Facultad de Econom\u00eda, Empresa y Turismo de la Universidad de La Laguna, servir\u00e1 para dar a conocer los principales resultados de un amplio estudio social realizado este mismo a\u00f1o por parte del FES y la propia instituci\u00f3n acad\u00e9mica.<\/p>\n<p>Se trata de la segunda edici\u00f3n de este estudio sociol\u00f3gico, dirigido en la Universidad de La Laguna por Seraf\u00edn Corral, catedr\u00e1tico de Econom\u00eda Aplicada en Recursos Naturales, y Manuel Gonz\u00e1lez De la Rosa, profesor titular del \u00e1rea de Organizaci\u00f3n de Empresas de la ULL, en la que se ha trabajado con la sociedad civil y los actores locales para conocer las preocupaciones y necesidades de primera mano de la ciudadan\u00eda en los siete distritos laguneros y a nivel municipal. Los resultados de an\u00e1lisis se han organizado por los diferentes \u00e1mbitos como vivienda, econom\u00eda, sociedad, educaci\u00f3n, salud y movilidad.<\/p>\n<p>Este bar\u00f3metro es el producto del di\u00e1logo con la sociedad civil en talleres y procesos participativos, que permite ahondar mucho m\u00e1s en los resultados obtenidos con en la pasada edici\u00f3n. Destaca la heterogeneidad de los distintos distritos municipales, con inquietudes particulares y diferenciadas pero tambi\u00e9n conectadas a trav\u00e9s de \u00e1reas como el empleo, los centros ciudadanos y los servicios p\u00fablicos. Cuestiones como agricultura y la recuperaci\u00f3n de las actividades tradicionales, la turificaci\u00f3n y gentrificaci\u00f3n, problemas de vivienda y el desplazamiento de la ciudadan\u00eda al exterior tambi\u00e9n son elementos relevantes de los que se hablar\u00e1 en esta presentaci\u00f3n.<\/p>\n","protected":false},"excerpt":{"rendered":"<p>El Foro Econ\u00f3mico y Social del Ayuntamiento de La Laguna, en colaboraci\u00f3n con la Universidad de La Laguna, presentar\u00e1 el \u2018Bar\u00f3metro La Laguna Habla 2024\u2019 el 13 de diciembre, a las 10:00 horas, Esta cita, que tendr\u00e1 lugar en la Facultad de Econom\u00eda, Empresa y Turismo de la Universidad de La Laguna, servir\u00e1 para dar&#8230;<\/p>\n","protected":false},"author":65,"featured_media":40022,"comment_status":"closed","ping_status":"closed","template":"","tags":[],"tribe_events_cat":[4,937,186],"acf":[],"yoast_head":"<!-- This site is optimized with the Yoast SEO plugin v21.3 - https:\/\/yoast.com\/wordpress\/plugins\/seo\/ -->\n<title>VIII Jornadas FES 2024 Bar\u00f3metro La Laguna Habla - ULL - Agenda<\/title>\n<meta name=\"robots\" content=\"index, follow, max-snippet:-1, max-image-preview:large, max-video-preview:-1\" \/>\n<link rel=\"canonical\" href=\"https:\/\/www.ull.es\/portal\/agenda\/evento\/viii-jornadas-fes-2024-barometro-la-laguna-habla\/\" \/>\n<meta property=\"og:locale\" content=\"es_ES\" \/>\n<meta property=\"og:type\" content=\"article\" \/>\n<meta property=\"og:title\" content=\"VIII Jornadas FES 2024 Bar\u00f3metro La Laguna Habla - ULL - Agenda\" \/>\n<meta property=\"og:description\" content=\"El Foro Econ\u00f3mico y Social del Ayuntamiento de La Laguna, en colaboraci\u00f3n con la Universidad de La Laguna, presentar\u00e1 el \u2018Bar\u00f3metro La Laguna Habla 2024\u2019 el 13 de diciembre, a las 10:00 horas, Esta cita, que tendr\u00e1 lugar en la Facultad de Econom\u00eda, Empresa y Turismo de la Universidad de La Laguna, servir\u00e1 para dar...\" \/>\n<meta property=\"og:url\" content=\"https:\/\/www.ull.es\/portal\/agenda\/evento\/viii-jornadas-fes-2024-barometro-la-laguna-habla\/\" \/>\n<meta property=\"og:site_name\" content=\"ULL - Agenda\" \/>\n<meta property=\"article:modified_time\" content=\"2024-12-11T14:44:21+00:00\" \/>\n<meta property=\"og:image\" content=\"https:\/\/www.ull.es\/portal\/agenda\/wp-content\/uploads\/sites\/12\/2024\/12\/VIII-JORNADAS-FES-2024_Banner-eventos.png\" \/>\n\t<meta property=\"og:image:width\" content=\"1563\" \/>\n\t<meta property=\"og:image:height\" content=\"771\" \/>\n\t<meta property=\"og:image:type\" content=\"image\/png\" \/>\n<meta name=\"twitter:card\" content=\"summary_large_image\" \/>\n<meta name=\"twitter:label1\" content=\"Tiempo de lectura\" \/>\n\t<meta name=\"twitter:data1\" content=\"2 minutos\" \/>\n<script type=\"application\/ld+json\" class=\"yoast-schema-graph\">{\"@context\":\"https:\/\/schema.org\",\"@graph\":[{\"@type\":\"WebPage\",\"@id\":\"https:\/\/www.ull.es\/portal\/agenda\/evento\/viii-jornadas-fes-2024-barometro-la-laguna-habla\/\",\"url\":\"https:\/\/www.ull.es\/portal\/agenda\/evento\/viii-jornadas-fes-2024-barometro-la-laguna-habla\/\",\"name\":\"VIII Jornadas FES 2024 Bar\u00f3metro La Laguna Habla - ULL - Agenda\",\"isPartOf\":{\"@id\":\"https:\/\/www.ull.es\/portal\/agenda\/#website\"},\"datePublished\":\"2024-12-11T14:31:08+00:00\",\"dateModified\":\"2024-12-11T14:44:21+00:00\",\"breadcrumb\":{\"@id\":\"https:\/\/www.ull.es\/portal\/agenda\/evento\/viii-jornadas-fes-2024-barometro-la-laguna-habla\/#breadcrumb\"},\"inLanguage\":\"es\",\"potentialAction\":[{\"@type\":\"ReadAction\",\"target\":[\"https:\/\/www.ull.es\/portal\/agenda\/evento\/viii-jornadas-fes-2024-barometro-la-laguna-habla\/\"]}]},{\"@type\":\"BreadcrumbList\",\"@id\":\"https:\/\/www.ull.es\/portal\/agenda\/evento\/viii-jornadas-fes-2024-barometro-la-laguna-habla\/#breadcrumb\",\"itemListElement\":[{\"@type\":\"ListItem\",\"position\":1,\"name\":\"Portada\",\"item\":\"https:\/\/www.ull.es\/portal\/agenda\/\"},{\"@type\":\"ListItem\",\"position\":2,\"name\":\"VIII Jornadas FES 2024 Bar\u00f3metro La Laguna Habla\"}]},{\"@type\":\"WebSite\",\"@id\":\"https:\/\/www.ull.es\/portal\/agenda\/#website\",\"url\":\"https:\/\/www.ull.es\/portal\/agenda\/\",\"name\":\"ULL - Agenda\",\"description\":\"\",\"potentialAction\":[{\"@type\":\"SearchAction\",\"target\":{\"@type\":\"EntryPoint\",\"urlTemplate\":\"https:\/\/www.ull.es\/portal\/agenda\/?s={search_term_string}\"},\"query-input\":\"required name=search_term_string\"}],\"inLanguage\":\"es\"}]}<\/script>\n<!-- \/ Yoast SEO plugin. -->","yoast_head_json":{"title":"VIII Jornadas FES 2024 Bar\u00f3metro La Laguna Habla - ULL - Agenda","robots":{"index":"index","follow":"follow","max-snippet":"max-snippet:-1","max-image-preview":"max-image-preview:large","max-video-preview":"max-video-preview:-1"},"canonical":"https:\/\/www.ull.es\/portal\/agenda\/evento\/viii-jornadas-fes-2024-barometro-la-laguna-habla\/","og_locale":"es_ES","og_type":"article","og_title":"VIII Jornadas FES 2024 Bar\u00f3metro La Laguna Habla - ULL - Agenda","og_description":"El Foro Econ\u00f3mico y Social del Ayuntamiento de La Laguna, en colaboraci\u00f3n con la Universidad de La Laguna, presentar\u00e1 el \u2018Bar\u00f3metro La Laguna Habla 2024\u2019 el 13 de diciembre, a las 10:00 horas, Esta cita, que tendr\u00e1 lugar en la Facultad de Econom\u00eda, Empresa y Turismo de la Universidad de La Laguna, servir\u00e1 para dar...","og_url":"https:\/\/www.ull.es\/portal\/agenda\/evento\/viii-jornadas-fes-2024-barometro-la-laguna-habla\/","og_site_name":"ULL - Agenda","article_modified_time":"2024-12-11T14:44:21+00:00","og_image":[{"width":1563,"height":771,"url":"https:\/\/www.ull.es\/portal\/agenda\/wp-content\/uploads\/sites\/12\/2024\/12\/VIII-JORNADAS-FES-2024_Banner-eventos.png","type":"image\/png"}],"twitter_card":"summary_large_image","twitter_misc":{"Tiempo de lectura":"2 minutos"},"schema":{"@context":"https:\/\/schema.org","@graph":[{"@type":"WebPage","@id":"https:\/\/www.ull.es\/portal\/agenda\/evento\/viii-jornadas-fes-2024-barometro-la-laguna-habla\/","url":"https:\/\/www.ull.es\/portal\/agenda\/evento\/viii-jornadas-fes-2024-barometro-la-laguna-habla\/","name":"VIII Jornadas FES 2024 Bar\u00f3metro La Laguna Habla - ULL - Agenda","isPartOf":{"@id":"https:\/\/www.ull.es\/portal\/agenda\/#website"},"datePublished":"2024-12-11T14:31:08+00:00","dateModified":"2024-12-11T14:44:21+00:00","breadcrumb":{"@id":"https:\/\/www.ull.es\/portal\/agenda\/evento\/viii-jornadas-fes-2024-barometro-la-laguna-habla\/#breadcrumb"},"inLanguage":"es","potentialAction":[{"@type":"ReadAction","target":["https:\/\/www.ull.es\/portal\/agenda\/evento\/viii-jornadas-fes-2024-barometro-la-laguna-habla\/"]}]},{"@type":"BreadcrumbList","@id":"https:\/\/www.ull.es\/portal\/agenda\/evento\/viii-jornadas-fes-2024-barometro-la-laguna-habla\/#breadcrumb","itemListElement":[{"@type":"ListItem","position":1,"name":"Portada","item":"https:\/\/www.ull.es\/portal\/agenda\/"},{"@type":"ListItem","position":2,"name":"VIII Jornadas FES 2024 Bar\u00f3metro La Laguna Habla"}]},{"@type":"WebSite","@id":"https:\/\/www.ull.es\/portal\/agenda\/#website","url":"https:\/\/www.ull.es\/portal\/agenda\/","name":"ULL - Agenda","description":"","potentialAction":[{"@type":"SearchAction","target":{"@type":"EntryPoint","urlTemplate":"https:\/\/www.ull.es\/portal\/agenda\/?s={search_term_string}"},"query-input":"required name=search_term_string"}],"inLanguage":"es"}]}},"_links":{"self":[{"href":"https:\/\/www.ull.es\/portal\/agenda\/wp-json\/wp\/v2\/tribe_events\/40021"}],"collection":[{"href":"https:\/\/www.ull.es\/portal\/agenda\/wp-json\/wp\/v2\/tribe_events"}],"about":[{"href":"https:\/\/www.ull.es\/portal\/agenda\/wp-json\/wp\/v2\/types\/tribe_events"}],"author":[{"embeddable":true,"href":"https:\/\/www.ull.es\/portal\/agenda\/wp-json\/wp\/v2\/users\/65"}],"replies":[{"embeddable":true,"href":"https:\/\/www.ull.es\/portal\/agenda\/wp-json\/wp\/v2\/comments?post=40021"}],"version-history":[{"count":3,"href":"https:\/\/www.ull.es\/portal\/agenda\/wp-json\/wp\/v2\/tribe_events\/40021\/revisions"}],"predecessor-version":[{"id":40025,"href":"https:\/\/www.ull.es\/portal\/agenda\/wp-json\/wp\/v2\/tribe_events\/40021\/revisions\/40025"}],"wp:featuredmedia":[{"embeddable":true,"href":"https:\/\/www.ull.es\/portal\/agenda\/wp-json\/wp\/v2\/media\/40022"}],"wp:attachment":[{"href":"https:\/\/www.ull.es\/portal\/agenda\/wp-json\/wp\/v2\/media?parent=40021"}],"wp:term":[{"taxonomy":"post_tag","embeddable":true,"href":"https:\/\/www.ull.es\/portal\/agenda\/wp-json\/wp\/v2\/tags?post=40021"},{"taxonomy":"tribe_events_cat","embeddable":true,"href":"https:\/\/www.ull.es\/portal\/agenda\/wp-json\/wp\/v2\/tribe_events_cat?post=40021"}],"curies":[{"name":"wp","href":"https:\/\/api.w.org\/{rel}","templated":true}]}}

VIII Jornadas FES 2024 Barómetro La Laguna Habla

<p>El Foro Económico y Social del Ayuntamiento de La Laguna, en colaboración con la Universidad de La Laguna, presentará el ‘Barómetro La Laguna Habla 2024’ el 13 de diciembre, a las 10:00 horas, Esta cita, que tendrá lugar en la Facultad de Economía, Empresa y Turismo de la Universidad de La Laguna, servirá para dar a conocer los principales resultados de un amplio estudio social realizado este mismo año por parte del FES y la propia institución académica.</p>
<p>Se trata de la segunda edición de este estudio sociológico, dirigido en la Universidad de La Laguna por Serafín Corral, catedrático de Economía Aplicada en Recursos Naturales, y Manuel González De la Rosa, profesor titular del área de Organización de Empresas de la ULL, en la que se ha trabajado con la sociedad civil y los actores locales para conocer las preocupaciones y necesidades de primera mano de la ciudadanía en los siete distritos laguneros y a nivel municipal. Los resultados de análisis se han organizado por los diferentes ámbitos como vivienda, economía, sociedad, educación, salud y movilidad.</p>
<p>Este barómetro es el producto del diálogo con la sociedad civil en talleres y procesos participativos, que permite ahondar mucho más en los resultados obtenidos con en la pasada edición. Destaca la heterogeneidad de los distintos distritos municipales, con inquietudes particulares y diferenciadas pero también conectadas a través de áreas como el empleo, los centros ciudadanos y los servicios públicos. Cuestiones como agricultura y la recuperación de las actividades tradicionales, la turificación y gentrificación, problemas de vivienda y el desplazamiento de la ciudadanía al exterior también son elementos relevantes de los que se hablará en esta presentación.</p>

<p>El Foro Económico y Social del Ayuntamiento de La Laguna, en colaboración con la Universidad de La Laguna, presentará el ‘Barómetro La Laguna Habla 2024’ el 13 de diciembre, a las 10:00 horas, Esta cita, que tendrá lugar en la Facultad de Economía, Empresa y Turismo de la Universidad de La Laguna, servirá para dar&#8230;</p>

<!-- This site is optimized with the Yoast SEO plugin v21.3 - https://yoast.com/wordpress/plugins/seo/ -->
<title>VIII Jornadas FES 2024 Barómetro La Laguna Habla - ULL - Agenda</title>
<meta name="robots" content="index, follow, max-snippet:-1, max-image-preview:large, max-video-preview:-1" />
<link rel="canonical" href="https://www.ull.es/portal/agenda/evento/viii-jornadas-fes-2024-barometro-la-laguna-habla/" />
<meta property="og:locale" content="es_ES" />
<meta property="og:type" content="article" />
<meta property="og:title" content="VIII Jornadas FES 2024 Barómetro La Laguna Habla - ULL - Agenda" />
<meta property="og:description" content="El Foro Económico y Social del Ayuntamiento de La Laguna, en colaboración con la Universidad de La Laguna, presentará el ‘Barómetro La Laguna Habla 2024’ el 13 de diciembre, a las 10:00 horas, Esta cita, que tendrá lugar en la Facultad de Economía, Empresa y Turismo de la Universidad de La Laguna, servirá para dar..." />
<meta property="og:url" content="https://www.ull.es/portal/agenda/evento/viii-jornadas-fes-2024-barometro-la-laguna-habla/" />
<meta property="og:site_name" content="ULL - Agenda" />
<meta property="article:modified_time" content="2024-12-11T14:44:21+00:00" />
<meta property="og:image" content="https://www.ull.es/portal/agenda/wp-content/uploads/sites/12/2024/12/VIII-JORNADAS-FES-2024_Banner-eventos.png" />
	<meta property="og:image:width" content="1563" />
	<meta property="og:image:height" content="771" />
	<meta property="og:image:type" content="image/png" />
<meta name="twitter:card" content="summary_large_image" />
<meta name="twitter:label1" content="Tiempo de lectura" />
	<meta name="twitter:data1" content="2 minutos" />
<script type="application/ld+json" class="yoast-schema-graph">{"@context":"https://schema.org","@graph":[{"@type":"WebPage","@id":"https://www.ull.es/portal/agenda/evento/viii-jornadas-fes-2024-barometro-la-laguna-habla/","url":"https://www.ull.es/portal/agenda/evento/viii-jornadas-fes-2024-barometro-la-laguna-habla/","name":"VIII Jornadas FES 2024 Barómetro La Laguna Habla - ULL - Agenda","isPartOf":{"@id":"https://www.ull.es/portal/agenda/#website"},"datePublished":"2024-12-11T14:31:08+00:00","dateModified":"2024-12-11T14:44:21+00:00","breadcrumb":{"@id":"https://www.ull.es/portal/agenda/evento/viii-jornadas-fes-2024-barometro-la-laguna-habla/#breadcrumb"},"inLanguage":"es","potentialAction":[{"@type":"ReadAction","target":["https://www.ull.es/portal/agenda/evento/viii-jornadas-fes-2024-barometro-la-laguna-habla/"]}]},{"@type":"BreadcrumbList","@id":"https://www.ull.es/portal/agenda/evento/viii-jornadas-fes-2024-barometro-la-laguna-habla/#breadcrumb","itemListElement":[{"@type":"ListItem","position":1,"name":"Portada","item":"https://www.ull.es/portal/agenda/"},{"@type":"ListItem","position":2,"name":"VIII Jornadas FES 2024 Barómetro La Laguna Habla"}]},{"@type":"WebSite","@id":"https://www.ull.es/portal/agenda/#website","url":"https://www.ull.es/portal/agenda/","name":"ULL - Agenda","description":"","potentialAction":[{"@type":"SearchAction","target":{"@type":"EntryPoint","urlTemplate":"https://www.ull.es/portal/agenda/?s={search_term_string}"},"query-input":"required name=search_term_string"}],"inLanguage":"es"}]}</script>
<!-- / Yoast SEO plugin. -->

VIII Jornadas FES 2024 Barómetro La Laguna Habla - ULL - Agenda

El Foro Económico y Social del Ayuntamiento de La Laguna, en colaboración con la Universidad de La Laguna, presentará el ‘Barómetro La Laguna Habla 2024’ el 13 de diciembre, a las 10:00 horas, Esta cita, que tendrá lugar en la Facultad de Economía, Empresa y Turismo de la Universidad de La Laguna, servirá para dar...
