{"id":40383,"date":"2025-01-29T14:01:19","date_gmt":"2025-01-29T14:01:19","guid":{"rendered":"https:\/\/www.ull.es\/portal\/agenda\/?post_type=tribe_events&#038;p=40383"},"modified":"2025-05-20T09:29:05","modified_gmt":"2025-05-20T09:29:05","slug":"circuitos-de-legitimacion-espacios-culturales-y-sus-agentes","status":"publish","type":"tribe_events","link":"https:\/\/www.ull.es\/portal\/agenda\/evento\/circuitos-de-legitimacion-espacios-culturales-y-sus-agentes\/","title":{"rendered":"Circuitos de legitimaci\u00f3n: espacios culturales y sus agentes"},"content":{"rendered":"<p>El Aula Cultural \u00abCentro de Investigaci\u00f3n y Pr\u00e1cticas Art\u00edsticas\u00bb (CIPA) y la Facultad de Bellas Artes, con la colaboraci\u00f3n del Cabildo de Tenerife, organizan este curso que se celebrar\u00e1 en la Facultad de Bellas Artes\u00a0 los d\u00edas 10 al 14 de febrero en horario de 16:00 a 18:00 horas.<\/p>\n<p>El objetivo del curso es que el alumnado identifique las normas profesionales, agentes, instituciones y mercados relacionados con la curadur\u00eda, producci\u00f3n de exposiciones y proyectos culturales. As\u00ed como que desarrolle de manera aut\u00f3noma su formaci\u00f3n y competencia profesional en el campo de la curadur\u00eda, la gesti\u00f3n cultural y el mercado del arte.<\/p>\n<p>Dirigido al p\u00fablico en general y, especialmente, al estudiantado de la Universidad de La Laguna y personas egresadas interesadas en la profesionalizaci\u00f3n en el campo del arte contempor\u00e1neo.<\/p>\n<p>Direcci\u00f3n acad\u00e9mica: Javier Sicilia Rodr\u00edguez, Vicedecano de Cultura y Extensi\u00f3n de la Facultad de Bellas Artes y Profesor Ayudante Doctor del \u00c1rea de Dibujo de la Universidad de La Laguna.<\/p>\n<p><strong>CERTIFICADO DE ASISTENCIA Y APTITUD:\u00a0<\/strong>La Universidad de La Laguna, a trav\u00e9s del Vicerrectorado de Cultura y Extensi\u00f3n Universitaria, emitir\u00e1 un certificado de asistencia a todas aquellas personas que participen, previa inscripci\u00f3n en la actividad. Adem\u00e1s, aquellas personas que superen la evaluaci\u00f3n, recibir\u00e1n un certificado de asistencia y aprovechamiento.<\/p>\n<p>Asistencia gratuita previa inscripci\u00f3n.\u00a0<strong><u><a href=\"https:\/\/sede.fg.ull.es\/es\/curso\/detalle?code=a25020045&amp;name=circuitos-de-legitimacion-espacios-culturales-y-sus-agentes&amp;query=%3Fcode%3DA25020045\" target=\"_blank\" rel=\"noopener\" target=\"_blank\" rel=\"noopener\">M\u00e1s informaci\u00f3n e inscripci\u00f3n aqu\u00ed<\/a>.<\/u><\/strong><\/p>\n<p><span style=\"color: #ff0000\"><strong>\u00a1PLAZAS AGOTADAS!<\/strong><\/span><\/p>\n<p><strong>Contacto:\u00a0<\/strong><a href=\"mailto:extuni@ull.edu.es\" target=\"_blank\" rel=\"noopener\" target=\"_blank\" rel=\"noopener\"><strong>extuni@ull.es<\/strong><\/a><\/p>\n","protected":false},"excerpt":{"rendered":"<p>El Aula Cultural \u00abCentro de Investigaci\u00f3n y Pr\u00e1cticas Art\u00edsticas\u00bb (CIPA) y la Facultad de Bellas Artes, con la colaboraci\u00f3n del Cabildo de Tenerife, organizan este curso que se celebrar\u00e1 en la Facultad de Bellas Artes\u00a0 los d\u00edas 10 al 14 de febrero en horario de 16:00 a 18:00 horas. El objetivo del curso es que&#8230;<\/p>\n","protected":false},"author":43,"featured_media":40456,"comment_status":"closed","ping_status":"closed","template":"","tags":[4259,4789,4771,977,3812,3751,4165],"tribe_events_cat":[472,471,4,3096,186],"acf":[],"yoast_head":"<!-- This site is optimized with the Yoast SEO plugin v21.3 - https:\/\/yoast.com\/wordpress\/plugins\/seo\/ -->\n<title>Circuitos de legitimaci\u00f3n: espacios culturales y sus agentes - ULL - Agenda<\/title>\n<meta name=\"robots\" content=\"index, follow, max-snippet:-1, max-image-preview:large, max-video-preview:-1\" \/>\n<link rel=\"canonical\" href=\"https:\/\/www.ull.es\/portal\/agenda\/evento\/circuitos-de-legitimacion-espacios-culturales-y-sus-agentes\/\" \/>\n<meta property=\"og:locale\" content=\"es_ES\" \/>\n<meta property=\"og:type\" content=\"article\" \/>\n<meta property=\"og:title\" content=\"Circuitos de legitimaci\u00f3n: espacios culturales y sus agentes - ULL - Agenda\" \/>\n<meta property=\"og:description\" content=\"El Aula Cultural \u00abCentro de Investigaci\u00f3n y Pr\u00e1cticas Art\u00edsticas\u00bb (CIPA) y la Facultad de Bellas Artes, con la colaboraci\u00f3n del Cabildo de Tenerife, organizan este curso que se celebrar\u00e1 en la Facultad de Bellas Artes\u00a0 los d\u00edas 10 al 14 de febrero en horario de 16:00 a 18:00 horas. El objetivo del curso es que...\" \/>\n<meta property=\"og:url\" content=\"https:\/\/www.ull.es\/portal\/agenda\/evento\/circuitos-de-legitimacion-espacios-culturales-y-sus-agentes\/\" \/>\n<meta property=\"og:site_name\" content=\"ULL - Agenda\" \/>\n<meta property=\"article:modified_time\" content=\"2025-05-20T09:29:05+00:00\" \/>\n<meta property=\"og:image\" content=\"https:\/\/www.ull.es\/portal\/agenda\/wp-content\/uploads\/sites\/12\/2025\/01\/Circuitos.png\" \/>\n\t<meta property=\"og:image:width\" content=\"750\" \/>\n\t<meta property=\"og:image:height\" content=\"370\" \/>\n\t<meta property=\"og:image:type\" content=\"image\/png\" \/>\n<meta name=\"twitter:card\" content=\"summary_large_image\" \/>\n<meta name=\"twitter:label1\" content=\"Tiempo de lectura\" \/>\n\t<meta name=\"twitter:data1\" content=\"2 minutos\" \/>\n<script type=\"application\/ld+json\" class=\"yoast-schema-graph\">{\"@context\":\"https:\/\/schema.org\",\"@graph\":[{\"@type\":\"WebPage\",\"@id\":\"https:\/\/www.ull.es\/portal\/agenda\/evento\/circuitos-de-legitimacion-espacios-culturales-y-sus-agentes\/\",\"url\":\"https:\/\/www.ull.es\/portal\/agenda\/evento\/circuitos-de-legitimacion-espacios-culturales-y-sus-agentes\/\",\"name\":\"Circuitos de legitimaci\u00f3n: espacios culturales y sus agentes - ULL - Agenda\",\"isPartOf\":{\"@id\":\"https:\/\/www.ull.es\/portal\/agenda\/#website\"},\"datePublished\":\"2025-01-29T14:01:19+00:00\",\"dateModified\":\"2025-05-20T09:29:05+00:00\",\"breadcrumb\":{\"@id\":\"https:\/\/www.ull.es\/portal\/agenda\/evento\/circuitos-de-legitimacion-espacios-culturales-y-sus-agentes\/#breadcrumb\"},\"inLanguage\":\"es\",\"potentialAction\":[{\"@type\":\"ReadAction\",\"target\":[\"https:\/\/www.ull.es\/portal\/agenda\/evento\/circuitos-de-legitimacion-espacios-culturales-y-sus-agentes\/\"]}]},{\"@type\":\"BreadcrumbList\",\"@id\":\"https:\/\/www.ull.es\/portal\/agenda\/evento\/circuitos-de-legitimacion-espacios-culturales-y-sus-agentes\/#breadcrumb\",\"itemListElement\":[{\"@type\":\"ListItem\",\"position\":1,\"name\":\"Portada\",\"item\":\"https:\/\/www.ull.es\/portal\/agenda\/\"},{\"@type\":\"ListItem\",\"position\":2,\"name\":\"Circuitos de legitimaci\u00f3n: espacios culturales y sus agentes\"}]},{\"@type\":\"WebSite\",\"@id\":\"https:\/\/www.ull.es\/portal\/agenda\/#website\",\"url\":\"https:\/\/www.ull.es\/portal\/agenda\/\",\"name\":\"ULL - Agenda\",\"description\":\"\",\"potentialAction\":[{\"@type\":\"SearchAction\",\"target\":{\"@type\":\"EntryPoint\",\"urlTemplate\":\"https:\/\/www.ull.es\/portal\/agenda\/?s={search_term_string}\"},\"query-input\":\"required name=search_term_string\"}],\"inLanguage\":\"es\"}]}<\/script>\n<!-- \/ Yoast SEO plugin. -->","yoast_head_json":{"title":"Circuitos de legitimaci\u00f3n: espacios culturales y sus agentes - ULL - Agenda","robots":{"index":"index","follow":"follow","max-snippet":"max-snippet:-1","max-image-preview":"max-image-preview:large","max-video-preview":"max-video-preview:-1"},"canonical":"https:\/\/www.ull.es\/portal\/agenda\/evento\/circuitos-de-legitimacion-espacios-culturales-y-sus-agentes\/","og_locale":"es_ES","og_type":"article","og_title":"Circuitos de legitimaci\u00f3n: espacios culturales y sus agentes - ULL - Agenda","og_description":"El Aula Cultural \u00abCentro de Investigaci\u00f3n y Pr\u00e1cticas Art\u00edsticas\u00bb (CIPA) y la Facultad de Bellas Artes, con la colaboraci\u00f3n del Cabildo de Tenerife, organizan este curso que se celebrar\u00e1 en la Facultad de Bellas Artes\u00a0 los d\u00edas 10 al 14 de febrero en horario de 16:00 a 18:00 horas. El objetivo del curso es que...","og_url":"https:\/\/www.ull.es\/portal\/agenda\/evento\/circuitos-de-legitimacion-espacios-culturales-y-sus-agentes\/","og_site_name":"ULL - Agenda","article_modified_time":"2025-05-20T09:29:05+00:00","og_image":[{"width":750,"height":370,"url":"https:\/\/www.ull.es\/portal\/agenda\/wp-content\/uploads\/sites\/12\/2025\/01\/Circuitos.png","type":"image\/png"}],"twitter_card":"summary_large_image","twitter_misc":{"Tiempo de lectura":"2 minutos"},"schema":{"@context":"https:\/\/schema.org","@graph":[{"@type":"WebPage","@id":"https:\/\/www.ull.es\/portal\/agenda\/evento\/circuitos-de-legitimacion-espacios-culturales-y-sus-agentes\/","url":"https:\/\/www.ull.es\/portal\/agenda\/evento\/circuitos-de-legitimacion-espacios-culturales-y-sus-agentes\/","name":"Circuitos de legitimaci\u00f3n: espacios culturales y sus agentes - ULL - Agenda","isPartOf":{"@id":"https:\/\/www.ull.es\/portal\/agenda\/#website"},"datePublished":"2025-01-29T14:01:19+00:00","dateModified":"2025-05-20T09:29:05+00:00","breadcrumb":{"@id":"https:\/\/www.ull.es\/portal\/agenda\/evento\/circuitos-de-legitimacion-espacios-culturales-y-sus-agentes\/#breadcrumb"},"inLanguage":"es","potentialAction":[{"@type":"ReadAction","target":["https:\/\/www.ull.es\/portal\/agenda\/evento\/circuitos-de-legitimacion-espacios-culturales-y-sus-agentes\/"]}]},{"@type":"BreadcrumbList","@id":"https:\/\/www.ull.es\/portal\/agenda\/evento\/circuitos-de-legitimacion-espacios-culturales-y-sus-agentes\/#breadcrumb","itemListElement":[{"@type":"ListItem","position":1,"name":"Portada","item":"https:\/\/www.ull.es\/portal\/agenda\/"},{"@type":"ListItem","position":2,"name":"Circuitos de legitimaci\u00f3n: espacios culturales y sus agentes"}]},{"@type":"WebSite","@id":"https:\/\/www.ull.es\/portal\/agenda\/#website","url":"https:\/\/www.ull.es\/portal\/agenda\/","name":"ULL - Agenda","description":"","potentialAction":[{"@type":"SearchAction","target":{"@type":"EntryPoint","urlTemplate":"https:\/\/www.ull.es\/portal\/agenda\/?s={search_term_string}"},"query-input":"required name=search_term_string"}],"inLanguage":"es"}]}},"_links":{"self":[{"href":"https:\/\/www.ull.es\/portal\/agenda\/wp-json\/wp\/v2\/tribe_events\/40383"}],"collection":[{"href":"https:\/\/www.ull.es\/portal\/agenda\/wp-json\/wp\/v2\/tribe_events"}],"about":[{"href":"https:\/\/www.ull.es\/portal\/agenda\/wp-json\/wp\/v2\/types\/tribe_events"}],"author":[{"embeddable":true,"href":"https:\/\/www.ull.es\/portal\/agenda\/wp-json\/wp\/v2\/users\/43"}],"replies":[{"embeddable":true,"href":"https:\/\/www.ull.es\/portal\/agenda\/wp-json\/wp\/v2\/comments?post=40383"}],"version-history":[{"count":8,"href":"https:\/\/www.ull.es\/portal\/agenda\/wp-json\/wp\/v2\/tribe_events\/40383\/revisions"}],"predecessor-version":[{"id":42692,"href":"https:\/\/www.ull.es\/portal\/agenda\/wp-json\/wp\/v2\/tribe_events\/40383\/revisions\/42692"}],"wp:featuredmedia":[{"embeddable":true,"href":"https:\/\/www.ull.es\/portal\/agenda\/wp-json\/wp\/v2\/media\/40456"}],"wp:attachment":[{"href":"https:\/\/www.ull.es\/portal\/agenda\/wp-json\/wp\/v2\/media?parent=40383"}],"wp:term":[{"taxonomy":"post_tag","embeddable":true,"href":"https:\/\/www.ull.es\/portal\/agenda\/wp-json\/wp\/v2\/tags?post=40383"},{"taxonomy":"tribe_events_cat","embeddable":true,"href":"https:\/\/www.ull.es\/portal\/agenda\/wp-json\/wp\/v2\/tribe_events_cat?post=40383"}],"curies":[{"name":"wp","href":"https:\/\/api.w.org\/{rel}","templated":true}]}}

Circuitos de legitimación: espacios culturales y sus agentes

<p>El Aula Cultural «Centro de Investigación y Prácticas Artísticas» (CIPA) y la Facultad de Bellas Artes, con la colaboración del Cabildo de Tenerife, organizan este curso que se celebrará en la Facultad de Bellas Artes  los días 10 al 14 de febrero en horario de 16:00 a 18:00 horas.</p>
<p>El objetivo del curso es que el alumnado identifique las normas profesionales, agentes, instituciones y mercados relacionados con la curaduría, producción de exposiciones y proyectos culturales. Así como que desarrolle de manera autónoma su formación y competencia profesional en el campo de la curaduría, la gestión cultural y el mercado del arte.</p>
<p>Dirigido al público en general y, especialmente, al estudiantado de la Universidad de La Laguna y personas egresadas interesadas en la profesionalización en el campo del arte contemporáneo.</p>
<p>Dirección académica: Javier Sicilia Rodríguez, Vicedecano de Cultura y Extensión de la Facultad de Bellas Artes y Profesor Ayudante Doctor del Área de Dibujo de la Universidad de La Laguna.</p>
<p><strong>CERTIFICADO DE ASISTENCIA Y APTITUD: </strong>La Universidad de La Laguna, a través del Vicerrectorado de Cultura y Extensión Universitaria, emitirá un certificado de asistencia a todas aquellas personas que participen, previa inscripción en la actividad. Además, aquellas personas que superen la evaluación, recibirán un certificado de asistencia y aprovechamiento.</p>
<p>Asistencia gratuita previa inscripción. <strong><u><a href="https://sede.fg.ull.es/es/curso/detalle?code=a25020045&amp;name=circuitos-de-legitimacion-espacios-culturales-y-sus-agentes&amp;query=%3Fcode%3DA25020045" target="_blank" rel="noopener" target="_blank" rel="noopener">Más información e inscripción aquí</a>.</u></strong></p>
<p><span style="color: #ff0000"><strong>¡PLAZAS AGOTADAS!</strong></span></p>
<p><strong>Contacto: </strong><a href="mailto:extuni@ull.edu.es" target="_blank" rel="noopener" target="_blank" rel="noopener"><strong>extuni@ull.es</strong></a></p>

<p>El Aula Cultural «Centro de Investigación y Prácticas Artísticas» (CIPA) y la Facultad de Bellas Artes, con la colaboración del Cabildo de Tenerife, organizan este curso que se celebrará en la Facultad de Bellas Artes  los días 10 al 14 de febrero en horario de 16:00 a 18:00 horas. El objetivo del curso es que&#8230;</p>

<!-- This site is optimized with the Yoast SEO plugin v21.3 - https://yoast.com/wordpress/plugins/seo/ -->
<title>Circuitos de legitimación: espacios culturales y sus agentes - ULL - Agenda</title>
<meta name="robots" content="index, follow, max-snippet:-1, max-image-preview:large, max-video-preview:-1" />
<link rel="canonical" href="https://www.ull.es/portal/agenda/evento/circuitos-de-legitimacion-espacios-culturales-y-sus-agentes/" />
<meta property="og:locale" content="es_ES" />
<meta property="og:type" content="article" />
<meta property="og:title" content="Circuitos de legitimación: espacios culturales y sus agentes - ULL - Agenda" />
<meta property="og:description" content="El Aula Cultural «Centro de Investigación y Prácticas Artísticas» (CIPA) y la Facultad de Bellas Artes, con la colaboración del Cabildo de Tenerife, organizan este curso que se celebrará en la Facultad de Bellas Artes  los días 10 al 14 de febrero en horario de 16:00 a 18:00 horas. El objetivo del curso es que..." />
<meta property="og:url" content="https://www.ull.es/portal/agenda/evento/circuitos-de-legitimacion-espacios-culturales-y-sus-agentes/" />
<meta property="og:site_name" content="ULL - Agenda" />
<meta property="article:modified_time" content="2025-05-20T09:29:05+00:00" />
<meta property="og:image" content="https://www.ull.es/portal/agenda/wp-content/uploads/sites/12/2025/01/Circuitos.png" />
	<meta property="og:image:width" content="750" />
	<meta property="og:image:height" content="370" />
	<meta property="og:image:type" content="image/png" />
<meta name="twitter:card" content="summary_large_image" />
<meta name="twitter:label1" content="Tiempo de lectura" />
	<meta name="twitter:data1" content="2 minutos" />
<script type="application/ld+json" class="yoast-schema-graph">{"@context":"https://schema.org","@graph":[{"@type":"WebPage","@id":"https://www.ull.es/portal/agenda/evento/circuitos-de-legitimacion-espacios-culturales-y-sus-agentes/","url":"https://www.ull.es/portal/agenda/evento/circuitos-de-legitimacion-espacios-culturales-y-sus-agentes/","name":"Circuitos de legitimación: espacios culturales y sus agentes - ULL - Agenda","isPartOf":{"@id":"https://www.ull.es/portal/agenda/#website"},"datePublished":"2025-01-29T14:01:19+00:00","dateModified":"2025-05-20T09:29:05+00:00","breadcrumb":{"@id":"https://www.ull.es/portal/agenda/evento/circuitos-de-legitimacion-espacios-culturales-y-sus-agentes/#breadcrumb"},"inLanguage":"es","potentialAction":[{"@type":"ReadAction","target":["https://www.ull.es/portal/agenda/evento/circuitos-de-legitimacion-espacios-culturales-y-sus-agentes/"]}]},{"@type":"BreadcrumbList","@id":"https://www.ull.es/portal/agenda/evento/circuitos-de-legitimacion-espacios-culturales-y-sus-agentes/#breadcrumb","itemListElement":[{"@type":"ListItem","position":1,"name":"Portada","item":"https://www.ull.es/portal/agenda/"},{"@type":"ListItem","position":2,"name":"Circuitos de legitimación: espacios culturales y sus agentes"}]},{"@type":"WebSite","@id":"https://www.ull.es/portal/agenda/#website","url":"https://www.ull.es/portal/agenda/","name":"ULL - Agenda","description":"","potentialAction":[{"@type":"SearchAction","target":{"@type":"EntryPoint","urlTemplate":"https://www.ull.es/portal/agenda/?s={search_term_string}"},"query-input":"required name=search_term_string"}],"inLanguage":"es"}]}</script>
<!-- / Yoast SEO plugin. -->

Circuitos de legitimación: espacios culturales y sus agentes - ULL - Agenda

El Aula Cultural «Centro de Investigación y Prácticas Artísticas» (CIPA) y la Facultad de Bellas Artes, con la colaboración del Cabildo de Tenerife, organizan este curso que se celebrará en la Facultad de Bellas Artes  los días 10 al 14 de febrero en horario de 16:00 a 18:00 horas. El objetivo del curso es que...
