{"id":40404,"date":"2025-01-30T10:35:58","date_gmt":"2025-01-30T10:35:58","guid":{"rendered":"https:\/\/www.ull.es\/portal\/agenda\/?post_type=tribe_events&#038;p=40404"},"modified":"2025-02-25T13:12:49","modified_gmt":"2025-02-25T13:12:49","slug":"dia-institucional-de-la-universidad-de-la-laguna-2025","status":"publish","type":"tribe_events","link":"https:\/\/www.ull.es\/portal\/agenda\/evento\/dia-institucional-de-la-universidad-de-la-laguna-2025\/","title":{"rendered":"D\u00eda Institucional de la Universidad de La Laguna 2025"},"content":{"rendered":"<p>Como cada a\u00f1o la Universidad de La Laguna celebra, en colaboraci\u00f3n con Alumni ULL, su D\u00eda Institucional para conmemorar la fecha de su nacimiento como instituci\u00f3n. En esta ceremonia se reconoce el talento y la creatividad en la docencia, la investigaci\u00f3n, la internacionalizaci\u00f3n, la gesti\u00f3n y el mecenazgo. En el mismo acto interviene la asociaci\u00f3n Alumni ULL, que hace entrega de sus propios galardones. El acto se celebrar\u00e1 el 11 de marzo en el Paraninfo a las 19:00 horas.<\/p>\n<p><strong>Programa<\/strong><\/p>\n<ul>\n<li>Proyecci\u00f3n del v\u00eddeo: \u201cLo que fue noticia en 2024\u201d.<\/li>\n<li>Bienvenida a cargo de las personas responsables de la presentaci\u00f3n del acto.<\/li>\n<li>Entrega de Premios de Alumni ULL.\n<ul>\n<li>XV Premio Alonso de Nava Grim\u00f3n Universidad de La Laguna.<\/li>\n<li>XXII Premio a los Valores Humanos en la Universidad de La Laguna Jos\u00e9 Luis Garc\u00eda P\u00e9rez Alumni ULL-Consejo Social de la ULL.<\/li>\n<li>VII Premio a los Mejores Trabajos Fin de M\u00e1ster en la Universidad de La Laguna Curso 2023-2024 Alumni ULL \u2013 Consejo Social de la ULL.<\/li>\n<li>XIII Premio al Mejor Expediente Acad\u00e9mico de la Universidad de La Laguna Curso 2023-2024.<\/li>\n<\/ul>\n<\/li>\n<li>Palabras de Sr. presidente de Alumni ULL.<\/li>\n<li>Actuaci\u00f3n Musical de Candelaria Gonz\u00e1lez.<\/li>\n<li>Entrega de los Premios Institucionales de la Universidad de La Laguna.\n<ul>\n<li>XIV Premio a la Innovaci\u00f3n y Transferencia Educativa<\/li>\n<li>XIV Premio a la Investigaci\u00f3n y III Premio a la investigaci\u00f3n categor\u00eda Junior<\/li>\n<li>X Premio a la Internacionalizaci\u00f3n<\/li>\n<li>XIV Premio a las Mejores Pr\u00e1cticas en Administraci\u00f3n y Servicios<\/li>\n<li>II Premio al M\u00e9rito Acad\u00e9mico<\/li>\n<li>II Premio a la Excelencia Docente<\/li>\n<li>Premio al Mecenazgo<\/li>\n<\/ul>\n<\/li>\n<li>\u00a0In Memoriam<\/li>\n<li>Palabras del Sr. Rector.<\/li>\n<li>Gaudeamus.<\/li>\n<li>Cierre de la Sesi\u00f3n.<\/li>\n<\/ul>\n","protected":false},"excerpt":{"rendered":"<p>Como cada a\u00f1o la Universidad de La Laguna celebra, en colaboraci\u00f3n con Alumni ULL, su D\u00eda Institucional para conmemorar la fecha de su nacimiento como instituci\u00f3n. En esta ceremonia se reconoce el talento y la creatividad en la docencia, la investigaci\u00f3n, la internacionalizaci\u00f3n, la gesti\u00f3n y el mecenazgo. En el mismo acto interviene la asociaci\u00f3n&#8230;<\/p>\n","protected":false},"author":65,"featured_media":40686,"comment_status":"closed","ping_status":"closed","template":"","tags":[],"tribe_events_cat":[4,343,189,186,188,187,191],"acf":[],"yoast_head":"<!-- This site is optimized with the Yoast SEO plugin v21.3 - https:\/\/yoast.com\/wordpress\/plugins\/seo\/ -->\n<title>D\u00eda Institucional de la Universidad de La Laguna 2025 - ULL - Agenda<\/title>\n<meta name=\"robots\" content=\"index, follow, max-snippet:-1, max-image-preview:large, max-video-preview:-1\" \/>\n<link rel=\"canonical\" href=\"https:\/\/www.ull.es\/portal\/agenda\/evento\/dia-institucional-de-la-universidad-de-la-laguna-2025\/\" \/>\n<meta property=\"og:locale\" content=\"es_ES\" \/>\n<meta property=\"og:type\" content=\"article\" \/>\n<meta property=\"og:title\" content=\"D\u00eda Institucional de la Universidad de La Laguna 2025 - ULL - Agenda\" \/>\n<meta property=\"og:description\" content=\"Como cada a\u00f1o la Universidad de La Laguna celebra, en colaboraci\u00f3n con Alumni ULL, su D\u00eda Institucional para conmemorar la fecha de su nacimiento como instituci\u00f3n. En esta ceremonia se reconoce el talento y la creatividad en la docencia, la investigaci\u00f3n, la internacionalizaci\u00f3n, la gesti\u00f3n y el mecenazgo. En el mismo acto interviene la asociaci\u00f3n...\" \/>\n<meta property=\"og:url\" content=\"https:\/\/www.ull.es\/portal\/agenda\/evento\/dia-institucional-de-la-universidad-de-la-laguna-2025\/\" \/>\n<meta property=\"og:site_name\" content=\"ULL - Agenda\" \/>\n<meta property=\"article:modified_time\" content=\"2025-02-25T13:12:49+00:00\" \/>\n<meta property=\"og:image\" content=\"https:\/\/www.ull.es\/portal\/agenda\/wp-content\/uploads\/sites\/12\/2025\/01\/Dia-Institucional-de-la-ULL-2025_Banner-eventos.png\" \/>\n\t<meta property=\"og:image:width\" content=\"750\" \/>\n\t<meta property=\"og:image:height\" content=\"370\" \/>\n\t<meta property=\"og:image:type\" content=\"image\/png\" \/>\n<meta name=\"twitter:card\" content=\"summary_large_image\" \/>\n<meta name=\"twitter:label1\" content=\"Tiempo de lectura\" \/>\n\t<meta name=\"twitter:data1\" content=\"2 minutos\" \/>\n<script type=\"application\/ld+json\" class=\"yoast-schema-graph\">{\"@context\":\"https:\/\/schema.org\",\"@graph\":[{\"@type\":\"WebPage\",\"@id\":\"https:\/\/www.ull.es\/portal\/agenda\/evento\/dia-institucional-de-la-universidad-de-la-laguna-2025\/\",\"url\":\"https:\/\/www.ull.es\/portal\/agenda\/evento\/dia-institucional-de-la-universidad-de-la-laguna-2025\/\",\"name\":\"D\u00eda Institucional de la Universidad de La Laguna 2025 - ULL - Agenda\",\"isPartOf\":{\"@id\":\"https:\/\/www.ull.es\/portal\/agenda\/#website\"},\"datePublished\":\"2025-01-30T10:35:58+00:00\",\"dateModified\":\"2025-02-25T13:12:49+00:00\",\"breadcrumb\":{\"@id\":\"https:\/\/www.ull.es\/portal\/agenda\/evento\/dia-institucional-de-la-universidad-de-la-laguna-2025\/#breadcrumb\"},\"inLanguage\":\"es\",\"potentialAction\":[{\"@type\":\"ReadAction\",\"target\":[\"https:\/\/www.ull.es\/portal\/agenda\/evento\/dia-institucional-de-la-universidad-de-la-laguna-2025\/\"]}]},{\"@type\":\"BreadcrumbList\",\"@id\":\"https:\/\/www.ull.es\/portal\/agenda\/evento\/dia-institucional-de-la-universidad-de-la-laguna-2025\/#breadcrumb\",\"itemListElement\":[{\"@type\":\"ListItem\",\"position\":1,\"name\":\"Portada\",\"item\":\"https:\/\/www.ull.es\/portal\/agenda\/\"},{\"@type\":\"ListItem\",\"position\":2,\"name\":\"D\u00eda Institucional de la Universidad de La Laguna 2025\"}]},{\"@type\":\"WebSite\",\"@id\":\"https:\/\/www.ull.es\/portal\/agenda\/#website\",\"url\":\"https:\/\/www.ull.es\/portal\/agenda\/\",\"name\":\"ULL - Agenda\",\"description\":\"\",\"potentialAction\":[{\"@type\":\"SearchAction\",\"target\":{\"@type\":\"EntryPoint\",\"urlTemplate\":\"https:\/\/www.ull.es\/portal\/agenda\/?s={search_term_string}\"},\"query-input\":\"required name=search_term_string\"}],\"inLanguage\":\"es\"}]}<\/script>\n<!-- \/ Yoast SEO plugin. -->","yoast_head_json":{"title":"D\u00eda Institucional de la Universidad de La Laguna 2025 - ULL - Agenda","robots":{"index":"index","follow":"follow","max-snippet":"max-snippet:-1","max-image-preview":"max-image-preview:large","max-video-preview":"max-video-preview:-1"},"canonical":"https:\/\/www.ull.es\/portal\/agenda\/evento\/dia-institucional-de-la-universidad-de-la-laguna-2025\/","og_locale":"es_ES","og_type":"article","og_title":"D\u00eda Institucional de la Universidad de La Laguna 2025 - ULL - Agenda","og_description":"Como cada a\u00f1o la Universidad de La Laguna celebra, en colaboraci\u00f3n con Alumni ULL, su D\u00eda Institucional para conmemorar la fecha de su nacimiento como instituci\u00f3n. En esta ceremonia se reconoce el talento y la creatividad en la docencia, la investigaci\u00f3n, la internacionalizaci\u00f3n, la gesti\u00f3n y el mecenazgo. En el mismo acto interviene la asociaci\u00f3n...","og_url":"https:\/\/www.ull.es\/portal\/agenda\/evento\/dia-institucional-de-la-universidad-de-la-laguna-2025\/","og_site_name":"ULL - Agenda","article_modified_time":"2025-02-25T13:12:49+00:00","og_image":[{"width":750,"height":370,"url":"https:\/\/www.ull.es\/portal\/agenda\/wp-content\/uploads\/sites\/12\/2025\/01\/Dia-Institucional-de-la-ULL-2025_Banner-eventos.png","type":"image\/png"}],"twitter_card":"summary_large_image","twitter_misc":{"Tiempo de lectura":"2 minutos"},"schema":{"@context":"https:\/\/schema.org","@graph":[{"@type":"WebPage","@id":"https:\/\/www.ull.es\/portal\/agenda\/evento\/dia-institucional-de-la-universidad-de-la-laguna-2025\/","url":"https:\/\/www.ull.es\/portal\/agenda\/evento\/dia-institucional-de-la-universidad-de-la-laguna-2025\/","name":"D\u00eda Institucional de la Universidad de La Laguna 2025 - ULL - Agenda","isPartOf":{"@id":"https:\/\/www.ull.es\/portal\/agenda\/#website"},"datePublished":"2025-01-30T10:35:58+00:00","dateModified":"2025-02-25T13:12:49+00:00","breadcrumb":{"@id":"https:\/\/www.ull.es\/portal\/agenda\/evento\/dia-institucional-de-la-universidad-de-la-laguna-2025\/#breadcrumb"},"inLanguage":"es","potentialAction":[{"@type":"ReadAction","target":["https:\/\/www.ull.es\/portal\/agenda\/evento\/dia-institucional-de-la-universidad-de-la-laguna-2025\/"]}]},{"@type":"BreadcrumbList","@id":"https:\/\/www.ull.es\/portal\/agenda\/evento\/dia-institucional-de-la-universidad-de-la-laguna-2025\/#breadcrumb","itemListElement":[{"@type":"ListItem","position":1,"name":"Portada","item":"https:\/\/www.ull.es\/portal\/agenda\/"},{"@type":"ListItem","position":2,"name":"D\u00eda Institucional de la Universidad de La Laguna 2025"}]},{"@type":"WebSite","@id":"https:\/\/www.ull.es\/portal\/agenda\/#website","url":"https:\/\/www.ull.es\/portal\/agenda\/","name":"ULL - Agenda","description":"","potentialAction":[{"@type":"SearchAction","target":{"@type":"EntryPoint","urlTemplate":"https:\/\/www.ull.es\/portal\/agenda\/?s={search_term_string}"},"query-input":"required name=search_term_string"}],"inLanguage":"es"}]}},"_links":{"self":[{"href":"https:\/\/www.ull.es\/portal\/agenda\/wp-json\/wp\/v2\/tribe_events\/40404"}],"collection":[{"href":"https:\/\/www.ull.es\/portal\/agenda\/wp-json\/wp\/v2\/tribe_events"}],"about":[{"href":"https:\/\/www.ull.es\/portal\/agenda\/wp-json\/wp\/v2\/types\/tribe_events"}],"author":[{"embeddable":true,"href":"https:\/\/www.ull.es\/portal\/agenda\/wp-json\/wp\/v2\/users\/65"}],"replies":[{"embeddable":true,"href":"https:\/\/www.ull.es\/portal\/agenda\/wp-json\/wp\/v2\/comments?post=40404"}],"version-history":[{"count":8,"href":"https:\/\/www.ull.es\/portal\/agenda\/wp-json\/wp\/v2\/tribe_events\/40404\/revisions"}],"predecessor-version":[{"id":41022,"href":"https:\/\/www.ull.es\/portal\/agenda\/wp-json\/wp\/v2\/tribe_events\/40404\/revisions\/41022"}],"wp:featuredmedia":[{"embeddable":true,"href":"https:\/\/www.ull.es\/portal\/agenda\/wp-json\/wp\/v2\/media\/40686"}],"wp:attachment":[{"href":"https:\/\/www.ull.es\/portal\/agenda\/wp-json\/wp\/v2\/media?parent=40404"}],"wp:term":[{"taxonomy":"post_tag","embeddable":true,"href":"https:\/\/www.ull.es\/portal\/agenda\/wp-json\/wp\/v2\/tags?post=40404"},{"taxonomy":"tribe_events_cat","embeddable":true,"href":"https:\/\/www.ull.es\/portal\/agenda\/wp-json\/wp\/v2\/tribe_events_cat?post=40404"}],"curies":[{"name":"wp","href":"https:\/\/api.w.org\/{rel}","templated":true}]}}

Día Institucional de la Universidad de La Laguna 2025

<p>Como cada año la Universidad de La Laguna celebra, en colaboración con Alumni ULL, su Día Institucional para conmemorar la fecha de su nacimiento como institución. En esta ceremonia se reconoce el talento y la creatividad en la docencia, la investigación, la internacionalización, la gestión y el mecenazgo. En el mismo acto interviene la asociación Alumni ULL, que hace entrega de sus propios galardones. El acto se celebrará el 11 de marzo en el Paraninfo a las 19:00 horas.</p>
<p><strong>Programa</strong></p>
<ul>
<li>Proyección del vídeo: “Lo que fue noticia en 2024”.</li>
<li>Bienvenida a cargo de las personas responsables de la presentación del acto.</li>
<li>Entrega de Premios de Alumni ULL.
<ul>
<li>XV Premio Alonso de Nava Grimón Universidad de La Laguna.</li>
<li>XXII Premio a los Valores Humanos en la Universidad de La Laguna José Luis García Pérez Alumni ULL-Consejo Social de la ULL.</li>
<li>VII Premio a los Mejores Trabajos Fin de Máster en la Universidad de La Laguna Curso 2023-2024 Alumni ULL – Consejo Social de la ULL.</li>
<li>XIII Premio al Mejor Expediente Académico de la Universidad de La Laguna Curso 2023-2024.</li>
</ul>
</li>
<li>Palabras de Sr. presidente de Alumni ULL.</li>
<li>Actuación Musical de Candelaria González.</li>
<li>Entrega de los Premios Institucionales de la Universidad de La Laguna.
<ul>
<li>XIV Premio a la Innovación y Transferencia Educativa</li>
<li>XIV Premio a la Investigación y III Premio a la investigación categoría Junior</li>
<li>X Premio a la Internacionalización</li>
<li>XIV Premio a las Mejores Prácticas en Administración y Servicios</li>
<li>II Premio al Mérito Académico</li>
<li>II Premio a la Excelencia Docente</li>
<li>Premio al Mecenazgo</li>
</ul>
</li>
<li> In Memoriam</li>
<li>Palabras del Sr. Rector.</li>
<li>Gaudeamus.</li>
<li>Cierre de la Sesión.</li>
</ul>

<p>Como cada año la Universidad de La Laguna celebra, en colaboración con Alumni ULL, su Día Institucional para conmemorar la fecha de su nacimiento como institución. En esta ceremonia se reconoce el talento y la creatividad en la docencia, la investigación, la internacionalización, la gestión y el mecenazgo. En el mismo acto interviene la asociación&#8230;</p>

<!-- This site is optimized with the Yoast SEO plugin v21.3 - https://yoast.com/wordpress/plugins/seo/ -->
<title>Día Institucional de la Universidad de La Laguna 2025 - ULL - Agenda</title>
<meta name="robots" content="index, follow, max-snippet:-1, max-image-preview:large, max-video-preview:-1" />
<link rel="canonical" href="https://www.ull.es/portal/agenda/evento/dia-institucional-de-la-universidad-de-la-laguna-2025/" />
<meta property="og:locale" content="es_ES" />
<meta property="og:type" content="article" />
<meta property="og:title" content="Día Institucional de la Universidad de La Laguna 2025 - ULL - Agenda" />
<meta property="og:description" content="Como cada año la Universidad de La Laguna celebra, en colaboración con Alumni ULL, su Día Institucional para conmemorar la fecha de su nacimiento como institución. En esta ceremonia se reconoce el talento y la creatividad en la docencia, la investigación, la internacionalización, la gestión y el mecenazgo. En el mismo acto interviene la asociación..." />
<meta property="og:url" content="https://www.ull.es/portal/agenda/evento/dia-institucional-de-la-universidad-de-la-laguna-2025/" />
<meta property="og:site_name" content="ULL - Agenda" />
<meta property="article:modified_time" content="2025-02-25T13:12:49+00:00" />
<meta property="og:image" content="https://www.ull.es/portal/agenda/wp-content/uploads/sites/12/2025/01/Dia-Institucional-de-la-ULL-2025_Banner-eventos.png" />
	<meta property="og:image:width" content="750" />
	<meta property="og:image:height" content="370" />
	<meta property="og:image:type" content="image/png" />
<meta name="twitter:card" content="summary_large_image" />
<meta name="twitter:label1" content="Tiempo de lectura" />
	<meta name="twitter:data1" content="2 minutos" />
<script type="application/ld+json" class="yoast-schema-graph">{"@context":"https://schema.org","@graph":[{"@type":"WebPage","@id":"https://www.ull.es/portal/agenda/evento/dia-institucional-de-la-universidad-de-la-laguna-2025/","url":"https://www.ull.es/portal/agenda/evento/dia-institucional-de-la-universidad-de-la-laguna-2025/","name":"Día Institucional de la Universidad de La Laguna 2025 - ULL - Agenda","isPartOf":{"@id":"https://www.ull.es/portal/agenda/#website"},"datePublished":"2025-01-30T10:35:58+00:00","dateModified":"2025-02-25T13:12:49+00:00","breadcrumb":{"@id":"https://www.ull.es/portal/agenda/evento/dia-institucional-de-la-universidad-de-la-laguna-2025/#breadcrumb"},"inLanguage":"es","potentialAction":[{"@type":"ReadAction","target":["https://www.ull.es/portal/agenda/evento/dia-institucional-de-la-universidad-de-la-laguna-2025/"]}]},{"@type":"BreadcrumbList","@id":"https://www.ull.es/portal/agenda/evento/dia-institucional-de-la-universidad-de-la-laguna-2025/#breadcrumb","itemListElement":[{"@type":"ListItem","position":1,"name":"Portada","item":"https://www.ull.es/portal/agenda/"},{"@type":"ListItem","position":2,"name":"Día Institucional de la Universidad de La Laguna 2025"}]},{"@type":"WebSite","@id":"https://www.ull.es/portal/agenda/#website","url":"https://www.ull.es/portal/agenda/","name":"ULL - Agenda","description":"","potentialAction":[{"@type":"SearchAction","target":{"@type":"EntryPoint","urlTemplate":"https://www.ull.es/portal/agenda/?s={search_term_string}"},"query-input":"required name=search_term_string"}],"inLanguage":"es"}]}</script>
<!-- / Yoast SEO plugin. -->

Día Institucional de la Universidad de La Laguna 2025 - ULL - Agenda

Como cada año la Universidad de La Laguna celebra, en colaboración con Alumni ULL, su Día Institucional para conmemorar la fecha de su nacimiento como institución. En esta ceremonia se reconoce el talento y la creatividad en la docencia, la investigación, la internacionalización, la gestión y el mecenazgo. En el mismo acto interviene la asociación...
