{"id":40435,"date":"2025-01-30T14:44:48","date_gmt":"2025-01-30T14:44:48","guid":{"rendered":"https:\/\/www.ull.es\/portal\/agenda\/?post_type=tribe_events&#038;p=40435"},"modified":"2025-02-05T11:06:08","modified_gmt":"2025-02-05T11:06:08","slug":"el-creador-de-suenos-the-best-of-the-magic","status":"publish","type":"tribe_events","link":"https:\/\/www.ull.es\/portal\/agenda\/evento\/el-creador-de-suenos-the-best-of-the-magic\/","title":{"rendered":"El Creador de Sue\u00f1os &#8216;The Best of the Magic&#8217;"},"content":{"rendered":"<p>Ad\u00e9ntrate en un mundo donde la realidad se funde con la ilusi\u00f3n, donde lo imposible se vuelve tangible y la magia cobra vida en una experiencia sin precedentes. \u00abMagic: La magia del Siglo XXI\u00bb te transportar\u00e1 a un universo asombroso de misterio y maravilla, donde la magia se encuentra con la tecnolog\u00eda para crear un evento inolvidable.<\/p>\n<p>El ilusionista canario David de la Torre, El Creador de Sue\u00f1os, en este espect\u00e1culo de gran formato, donde los l\u00edmites de la imaginaci\u00f3n se desdibujan, llevar\u00e1 a cabo actos que desaf\u00edan la l\u00f3gica y la raz\u00f3n, sorprendi\u00e9ndote con incre\u00edbles ilusiones que desaf\u00edan las leyes de la f\u00edsica.<\/p>\n<p>\u00abMagic: La magia del Siglo XXI\u00bb es una celebraci\u00f3n de la creatividad humana y la capacidad de asombrar. Este espect\u00e1culo trasciende las barreras entre lo real y lo sobrenatural, invit\u00e1ndote a cuestionar la realidad misma.<\/p>\n<p>Prep\u00e1rate para dejarte llevar por la maravilla, la emoci\u00f3n y el asombro en este espect\u00e1culo que cambiar\u00e1 tu percepci\u00f3n de lo posible. \u00a1\u00danete a nosotros en esta aventura m\u00e1gica y descubre un mundo donde la magia y la tecnolog\u00eda se fusionan en un espect\u00e1culo sin igual!<\/p>\n<p><a href=\"https:\/\/www.ecoentradas.com\/elegirsesion\/2537\" target=\"_blank\" rel=\"noopener\" target=\"_blank\" rel=\"noopener\">Entradas<\/a>: 10 \u20ac\u00a0 y\u00a0 8 \u20ac estudiantes<\/p>\n","protected":false},"excerpt":{"rendered":"<p>Ad\u00e9ntrate en un mundo donde la realidad se funde con la ilusi\u00f3n, donde lo imposible se vuelve tangible y la magia cobra vida en una experiencia sin precedentes. \u00abMagic: La magia del Siglo XXI\u00bb te transportar\u00e1 a un universo asombroso de misterio y maravilla, donde la magia se encuentra con la tecnolog\u00eda para crear un&#8230;<\/p>\n","protected":false},"author":65,"featured_media":40436,"comment_status":"closed","ping_status":"closed","template":"","tags":[],"tribe_events_cat":[3987,4,343,186,191],"acf":[],"yoast_head":"<!-- This site is optimized with the Yoast SEO plugin v21.3 - https:\/\/yoast.com\/wordpress\/plugins\/seo\/ -->\n<title>El Creador de Sue\u00f1os &#039;The Best of the Magic&#039; - ULL - Agenda<\/title>\n<meta name=\"robots\" content=\"index, follow, max-snippet:-1, max-image-preview:large, max-video-preview:-1\" \/>\n<link rel=\"canonical\" href=\"https:\/\/www.ull.es\/portal\/agenda\/evento\/el-creador-de-suenos-the-best-of-the-magic\/\" \/>\n<meta property=\"og:locale\" content=\"es_ES\" \/>\n<meta property=\"og:type\" content=\"article\" \/>\n<meta property=\"og:title\" content=\"El Creador de Sue\u00f1os &#039;The Best of the Magic&#039; - ULL - Agenda\" \/>\n<meta property=\"og:description\" content=\"Ad\u00e9ntrate en un mundo donde la realidad se funde con la ilusi\u00f3n, donde lo imposible se vuelve tangible y la magia cobra vida en una experiencia sin precedentes. \u00abMagic: La magia del Siglo XXI\u00bb te transportar\u00e1 a un universo asombroso de misterio y maravilla, donde la magia se encuentra con la tecnolog\u00eda para crear un...\" \/>\n<meta property=\"og:url\" content=\"https:\/\/www.ull.es\/portal\/agenda\/evento\/el-creador-de-suenos-the-best-of-the-magic\/\" \/>\n<meta property=\"og:site_name\" content=\"ULL - Agenda\" \/>\n<meta property=\"article:modified_time\" content=\"2025-02-05T11:06:08+00:00\" \/>\n<meta property=\"og:image\" content=\"https:\/\/www.ull.es\/portal\/agenda\/wp-content\/uploads\/sites\/12\/2025\/01\/750X370-12-DE-ABRIL.jpg\" \/>\n\t<meta property=\"og:image:width\" content=\"750\" \/>\n\t<meta property=\"og:image:height\" content=\"370\" \/>\n\t<meta property=\"og:image:type\" content=\"image\/jpeg\" \/>\n<meta name=\"twitter:card\" content=\"summary_large_image\" \/>\n<meta name=\"twitter:label1\" content=\"Tiempo de lectura\" \/>\n\t<meta name=\"twitter:data1\" content=\"1 minuto\" \/>\n<script type=\"application\/ld+json\" class=\"yoast-schema-graph\">{\"@context\":\"https:\/\/schema.org\",\"@graph\":[{\"@type\":\"WebPage\",\"@id\":\"https:\/\/www.ull.es\/portal\/agenda\/evento\/el-creador-de-suenos-the-best-of-the-magic\/\",\"url\":\"https:\/\/www.ull.es\/portal\/agenda\/evento\/el-creador-de-suenos-the-best-of-the-magic\/\",\"name\":\"El Creador de Sue\u00f1os 'The Best of the Magic' - ULL - Agenda\",\"isPartOf\":{\"@id\":\"https:\/\/www.ull.es\/portal\/agenda\/#website\"},\"datePublished\":\"2025-01-30T14:44:48+00:00\",\"dateModified\":\"2025-02-05T11:06:08+00:00\",\"breadcrumb\":{\"@id\":\"https:\/\/www.ull.es\/portal\/agenda\/evento\/el-creador-de-suenos-the-best-of-the-magic\/#breadcrumb\"},\"inLanguage\":\"es\",\"potentialAction\":[{\"@type\":\"ReadAction\",\"target\":[\"https:\/\/www.ull.es\/portal\/agenda\/evento\/el-creador-de-suenos-the-best-of-the-magic\/\"]}]},{\"@type\":\"BreadcrumbList\",\"@id\":\"https:\/\/www.ull.es\/portal\/agenda\/evento\/el-creador-de-suenos-the-best-of-the-magic\/#breadcrumb\",\"itemListElement\":[{\"@type\":\"ListItem\",\"position\":1,\"name\":\"Portada\",\"item\":\"https:\/\/www.ull.es\/portal\/agenda\/\"},{\"@type\":\"ListItem\",\"position\":2,\"name\":\"El Creador de Sue\u00f1os &#8216;The Best of the Magic&#8217;\"}]},{\"@type\":\"WebSite\",\"@id\":\"https:\/\/www.ull.es\/portal\/agenda\/#website\",\"url\":\"https:\/\/www.ull.es\/portal\/agenda\/\",\"name\":\"ULL - Agenda\",\"description\":\"\",\"potentialAction\":[{\"@type\":\"SearchAction\",\"target\":{\"@type\":\"EntryPoint\",\"urlTemplate\":\"https:\/\/www.ull.es\/portal\/agenda\/?s={search_term_string}\"},\"query-input\":\"required name=search_term_string\"}],\"inLanguage\":\"es\"}]}<\/script>\n<!-- \/ Yoast SEO plugin. -->","yoast_head_json":{"title":"El Creador de Sue\u00f1os 'The Best of the Magic' - ULL - Agenda","robots":{"index":"index","follow":"follow","max-snippet":"max-snippet:-1","max-image-preview":"max-image-preview:large","max-video-preview":"max-video-preview:-1"},"canonical":"https:\/\/www.ull.es\/portal\/agenda\/evento\/el-creador-de-suenos-the-best-of-the-magic\/","og_locale":"es_ES","og_type":"article","og_title":"El Creador de Sue\u00f1os 'The Best of the Magic' - ULL - Agenda","og_description":"Ad\u00e9ntrate en un mundo donde la realidad se funde con la ilusi\u00f3n, donde lo imposible se vuelve tangible y la magia cobra vida en una experiencia sin precedentes. \u00abMagic: La magia del Siglo XXI\u00bb te transportar\u00e1 a un universo asombroso de misterio y maravilla, donde la magia se encuentra con la tecnolog\u00eda para crear un...","og_url":"https:\/\/www.ull.es\/portal\/agenda\/evento\/el-creador-de-suenos-the-best-of-the-magic\/","og_site_name":"ULL - Agenda","article_modified_time":"2025-02-05T11:06:08+00:00","og_image":[{"width":750,"height":370,"url":"https:\/\/www.ull.es\/portal\/agenda\/wp-content\/uploads\/sites\/12\/2025\/01\/750X370-12-DE-ABRIL.jpg","type":"image\/jpeg"}],"twitter_card":"summary_large_image","twitter_misc":{"Tiempo de lectura":"1 minuto"},"schema":{"@context":"https:\/\/schema.org","@graph":[{"@type":"WebPage","@id":"https:\/\/www.ull.es\/portal\/agenda\/evento\/el-creador-de-suenos-the-best-of-the-magic\/","url":"https:\/\/www.ull.es\/portal\/agenda\/evento\/el-creador-de-suenos-the-best-of-the-magic\/","name":"El Creador de Sue\u00f1os 'The Best of the Magic' - ULL - Agenda","isPartOf":{"@id":"https:\/\/www.ull.es\/portal\/agenda\/#website"},"datePublished":"2025-01-30T14:44:48+00:00","dateModified":"2025-02-05T11:06:08+00:00","breadcrumb":{"@id":"https:\/\/www.ull.es\/portal\/agenda\/evento\/el-creador-de-suenos-the-best-of-the-magic\/#breadcrumb"},"inLanguage":"es","potentialAction":[{"@type":"ReadAction","target":["https:\/\/www.ull.es\/portal\/agenda\/evento\/el-creador-de-suenos-the-best-of-the-magic\/"]}]},{"@type":"BreadcrumbList","@id":"https:\/\/www.ull.es\/portal\/agenda\/evento\/el-creador-de-suenos-the-best-of-the-magic\/#breadcrumb","itemListElement":[{"@type":"ListItem","position":1,"name":"Portada","item":"https:\/\/www.ull.es\/portal\/agenda\/"},{"@type":"ListItem","position":2,"name":"El Creador de Sue\u00f1os &#8216;The Best of the Magic&#8217;"}]},{"@type":"WebSite","@id":"https:\/\/www.ull.es\/portal\/agenda\/#website","url":"https:\/\/www.ull.es\/portal\/agenda\/","name":"ULL - Agenda","description":"","potentialAction":[{"@type":"SearchAction","target":{"@type":"EntryPoint","urlTemplate":"https:\/\/www.ull.es\/portal\/agenda\/?s={search_term_string}"},"query-input":"required name=search_term_string"}],"inLanguage":"es"}]}},"_links":{"self":[{"href":"https:\/\/www.ull.es\/portal\/agenda\/wp-json\/wp\/v2\/tribe_events\/40435"}],"collection":[{"href":"https:\/\/www.ull.es\/portal\/agenda\/wp-json\/wp\/v2\/tribe_events"}],"about":[{"href":"https:\/\/www.ull.es\/portal\/agenda\/wp-json\/wp\/v2\/types\/tribe_events"}],"author":[{"embeddable":true,"href":"https:\/\/www.ull.es\/portal\/agenda\/wp-json\/wp\/v2\/users\/65"}],"replies":[{"embeddable":true,"href":"https:\/\/www.ull.es\/portal\/agenda\/wp-json\/wp\/v2\/comments?post=40435"}],"version-history":[{"count":2,"href":"https:\/\/www.ull.es\/portal\/agenda\/wp-json\/wp\/v2\/tribe_events\/40435\/revisions"}],"predecessor-version":[{"id":40502,"href":"https:\/\/www.ull.es\/portal\/agenda\/wp-json\/wp\/v2\/tribe_events\/40435\/revisions\/40502"}],"wp:featuredmedia":[{"embeddable":true,"href":"https:\/\/www.ull.es\/portal\/agenda\/wp-json\/wp\/v2\/media\/40436"}],"wp:attachment":[{"href":"https:\/\/www.ull.es\/portal\/agenda\/wp-json\/wp\/v2\/media?parent=40435"}],"wp:term":[{"taxonomy":"post_tag","embeddable":true,"href":"https:\/\/www.ull.es\/portal\/agenda\/wp-json\/wp\/v2\/tags?post=40435"},{"taxonomy":"tribe_events_cat","embeddable":true,"href":"https:\/\/www.ull.es\/portal\/agenda\/wp-json\/wp\/v2\/tribe_events_cat?post=40435"}],"curies":[{"name":"wp","href":"https:\/\/api.w.org\/{rel}","templated":true}]}}

El Creador de Sueños &#8216;The Best of the Magic&#8217;

<p>Adéntrate en un mundo donde la realidad se funde con la ilusión, donde lo imposible se vuelve tangible y la magia cobra vida en una experiencia sin precedentes. «Magic: La magia del Siglo XXI» te transportará a un universo asombroso de misterio y maravilla, donde la magia se encuentra con la tecnología para crear un evento inolvidable.</p>
<p>El ilusionista canario David de la Torre, El Creador de Sueños, en este espectáculo de gran formato, donde los límites de la imaginación se desdibujan, llevará a cabo actos que desafían la lógica y la razón, sorprendiéndote con increíbles ilusiones que desafían las leyes de la física.</p>
<p>«Magic: La magia del Siglo XXI» es una celebración de la creatividad humana y la capacidad de asombrar. Este espectáculo trasciende las barreras entre lo real y lo sobrenatural, invitándote a cuestionar la realidad misma.</p>
<p>Prepárate para dejarte llevar por la maravilla, la emoción y el asombro en este espectáculo que cambiará tu percepción de lo posible. ¡Únete a nosotros en esta aventura mágica y descubre un mundo donde la magia y la tecnología se fusionan en un espectáculo sin igual!</p>
<p><a href="https://www.ecoentradas.com/elegirsesion/2537" target="_blank" rel="noopener" target="_blank" rel="noopener">Entradas</a>: 10 €  y  8 € estudiantes</p>

<p>Adéntrate en un mundo donde la realidad se funde con la ilusión, donde lo imposible se vuelve tangible y la magia cobra vida en una experiencia sin precedentes. «Magic: La magia del Siglo XXI» te transportará a un universo asombroso de misterio y maravilla, donde la magia se encuentra con la tecnología para crear un&#8230;</p>

<!-- This site is optimized with the Yoast SEO plugin v21.3 - https://yoast.com/wordpress/plugins/seo/ -->
<title>El Creador de Sueños &#039;The Best of the Magic&#039; - ULL - Agenda</title>
<meta name="robots" content="index, follow, max-snippet:-1, max-image-preview:large, max-video-preview:-1" />
<link rel="canonical" href="https://www.ull.es/portal/agenda/evento/el-creador-de-suenos-the-best-of-the-magic/" />
<meta property="og:locale" content="es_ES" />
<meta property="og:type" content="article" />
<meta property="og:title" content="El Creador de Sueños &#039;The Best of the Magic&#039; - ULL - Agenda" />
<meta property="og:description" content="Adéntrate en un mundo donde la realidad se funde con la ilusión, donde lo imposible se vuelve tangible y la magia cobra vida en una experiencia sin precedentes. «Magic: La magia del Siglo XXI» te transportará a un universo asombroso de misterio y maravilla, donde la magia se encuentra con la tecnología para crear un..." />
<meta property="og:url" content="https://www.ull.es/portal/agenda/evento/el-creador-de-suenos-the-best-of-the-magic/" />
<meta property="og:site_name" content="ULL - Agenda" />
<meta property="article:modified_time" content="2025-02-05T11:06:08+00:00" />
<meta property="og:image" content="https://www.ull.es/portal/agenda/wp-content/uploads/sites/12/2025/01/750X370-12-DE-ABRIL.jpg" />
	<meta property="og:image:width" content="750" />
	<meta property="og:image:height" content="370" />
	<meta property="og:image:type" content="image/jpeg" />
<meta name="twitter:card" content="summary_large_image" />
<meta name="twitter:label1" content="Tiempo de lectura" />
	<meta name="twitter:data1" content="1 minuto" />
<script type="application/ld+json" class="yoast-schema-graph">{"@context":"https://schema.org","@graph":[{"@type":"WebPage","@id":"https://www.ull.es/portal/agenda/evento/el-creador-de-suenos-the-best-of-the-magic/","url":"https://www.ull.es/portal/agenda/evento/el-creador-de-suenos-the-best-of-the-magic/","name":"El Creador de Sueños 'The Best of the Magic' - ULL - Agenda","isPartOf":{"@id":"https://www.ull.es/portal/agenda/#website"},"datePublished":"2025-01-30T14:44:48+00:00","dateModified":"2025-02-05T11:06:08+00:00","breadcrumb":{"@id":"https://www.ull.es/portal/agenda/evento/el-creador-de-suenos-the-best-of-the-magic/#breadcrumb"},"inLanguage":"es","potentialAction":[{"@type":"ReadAction","target":["https://www.ull.es/portal/agenda/evento/el-creador-de-suenos-the-best-of-the-magic/"]}]},{"@type":"BreadcrumbList","@id":"https://www.ull.es/portal/agenda/evento/el-creador-de-suenos-the-best-of-the-magic/#breadcrumb","itemListElement":[{"@type":"ListItem","position":1,"name":"Portada","item":"https://www.ull.es/portal/agenda/"},{"@type":"ListItem","position":2,"name":"El Creador de Sueños &#8216;The Best of the Magic&#8217;"}]},{"@type":"WebSite","@id":"https://www.ull.es/portal/agenda/#website","url":"https://www.ull.es/portal/agenda/","name":"ULL - Agenda","description":"","potentialAction":[{"@type":"SearchAction","target":{"@type":"EntryPoint","urlTemplate":"https://www.ull.es/portal/agenda/?s={search_term_string}"},"query-input":"required name=search_term_string"}],"inLanguage":"es"}]}</script>
<!-- / Yoast SEO plugin. -->

El Creador de Sueños 'The Best of the Magic' - ULL - Agenda

Adéntrate en un mundo donde la realidad se funde con la ilusión, donde lo imposible se vuelve tangible y la magia cobra vida en una experiencia sin precedentes. «Magic: La magia del Siglo XXI» te transportará a un universo asombroso de misterio y maravilla, donde la magia se encuentra con la tecnología para crear un...
