{"id":40651,"date":"2025-02-11T11:35:14","date_gmt":"2025-02-11T11:35:14","guid":{"rendered":"https:\/\/www.ull.es\/portal\/agenda\/?post_type=tribe_events&#038;p=40651"},"modified":"2025-03-19T10:08:46","modified_gmt":"2025-03-19T10:08:46","slug":"biodiversidad-canaria-en-la-educacion-conocer-para-respetar-y-respetar-para-conservar","status":"publish","type":"tribe_events","link":"https:\/\/www.ull.es\/portal\/agenda\/evento\/biodiversidad-canaria-en-la-educacion-conocer-para-respetar-y-respetar-para-conservar\/","title":{"rendered":"Biodiversidad Canaria en la Educaci\u00f3n: Conocer para Respetar y Respetar para Conservar"},"content":{"rendered":"<p>El curso <em>\u00abBiodiversidad Canaria en la Educaci\u00f3n: Conocer para Respetar y Respetar para Conservar\u00bb<\/em> se celebrar\u00e1 entre el 20 de marzo y 10 de abril de 2025 en el Campus Central de la Universidad de La Laguna, con salidas a Campo Playa Grande Por\u00eds de Abona y al Parque Nacional del Teide.<\/p>\n<p>El objetivo principal del curso es crear un conocimiento de la Biodiversidad Canaria y la importancia de esta como recurso natural y educativo. Las islas Canarias, tambi\u00e9n conocidas como Las Gal\u00e1pagos de Europa, son un laboratorio de vida y queremos dar a conocer parte de este patrimonio natural y adem\u00e1s crear herramientas para protegerla.<\/p>\n<p>Objetivos espec\u00edficos:<\/p>\n<ul>\n<li>Conocer la biodiversidad de las islas Canarias como patrimonio natural \u00fanico: Fomentar el aprendizaje sobre la riqueza biol\u00f3gica del archipi\u00e9lago, destacando su importancia ecol\u00f3gica, cultural y educativa.<\/li>\n<li>Promover la conservaci\u00f3n y sostenibilidad del entorno natural: Sensibilizar al alumnado sobre los retos de la conservaci\u00f3n de la biodiversidad y la necesidad de implementar acciones sostenibles.<\/li>\n<li>Desarrollar recursos did\u00e1cticos innovadores para la educaci\u00f3n ambiental: Capacitar a los participantes en la creaci\u00f3n de herramientas pedag\u00f3gicas que permitan transmitir el valor de la biodiversidad en contextos de educaci\u00f3n formal y no formal.<\/li>\n<li>Incentivar el respeto y la valoraci\u00f3n del patrimonio natural: Generar actitudes responsables hacia la protecci\u00f3n de los ecosistemas locales y la flora end\u00e9mica.<\/li>\n<li>Aplicar el conocimiento de la flora canaria en proyectos pr\u00e1cticos: Ense\u00f1ar el uso de la flora aut\u00f3ctona en restauraci\u00f3n ecol\u00f3gica, jardiner\u00eda sostenible y paisajismo, como forma de integrar la biodiversidad en soluciones ambientales.<\/li>\n<li>Fomentar el aprendizaje activo mediante experiencias en la naturaleza: Potenciar el contacto directo con diferentes ecosistemas canarios como una herramienta para aprender, reflexionar y actuar a favor del medioambiente.<\/li>\n<li>Desarrollar valores \u00e9ticos y compromiso social hacia la biodiversidad: Impulsar la formaci\u00f3n de agentes de cambio que contribuyan a la preservaci\u00f3n del patrimonio natural y la sostenibilidad en su entorno.<\/li>\n<\/ul>\n<p>El curso est\u00e1 dirigido a los estudiantes de la Universidad de La Laguna y a la poblaci\u00f3n no universitaria.<\/p>\n<p>Direcci\u00f3n acad\u00e9mica: Sara Gonz\u00e1lez P\u00e9rez. Profesora contratada doctora, Departamento de Did\u00e1cticas Espec\u00edficas de la Universidad de La Laguna.<\/p>\n<p><strong>CERTIFICADO DE ASISTENCIA, APTITUD Y RECONOCIMIENTO POR CR\u00c9DITO ECTS<\/strong><\/p>\n<p>La Universidad de La Laguna, a trav\u00e9s del Vicerrectorado de Cultura y Extensi\u00f3n Universitaria, emitir\u00e1 un certificado de asistencia a todas aquellas personas que asistan a un m\u00ednimo del 80% de las horas lectivas presenciales. Asimismo, aquellas personas que superen el trabajo aut\u00f3nomo del alumnado, recibir\u00e1n un certificado de asistencia y aprovechamiento, reconocible a su vez por 2 cr\u00e9ditos ECTS.<\/p>\n<p>Asistencia gratuita previa inscripci\u00f3n.\u00a0<a href=\"https:\/\/sede.fg.ull.es\/es\/curso\/detalle?code=a25020023&amp;name=biodiversidad-canaria-en-la-educacion-conocer-para-respetar-y-respetar-para-conservar&amp;query=%3Fcode%3DA25020023\" target=\"_blank\" rel=\"noopener\" target=\"_blank\" rel=\"noopener\"><strong><u>Inscr\u00edbete aqu\u00ed.<\/u><\/strong><\/a><\/p>\n<p><span style=\"color: #ff0000;\"><strong>\u00a1PLAZAS AGOTADAS!<\/strong><\/span><\/p>\n<p><strong>Contacto:\u00a0<\/strong><a href=\"mailto:extuni@ull.edu.es\" target=\"_blank\" rel=\"noopener\" target=\"_blank\" rel=\"noopener\"><strong>extuni@ull.es<\/strong><\/a><\/p>\n<p>Organizan: Facultad de Educaci\u00f3n, Secci\u00f3n de Biolog\u00eda de la Facultad de Ciencias, Servicio de Parques y Jardines, C\u00e1tedra de Medio Ambiente y Desarrollo Sostenible Cabildo de Tenerife &#8211; ULL, Aula Cultural de Jardiner\u00eda, Biodiversidad y Permacultura y C\u00e1tedra Cultural Cient\u00edfica Jard\u00edn Bot\u00e1nico Wolfredo Wildpret.<\/p>\n<p>Colabora: Ayuntamiento de La Laguna.<\/p>\n","protected":false},"excerpt":{"rendered":"<p>El curso \u00abBiodiversidad Canaria en la Educaci\u00f3n: Conocer para Respetar y Respetar para Conservar\u00bb se celebrar\u00e1 entre el 20 de marzo y 10 de abril de 2025 en el Campus Central de la Universidad de La Laguna, con salidas a Campo Playa Grande Por\u00eds de Abona y al Parque Nacional del Teide. El objetivo principal&#8230;<\/p>\n","protected":false},"author":43,"featured_media":40656,"comment_status":"closed","ping_status":"closed","template":"","tags":[4259,977,3812,3751],"tribe_events_cat":[472,3779,4,391,815,186],"acf":[],"yoast_head":"<!-- This site is optimized with the Yoast SEO plugin v21.3 - https:\/\/yoast.com\/wordpress\/plugins\/seo\/ -->\n<title>Biodiversidad Canaria en la Educaci\u00f3n: Conocer para Respetar y Respetar para Conservar - ULL - Agenda<\/title>\n<meta name=\"robots\" content=\"index, follow, max-snippet:-1, max-image-preview:large, max-video-preview:-1\" \/>\n<link rel=\"canonical\" href=\"https:\/\/www.ull.es\/portal\/agenda\/evento\/biodiversidad-canaria-en-la-educacion-conocer-para-respetar-y-respetar-para-conservar\/\" \/>\n<meta property=\"og:locale\" content=\"es_ES\" \/>\n<meta property=\"og:type\" content=\"article\" \/>\n<meta property=\"og:title\" content=\"Biodiversidad Canaria en la Educaci\u00f3n: Conocer para Respetar y Respetar para Conservar - ULL - Agenda\" \/>\n<meta property=\"og:description\" content=\"El curso \u00abBiodiversidad Canaria en la Educaci\u00f3n: Conocer para Respetar y Respetar para Conservar\u00bb se celebrar\u00e1 entre el 20 de marzo y 10 de abril de 2025 en el Campus Central de la Universidad de La Laguna, con salidas a Campo Playa Grande Por\u00eds de Abona y al Parque Nacional del Teide. El objetivo principal...\" \/>\n<meta property=\"og:url\" content=\"https:\/\/www.ull.es\/portal\/agenda\/evento\/biodiversidad-canaria-en-la-educacion-conocer-para-respetar-y-respetar-para-conservar\/\" \/>\n<meta property=\"og:site_name\" content=\"ULL - Agenda\" \/>\n<meta property=\"article:modified_time\" content=\"2025-03-19T10:08:46+00:00\" \/>\n<meta property=\"og:image\" content=\"https:\/\/www.ull.es\/portal\/agenda\/wp-content\/uploads\/sites\/12\/2025\/02\/BannerBiodiversidad-1.jpg\" \/>\n\t<meta property=\"og:image:width\" content=\"750\" \/>\n\t<meta property=\"og:image:height\" content=\"370\" \/>\n\t<meta property=\"og:image:type\" content=\"image\/jpeg\" \/>\n<meta name=\"twitter:card\" content=\"summary_large_image\" \/>\n<meta name=\"twitter:label1\" content=\"Tiempo de lectura\" \/>\n\t<meta name=\"twitter:data1\" content=\"3 minutos\" \/>\n<script type=\"application\/ld+json\" class=\"yoast-schema-graph\">{\"@context\":\"https:\/\/schema.org\",\"@graph\":[{\"@type\":\"WebPage\",\"@id\":\"https:\/\/www.ull.es\/portal\/agenda\/evento\/biodiversidad-canaria-en-la-educacion-conocer-para-respetar-y-respetar-para-conservar\/\",\"url\":\"https:\/\/www.ull.es\/portal\/agenda\/evento\/biodiversidad-canaria-en-la-educacion-conocer-para-respetar-y-respetar-para-conservar\/\",\"name\":\"Biodiversidad Canaria en la Educaci\u00f3n: Conocer para Respetar y Respetar para Conservar - ULL - Agenda\",\"isPartOf\":{\"@id\":\"https:\/\/www.ull.es\/portal\/agenda\/#website\"},\"datePublished\":\"2025-02-11T11:35:14+00:00\",\"dateModified\":\"2025-03-19T10:08:46+00:00\",\"breadcrumb\":{\"@id\":\"https:\/\/www.ull.es\/portal\/agenda\/evento\/biodiversidad-canaria-en-la-educacion-conocer-para-respetar-y-respetar-para-conservar\/#breadcrumb\"},\"inLanguage\":\"es\",\"potentialAction\":[{\"@type\":\"ReadAction\",\"target\":[\"https:\/\/www.ull.es\/portal\/agenda\/evento\/biodiversidad-canaria-en-la-educacion-conocer-para-respetar-y-respetar-para-conservar\/\"]}]},{\"@type\":\"BreadcrumbList\",\"@id\":\"https:\/\/www.ull.es\/portal\/agenda\/evento\/biodiversidad-canaria-en-la-educacion-conocer-para-respetar-y-respetar-para-conservar\/#breadcrumb\",\"itemListElement\":[{\"@type\":\"ListItem\",\"position\":1,\"name\":\"Portada\",\"item\":\"https:\/\/www.ull.es\/portal\/agenda\/\"},{\"@type\":\"ListItem\",\"position\":2,\"name\":\"Biodiversidad Canaria en la Educaci\u00f3n: Conocer para Respetar y Respetar para Conservar\"}]},{\"@type\":\"WebSite\",\"@id\":\"https:\/\/www.ull.es\/portal\/agenda\/#website\",\"url\":\"https:\/\/www.ull.es\/portal\/agenda\/\",\"name\":\"ULL - Agenda\",\"description\":\"\",\"potentialAction\":[{\"@type\":\"SearchAction\",\"target\":{\"@type\":\"EntryPoint\",\"urlTemplate\":\"https:\/\/www.ull.es\/portal\/agenda\/?s={search_term_string}\"},\"query-input\":\"required name=search_term_string\"}],\"inLanguage\":\"es\"}]}<\/script>\n<!-- \/ Yoast SEO plugin. -->","yoast_head_json":{"title":"Biodiversidad Canaria en la Educaci\u00f3n: Conocer para Respetar y Respetar para Conservar - ULL - Agenda","robots":{"index":"index","follow":"follow","max-snippet":"max-snippet:-1","max-image-preview":"max-image-preview:large","max-video-preview":"max-video-preview:-1"},"canonical":"https:\/\/www.ull.es\/portal\/agenda\/evento\/biodiversidad-canaria-en-la-educacion-conocer-para-respetar-y-respetar-para-conservar\/","og_locale":"es_ES","og_type":"article","og_title":"Biodiversidad Canaria en la Educaci\u00f3n: Conocer para Respetar y Respetar para Conservar - ULL - Agenda","og_description":"El curso \u00abBiodiversidad Canaria en la Educaci\u00f3n: Conocer para Respetar y Respetar para Conservar\u00bb se celebrar\u00e1 entre el 20 de marzo y 10 de abril de 2025 en el Campus Central de la Universidad de La Laguna, con salidas a Campo Playa Grande Por\u00eds de Abona y al Parque Nacional del Teide. El objetivo principal...","og_url":"https:\/\/www.ull.es\/portal\/agenda\/evento\/biodiversidad-canaria-en-la-educacion-conocer-para-respetar-y-respetar-para-conservar\/","og_site_name":"ULL - Agenda","article_modified_time":"2025-03-19T10:08:46+00:00","og_image":[{"width":750,"height":370,"url":"https:\/\/www.ull.es\/portal\/agenda\/wp-content\/uploads\/sites\/12\/2025\/02\/BannerBiodiversidad-1.jpg","type":"image\/jpeg"}],"twitter_card":"summary_large_image","twitter_misc":{"Tiempo de lectura":"3 minutos"},"schema":{"@context":"https:\/\/schema.org","@graph":[{"@type":"WebPage","@id":"https:\/\/www.ull.es\/portal\/agenda\/evento\/biodiversidad-canaria-en-la-educacion-conocer-para-respetar-y-respetar-para-conservar\/","url":"https:\/\/www.ull.es\/portal\/agenda\/evento\/biodiversidad-canaria-en-la-educacion-conocer-para-respetar-y-respetar-para-conservar\/","name":"Biodiversidad Canaria en la Educaci\u00f3n: Conocer para Respetar y Respetar para Conservar - ULL - Agenda","isPartOf":{"@id":"https:\/\/www.ull.es\/portal\/agenda\/#website"},"datePublished":"2025-02-11T11:35:14+00:00","dateModified":"2025-03-19T10:08:46+00:00","breadcrumb":{"@id":"https:\/\/www.ull.es\/portal\/agenda\/evento\/biodiversidad-canaria-en-la-educacion-conocer-para-respetar-y-respetar-para-conservar\/#breadcrumb"},"inLanguage":"es","potentialAction":[{"@type":"ReadAction","target":["https:\/\/www.ull.es\/portal\/agenda\/evento\/biodiversidad-canaria-en-la-educacion-conocer-para-respetar-y-respetar-para-conservar\/"]}]},{"@type":"BreadcrumbList","@id":"https:\/\/www.ull.es\/portal\/agenda\/evento\/biodiversidad-canaria-en-la-educacion-conocer-para-respetar-y-respetar-para-conservar\/#breadcrumb","itemListElement":[{"@type":"ListItem","position":1,"name":"Portada","item":"https:\/\/www.ull.es\/portal\/agenda\/"},{"@type":"ListItem","position":2,"name":"Biodiversidad Canaria en la Educaci\u00f3n: Conocer para Respetar y Respetar para Conservar"}]},{"@type":"WebSite","@id":"https:\/\/www.ull.es\/portal\/agenda\/#website","url":"https:\/\/www.ull.es\/portal\/agenda\/","name":"ULL - Agenda","description":"","potentialAction":[{"@type":"SearchAction","target":{"@type":"EntryPoint","urlTemplate":"https:\/\/www.ull.es\/portal\/agenda\/?s={search_term_string}"},"query-input":"required name=search_term_string"}],"inLanguage":"es"}]}},"_links":{"self":[{"href":"https:\/\/www.ull.es\/portal\/agenda\/wp-json\/wp\/v2\/tribe_events\/40651"}],"collection":[{"href":"https:\/\/www.ull.es\/portal\/agenda\/wp-json\/wp\/v2\/tribe_events"}],"about":[{"href":"https:\/\/www.ull.es\/portal\/agenda\/wp-json\/wp\/v2\/types\/tribe_events"}],"author":[{"embeddable":true,"href":"https:\/\/www.ull.es\/portal\/agenda\/wp-json\/wp\/v2\/users\/43"}],"replies":[{"embeddable":true,"href":"https:\/\/www.ull.es\/portal\/agenda\/wp-json\/wp\/v2\/comments?post=40651"}],"version-history":[{"count":8,"href":"https:\/\/www.ull.es\/portal\/agenda\/wp-json\/wp\/v2\/tribe_events\/40651\/revisions"}],"predecessor-version":[{"id":41599,"href":"https:\/\/www.ull.es\/portal\/agenda\/wp-json\/wp\/v2\/tribe_events\/40651\/revisions\/41599"}],"wp:featuredmedia":[{"embeddable":true,"href":"https:\/\/www.ull.es\/portal\/agenda\/wp-json\/wp\/v2\/media\/40656"}],"wp:attachment":[{"href":"https:\/\/www.ull.es\/portal\/agenda\/wp-json\/wp\/v2\/media?parent=40651"}],"wp:term":[{"taxonomy":"post_tag","embeddable":true,"href":"https:\/\/www.ull.es\/portal\/agenda\/wp-json\/wp\/v2\/tags?post=40651"},{"taxonomy":"tribe_events_cat","embeddable":true,"href":"https:\/\/www.ull.es\/portal\/agenda\/wp-json\/wp\/v2\/tribe_events_cat?post=40651"}],"curies":[{"name":"wp","href":"https:\/\/api.w.org\/{rel}","templated":true}]}}

Biodiversidad Canaria en la Educación: Conocer para Respetar y Respetar para Conservar

<p>El curso <em>«Biodiversidad Canaria en la Educación: Conocer para Respetar y Respetar para Conservar»</em> se celebrará entre el 20 de marzo y 10 de abril de 2025 en el Campus Central de la Universidad de La Laguna, con salidas a Campo Playa Grande Porís de Abona y al Parque Nacional del Teide.</p>
<p>El objetivo principal del curso es crear un conocimiento de la Biodiversidad Canaria y la importancia de esta como recurso natural y educativo. Las islas Canarias, también conocidas como Las Galápagos de Europa, son un laboratorio de vida y queremos dar a conocer parte de este patrimonio natural y además crear herramientas para protegerla.</p>
<p>Objetivos específicos:</p>
<ul>
<li>Conocer la biodiversidad de las islas Canarias como patrimonio natural único: Fomentar el aprendizaje sobre la riqueza biológica del archipiélago, destacando su importancia ecológica, cultural y educativa.</li>
<li>Promover la conservación y sostenibilidad del entorno natural: Sensibilizar al alumnado sobre los retos de la conservación de la biodiversidad y la necesidad de implementar acciones sostenibles.</li>
<li>Desarrollar recursos didácticos innovadores para la educación ambiental: Capacitar a los participantes en la creación de herramientas pedagógicas que permitan transmitir el valor de la biodiversidad en contextos de educación formal y no formal.</li>
<li>Incentivar el respeto y la valoración del patrimonio natural: Generar actitudes responsables hacia la protección de los ecosistemas locales y la flora endémica.</li>
<li>Aplicar el conocimiento de la flora canaria en proyectos prácticos: Enseñar el uso de la flora autóctona en restauración ecológica, jardinería sostenible y paisajismo, como forma de integrar la biodiversidad en soluciones ambientales.</li>
<li>Fomentar el aprendizaje activo mediante experiencias en la naturaleza: Potenciar el contacto directo con diferentes ecosistemas canarios como una herramienta para aprender, reflexionar y actuar a favor del medioambiente.</li>
<li>Desarrollar valores éticos y compromiso social hacia la biodiversidad: Impulsar la formación de agentes de cambio que contribuyan a la preservación del patrimonio natural y la sostenibilidad en su entorno.</li>
</ul>
<p>El curso está dirigido a los estudiantes de la Universidad de La Laguna y a la población no universitaria.</p>
<p>Dirección académica: Sara González Pérez. Profesora contratada doctora, Departamento de Didácticas Específicas de la Universidad de La Laguna.</p>
<p><strong>CERTIFICADO DE ASISTENCIA, APTITUD Y RECONOCIMIENTO POR CRÉDITO ECTS</strong></p>
<p>La Universidad de La Laguna, a través del Vicerrectorado de Cultura y Extensión Universitaria, emitirá un certificado de asistencia a todas aquellas personas que asistan a un mínimo del 80% de las horas lectivas presenciales. Asimismo, aquellas personas que superen el trabajo autónomo del alumnado, recibirán un certificado de asistencia y aprovechamiento, reconocible a su vez por 2 créditos ECTS.</p>
<p>Asistencia gratuita previa inscripción. <a href="https://sede.fg.ull.es/es/curso/detalle?code=a25020023&amp;name=biodiversidad-canaria-en-la-educacion-conocer-para-respetar-y-respetar-para-conservar&amp;query=%3Fcode%3DA25020023" target="_blank" rel="noopener" target="_blank" rel="noopener"><strong><u>Inscríbete aquí.</u></strong></a></p>
<p><span style="color: #ff0000;"><strong>¡PLAZAS AGOTADAS!</strong></span></p>
<p><strong>Contacto: </strong><a href="mailto:extuni@ull.edu.es" target="_blank" rel="noopener" target="_blank" rel="noopener"><strong>extuni@ull.es</strong></a></p>
<p>Organizan: Facultad de Educación, Sección de Biología de la Facultad de Ciencias, Servicio de Parques y Jardines, Cátedra de Medio Ambiente y Desarrollo Sostenible Cabildo de Tenerife &#8211; ULL, Aula Cultural de Jardinería, Biodiversidad y Permacultura y Cátedra Cultural Científica Jardín Botánico Wolfredo Wildpret.</p>
<p>Colabora: Ayuntamiento de La Laguna.</p>

<p>El curso «Biodiversidad Canaria en la Educación: Conocer para Respetar y Respetar para Conservar» se celebrará entre el 20 de marzo y 10 de abril de 2025 en el Campus Central de la Universidad de La Laguna, con salidas a Campo Playa Grande Porís de Abona y al Parque Nacional del Teide. El objetivo principal&#8230;</p>

<!-- This site is optimized with the Yoast SEO plugin v21.3 - https://yoast.com/wordpress/plugins/seo/ -->
<title>Biodiversidad Canaria en la Educación: Conocer para Respetar y Respetar para Conservar - ULL - Agenda</title>
<meta name="robots" content="index, follow, max-snippet:-1, max-image-preview:large, max-video-preview:-1" />
<link rel="canonical" href="https://www.ull.es/portal/agenda/evento/biodiversidad-canaria-en-la-educacion-conocer-para-respetar-y-respetar-para-conservar/" />
<meta property="og:locale" content="es_ES" />
<meta property="og:type" content="article" />
<meta property="og:title" content="Biodiversidad Canaria en la Educación: Conocer para Respetar y Respetar para Conservar - ULL - Agenda" />
<meta property="og:description" content="El curso «Biodiversidad Canaria en la Educación: Conocer para Respetar y Respetar para Conservar» se celebrará entre el 20 de marzo y 10 de abril de 2025 en el Campus Central de la Universidad de La Laguna, con salidas a Campo Playa Grande Porís de Abona y al Parque Nacional del Teide. El objetivo principal..." />
<meta property="og:url" content="https://www.ull.es/portal/agenda/evento/biodiversidad-canaria-en-la-educacion-conocer-para-respetar-y-respetar-para-conservar/" />
<meta property="og:site_name" content="ULL - Agenda" />
<meta property="article:modified_time" content="2025-03-19T10:08:46+00:00" />
<meta property="og:image" content="https://www.ull.es/portal/agenda/wp-content/uploads/sites/12/2025/02/BannerBiodiversidad-1.jpg" />
	<meta property="og:image:width" content="750" />
	<meta property="og:image:height" content="370" />
	<meta property="og:image:type" content="image/jpeg" />
<meta name="twitter:card" content="summary_large_image" />
<meta name="twitter:label1" content="Tiempo de lectura" />
	<meta name="twitter:data1" content="3 minutos" />
<script type="application/ld+json" class="yoast-schema-graph">{"@context":"https://schema.org","@graph":[{"@type":"WebPage","@id":"https://www.ull.es/portal/agenda/evento/biodiversidad-canaria-en-la-educacion-conocer-para-respetar-y-respetar-para-conservar/","url":"https://www.ull.es/portal/agenda/evento/biodiversidad-canaria-en-la-educacion-conocer-para-respetar-y-respetar-para-conservar/","name":"Biodiversidad Canaria en la Educación: Conocer para Respetar y Respetar para Conservar - ULL - Agenda","isPartOf":{"@id":"https://www.ull.es/portal/agenda/#website"},"datePublished":"2025-02-11T11:35:14+00:00","dateModified":"2025-03-19T10:08:46+00:00","breadcrumb":{"@id":"https://www.ull.es/portal/agenda/evento/biodiversidad-canaria-en-la-educacion-conocer-para-respetar-y-respetar-para-conservar/#breadcrumb"},"inLanguage":"es","potentialAction":[{"@type":"ReadAction","target":["https://www.ull.es/portal/agenda/evento/biodiversidad-canaria-en-la-educacion-conocer-para-respetar-y-respetar-para-conservar/"]}]},{"@type":"BreadcrumbList","@id":"https://www.ull.es/portal/agenda/evento/biodiversidad-canaria-en-la-educacion-conocer-para-respetar-y-respetar-para-conservar/#breadcrumb","itemListElement":[{"@type":"ListItem","position":1,"name":"Portada","item":"https://www.ull.es/portal/agenda/"},{"@type":"ListItem","position":2,"name":"Biodiversidad Canaria en la Educación: Conocer para Respetar y Respetar para Conservar"}]},{"@type":"WebSite","@id":"https://www.ull.es/portal/agenda/#website","url":"https://www.ull.es/portal/agenda/","name":"ULL - Agenda","description":"","potentialAction":[{"@type":"SearchAction","target":{"@type":"EntryPoint","urlTemplate":"https://www.ull.es/portal/agenda/?s={search_term_string}"},"query-input":"required name=search_term_string"}],"inLanguage":"es"}]}</script>
<!-- / Yoast SEO plugin. -->

Biodiversidad Canaria en la Educación: Conocer para Respetar y Respetar para Conservar - ULL - Agenda

El curso «Biodiversidad Canaria en la Educación: Conocer para Respetar y Respetar para Conservar» se celebrará entre el 20 de marzo y 10 de abril de 2025 en el Campus Central de la Universidad de La Laguna, con salidas a Campo Playa Grande Porís de Abona y al Parque Nacional del Teide. El objetivo principal...
