{"id":40891,"date":"2025-02-21T09:57:16","date_gmt":"2025-02-21T09:57:16","guid":{"rendered":"https:\/\/www.ull.es\/portal\/agenda\/?post_type=tribe_events&#038;p=40891"},"modified":"2025-02-21T09:59:15","modified_gmt":"2025-02-21T09:59:15","slug":"community-manager-gestion-desarrollo-y-mantenimiento-de-comunidades-virtuales-11","status":"publish","type":"tribe_events","link":"https:\/\/www.ull.es\/portal\/agenda\/evento\/community-manager-gestion-desarrollo-y-mantenimiento-de-comunidades-virtuales-11\/","title":{"rendered":"Community Manager: Gesti\u00f3n, desarrollo y mantenimiento de comunidades virtuales"},"content":{"rendered":"<div class=\"tribe-events-single-event-description tribe-events-content\">\n<p>El curso\u00a0<em>\u00abCommunity Manager: Gesti\u00f3n, desarrollo y mantenimiento de comunidades virtuales\u00bb<\/em>\u00a0forma parte de la programaci\u00f3n de los Cursos de Extensi\u00f3n Universitaria 2025\u00a0<a href=\"https:\/\/www.ull.es\/cultura\/cursos-extension-universitaria\/formacionparacrecer\/\" target=\"_blank\" rel=\"noopener noreferrer\" target=\"_blank\" rel=\"noopener\"><strong>\u00abFormaci\u00f3n para crecer\u00bb.<\/strong><\/a> El mismo se celebrar\u00e1 en modalidad online los d\u00edas 19 al 23 de mayo de mayo en horario de 17:00 a 21:00 horas.<\/p>\n<\/div>\n<p>Esta formaci\u00f3n proporciona las bases para introducirse en la gesti\u00f3n y crecimiento de comunidades virtuales como una de las formas primordiales de tener presencia en el mundo digital desde una perspectiva eminentemente pr\u00e1ctica y orientada al desarrollo profesional. Los objetivos espec\u00edficos son los siguientes:<br \/>\n&#8211; Dar al alumnado las capacidades de crear, desarrollar y mantener comunidades virtuales.<br \/>\n&#8211; Adquirir una visi\u00f3n clara sobre las redes sociales, sus aplicaciones, capacidades y gesti\u00f3n para el desarrollo de la imagen de marcas comerciales y personales, as\u00ed como de profesionales.<br \/>\n&#8211; Aprender a definir y ejecutar una estrategia eficaz para el uso de herramientas digitales a trav\u00e9s de las t\u00e9cnicas y m\u00e9tricas aplicadas en el mundo del marketing digital.<\/p>\n<p>A qui\u00e9n va dirigido:<\/p>\n<p>&#8211; Estudiantes y personas tituladas en educaci\u00f3n superior interesadas en adquirir competencias para el desarrollo de su marca personal como profesional para la mejora de su situaci\u00f3n laboral. &#8211; Personas que quieran adquirir competencias tecnol\u00f3gicas tan demandadas como las prove\u00eddas por este curso a su perfil profesional. &#8211; Personas interesadas en el mundo de las nuevas tecnolog\u00edas y entornos digitales. &#8211; Personas y profesionales interesados en introducirse en las posibilidades de desarrollo de su imagen de marca en redes sociales. &#8211; Empresarios y\/o responsables de PYMES y aut\u00f3nomos que quieren obtener capacidades en Social Media y gesti\u00f3n de informaci\u00f3n en redes sociales.<\/p>\n<div class=\"row\">\n<div class=\"col-md-9\">Direcci\u00f3n acad\u00e9mica: Christopher Juan Exp\u00f3sito Izquierdo. Profesor Ayudante Doctor, Departamento de Ingenier\u00eda Inform\u00e1tica y Sistemas de la Universidad de La Laguna.<\/div>\n<\/div>\n<div class=\"tribe-events-single-event-description tribe-events-content\">\n<p>&nbsp;<\/p>\n<p><strong>CERTIFICADO DE ASISTENCIA, APTITUD Y RECONOCIMIENTO POR CR\u00c9DITO ECTS<\/strong><\/p>\n<div class=\"tribe-events-single-event-description tribe-events-content\">\n<p>La Universidad de La Laguna, a trav\u00e9s del Vicerrectorado de Cultura y Extensi\u00f3n Universitaria, emitir\u00e1 un certificado de asistencia a todas aquellas personas que participen en un m\u00ednimo del 80% de las horas lectivas. Asimismo, aquellas personas que superen el trabajo aut\u00f3nomo del alumnado, recibir\u00e1n un certificado de asistencia y aprovechamiento, reconocible a su vez por 2 cr\u00e9ditos ECTS.<\/p>\n<\/div>\n<div class=\"tribe-events-single-event-description tribe-events-content\">\n<p><a href=\"https:\/\/sede.fg.ull.es\/es\/curso\/detalle?code=a25020034&amp;name=community-manager-gestion-desarrollo-y-mantenimiento-de-comunidades-virtuales&amp;query=%3Fcode%3DA25020034\" target=\"_blank\" rel=\"noopener\" target=\"_blank\" rel=\"noopener\"><strong><u>Consulta el programa e inscr\u00edbete aqu\u00ed.<\/u><\/strong><\/a><\/p>\n<p><strong>Contacto:\u00a0<\/strong><strong><a href=\"mailto:extuni@ull.edu.es\" target=\"_blank\" rel=\"noopener\" target=\"_blank\" rel=\"noopener\">extuni@ull.es<\/a><\/strong><\/p>\n<\/div>\n<\/div>\n","protected":false},"excerpt":{"rendered":"<p>El curso\u00a0\u00abCommunity Manager: Gesti\u00f3n, desarrollo y mantenimiento de comunidades virtuales\u00bb\u00a0forma parte de la programaci\u00f3n de los Cursos de Extensi\u00f3n Universitaria 2025\u00a0\u00abFormaci\u00f3n para crecer\u00bb. El mismo se celebrar\u00e1 en modalidad online los d\u00edas 19 al 23 de mayo de mayo en horario de 17:00 a 21:00 horas. Esta formaci\u00f3n proporciona las bases para introducirse en la&#8230;<\/p>\n","protected":false},"author":43,"featured_media":40892,"comment_status":"closed","ping_status":"closed","template":"","tags":[4259,977,3812,3751],"tribe_events_cat":[472,470,4,186],"acf":[],"yoast_head":"<!-- This site is optimized with the Yoast SEO plugin v21.3 - https:\/\/yoast.com\/wordpress\/plugins\/seo\/ -->\n<title>Community Manager: Gesti\u00f3n, desarrollo y mantenimiento de comunidades virtuales - ULL - Agenda<\/title>\n<meta name=\"robots\" content=\"index, follow, max-snippet:-1, max-image-preview:large, max-video-preview:-1\" \/>\n<link rel=\"canonical\" href=\"https:\/\/www.ull.es\/portal\/agenda\/evento\/community-manager-gestion-desarrollo-y-mantenimiento-de-comunidades-virtuales-11\/\" \/>\n<meta property=\"og:locale\" content=\"es_ES\" \/>\n<meta property=\"og:type\" content=\"article\" \/>\n<meta property=\"og:title\" content=\"Community Manager: Gesti\u00f3n, desarrollo y mantenimiento de comunidades virtuales - ULL - Agenda\" \/>\n<meta property=\"og:description\" content=\"El curso\u00a0\u00abCommunity Manager: Gesti\u00f3n, desarrollo y mantenimiento de comunidades virtuales\u00bb\u00a0forma parte de la programaci\u00f3n de los Cursos de Extensi\u00f3n Universitaria 2025\u00a0\u00abFormaci\u00f3n para crecer\u00bb. El mismo se celebrar\u00e1 en modalidad online los d\u00edas 19 al 23 de mayo de mayo en horario de 17:00 a 21:00 horas. Esta formaci\u00f3n proporciona las bases para introducirse en la...\" \/>\n<meta property=\"og:url\" content=\"https:\/\/www.ull.es\/portal\/agenda\/evento\/community-manager-gestion-desarrollo-y-mantenimiento-de-comunidades-virtuales-11\/\" \/>\n<meta property=\"og:site_name\" content=\"ULL - Agenda\" \/>\n<meta property=\"article:modified_time\" content=\"2025-02-21T09:59:15+00:00\" \/>\n<meta property=\"og:image\" content=\"https:\/\/www.ull.es\/portal\/agenda\/wp-content\/uploads\/sites\/12\/2025\/02\/BannerCommunityManager.png\" \/>\n\t<meta property=\"og:image:width\" content=\"750\" \/>\n\t<meta property=\"og:image:height\" content=\"350\" \/>\n\t<meta property=\"og:image:type\" content=\"image\/png\" \/>\n<meta name=\"twitter:card\" content=\"summary_large_image\" \/>\n<meta name=\"twitter:label1\" content=\"Tiempo de lectura\" \/>\n\t<meta name=\"twitter:data1\" content=\"2 minutos\" \/>\n<script type=\"application\/ld+json\" class=\"yoast-schema-graph\">{\"@context\":\"https:\/\/schema.org\",\"@graph\":[{\"@type\":\"WebPage\",\"@id\":\"https:\/\/www.ull.es\/portal\/agenda\/evento\/community-manager-gestion-desarrollo-y-mantenimiento-de-comunidades-virtuales-11\/\",\"url\":\"https:\/\/www.ull.es\/portal\/agenda\/evento\/community-manager-gestion-desarrollo-y-mantenimiento-de-comunidades-virtuales-11\/\",\"name\":\"Community Manager: Gesti\u00f3n, desarrollo y mantenimiento de comunidades virtuales - ULL - Agenda\",\"isPartOf\":{\"@id\":\"https:\/\/www.ull.es\/portal\/agenda\/#website\"},\"datePublished\":\"2025-02-21T09:57:16+00:00\",\"dateModified\":\"2025-02-21T09:59:15+00:00\",\"breadcrumb\":{\"@id\":\"https:\/\/www.ull.es\/portal\/agenda\/evento\/community-manager-gestion-desarrollo-y-mantenimiento-de-comunidades-virtuales-11\/#breadcrumb\"},\"inLanguage\":\"es\",\"potentialAction\":[{\"@type\":\"ReadAction\",\"target\":[\"https:\/\/www.ull.es\/portal\/agenda\/evento\/community-manager-gestion-desarrollo-y-mantenimiento-de-comunidades-virtuales-11\/\"]}]},{\"@type\":\"BreadcrumbList\",\"@id\":\"https:\/\/www.ull.es\/portal\/agenda\/evento\/community-manager-gestion-desarrollo-y-mantenimiento-de-comunidades-virtuales-11\/#breadcrumb\",\"itemListElement\":[{\"@type\":\"ListItem\",\"position\":1,\"name\":\"Portada\",\"item\":\"https:\/\/www.ull.es\/portal\/agenda\/\"},{\"@type\":\"ListItem\",\"position\":2,\"name\":\"Community Manager: Gesti\u00f3n, desarrollo y mantenimiento de comunidades virtuales\"}]},{\"@type\":\"WebSite\",\"@id\":\"https:\/\/www.ull.es\/portal\/agenda\/#website\",\"url\":\"https:\/\/www.ull.es\/portal\/agenda\/\",\"name\":\"ULL - Agenda\",\"description\":\"\",\"potentialAction\":[{\"@type\":\"SearchAction\",\"target\":{\"@type\":\"EntryPoint\",\"urlTemplate\":\"https:\/\/www.ull.es\/portal\/agenda\/?s={search_term_string}\"},\"query-input\":\"required name=search_term_string\"}],\"inLanguage\":\"es\"}]}<\/script>\n<!-- \/ Yoast SEO plugin. -->","yoast_head_json":{"title":"Community Manager: Gesti\u00f3n, desarrollo y mantenimiento de comunidades virtuales - ULL - Agenda","robots":{"index":"index","follow":"follow","max-snippet":"max-snippet:-1","max-image-preview":"max-image-preview:large","max-video-preview":"max-video-preview:-1"},"canonical":"https:\/\/www.ull.es\/portal\/agenda\/evento\/community-manager-gestion-desarrollo-y-mantenimiento-de-comunidades-virtuales-11\/","og_locale":"es_ES","og_type":"article","og_title":"Community Manager: Gesti\u00f3n, desarrollo y mantenimiento de comunidades virtuales - ULL - Agenda","og_description":"El curso\u00a0\u00abCommunity Manager: Gesti\u00f3n, desarrollo y mantenimiento de comunidades virtuales\u00bb\u00a0forma parte de la programaci\u00f3n de los Cursos de Extensi\u00f3n Universitaria 2025\u00a0\u00abFormaci\u00f3n para crecer\u00bb. El mismo se celebrar\u00e1 en modalidad online los d\u00edas 19 al 23 de mayo de mayo en horario de 17:00 a 21:00 horas. Esta formaci\u00f3n proporciona las bases para introducirse en la...","og_url":"https:\/\/www.ull.es\/portal\/agenda\/evento\/community-manager-gestion-desarrollo-y-mantenimiento-de-comunidades-virtuales-11\/","og_site_name":"ULL - Agenda","article_modified_time":"2025-02-21T09:59:15+00:00","og_image":[{"width":750,"height":350,"url":"https:\/\/www.ull.es\/portal\/agenda\/wp-content\/uploads\/sites\/12\/2025\/02\/BannerCommunityManager.png","type":"image\/png"}],"twitter_card":"summary_large_image","twitter_misc":{"Tiempo de lectura":"2 minutos"},"schema":{"@context":"https:\/\/schema.org","@graph":[{"@type":"WebPage","@id":"https:\/\/www.ull.es\/portal\/agenda\/evento\/community-manager-gestion-desarrollo-y-mantenimiento-de-comunidades-virtuales-11\/","url":"https:\/\/www.ull.es\/portal\/agenda\/evento\/community-manager-gestion-desarrollo-y-mantenimiento-de-comunidades-virtuales-11\/","name":"Community Manager: Gesti\u00f3n, desarrollo y mantenimiento de comunidades virtuales - ULL - Agenda","isPartOf":{"@id":"https:\/\/www.ull.es\/portal\/agenda\/#website"},"datePublished":"2025-02-21T09:57:16+00:00","dateModified":"2025-02-21T09:59:15+00:00","breadcrumb":{"@id":"https:\/\/www.ull.es\/portal\/agenda\/evento\/community-manager-gestion-desarrollo-y-mantenimiento-de-comunidades-virtuales-11\/#breadcrumb"},"inLanguage":"es","potentialAction":[{"@type":"ReadAction","target":["https:\/\/www.ull.es\/portal\/agenda\/evento\/community-manager-gestion-desarrollo-y-mantenimiento-de-comunidades-virtuales-11\/"]}]},{"@type":"BreadcrumbList","@id":"https:\/\/www.ull.es\/portal\/agenda\/evento\/community-manager-gestion-desarrollo-y-mantenimiento-de-comunidades-virtuales-11\/#breadcrumb","itemListElement":[{"@type":"ListItem","position":1,"name":"Portada","item":"https:\/\/www.ull.es\/portal\/agenda\/"},{"@type":"ListItem","position":2,"name":"Community Manager: Gesti\u00f3n, desarrollo y mantenimiento de comunidades virtuales"}]},{"@type":"WebSite","@id":"https:\/\/www.ull.es\/portal\/agenda\/#website","url":"https:\/\/www.ull.es\/portal\/agenda\/","name":"ULL - Agenda","description":"","potentialAction":[{"@type":"SearchAction","target":{"@type":"EntryPoint","urlTemplate":"https:\/\/www.ull.es\/portal\/agenda\/?s={search_term_string}"},"query-input":"required name=search_term_string"}],"inLanguage":"es"}]}},"_links":{"self":[{"href":"https:\/\/www.ull.es\/portal\/agenda\/wp-json\/wp\/v2\/tribe_events\/40891"}],"collection":[{"href":"https:\/\/www.ull.es\/portal\/agenda\/wp-json\/wp\/v2\/tribe_events"}],"about":[{"href":"https:\/\/www.ull.es\/portal\/agenda\/wp-json\/wp\/v2\/types\/tribe_events"}],"author":[{"embeddable":true,"href":"https:\/\/www.ull.es\/portal\/agenda\/wp-json\/wp\/v2\/users\/43"}],"replies":[{"embeddable":true,"href":"https:\/\/www.ull.es\/portal\/agenda\/wp-json\/wp\/v2\/comments?post=40891"}],"version-history":[{"count":4,"href":"https:\/\/www.ull.es\/portal\/agenda\/wp-json\/wp\/v2\/tribe_events\/40891\/revisions"}],"predecessor-version":[{"id":40896,"href":"https:\/\/www.ull.es\/portal\/agenda\/wp-json\/wp\/v2\/tribe_events\/40891\/revisions\/40896"}],"wp:featuredmedia":[{"embeddable":true,"href":"https:\/\/www.ull.es\/portal\/agenda\/wp-json\/wp\/v2\/media\/40892"}],"wp:attachment":[{"href":"https:\/\/www.ull.es\/portal\/agenda\/wp-json\/wp\/v2\/media?parent=40891"}],"wp:term":[{"taxonomy":"post_tag","embeddable":true,"href":"https:\/\/www.ull.es\/portal\/agenda\/wp-json\/wp\/v2\/tags?post=40891"},{"taxonomy":"tribe_events_cat","embeddable":true,"href":"https:\/\/www.ull.es\/portal\/agenda\/wp-json\/wp\/v2\/tribe_events_cat?post=40891"}],"curies":[{"name":"wp","href":"https:\/\/api.w.org\/{rel}","templated":true}]}}

Community Manager: Gestión, desarrollo y mantenimiento de comunidades virtuales

<div class="tribe-events-single-event-description tribe-events-content">
<p>El curso <em>«Community Manager: Gestión, desarrollo y mantenimiento de comunidades virtuales»</em> forma parte de la programación de los Cursos de Extensión Universitaria 2025 <a href="https://www.ull.es/cultura/cursos-extension-universitaria/formacionparacrecer/" target="_blank" rel="noopener noreferrer" target="_blank" rel="noopener"><strong>«Formación para crecer».</strong></a> El mismo se celebrará en modalidad online los días 19 al 23 de mayo de mayo en horario de 17:00 a 21:00 horas.</p>
</div>
<p>Esta formación proporciona las bases para introducirse en la gestión y crecimiento de comunidades virtuales como una de las formas primordiales de tener presencia en el mundo digital desde una perspectiva eminentemente práctica y orientada al desarrollo profesional. Los objetivos específicos son los siguientes:<br />
&#8211; Dar al alumnado las capacidades de crear, desarrollar y mantener comunidades virtuales.<br />
&#8211; Adquirir una visión clara sobre las redes sociales, sus aplicaciones, capacidades y gestión para el desarrollo de la imagen de marcas comerciales y personales, así como de profesionales.<br />
&#8211; Aprender a definir y ejecutar una estrategia eficaz para el uso de herramientas digitales a través de las técnicas y métricas aplicadas en el mundo del marketing digital.</p>
<p>A quién va dirigido:</p>
<p>&#8211; Estudiantes y personas tituladas en educación superior interesadas en adquirir competencias para el desarrollo de su marca personal como profesional para la mejora de su situación laboral. &#8211; Personas que quieran adquirir competencias tecnológicas tan demandadas como las proveídas por este curso a su perfil profesional. &#8211; Personas interesadas en el mundo de las nuevas tecnologías y entornos digitales. &#8211; Personas y profesionales interesados en introducirse en las posibilidades de desarrollo de su imagen de marca en redes sociales. &#8211; Empresarios y/o responsables de PYMES y autónomos que quieren obtener capacidades en Social Media y gestión de información en redes sociales.</p>
<div class="row">
<div class="col-md-9">Dirección académica: Christopher Juan Expósito Izquierdo. Profesor Ayudante Doctor, Departamento de Ingeniería Informática y Sistemas de la Universidad de La Laguna.</div>
</div>
<div class="tribe-events-single-event-description tribe-events-content">
<p>&nbsp;</p>
<p><strong>CERTIFICADO DE ASISTENCIA, APTITUD Y RECONOCIMIENTO POR CRÉDITO ECTS</strong></p>
<div class="tribe-events-single-event-description tribe-events-content">
<p>La Universidad de La Laguna, a través del Vicerrectorado de Cultura y Extensión Universitaria, emitirá un certificado de asistencia a todas aquellas personas que participen en un mínimo del 80% de las horas lectivas. Asimismo, aquellas personas que superen el trabajo autónomo del alumnado, recibirán un certificado de asistencia y aprovechamiento, reconocible a su vez por 2 créditos ECTS.</p>
</div>
<div class="tribe-events-single-event-description tribe-events-content">
<p><a href="https://sede.fg.ull.es/es/curso/detalle?code=a25020034&amp;name=community-manager-gestion-desarrollo-y-mantenimiento-de-comunidades-virtuales&amp;query=%3Fcode%3DA25020034" target="_blank" rel="noopener" target="_blank" rel="noopener"><strong><u>Consulta el programa e inscríbete aquí.</u></strong></a></p>
<p><strong>Contacto: </strong><strong><a href="mailto:extuni@ull.edu.es" target="_blank" rel="noopener" target="_blank" rel="noopener">extuni@ull.es</a></strong></p>
</div>
</div>

<p>El curso «Community Manager: Gestión, desarrollo y mantenimiento de comunidades virtuales» forma parte de la programación de los Cursos de Extensión Universitaria 2025 «Formación para crecer». El mismo se celebrará en modalidad online los días 19 al 23 de mayo de mayo en horario de 17:00 a 21:00 horas. Esta formación proporciona las bases para introducirse en la&#8230;</p>

<!-- This site is optimized with the Yoast SEO plugin v21.3 - https://yoast.com/wordpress/plugins/seo/ -->
<title>Community Manager: Gestión, desarrollo y mantenimiento de comunidades virtuales - ULL - Agenda</title>
<meta name="robots" content="index, follow, max-snippet:-1, max-image-preview:large, max-video-preview:-1" />
<link rel="canonical" href="https://www.ull.es/portal/agenda/evento/community-manager-gestion-desarrollo-y-mantenimiento-de-comunidades-virtuales-11/" />
<meta property="og:locale" content="es_ES" />
<meta property="og:type" content="article" />
<meta property="og:title" content="Community Manager: Gestión, desarrollo y mantenimiento de comunidades virtuales - ULL - Agenda" />
<meta property="og:description" content="El curso «Community Manager: Gestión, desarrollo y mantenimiento de comunidades virtuales» forma parte de la programación de los Cursos de Extensión Universitaria 2025 «Formación para crecer». El mismo se celebrará en modalidad online los días 19 al 23 de mayo de mayo en horario de 17:00 a 21:00 horas. Esta formación proporciona las bases para introducirse en la..." />
<meta property="og:url" content="https://www.ull.es/portal/agenda/evento/community-manager-gestion-desarrollo-y-mantenimiento-de-comunidades-virtuales-11/" />
<meta property="og:site_name" content="ULL - Agenda" />
<meta property="article:modified_time" content="2025-02-21T09:59:15+00:00" />
<meta property="og:image" content="https://www.ull.es/portal/agenda/wp-content/uploads/sites/12/2025/02/BannerCommunityManager.png" />
	<meta property="og:image:width" content="750" />
	<meta property="og:image:height" content="350" />
	<meta property="og:image:type" content="image/png" />
<meta name="twitter:card" content="summary_large_image" />
<meta name="twitter:label1" content="Tiempo de lectura" />
	<meta name="twitter:data1" content="2 minutos" />
<script type="application/ld+json" class="yoast-schema-graph">{"@context":"https://schema.org","@graph":[{"@type":"WebPage","@id":"https://www.ull.es/portal/agenda/evento/community-manager-gestion-desarrollo-y-mantenimiento-de-comunidades-virtuales-11/","url":"https://www.ull.es/portal/agenda/evento/community-manager-gestion-desarrollo-y-mantenimiento-de-comunidades-virtuales-11/","name":"Community Manager: Gestión, desarrollo y mantenimiento de comunidades virtuales - ULL - Agenda","isPartOf":{"@id":"https://www.ull.es/portal/agenda/#website"},"datePublished":"2025-02-21T09:57:16+00:00","dateModified":"2025-02-21T09:59:15+00:00","breadcrumb":{"@id":"https://www.ull.es/portal/agenda/evento/community-manager-gestion-desarrollo-y-mantenimiento-de-comunidades-virtuales-11/#breadcrumb"},"inLanguage":"es","potentialAction":[{"@type":"ReadAction","target":["https://www.ull.es/portal/agenda/evento/community-manager-gestion-desarrollo-y-mantenimiento-de-comunidades-virtuales-11/"]}]},{"@type":"BreadcrumbList","@id":"https://www.ull.es/portal/agenda/evento/community-manager-gestion-desarrollo-y-mantenimiento-de-comunidades-virtuales-11/#breadcrumb","itemListElement":[{"@type":"ListItem","position":1,"name":"Portada","item":"https://www.ull.es/portal/agenda/"},{"@type":"ListItem","position":2,"name":"Community Manager: Gestión, desarrollo y mantenimiento de comunidades virtuales"}]},{"@type":"WebSite","@id":"https://www.ull.es/portal/agenda/#website","url":"https://www.ull.es/portal/agenda/","name":"ULL - Agenda","description":"","potentialAction":[{"@type":"SearchAction","target":{"@type":"EntryPoint","urlTemplate":"https://www.ull.es/portal/agenda/?s={search_term_string}"},"query-input":"required name=search_term_string"}],"inLanguage":"es"}]}</script>
<!-- / Yoast SEO plugin. -->

Community Manager: Gestión, desarrollo y mantenimiento de comunidades virtuales - ULL - Agenda

El curso «Community Manager: Gestión, desarrollo y mantenimiento de comunidades virtuales» forma parte de la programación de los Cursos de Extensión Universitaria 2025 «Formación para crecer». El mismo se celebrará en modalidad online los días 19 al 23 de mayo de mayo en horario de 17:00 a 21:00 horas. Esta formación proporciona las bases para introducirse en la...
