{"id":40998,"date":"2025-02-25T09:36:32","date_gmt":"2025-02-25T09:36:32","guid":{"rendered":"https:\/\/www.ull.es\/portal\/agenda\/?post_type=tribe_events&#038;p=40998"},"modified":"2025-02-25T11:11:14","modified_gmt":"2025-02-25T11:11:14","slug":"muestra-expositiva-sobre-el-silbo-gomero-itinerancia-en-ies-oscar-dominguez","status":"publish","type":"tribe_events","link":"https:\/\/www.ull.es\/portal\/agenda\/evento\/muestra-expositiva-sobre-el-silbo-gomero-itinerancia-en-ies-oscar-dominguez\/","title":{"rendered":"Muestra expositiva sobre el Silbo Gomero: Itinerancia en IES \u00d3scar Dom\u00ednguez"},"content":{"rendered":"<p>[vc_row][vc_column][vc_column_text]Como parte de las actividades de la C\u00e1tedra Institucional de Silbo Gomero, para dar visibilidad y difusi\u00f3n a este patrimonio de la Humanidad, se ha organizado una muestra expositiva itinerante y un taller formativo, que recorrer\u00e1 los institutos de Tenerife. Una oportunidad de seguir trabajando por el conocimiento sobre nuestro patrimonio Inmaterial de la humanidad. Gracias a la colaboraci\u00f3n de la Asociaci\u00f3n Cultural de Silbo Gomero con la comunidad de silbadores en Tenerife. En esta ocasi\u00f3n, en el IES Oscar Dom\u00ednguez del 19 al 28 de febrero en Tacoronte.<\/p>\n<p><a href=\"https:\/\/drive.google.com\/file\/d\/1ddvnSO5tcIslo1-yjXz57IYlo2E6fSGd\/view?usp=sharing\" target=\"_blank\" rel=\"noopener\" target=\"_blank\" rel=\"noopener\">Panel informativo<\/a>[\/vc_column_text][\/vc_column][\/vc_row][vc_row][vc_column width=\u00bb1\/4&#8243;][vc_single_image image=\u00bb41012&#8243; img_size=\u00bbfull\u00bb][\/vc_column][vc_column width=\u00bb1\/4&#8243;][vc_single_image image=\u00bb41011&#8243; img_size=\u00bbfull\u00bb][\/vc_column][vc_column width=\u00bb1\/4&#8243;][vc_single_image image=\u00bb41010&#8243; img_size=\u00bbfull\u00bb][\/vc_column][vc_column width=\u00bb1\/4&#8243;][vc_single_image image=\u00bb41009&#8243; img_size=\u00bbfull\u00bb][\/vc_column][\/vc_row]<\/p>\n","protected":false},"excerpt":{"rendered":"<p>[vc_row][vc_column][vc_column_text]Como parte de las actividades de la C\u00e1tedra Institucional de Silbo Gomero, para dar visibilidad y difusi\u00f3n a este patrimonio de la Humanidad, se ha organizado una muestra expositiva itinerante y un taller formativo, que recorrer\u00e1 los institutos de Tenerife. Una oportunidad de seguir trabajando por el conocimiento sobre nuestro patrimonio Inmaterial de la humanidad&#8230;.<\/p>\n","protected":false},"author":65,"featured_media":40999,"comment_status":"closed","ping_status":"closed","template":"","tags":[],"tribe_events_cat":[4927],"acf":[],"yoast_head":"<!-- This site is optimized with the Yoast SEO plugin v21.3 - https:\/\/yoast.com\/wordpress\/plugins\/seo\/ -->\n<title>Muestra expositiva sobre el Silbo Gomero: Itinerancia en IES \u00d3scar Dom\u00ednguez - ULL - Agenda<\/title>\n<meta name=\"robots\" content=\"index, follow, max-snippet:-1, max-image-preview:large, max-video-preview:-1\" \/>\n<link rel=\"canonical\" href=\"https:\/\/www.ull.es\/portal\/agenda\/evento\/muestra-expositiva-sobre-el-silbo-gomero-itinerancia-en-ies-oscar-dominguez\/\" \/>\n<meta property=\"og:locale\" content=\"es_ES\" \/>\n<meta property=\"og:type\" content=\"article\" \/>\n<meta property=\"og:title\" content=\"Muestra expositiva sobre el Silbo Gomero: Itinerancia en IES \u00d3scar Dom\u00ednguez - ULL - Agenda\" \/>\n<meta property=\"og:description\" content=\"[vc_row][vc_column][vc_column_text]Como parte de las actividades de la C\u00e1tedra Institucional de Silbo Gomero, para dar visibilidad y difusi\u00f3n a este patrimonio de la Humanidad, se ha organizado una muestra expositiva itinerante y un taller formativo, que recorrer\u00e1 los institutos de Tenerife. Una oportunidad de seguir trabajando por el conocimiento sobre nuestro patrimonio Inmaterial de la humanidad....\" \/>\n<meta property=\"og:url\" content=\"https:\/\/www.ull.es\/portal\/agenda\/evento\/muestra-expositiva-sobre-el-silbo-gomero-itinerancia-en-ies-oscar-dominguez\/\" \/>\n<meta property=\"og:site_name\" content=\"ULL - Agenda\" \/>\n<meta property=\"article:modified_time\" content=\"2025-02-25T11:11:14+00:00\" \/>\n<meta property=\"og:image\" content=\"https:\/\/www.ull.es\/portal\/agenda\/wp-content\/uploads\/sites\/12\/2025\/02\/Itinerancia-en-IES-Oscar-Dominguez-Tacoronte-de-muestra-expositiva-sobre-el-silbo-gomero-patrimonio-de-la-humanidad_Banner-eventos-02-1.png\" \/>\n\t<meta property=\"og:image:width\" content=\"750\" \/>\n\t<meta property=\"og:image:height\" content=\"370\" \/>\n\t<meta property=\"og:image:type\" content=\"image\/png\" \/>\n<meta name=\"twitter:card\" content=\"summary_large_image\" \/>\n<meta name=\"twitter:label1\" content=\"Tiempo de lectura\" \/>\n\t<meta name=\"twitter:data1\" content=\"1 minuto\" \/>\n<script type=\"application\/ld+json\" class=\"yoast-schema-graph\">{\"@context\":\"https:\/\/schema.org\",\"@graph\":[{\"@type\":\"WebPage\",\"@id\":\"https:\/\/www.ull.es\/portal\/agenda\/evento\/muestra-expositiva-sobre-el-silbo-gomero-itinerancia-en-ies-oscar-dominguez\/\",\"url\":\"https:\/\/www.ull.es\/portal\/agenda\/evento\/muestra-expositiva-sobre-el-silbo-gomero-itinerancia-en-ies-oscar-dominguez\/\",\"name\":\"Muestra expositiva sobre el Silbo Gomero: Itinerancia en IES \u00d3scar Dom\u00ednguez - ULL - Agenda\",\"isPartOf\":{\"@id\":\"https:\/\/www.ull.es\/portal\/agenda\/#website\"},\"datePublished\":\"2025-02-25T09:36:32+00:00\",\"dateModified\":\"2025-02-25T11:11:14+00:00\",\"breadcrumb\":{\"@id\":\"https:\/\/www.ull.es\/portal\/agenda\/evento\/muestra-expositiva-sobre-el-silbo-gomero-itinerancia-en-ies-oscar-dominguez\/#breadcrumb\"},\"inLanguage\":\"es\",\"potentialAction\":[{\"@type\":\"ReadAction\",\"target\":[\"https:\/\/www.ull.es\/portal\/agenda\/evento\/muestra-expositiva-sobre-el-silbo-gomero-itinerancia-en-ies-oscar-dominguez\/\"]}]},{\"@type\":\"BreadcrumbList\",\"@id\":\"https:\/\/www.ull.es\/portal\/agenda\/evento\/muestra-expositiva-sobre-el-silbo-gomero-itinerancia-en-ies-oscar-dominguez\/#breadcrumb\",\"itemListElement\":[{\"@type\":\"ListItem\",\"position\":1,\"name\":\"Portada\",\"item\":\"https:\/\/www.ull.es\/portal\/agenda\/\"},{\"@type\":\"ListItem\",\"position\":2,\"name\":\"Muestra expositiva sobre el Silbo Gomero: Itinerancia en IES \u00d3scar Dom\u00ednguez\"}]},{\"@type\":\"WebSite\",\"@id\":\"https:\/\/www.ull.es\/portal\/agenda\/#website\",\"url\":\"https:\/\/www.ull.es\/portal\/agenda\/\",\"name\":\"ULL - Agenda\",\"description\":\"\",\"potentialAction\":[{\"@type\":\"SearchAction\",\"target\":{\"@type\":\"EntryPoint\",\"urlTemplate\":\"https:\/\/www.ull.es\/portal\/agenda\/?s={search_term_string}\"},\"query-input\":\"required name=search_term_string\"}],\"inLanguage\":\"es\"}]}<\/script>\n<!-- \/ Yoast SEO plugin. -->","yoast_head_json":{"title":"Muestra expositiva sobre el Silbo Gomero: Itinerancia en IES \u00d3scar Dom\u00ednguez - ULL - Agenda","robots":{"index":"index","follow":"follow","max-snippet":"max-snippet:-1","max-image-preview":"max-image-preview:large","max-video-preview":"max-video-preview:-1"},"canonical":"https:\/\/www.ull.es\/portal\/agenda\/evento\/muestra-expositiva-sobre-el-silbo-gomero-itinerancia-en-ies-oscar-dominguez\/","og_locale":"es_ES","og_type":"article","og_title":"Muestra expositiva sobre el Silbo Gomero: Itinerancia en IES \u00d3scar Dom\u00ednguez - ULL - Agenda","og_description":"[vc_row][vc_column][vc_column_text]Como parte de las actividades de la C\u00e1tedra Institucional de Silbo Gomero, para dar visibilidad y difusi\u00f3n a este patrimonio de la Humanidad, se ha organizado una muestra expositiva itinerante y un taller formativo, que recorrer\u00e1 los institutos de Tenerife. Una oportunidad de seguir trabajando por el conocimiento sobre nuestro patrimonio Inmaterial de la humanidad....","og_url":"https:\/\/www.ull.es\/portal\/agenda\/evento\/muestra-expositiva-sobre-el-silbo-gomero-itinerancia-en-ies-oscar-dominguez\/","og_site_name":"ULL - Agenda","article_modified_time":"2025-02-25T11:11:14+00:00","og_image":[{"width":750,"height":370,"url":"https:\/\/www.ull.es\/portal\/agenda\/wp-content\/uploads\/sites\/12\/2025\/02\/Itinerancia-en-IES-Oscar-Dominguez-Tacoronte-de-muestra-expositiva-sobre-el-silbo-gomero-patrimonio-de-la-humanidad_Banner-eventos-02-1.png","type":"image\/png"}],"twitter_card":"summary_large_image","twitter_misc":{"Tiempo de lectura":"1 minuto"},"schema":{"@context":"https:\/\/schema.org","@graph":[{"@type":"WebPage","@id":"https:\/\/www.ull.es\/portal\/agenda\/evento\/muestra-expositiva-sobre-el-silbo-gomero-itinerancia-en-ies-oscar-dominguez\/","url":"https:\/\/www.ull.es\/portal\/agenda\/evento\/muestra-expositiva-sobre-el-silbo-gomero-itinerancia-en-ies-oscar-dominguez\/","name":"Muestra expositiva sobre el Silbo Gomero: Itinerancia en IES \u00d3scar Dom\u00ednguez - ULL - Agenda","isPartOf":{"@id":"https:\/\/www.ull.es\/portal\/agenda\/#website"},"datePublished":"2025-02-25T09:36:32+00:00","dateModified":"2025-02-25T11:11:14+00:00","breadcrumb":{"@id":"https:\/\/www.ull.es\/portal\/agenda\/evento\/muestra-expositiva-sobre-el-silbo-gomero-itinerancia-en-ies-oscar-dominguez\/#breadcrumb"},"inLanguage":"es","potentialAction":[{"@type":"ReadAction","target":["https:\/\/www.ull.es\/portal\/agenda\/evento\/muestra-expositiva-sobre-el-silbo-gomero-itinerancia-en-ies-oscar-dominguez\/"]}]},{"@type":"BreadcrumbList","@id":"https:\/\/www.ull.es\/portal\/agenda\/evento\/muestra-expositiva-sobre-el-silbo-gomero-itinerancia-en-ies-oscar-dominguez\/#breadcrumb","itemListElement":[{"@type":"ListItem","position":1,"name":"Portada","item":"https:\/\/www.ull.es\/portal\/agenda\/"},{"@type":"ListItem","position":2,"name":"Muestra expositiva sobre el Silbo Gomero: Itinerancia en IES \u00d3scar Dom\u00ednguez"}]},{"@type":"WebSite","@id":"https:\/\/www.ull.es\/portal\/agenda\/#website","url":"https:\/\/www.ull.es\/portal\/agenda\/","name":"ULL - Agenda","description":"","potentialAction":[{"@type":"SearchAction","target":{"@type":"EntryPoint","urlTemplate":"https:\/\/www.ull.es\/portal\/agenda\/?s={search_term_string}"},"query-input":"required name=search_term_string"}],"inLanguage":"es"}]}},"_links":{"self":[{"href":"https:\/\/www.ull.es\/portal\/agenda\/wp-json\/wp\/v2\/tribe_events\/40998"}],"collection":[{"href":"https:\/\/www.ull.es\/portal\/agenda\/wp-json\/wp\/v2\/tribe_events"}],"about":[{"href":"https:\/\/www.ull.es\/portal\/agenda\/wp-json\/wp\/v2\/types\/tribe_events"}],"author":[{"embeddable":true,"href":"https:\/\/www.ull.es\/portal\/agenda\/wp-json\/wp\/v2\/users\/65"}],"replies":[{"embeddable":true,"href":"https:\/\/www.ull.es\/portal\/agenda\/wp-json\/wp\/v2\/comments?post=40998"}],"version-history":[{"count":4,"href":"https:\/\/www.ull.es\/portal\/agenda\/wp-json\/wp\/v2\/tribe_events\/40998\/revisions"}],"predecessor-version":[{"id":41014,"href":"https:\/\/www.ull.es\/portal\/agenda\/wp-json\/wp\/v2\/tribe_events\/40998\/revisions\/41014"}],"wp:featuredmedia":[{"embeddable":true,"href":"https:\/\/www.ull.es\/portal\/agenda\/wp-json\/wp\/v2\/media\/40999"}],"wp:attachment":[{"href":"https:\/\/www.ull.es\/portal\/agenda\/wp-json\/wp\/v2\/media?parent=40998"}],"wp:term":[{"taxonomy":"post_tag","embeddable":true,"href":"https:\/\/www.ull.es\/portal\/agenda\/wp-json\/wp\/v2\/tags?post=40998"},{"taxonomy":"tribe_events_cat","embeddable":true,"href":"https:\/\/www.ull.es\/portal\/agenda\/wp-json\/wp\/v2\/tribe_events_cat?post=40998"}],"curies":[{"name":"wp","href":"https:\/\/api.w.org\/{rel}","templated":true}]}}

Muestra expositiva sobre el Silbo Gomero: Itinerancia en IES Óscar Domínguez

<p>[vc_row][vc_column][vc_column_text]Como parte de las actividades de la Cátedra Institucional de Silbo Gomero, para dar visibilidad y difusión a este patrimonio de la Humanidad, se ha organizado una muestra expositiva itinerante y un taller formativo, que recorrerá los institutos de Tenerife. Una oportunidad de seguir trabajando por el conocimiento sobre nuestro patrimonio Inmaterial de la humanidad. Gracias a la colaboración de la Asociación Cultural de Silbo Gomero con la comunidad de silbadores en Tenerife. En esta ocasión, en el IES Oscar Domínguez del 19 al 28 de febrero en Tacoronte.</p>
<p><a href="https://drive.google.com/file/d/1ddvnSO5tcIslo1-yjXz57IYlo2E6fSGd/view?usp=sharing" target="_blank" rel="noopener" target="_blank" rel="noopener">Panel informativo</a>[/vc_column_text][/vc_column][/vc_row][vc_row][vc_column width=»1/4&#8243;][vc_single_image image=»41012&#8243; img_size=»full»][/vc_column][vc_column width=»1/4&#8243;][vc_single_image image=»41011&#8243; img_size=»full»][/vc_column][vc_column width=»1/4&#8243;][vc_single_image image=»41010&#8243; img_size=»full»][/vc_column][vc_column width=»1/4&#8243;][vc_single_image image=»41009&#8243; img_size=»full»][/vc_column][/vc_row]</p>

<p>[vc_row][vc_column][vc_column_text]Como parte de las actividades de la Cátedra Institucional de Silbo Gomero, para dar visibilidad y difusión a este patrimonio de la Humanidad, se ha organizado una muestra expositiva itinerante y un taller formativo, que recorrerá los institutos de Tenerife. Una oportunidad de seguir trabajando por el conocimiento sobre nuestro patrimonio Inmaterial de la humanidad&#8230;.</p>

<!-- This site is optimized with the Yoast SEO plugin v21.3 - https://yoast.com/wordpress/plugins/seo/ -->
<title>Muestra expositiva sobre el Silbo Gomero: Itinerancia en IES Óscar Domínguez - ULL - Agenda</title>
<meta name="robots" content="index, follow, max-snippet:-1, max-image-preview:large, max-video-preview:-1" />
<link rel="canonical" href="https://www.ull.es/portal/agenda/evento/muestra-expositiva-sobre-el-silbo-gomero-itinerancia-en-ies-oscar-dominguez/" />
<meta property="og:locale" content="es_ES" />
<meta property="og:type" content="article" />
<meta property="og:title" content="Muestra expositiva sobre el Silbo Gomero: Itinerancia en IES Óscar Domínguez - ULL - Agenda" />
<meta property="og:description" content="[vc_row][vc_column][vc_column_text]Como parte de las actividades de la Cátedra Institucional de Silbo Gomero, para dar visibilidad y difusión a este patrimonio de la Humanidad, se ha organizado una muestra expositiva itinerante y un taller formativo, que recorrerá los institutos de Tenerife. Una oportunidad de seguir trabajando por el conocimiento sobre nuestro patrimonio Inmaterial de la humanidad...." />
<meta property="og:url" content="https://www.ull.es/portal/agenda/evento/muestra-expositiva-sobre-el-silbo-gomero-itinerancia-en-ies-oscar-dominguez/" />
<meta property="og:site_name" content="ULL - Agenda" />
<meta property="article:modified_time" content="2025-02-25T11:11:14+00:00" />
<meta property="og:image" content="https://www.ull.es/portal/agenda/wp-content/uploads/sites/12/2025/02/Itinerancia-en-IES-Oscar-Dominguez-Tacoronte-de-muestra-expositiva-sobre-el-silbo-gomero-patrimonio-de-la-humanidad_Banner-eventos-02-1.png" />
	<meta property="og:image:width" content="750" />
	<meta property="og:image:height" content="370" />
	<meta property="og:image:type" content="image/png" />
<meta name="twitter:card" content="summary_large_image" />
<meta name="twitter:label1" content="Tiempo de lectura" />
	<meta name="twitter:data1" content="1 minuto" />
<script type="application/ld+json" class="yoast-schema-graph">{"@context":"https://schema.org","@graph":[{"@type":"WebPage","@id":"https://www.ull.es/portal/agenda/evento/muestra-expositiva-sobre-el-silbo-gomero-itinerancia-en-ies-oscar-dominguez/","url":"https://www.ull.es/portal/agenda/evento/muestra-expositiva-sobre-el-silbo-gomero-itinerancia-en-ies-oscar-dominguez/","name":"Muestra expositiva sobre el Silbo Gomero: Itinerancia en IES Óscar Domínguez - ULL - Agenda","isPartOf":{"@id":"https://www.ull.es/portal/agenda/#website"},"datePublished":"2025-02-25T09:36:32+00:00","dateModified":"2025-02-25T11:11:14+00:00","breadcrumb":{"@id":"https://www.ull.es/portal/agenda/evento/muestra-expositiva-sobre-el-silbo-gomero-itinerancia-en-ies-oscar-dominguez/#breadcrumb"},"inLanguage":"es","potentialAction":[{"@type":"ReadAction","target":["https://www.ull.es/portal/agenda/evento/muestra-expositiva-sobre-el-silbo-gomero-itinerancia-en-ies-oscar-dominguez/"]}]},{"@type":"BreadcrumbList","@id":"https://www.ull.es/portal/agenda/evento/muestra-expositiva-sobre-el-silbo-gomero-itinerancia-en-ies-oscar-dominguez/#breadcrumb","itemListElement":[{"@type":"ListItem","position":1,"name":"Portada","item":"https://www.ull.es/portal/agenda/"},{"@type":"ListItem","position":2,"name":"Muestra expositiva sobre el Silbo Gomero: Itinerancia en IES Óscar Domínguez"}]},{"@type":"WebSite","@id":"https://www.ull.es/portal/agenda/#website","url":"https://www.ull.es/portal/agenda/","name":"ULL - Agenda","description":"","potentialAction":[{"@type":"SearchAction","target":{"@type":"EntryPoint","urlTemplate":"https://www.ull.es/portal/agenda/?s={search_term_string}"},"query-input":"required name=search_term_string"}],"inLanguage":"es"}]}</script>
<!-- / Yoast SEO plugin. -->

Muestra expositiva sobre el Silbo Gomero: Itinerancia en IES Óscar Domínguez - ULL - Agenda

[vc_row][vc_column][vc_column_text]Como parte de las actividades de la Cátedra Institucional de Silbo Gomero, para dar visibilidad y difusión a este patrimonio de la Humanidad, se ha organizado una muestra expositiva itinerante y un taller formativo, que recorrerá los institutos de Tenerife. Una oportunidad de seguir trabajando por el conocimiento sobre nuestro patrimonio Inmaterial de la humanidad....
