{"id":41068,"date":"2025-02-27T08:52:39","date_gmt":"2025-02-27T08:52:39","guid":{"rendered":"https:\/\/www.ull.es\/portal\/agenda\/?post_type=tribe_events&#038;p=41068"},"modified":"2025-03-06T19:09:05","modified_gmt":"2025-03-06T19:09:05","slug":"blastocystis-international-workshop","status":"publish","type":"tribe_events","link":"https:\/\/www.ull.es\/portal\/agenda\/evento\/blastocystis-international-workshop\/","title":{"rendered":"Blastocystis International Workshop"},"content":{"rendered":"<p>El Sal\u00f3n de Grados de la Facultad de Farmacia de la Universidad de La Laguna acoge este evento que contar\u00e1 de dos fases, una primera de reuni\u00f3n cient\u00edfica el d\u00eda 12 de marzo y otra dedicada a seminarios sobre el pat\u00f3geno emergente Blastocystis y la acci\u00f3n COST Blastocystis under One Health (CA21105) donde participa la Universidad de La Laguna.<\/p>\n<p>Ponentes<\/p>\n<ul>\n<li>Dr Anastasios D. Tsaousis, University of Kent, UK (IP COST Action)<\/li>\n<li>Dr David A. Carmena Jim\u00e9nez, Instituto de Salud Carlos III<\/li>\n<\/ul>\n<p>El d\u00eda 13 de marzo los seminarios son de 10:00 a 12:oo horas. La entrada libre y gratuita hasta completar aforo.<\/p>\n<p>Moderado por Dr Jacob Lorenzo Morales del\u00a0 Instituto Universitario de Enfermedades Tropicales y Salud P\u00fablica de Canarias Universidad de La Laguna.<\/p>\n","protected":false},"excerpt":{"rendered":"<p>El Sal\u00f3n de Grados de la Facultad de Farmacia de la Universidad de La Laguna acoge este evento que contar\u00e1 de dos fases, una primera de reuni\u00f3n cient\u00edfica el d\u00eda 12 de marzo y otra dedicada a seminarios sobre el pat\u00f3geno emergente Blastocystis y la acci\u00f3n COST Blastocystis under One Health (CA21105) donde participa la&#8230;<\/p>\n","protected":false},"author":65,"featured_media":41086,"comment_status":"closed","ping_status":"closed","template":"","tags":[],"tribe_events_cat":[2580,3297],"acf":[],"yoast_head":"<!-- This site is optimized with the Yoast SEO plugin v21.3 - https:\/\/yoast.com\/wordpress\/plugins\/seo\/ -->\n<title>Blastocystis International Workshop - ULL - Agenda<\/title>\n<meta name=\"robots\" content=\"index, follow, max-snippet:-1, max-image-preview:large, max-video-preview:-1\" \/>\n<link rel=\"canonical\" href=\"https:\/\/www.ull.es\/portal\/agenda\/evento\/blastocystis-international-workshop\/\" \/>\n<meta property=\"og:locale\" content=\"es_ES\" \/>\n<meta property=\"og:type\" content=\"article\" \/>\n<meta property=\"og:title\" content=\"Blastocystis International Workshop - ULL - Agenda\" \/>\n<meta property=\"og:description\" content=\"El Sal\u00f3n de Grados de la Facultad de Farmacia de la Universidad de La Laguna acoge este evento que contar\u00e1 de dos fases, una primera de reuni\u00f3n cient\u00edfica el d\u00eda 12 de marzo y otra dedicada a seminarios sobre el pat\u00f3geno emergente Blastocystis y la acci\u00f3n COST Blastocystis under One Health (CA21105) donde participa la...\" \/>\n<meta property=\"og:url\" content=\"https:\/\/www.ull.es\/portal\/agenda\/evento\/blastocystis-international-workshop\/\" \/>\n<meta property=\"og:site_name\" content=\"ULL - Agenda\" \/>\n<meta property=\"article:modified_time\" content=\"2025-03-06T19:09:05+00:00\" \/>\n<meta property=\"og:image\" content=\"https:\/\/www.ull.es\/portal\/agenda\/wp-content\/uploads\/sites\/12\/2025\/02\/Blastocystis-International-Workshop_Banner-eventos.jpg\" \/>\n\t<meta property=\"og:image:width\" content=\"760\" \/>\n\t<meta property=\"og:image:height\" content=\"380\" \/>\n\t<meta property=\"og:image:type\" content=\"image\/jpeg\" \/>\n<meta name=\"twitter:card\" content=\"summary_large_image\" \/>\n<meta name=\"twitter:label1\" content=\"Tiempo de lectura\" \/>\n\t<meta name=\"twitter:data1\" content=\"1 minuto\" \/>\n<script type=\"application\/ld+json\" class=\"yoast-schema-graph\">{\"@context\":\"https:\/\/schema.org\",\"@graph\":[{\"@type\":\"WebPage\",\"@id\":\"https:\/\/www.ull.es\/portal\/agenda\/evento\/blastocystis-international-workshop\/\",\"url\":\"https:\/\/www.ull.es\/portal\/agenda\/evento\/blastocystis-international-workshop\/\",\"name\":\"Blastocystis International Workshop - ULL - Agenda\",\"isPartOf\":{\"@id\":\"https:\/\/www.ull.es\/portal\/agenda\/#website\"},\"datePublished\":\"2025-02-27T08:52:39+00:00\",\"dateModified\":\"2025-03-06T19:09:05+00:00\",\"breadcrumb\":{\"@id\":\"https:\/\/www.ull.es\/portal\/agenda\/evento\/blastocystis-international-workshop\/#breadcrumb\"},\"inLanguage\":\"es\",\"potentialAction\":[{\"@type\":\"ReadAction\",\"target\":[\"https:\/\/www.ull.es\/portal\/agenda\/evento\/blastocystis-international-workshop\/\"]}]},{\"@type\":\"BreadcrumbList\",\"@id\":\"https:\/\/www.ull.es\/portal\/agenda\/evento\/blastocystis-international-workshop\/#breadcrumb\",\"itemListElement\":[{\"@type\":\"ListItem\",\"position\":1,\"name\":\"Portada\",\"item\":\"https:\/\/www.ull.es\/portal\/agenda\/\"},{\"@type\":\"ListItem\",\"position\":2,\"name\":\"Blastocystis International Workshop\"}]},{\"@type\":\"WebSite\",\"@id\":\"https:\/\/www.ull.es\/portal\/agenda\/#website\",\"url\":\"https:\/\/www.ull.es\/portal\/agenda\/\",\"name\":\"ULL - Agenda\",\"description\":\"\",\"potentialAction\":[{\"@type\":\"SearchAction\",\"target\":{\"@type\":\"EntryPoint\",\"urlTemplate\":\"https:\/\/www.ull.es\/portal\/agenda\/?s={search_term_string}\"},\"query-input\":\"required name=search_term_string\"}],\"inLanguage\":\"es\"}]}<\/script>\n<!-- \/ Yoast SEO plugin. -->","yoast_head_json":{"title":"Blastocystis International Workshop - ULL - Agenda","robots":{"index":"index","follow":"follow","max-snippet":"max-snippet:-1","max-image-preview":"max-image-preview:large","max-video-preview":"max-video-preview:-1"},"canonical":"https:\/\/www.ull.es\/portal\/agenda\/evento\/blastocystis-international-workshop\/","og_locale":"es_ES","og_type":"article","og_title":"Blastocystis International Workshop - ULL - Agenda","og_description":"El Sal\u00f3n de Grados de la Facultad de Farmacia de la Universidad de La Laguna acoge este evento que contar\u00e1 de dos fases, una primera de reuni\u00f3n cient\u00edfica el d\u00eda 12 de marzo y otra dedicada a seminarios sobre el pat\u00f3geno emergente Blastocystis y la acci\u00f3n COST Blastocystis under One Health (CA21105) donde participa la...","og_url":"https:\/\/www.ull.es\/portal\/agenda\/evento\/blastocystis-international-workshop\/","og_site_name":"ULL - Agenda","article_modified_time":"2025-03-06T19:09:05+00:00","og_image":[{"width":760,"height":380,"url":"https:\/\/www.ull.es\/portal\/agenda\/wp-content\/uploads\/sites\/12\/2025\/02\/Blastocystis-International-Workshop_Banner-eventos.jpg","type":"image\/jpeg"}],"twitter_card":"summary_large_image","twitter_misc":{"Tiempo de lectura":"1 minuto"},"schema":{"@context":"https:\/\/schema.org","@graph":[{"@type":"WebPage","@id":"https:\/\/www.ull.es\/portal\/agenda\/evento\/blastocystis-international-workshop\/","url":"https:\/\/www.ull.es\/portal\/agenda\/evento\/blastocystis-international-workshop\/","name":"Blastocystis International Workshop - ULL - Agenda","isPartOf":{"@id":"https:\/\/www.ull.es\/portal\/agenda\/#website"},"datePublished":"2025-02-27T08:52:39+00:00","dateModified":"2025-03-06T19:09:05+00:00","breadcrumb":{"@id":"https:\/\/www.ull.es\/portal\/agenda\/evento\/blastocystis-international-workshop\/#breadcrumb"},"inLanguage":"es","potentialAction":[{"@type":"ReadAction","target":["https:\/\/www.ull.es\/portal\/agenda\/evento\/blastocystis-international-workshop\/"]}]},{"@type":"BreadcrumbList","@id":"https:\/\/www.ull.es\/portal\/agenda\/evento\/blastocystis-international-workshop\/#breadcrumb","itemListElement":[{"@type":"ListItem","position":1,"name":"Portada","item":"https:\/\/www.ull.es\/portal\/agenda\/"},{"@type":"ListItem","position":2,"name":"Blastocystis International Workshop"}]},{"@type":"WebSite","@id":"https:\/\/www.ull.es\/portal\/agenda\/#website","url":"https:\/\/www.ull.es\/portal\/agenda\/","name":"ULL - Agenda","description":"","potentialAction":[{"@type":"SearchAction","target":{"@type":"EntryPoint","urlTemplate":"https:\/\/www.ull.es\/portal\/agenda\/?s={search_term_string}"},"query-input":"required name=search_term_string"}],"inLanguage":"es"}]}},"_links":{"self":[{"href":"https:\/\/www.ull.es\/portal\/agenda\/wp-json\/wp\/v2\/tribe_events\/41068"}],"collection":[{"href":"https:\/\/www.ull.es\/portal\/agenda\/wp-json\/wp\/v2\/tribe_events"}],"about":[{"href":"https:\/\/www.ull.es\/portal\/agenda\/wp-json\/wp\/v2\/types\/tribe_events"}],"author":[{"embeddable":true,"href":"https:\/\/www.ull.es\/portal\/agenda\/wp-json\/wp\/v2\/users\/65"}],"replies":[{"embeddable":true,"href":"https:\/\/www.ull.es\/portal\/agenda\/wp-json\/wp\/v2\/comments?post=41068"}],"version-history":[{"count":4,"href":"https:\/\/www.ull.es\/portal\/agenda\/wp-json\/wp\/v2\/tribe_events\/41068\/revisions"}],"predecessor-version":[{"id":41224,"href":"https:\/\/www.ull.es\/portal\/agenda\/wp-json\/wp\/v2\/tribe_events\/41068\/revisions\/41224"}],"wp:featuredmedia":[{"embeddable":true,"href":"https:\/\/www.ull.es\/portal\/agenda\/wp-json\/wp\/v2\/media\/41086"}],"wp:attachment":[{"href":"https:\/\/www.ull.es\/portal\/agenda\/wp-json\/wp\/v2\/media?parent=41068"}],"wp:term":[{"taxonomy":"post_tag","embeddable":true,"href":"https:\/\/www.ull.es\/portal\/agenda\/wp-json\/wp\/v2\/tags?post=41068"},{"taxonomy":"tribe_events_cat","embeddable":true,"href":"https:\/\/www.ull.es\/portal\/agenda\/wp-json\/wp\/v2\/tribe_events_cat?post=41068"}],"curies":[{"name":"wp","href":"https:\/\/api.w.org\/{rel}","templated":true}]}}

<p>El Salón de Grados de la Facultad de Farmacia de la Universidad de La Laguna acoge este evento que contará de dos fases, una primera de reunión científica el día 12 de marzo y otra dedicada a seminarios sobre el patógeno emergente Blastocystis y la acción COST Blastocystis under One Health (CA21105) donde participa la Universidad de La Laguna.</p>
<p>Ponentes</p>
<ul>
<li>Dr Anastasios D. Tsaousis, University of Kent, UK (IP COST Action)</li>
<li>Dr David A. Carmena Jiménez, Instituto de Salud Carlos III</li>
</ul>
<p>El día 13 de marzo los seminarios son de 10:00 a 12:oo horas. La entrada libre y gratuita hasta completar aforo.</p>
<p>Moderado por Dr Jacob Lorenzo Morales del  Instituto Universitario de Enfermedades Tropicales y Salud Pública de Canarias Universidad de La Laguna.</p>

<p>El Salón de Grados de la Facultad de Farmacia de la Universidad de La Laguna acoge este evento que contará de dos fases, una primera de reunión científica el día 12 de marzo y otra dedicada a seminarios sobre el patógeno emergente Blastocystis y la acción COST Blastocystis under One Health (CA21105) donde participa la&#8230;</p>

<!-- This site is optimized with the Yoast SEO plugin v21.3 - https://yoast.com/wordpress/plugins/seo/ -->
<title>Blastocystis International Workshop - ULL - Agenda</title>
<meta name="robots" content="index, follow, max-snippet:-1, max-image-preview:large, max-video-preview:-1" />
<link rel="canonical" href="https://www.ull.es/portal/agenda/evento/blastocystis-international-workshop/" />
<meta property="og:locale" content="es_ES" />
<meta property="og:type" content="article" />
<meta property="og:title" content="Blastocystis International Workshop - ULL - Agenda" />
<meta property="og:description" content="El Salón de Grados de la Facultad de Farmacia de la Universidad de La Laguna acoge este evento que contará de dos fases, una primera de reunión científica el día 12 de marzo y otra dedicada a seminarios sobre el patógeno emergente Blastocystis y la acción COST Blastocystis under One Health (CA21105) donde participa la..." />
<meta property="og:url" content="https://www.ull.es/portal/agenda/evento/blastocystis-international-workshop/" />
<meta property="og:site_name" content="ULL - Agenda" />
<meta property="article:modified_time" content="2025-03-06T19:09:05+00:00" />
<meta property="og:image" content="https://www.ull.es/portal/agenda/wp-content/uploads/sites/12/2025/02/Blastocystis-International-Workshop_Banner-eventos.jpg" />
	<meta property="og:image:width" content="760" />
	<meta property="og:image:height" content="380" />
	<meta property="og:image:type" content="image/jpeg" />
<meta name="twitter:card" content="summary_large_image" />
<meta name="twitter:label1" content="Tiempo de lectura" />
	<meta name="twitter:data1" content="1 minuto" />
<script type="application/ld+json" class="yoast-schema-graph">{"@context":"https://schema.org","@graph":[{"@type":"WebPage","@id":"https://www.ull.es/portal/agenda/evento/blastocystis-international-workshop/","url":"https://www.ull.es/portal/agenda/evento/blastocystis-international-workshop/","name":"Blastocystis International Workshop - ULL - Agenda","isPartOf":{"@id":"https://www.ull.es/portal/agenda/#website"},"datePublished":"2025-02-27T08:52:39+00:00","dateModified":"2025-03-06T19:09:05+00:00","breadcrumb":{"@id":"https://www.ull.es/portal/agenda/evento/blastocystis-international-workshop/#breadcrumb"},"inLanguage":"es","potentialAction":[{"@type":"ReadAction","target":["https://www.ull.es/portal/agenda/evento/blastocystis-international-workshop/"]}]},{"@type":"BreadcrumbList","@id":"https://www.ull.es/portal/agenda/evento/blastocystis-international-workshop/#breadcrumb","itemListElement":[{"@type":"ListItem","position":1,"name":"Portada","item":"https://www.ull.es/portal/agenda/"},{"@type":"ListItem","position":2,"name":"Blastocystis International Workshop"}]},{"@type":"WebSite","@id":"https://www.ull.es/portal/agenda/#website","url":"https://www.ull.es/portal/agenda/","name":"ULL - Agenda","description":"","potentialAction":[{"@type":"SearchAction","target":{"@type":"EntryPoint","urlTemplate":"https://www.ull.es/portal/agenda/?s={search_term_string}"},"query-input":"required name=search_term_string"}],"inLanguage":"es"}]}</script>
<!-- / Yoast SEO plugin. -->

El Salón de Grados de la Facultad de Farmacia de la Universidad de La Laguna acoge este evento que contará de dos fases, una primera de reunión científica el día 12 de marzo y otra dedicada a seminarios sobre el patógeno emergente Blastocystis y la acción COST Blastocystis under One Health (CA21105) donde participa la...
