{"id":41075,"date":"2025-02-27T12:55:38","date_gmt":"2025-02-27T12:55:38","guid":{"rendered":"https:\/\/www.ull.es\/portal\/agenda\/?post_type=tribe_events&#038;p=41075"},"modified":"2025-03-19T11:56:25","modified_gmt":"2025-03-19T11:56:25","slug":"espana-del-aislamiento-a-la-incorporacion-a-europa","status":"publish","type":"tribe_events","link":"https:\/\/www.ull.es\/portal\/agenda\/evento\/espana-del-aislamiento-a-la-incorporacion-a-europa\/","title":{"rendered":"Espa\u00f1a, del aislamiento a la incorporaci\u00f3n a Europa"},"content":{"rendered":"<p>En el marco del ciclo de coloquios \u2018De la Dictadura a la Democracia\u2019, dentro de la programaci\u00f3n \u00abEspa\u00f1a en Libertad. 50 a\u00f1os\u00bb, la Universidad de La Laguna y la Universidad de Las Palmas de Gran Canaria celebrar\u00e1n los d\u00edas 18 y 19 de marzo de 2025 sesiones dedicadas a analizar el papel desempe\u00f1ado por el europe\u00edsmo y las relaciones internacionales en la transici\u00f3n pol\u00edtica espa\u00f1ola. Los valores democr\u00e1ticos promovidos por las instituciones europeas y la influencia ejercida por otros actores internacionales fueron determinantes para cuestionar y debilitar progresivamente el aislacionismo pol\u00edtico espa\u00f1ol.<\/p>\n<p>El aperturismo y el europe\u00edsmo dejaron un gran impacto en diversos \u00e1mbitos del pa\u00eds, desde la pol\u00edtica, la diplomacia y los derechos humanos hasta la cultura y los movimientos sindicales, configurando redes de resistencia e impugnaci\u00f3n a la dictadura tanto dentro como fuera de Espa\u00f1a. Los cambios socioecon\u00f3micos experimentados dentro del pa\u00eds, as\u00ed como la conexi\u00f3n entre diferentes actores, organismos y redes internacionales facilitaron la deslegitimaci\u00f3n del r\u00e9gimen y el progresivo establecimiento de las bases para la democratizaci\u00f3n del pa\u00eds. Este proceso marc\u00f3 el tr\u00e1nsito de un periodo de aislamiento pol\u00edtico a la plena incorporaci\u00f3n de Espa\u00f1a al proyecto europeo, consolidando progresivamente su lugar en la Europa democr\u00e1tica<\/p>\n<p><a href=\"https:\/\/drive.google.com\/file\/d\/10DAF2mNAveKDlmiIuQHyx-32cJDH6y98\/view?usp=sharing\" target=\"_blank\" rel=\"noopener\" target=\"_blank\" rel=\"noopener\">Cartel<\/a><\/p>\n<p><a href=\"https:\/\/drive.google.com\/file\/d\/1sHKc1RP-S1MjF7YlKWuOuwxum0SvIoat\/view?usp=sharing\" target=\"_blank\" rel=\"noopener\" target=\"_blank\" rel=\"noopener\">Programa<\/a><\/p>\n","protected":false},"excerpt":{"rendered":"<p>En el marco del ciclo de coloquios \u2018De la Dictadura a la Democracia\u2019, dentro de la programaci\u00f3n \u00abEspa\u00f1a en Libertad. 50 a\u00f1os\u00bb, la Universidad de La Laguna y la Universidad de Las Palmas de Gran Canaria celebrar\u00e1n los d\u00edas 18 y 19 de marzo de 2025 sesiones dedicadas a analizar el papel desempe\u00f1ado por el&#8230;<\/p>\n","protected":false},"author":65,"featured_media":41083,"comment_status":"closed","ping_status":"closed","template":"","tags":[],"tribe_events_cat":[4,985,509],"acf":[],"yoast_head":"<!-- This site is optimized with the Yoast SEO plugin v21.3 - https:\/\/yoast.com\/wordpress\/plugins\/seo\/ -->\n<title>Espa\u00f1a, del aislamiento a la incorporaci\u00f3n a Europa - ULL - Agenda<\/title>\n<meta name=\"robots\" content=\"index, follow, max-snippet:-1, max-image-preview:large, max-video-preview:-1\" \/>\n<link rel=\"canonical\" href=\"https:\/\/www.ull.es\/portal\/agenda\/evento\/espana-del-aislamiento-a-la-incorporacion-a-europa\/\" \/>\n<meta property=\"og:locale\" content=\"es_ES\" \/>\n<meta property=\"og:type\" content=\"article\" \/>\n<meta property=\"og:title\" content=\"Espa\u00f1a, del aislamiento a la incorporaci\u00f3n a Europa - ULL - Agenda\" \/>\n<meta property=\"og:description\" content=\"En el marco del ciclo de coloquios \u2018De la Dictadura a la Democracia\u2019, dentro de la programaci\u00f3n \u00abEspa\u00f1a en Libertad. 50 a\u00f1os\u00bb, la Universidad de La Laguna y la Universidad de Las Palmas de Gran Canaria celebrar\u00e1n los d\u00edas 18 y 19 de marzo de 2025 sesiones dedicadas a analizar el papel desempe\u00f1ado por el...\" \/>\n<meta property=\"og:url\" content=\"https:\/\/www.ull.es\/portal\/agenda\/evento\/espana-del-aislamiento-a-la-incorporacion-a-europa\/\" \/>\n<meta property=\"og:site_name\" content=\"ULL - Agenda\" \/>\n<meta property=\"article:modified_time\" content=\"2025-03-19T11:56:25+00:00\" \/>\n<meta property=\"og:image\" content=\"https:\/\/www.ull.es\/portal\/agenda\/wp-content\/uploads\/sites\/12\/2025\/02\/Espana-Del-asilamiento-a-la-incorporacion-a-Europa_Eventos-ULL.jpg\" \/>\n\t<meta property=\"og:image:width\" content=\"750\" \/>\n\t<meta property=\"og:image:height\" content=\"370\" \/>\n\t<meta property=\"og:image:type\" content=\"image\/jpeg\" \/>\n<meta name=\"twitter:card\" content=\"summary_large_image\" \/>\n<meta name=\"twitter:label1\" content=\"Tiempo de lectura\" \/>\n\t<meta name=\"twitter:data1\" content=\"1 minuto\" \/>\n<script type=\"application\/ld+json\" class=\"yoast-schema-graph\">{\"@context\":\"https:\/\/schema.org\",\"@graph\":[{\"@type\":\"WebPage\",\"@id\":\"https:\/\/www.ull.es\/portal\/agenda\/evento\/espana-del-aislamiento-a-la-incorporacion-a-europa\/\",\"url\":\"https:\/\/www.ull.es\/portal\/agenda\/evento\/espana-del-aislamiento-a-la-incorporacion-a-europa\/\",\"name\":\"Espa\u00f1a, del aislamiento a la incorporaci\u00f3n a Europa - ULL - Agenda\",\"isPartOf\":{\"@id\":\"https:\/\/www.ull.es\/portal\/agenda\/#website\"},\"datePublished\":\"2025-02-27T12:55:38+00:00\",\"dateModified\":\"2025-03-19T11:56:25+00:00\",\"breadcrumb\":{\"@id\":\"https:\/\/www.ull.es\/portal\/agenda\/evento\/espana-del-aislamiento-a-la-incorporacion-a-europa\/#breadcrumb\"},\"inLanguage\":\"es\",\"potentialAction\":[{\"@type\":\"ReadAction\",\"target\":[\"https:\/\/www.ull.es\/portal\/agenda\/evento\/espana-del-aislamiento-a-la-incorporacion-a-europa\/\"]}]},{\"@type\":\"BreadcrumbList\",\"@id\":\"https:\/\/www.ull.es\/portal\/agenda\/evento\/espana-del-aislamiento-a-la-incorporacion-a-europa\/#breadcrumb\",\"itemListElement\":[{\"@type\":\"ListItem\",\"position\":1,\"name\":\"Portada\",\"item\":\"https:\/\/www.ull.es\/portal\/agenda\/\"},{\"@type\":\"ListItem\",\"position\":2,\"name\":\"Espa\u00f1a, del aislamiento a la incorporaci\u00f3n a Europa\"}]},{\"@type\":\"WebSite\",\"@id\":\"https:\/\/www.ull.es\/portal\/agenda\/#website\",\"url\":\"https:\/\/www.ull.es\/portal\/agenda\/\",\"name\":\"ULL - Agenda\",\"description\":\"\",\"potentialAction\":[{\"@type\":\"SearchAction\",\"target\":{\"@type\":\"EntryPoint\",\"urlTemplate\":\"https:\/\/www.ull.es\/portal\/agenda\/?s={search_term_string}\"},\"query-input\":\"required name=search_term_string\"}],\"inLanguage\":\"es\"}]}<\/script>\n<!-- \/ Yoast SEO plugin. -->","yoast_head_json":{"title":"Espa\u00f1a, del aislamiento a la incorporaci\u00f3n a Europa - ULL - Agenda","robots":{"index":"index","follow":"follow","max-snippet":"max-snippet:-1","max-image-preview":"max-image-preview:large","max-video-preview":"max-video-preview:-1"},"canonical":"https:\/\/www.ull.es\/portal\/agenda\/evento\/espana-del-aislamiento-a-la-incorporacion-a-europa\/","og_locale":"es_ES","og_type":"article","og_title":"Espa\u00f1a, del aislamiento a la incorporaci\u00f3n a Europa - ULL - Agenda","og_description":"En el marco del ciclo de coloquios \u2018De la Dictadura a la Democracia\u2019, dentro de la programaci\u00f3n \u00abEspa\u00f1a en Libertad. 50 a\u00f1os\u00bb, la Universidad de La Laguna y la Universidad de Las Palmas de Gran Canaria celebrar\u00e1n los d\u00edas 18 y 19 de marzo de 2025 sesiones dedicadas a analizar el papel desempe\u00f1ado por el...","og_url":"https:\/\/www.ull.es\/portal\/agenda\/evento\/espana-del-aislamiento-a-la-incorporacion-a-europa\/","og_site_name":"ULL - Agenda","article_modified_time":"2025-03-19T11:56:25+00:00","og_image":[{"width":750,"height":370,"url":"https:\/\/www.ull.es\/portal\/agenda\/wp-content\/uploads\/sites\/12\/2025\/02\/Espana-Del-asilamiento-a-la-incorporacion-a-Europa_Eventos-ULL.jpg","type":"image\/jpeg"}],"twitter_card":"summary_large_image","twitter_misc":{"Tiempo de lectura":"1 minuto"},"schema":{"@context":"https:\/\/schema.org","@graph":[{"@type":"WebPage","@id":"https:\/\/www.ull.es\/portal\/agenda\/evento\/espana-del-aislamiento-a-la-incorporacion-a-europa\/","url":"https:\/\/www.ull.es\/portal\/agenda\/evento\/espana-del-aislamiento-a-la-incorporacion-a-europa\/","name":"Espa\u00f1a, del aislamiento a la incorporaci\u00f3n a Europa - ULL - Agenda","isPartOf":{"@id":"https:\/\/www.ull.es\/portal\/agenda\/#website"},"datePublished":"2025-02-27T12:55:38+00:00","dateModified":"2025-03-19T11:56:25+00:00","breadcrumb":{"@id":"https:\/\/www.ull.es\/portal\/agenda\/evento\/espana-del-aislamiento-a-la-incorporacion-a-europa\/#breadcrumb"},"inLanguage":"es","potentialAction":[{"@type":"ReadAction","target":["https:\/\/www.ull.es\/portal\/agenda\/evento\/espana-del-aislamiento-a-la-incorporacion-a-europa\/"]}]},{"@type":"BreadcrumbList","@id":"https:\/\/www.ull.es\/portal\/agenda\/evento\/espana-del-aislamiento-a-la-incorporacion-a-europa\/#breadcrumb","itemListElement":[{"@type":"ListItem","position":1,"name":"Portada","item":"https:\/\/www.ull.es\/portal\/agenda\/"},{"@type":"ListItem","position":2,"name":"Espa\u00f1a, del aislamiento a la incorporaci\u00f3n a Europa"}]},{"@type":"WebSite","@id":"https:\/\/www.ull.es\/portal\/agenda\/#website","url":"https:\/\/www.ull.es\/portal\/agenda\/","name":"ULL - Agenda","description":"","potentialAction":[{"@type":"SearchAction","target":{"@type":"EntryPoint","urlTemplate":"https:\/\/www.ull.es\/portal\/agenda\/?s={search_term_string}"},"query-input":"required name=search_term_string"}],"inLanguage":"es"}]}},"_links":{"self":[{"href":"https:\/\/www.ull.es\/portal\/agenda\/wp-json\/wp\/v2\/tribe_events\/41075"}],"collection":[{"href":"https:\/\/www.ull.es\/portal\/agenda\/wp-json\/wp\/v2\/tribe_events"}],"about":[{"href":"https:\/\/www.ull.es\/portal\/agenda\/wp-json\/wp\/v2\/types\/tribe_events"}],"author":[{"embeddable":true,"href":"https:\/\/www.ull.es\/portal\/agenda\/wp-json\/wp\/v2\/users\/65"}],"replies":[{"embeddable":true,"href":"https:\/\/www.ull.es\/portal\/agenda\/wp-json\/wp\/v2\/comments?post=41075"}],"version-history":[{"count":4,"href":"https:\/\/www.ull.es\/portal\/agenda\/wp-json\/wp\/v2\/tribe_events\/41075\/revisions"}],"predecessor-version":[{"id":41226,"href":"https:\/\/www.ull.es\/portal\/agenda\/wp-json\/wp\/v2\/tribe_events\/41075\/revisions\/41226"}],"wp:featuredmedia":[{"embeddable":true,"href":"https:\/\/www.ull.es\/portal\/agenda\/wp-json\/wp\/v2\/media\/41083"}],"wp:attachment":[{"href":"https:\/\/www.ull.es\/portal\/agenda\/wp-json\/wp\/v2\/media?parent=41075"}],"wp:term":[{"taxonomy":"post_tag","embeddable":true,"href":"https:\/\/www.ull.es\/portal\/agenda\/wp-json\/wp\/v2\/tags?post=41075"},{"taxonomy":"tribe_events_cat","embeddable":true,"href":"https:\/\/www.ull.es\/portal\/agenda\/wp-json\/wp\/v2\/tribe_events_cat?post=41075"}],"curies":[{"name":"wp","href":"https:\/\/api.w.org\/{rel}","templated":true}]}}

España, del aislamiento a la incorporación a Europa

<p>En el marco del ciclo de coloquios ‘De la Dictadura a la Democracia’, dentro de la programación «España en Libertad. 50 años», la Universidad de La Laguna y la Universidad de Las Palmas de Gran Canaria celebrarán los días 18 y 19 de marzo de 2025 sesiones dedicadas a analizar el papel desempeñado por el europeísmo y las relaciones internacionales en la transición política española. Los valores democráticos promovidos por las instituciones europeas y la influencia ejercida por otros actores internacionales fueron determinantes para cuestionar y debilitar progresivamente el aislacionismo político español.</p>
<p>El aperturismo y el europeísmo dejaron un gran impacto en diversos ámbitos del país, desde la política, la diplomacia y los derechos humanos hasta la cultura y los movimientos sindicales, configurando redes de resistencia e impugnación a la dictadura tanto dentro como fuera de España. Los cambios socioeconómicos experimentados dentro del país, así como la conexión entre diferentes actores, organismos y redes internacionales facilitaron la deslegitimación del régimen y el progresivo establecimiento de las bases para la democratización del país. Este proceso marcó el tránsito de un periodo de aislamiento político a la plena incorporación de España al proyecto europeo, consolidando progresivamente su lugar en la Europa democrática</p>
<p><a href="https://drive.google.com/file/d/10DAF2mNAveKDlmiIuQHyx-32cJDH6y98/view?usp=sharing" target="_blank" rel="noopener" target="_blank" rel="noopener">Cartel</a></p>
<p><a href="https://drive.google.com/file/d/1sHKc1RP-S1MjF7YlKWuOuwxum0SvIoat/view?usp=sharing" target="_blank" rel="noopener" target="_blank" rel="noopener">Programa</a></p>

<p>En el marco del ciclo de coloquios ‘De la Dictadura a la Democracia’, dentro de la programación «España en Libertad. 50 años», la Universidad de La Laguna y la Universidad de Las Palmas de Gran Canaria celebrarán los días 18 y 19 de marzo de 2025 sesiones dedicadas a analizar el papel desempeñado por el&#8230;</p>

<!-- This site is optimized with the Yoast SEO plugin v21.3 - https://yoast.com/wordpress/plugins/seo/ -->
<title>España, del aislamiento a la incorporación a Europa - ULL - Agenda</title>
<meta name="robots" content="index, follow, max-snippet:-1, max-image-preview:large, max-video-preview:-1" />
<link rel="canonical" href="https://www.ull.es/portal/agenda/evento/espana-del-aislamiento-a-la-incorporacion-a-europa/" />
<meta property="og:locale" content="es_ES" />
<meta property="og:type" content="article" />
<meta property="og:title" content="España, del aislamiento a la incorporación a Europa - ULL - Agenda" />
<meta property="og:description" content="En el marco del ciclo de coloquios ‘De la Dictadura a la Democracia’, dentro de la programación «España en Libertad. 50 años», la Universidad de La Laguna y la Universidad de Las Palmas de Gran Canaria celebrarán los días 18 y 19 de marzo de 2025 sesiones dedicadas a analizar el papel desempeñado por el..." />
<meta property="og:url" content="https://www.ull.es/portal/agenda/evento/espana-del-aislamiento-a-la-incorporacion-a-europa/" />
<meta property="og:site_name" content="ULL - Agenda" />
<meta property="article:modified_time" content="2025-03-19T11:56:25+00:00" />
<meta property="og:image" content="https://www.ull.es/portal/agenda/wp-content/uploads/sites/12/2025/02/Espana-Del-asilamiento-a-la-incorporacion-a-Europa_Eventos-ULL.jpg" />
	<meta property="og:image:width" content="750" />
	<meta property="og:image:height" content="370" />
	<meta property="og:image:type" content="image/jpeg" />
<meta name="twitter:card" content="summary_large_image" />
<meta name="twitter:label1" content="Tiempo de lectura" />
	<meta name="twitter:data1" content="1 minuto" />
<script type="application/ld+json" class="yoast-schema-graph">{"@context":"https://schema.org","@graph":[{"@type":"WebPage","@id":"https://www.ull.es/portal/agenda/evento/espana-del-aislamiento-a-la-incorporacion-a-europa/","url":"https://www.ull.es/portal/agenda/evento/espana-del-aislamiento-a-la-incorporacion-a-europa/","name":"España, del aislamiento a la incorporación a Europa - ULL - Agenda","isPartOf":{"@id":"https://www.ull.es/portal/agenda/#website"},"datePublished":"2025-02-27T12:55:38+00:00","dateModified":"2025-03-19T11:56:25+00:00","breadcrumb":{"@id":"https://www.ull.es/portal/agenda/evento/espana-del-aislamiento-a-la-incorporacion-a-europa/#breadcrumb"},"inLanguage":"es","potentialAction":[{"@type":"ReadAction","target":["https://www.ull.es/portal/agenda/evento/espana-del-aislamiento-a-la-incorporacion-a-europa/"]}]},{"@type":"BreadcrumbList","@id":"https://www.ull.es/portal/agenda/evento/espana-del-aislamiento-a-la-incorporacion-a-europa/#breadcrumb","itemListElement":[{"@type":"ListItem","position":1,"name":"Portada","item":"https://www.ull.es/portal/agenda/"},{"@type":"ListItem","position":2,"name":"España, del aislamiento a la incorporación a Europa"}]},{"@type":"WebSite","@id":"https://www.ull.es/portal/agenda/#website","url":"https://www.ull.es/portal/agenda/","name":"ULL - Agenda","description":"","potentialAction":[{"@type":"SearchAction","target":{"@type":"EntryPoint","urlTemplate":"https://www.ull.es/portal/agenda/?s={search_term_string}"},"query-input":"required name=search_term_string"}],"inLanguage":"es"}]}</script>
<!-- / Yoast SEO plugin. -->

España, del aislamiento a la incorporación a Europa - ULL - Agenda

En el marco del ciclo de coloquios ‘De la Dictadura a la Democracia’, dentro de la programación «España en Libertad. 50 años», la Universidad de La Laguna y la Universidad de Las Palmas de Gran Canaria celebrarán los días 18 y 19 de marzo de 2025 sesiones dedicadas a analizar el papel desempeñado por el...
