{"id":41113,"date":"2025-02-28T13:56:45","date_gmt":"2025-02-28T13:56:45","guid":{"rendered":"https:\/\/www.ull.es\/portal\/agenda\/?post_type=tribe_events&#038;p=41113"},"modified":"2025-03-06T13:46:05","modified_gmt":"2025-03-06T13:46:05","slug":"entrega-de-premios-del-instituto-universitario-de-estudios-de-las-mujeres","status":"publish","type":"tribe_events","link":"https:\/\/www.ull.es\/portal\/agenda\/evento\/entrega-de-premios-del-instituto-universitario-de-estudios-de-las-mujeres\/","title":{"rendered":"Entrega de Premios del Instituto Universitario de Estudios de las Mujeres"},"content":{"rendered":"<p>El viernes 14 de marzo tendr\u00e1 lugar la entrega de los Premios del Instituto Universitario de Estudios de las Mujeres en un acto que comenzar\u00e1 a las 10.00 horas en la Sala de Rectores y Rectoras del Edificio Central.<\/p>\n<p>A las 10.30 contaremos con una mesa redonda titulada \u00abHaciendo visible lo invisible: mujeres, ciencia y divulgaci\u00f3n\u00bb, en la que participar\u00e1 Ver\u00f3nica Mart\u00edn, jefa de la unidad de Comunicaci\u00f3n y Cultura Cient\u00edfica del Instituto de Astrof\u00edsica de Canarias (IAC); Laura Garc\u00eda Donate, coordinadora de Chicas con Ciencia ULL; y Elizabeth Ense\u00f1i Mba, de la Asociaci\u00f3n de Mujeres Africanas y Afrodescendientes (en) Canarias.<\/p>\n<p>Tras un Coffe Break a las 11:30 horas, la entrega de galardones en s\u00ed se desarrollar\u00e1 a partir de las 12:00. Este a\u00f1os las tres premiadas son<\/p>\n<ul>\n<li>Margarita Isabel Ramos Quintana. Instituto Universitario de la Empresa.<\/li>\n<li>Ver\u00f3nica Pino Est\u00e9vez. Instituto Universitario de Enfermedades Tropicales y Salud P\u00fablica de Canarias.<\/li>\n<li>Miriam Candelaria Rodr\u00edguez Gonz\u00e1lez. Instituto de Materiales y Nanotecnolog\u00eda.<\/li>\n<\/ul>\n","protected":false},"excerpt":{"rendered":"<p>El viernes 14 de marzo tendr\u00e1 lugar la entrega de los Premios del Instituto Universitario de Estudios de las Mujeres en un acto que comenzar\u00e1 a las 10.00 horas en la Sala de Rectores y Rectoras del Edificio Central. A las 10.30 contaremos con una mesa redonda titulada \u00abHaciendo visible lo invisible: mujeres, ciencia y&#8230;<\/p>\n","protected":false},"author":65,"featured_media":41218,"comment_status":"closed","ping_status":"closed","template":"","tags":[],"tribe_events_cat":[4958,4,3682,191],"acf":[],"yoast_head":"<!-- This site is optimized with the Yoast SEO plugin v21.3 - https:\/\/yoast.com\/wordpress\/plugins\/seo\/ -->\n<title>Entrega de Premios del Instituto Universitario de Estudios de las Mujeres - ULL - Agenda<\/title>\n<meta name=\"robots\" content=\"index, follow, max-snippet:-1, max-image-preview:large, max-video-preview:-1\" \/>\n<link rel=\"canonical\" href=\"https:\/\/www.ull.es\/portal\/agenda\/evento\/entrega-de-premios-del-instituto-universitario-de-estudios-de-las-mujeres\/\" \/>\n<meta property=\"og:locale\" content=\"es_ES\" \/>\n<meta property=\"og:type\" content=\"article\" \/>\n<meta property=\"og:title\" content=\"Entrega de Premios del Instituto Universitario de Estudios de las Mujeres - ULL - Agenda\" \/>\n<meta property=\"og:description\" content=\"El viernes 14 de marzo tendr\u00e1 lugar la entrega de los Premios del Instituto Universitario de Estudios de las Mujeres en un acto que comenzar\u00e1 a las 10.00 horas en la Sala de Rectores y Rectoras del Edificio Central. A las 10.30 contaremos con una mesa redonda titulada \u00abHaciendo visible lo invisible: mujeres, ciencia y...\" \/>\n<meta property=\"og:url\" content=\"https:\/\/www.ull.es\/portal\/agenda\/evento\/entrega-de-premios-del-instituto-universitario-de-estudios-de-las-mujeres\/\" \/>\n<meta property=\"og:site_name\" content=\"ULL - Agenda\" \/>\n<meta property=\"article:modified_time\" content=\"2025-03-06T13:46:05+00:00\" \/>\n<meta property=\"og:image\" content=\"https:\/\/www.ull.es\/portal\/agenda\/wp-content\/uploads\/sites\/12\/2025\/02\/entrega-de-los-Premios-del-Instituto-Universitario-de-Estudios-de-las-Mujeres_Banner-eventos-1.png\" \/>\n\t<meta property=\"og:image:width\" content=\"750\" \/>\n\t<meta property=\"og:image:height\" content=\"370\" \/>\n\t<meta property=\"og:image:type\" content=\"image\/png\" \/>\n<meta name=\"twitter:card\" content=\"summary_large_image\" \/>\n<meta name=\"twitter:label1\" content=\"Tiempo de lectura\" \/>\n\t<meta name=\"twitter:data1\" content=\"1 minuto\" \/>\n<script type=\"application\/ld+json\" class=\"yoast-schema-graph\">{\"@context\":\"https:\/\/schema.org\",\"@graph\":[{\"@type\":\"WebPage\",\"@id\":\"https:\/\/www.ull.es\/portal\/agenda\/evento\/entrega-de-premios-del-instituto-universitario-de-estudios-de-las-mujeres\/\",\"url\":\"https:\/\/www.ull.es\/portal\/agenda\/evento\/entrega-de-premios-del-instituto-universitario-de-estudios-de-las-mujeres\/\",\"name\":\"Entrega de Premios del Instituto Universitario de Estudios de las Mujeres - ULL - Agenda\",\"isPartOf\":{\"@id\":\"https:\/\/www.ull.es\/portal\/agenda\/#website\"},\"datePublished\":\"2025-02-28T13:56:45+00:00\",\"dateModified\":\"2025-03-06T13:46:05+00:00\",\"breadcrumb\":{\"@id\":\"https:\/\/www.ull.es\/portal\/agenda\/evento\/entrega-de-premios-del-instituto-universitario-de-estudios-de-las-mujeres\/#breadcrumb\"},\"inLanguage\":\"es\",\"potentialAction\":[{\"@type\":\"ReadAction\",\"target\":[\"https:\/\/www.ull.es\/portal\/agenda\/evento\/entrega-de-premios-del-instituto-universitario-de-estudios-de-las-mujeres\/\"]}]},{\"@type\":\"BreadcrumbList\",\"@id\":\"https:\/\/www.ull.es\/portal\/agenda\/evento\/entrega-de-premios-del-instituto-universitario-de-estudios-de-las-mujeres\/#breadcrumb\",\"itemListElement\":[{\"@type\":\"ListItem\",\"position\":1,\"name\":\"Portada\",\"item\":\"https:\/\/www.ull.es\/portal\/agenda\/\"},{\"@type\":\"ListItem\",\"position\":2,\"name\":\"Entrega de Premios del Instituto Universitario de Estudios de las Mujeres\"}]},{\"@type\":\"WebSite\",\"@id\":\"https:\/\/www.ull.es\/portal\/agenda\/#website\",\"url\":\"https:\/\/www.ull.es\/portal\/agenda\/\",\"name\":\"ULL - Agenda\",\"description\":\"\",\"potentialAction\":[{\"@type\":\"SearchAction\",\"target\":{\"@type\":\"EntryPoint\",\"urlTemplate\":\"https:\/\/www.ull.es\/portal\/agenda\/?s={search_term_string}\"},\"query-input\":\"required name=search_term_string\"}],\"inLanguage\":\"es\"}]}<\/script>\n<!-- \/ Yoast SEO plugin. -->","yoast_head_json":{"title":"Entrega de Premios del Instituto Universitario de Estudios de las Mujeres - ULL - Agenda","robots":{"index":"index","follow":"follow","max-snippet":"max-snippet:-1","max-image-preview":"max-image-preview:large","max-video-preview":"max-video-preview:-1"},"canonical":"https:\/\/www.ull.es\/portal\/agenda\/evento\/entrega-de-premios-del-instituto-universitario-de-estudios-de-las-mujeres\/","og_locale":"es_ES","og_type":"article","og_title":"Entrega de Premios del Instituto Universitario de Estudios de las Mujeres - ULL - Agenda","og_description":"El viernes 14 de marzo tendr\u00e1 lugar la entrega de los Premios del Instituto Universitario de Estudios de las Mujeres en un acto que comenzar\u00e1 a las 10.00 horas en la Sala de Rectores y Rectoras del Edificio Central. A las 10.30 contaremos con una mesa redonda titulada \u00abHaciendo visible lo invisible: mujeres, ciencia y...","og_url":"https:\/\/www.ull.es\/portal\/agenda\/evento\/entrega-de-premios-del-instituto-universitario-de-estudios-de-las-mujeres\/","og_site_name":"ULL - Agenda","article_modified_time":"2025-03-06T13:46:05+00:00","og_image":[{"width":750,"height":370,"url":"https:\/\/www.ull.es\/portal\/agenda\/wp-content\/uploads\/sites\/12\/2025\/02\/entrega-de-los-Premios-del-Instituto-Universitario-de-Estudios-de-las-Mujeres_Banner-eventos-1.png","type":"image\/png"}],"twitter_card":"summary_large_image","twitter_misc":{"Tiempo de lectura":"1 minuto"},"schema":{"@context":"https:\/\/schema.org","@graph":[{"@type":"WebPage","@id":"https:\/\/www.ull.es\/portal\/agenda\/evento\/entrega-de-premios-del-instituto-universitario-de-estudios-de-las-mujeres\/","url":"https:\/\/www.ull.es\/portal\/agenda\/evento\/entrega-de-premios-del-instituto-universitario-de-estudios-de-las-mujeres\/","name":"Entrega de Premios del Instituto Universitario de Estudios de las Mujeres - ULL - Agenda","isPartOf":{"@id":"https:\/\/www.ull.es\/portal\/agenda\/#website"},"datePublished":"2025-02-28T13:56:45+00:00","dateModified":"2025-03-06T13:46:05+00:00","breadcrumb":{"@id":"https:\/\/www.ull.es\/portal\/agenda\/evento\/entrega-de-premios-del-instituto-universitario-de-estudios-de-las-mujeres\/#breadcrumb"},"inLanguage":"es","potentialAction":[{"@type":"ReadAction","target":["https:\/\/www.ull.es\/portal\/agenda\/evento\/entrega-de-premios-del-instituto-universitario-de-estudios-de-las-mujeres\/"]}]},{"@type":"BreadcrumbList","@id":"https:\/\/www.ull.es\/portal\/agenda\/evento\/entrega-de-premios-del-instituto-universitario-de-estudios-de-las-mujeres\/#breadcrumb","itemListElement":[{"@type":"ListItem","position":1,"name":"Portada","item":"https:\/\/www.ull.es\/portal\/agenda\/"},{"@type":"ListItem","position":2,"name":"Entrega de Premios del Instituto Universitario de Estudios de las Mujeres"}]},{"@type":"WebSite","@id":"https:\/\/www.ull.es\/portal\/agenda\/#website","url":"https:\/\/www.ull.es\/portal\/agenda\/","name":"ULL - Agenda","description":"","potentialAction":[{"@type":"SearchAction","target":{"@type":"EntryPoint","urlTemplate":"https:\/\/www.ull.es\/portal\/agenda\/?s={search_term_string}"},"query-input":"required name=search_term_string"}],"inLanguage":"es"}]}},"_links":{"self":[{"href":"https:\/\/www.ull.es\/portal\/agenda\/wp-json\/wp\/v2\/tribe_events\/41113"}],"collection":[{"href":"https:\/\/www.ull.es\/portal\/agenda\/wp-json\/wp\/v2\/tribe_events"}],"about":[{"href":"https:\/\/www.ull.es\/portal\/agenda\/wp-json\/wp\/v2\/types\/tribe_events"}],"author":[{"embeddable":true,"href":"https:\/\/www.ull.es\/portal\/agenda\/wp-json\/wp\/v2\/users\/65"}],"replies":[{"embeddable":true,"href":"https:\/\/www.ull.es\/portal\/agenda\/wp-json\/wp\/v2\/comments?post=41113"}],"version-history":[{"count":4,"href":"https:\/\/www.ull.es\/portal\/agenda\/wp-json\/wp\/v2\/tribe_events\/41113\/revisions"}],"predecessor-version":[{"id":41198,"href":"https:\/\/www.ull.es\/portal\/agenda\/wp-json\/wp\/v2\/tribe_events\/41113\/revisions\/41198"}],"wp:featuredmedia":[{"embeddable":true,"href":"https:\/\/www.ull.es\/portal\/agenda\/wp-json\/wp\/v2\/media\/41218"}],"wp:attachment":[{"href":"https:\/\/www.ull.es\/portal\/agenda\/wp-json\/wp\/v2\/media?parent=41113"}],"wp:term":[{"taxonomy":"post_tag","embeddable":true,"href":"https:\/\/www.ull.es\/portal\/agenda\/wp-json\/wp\/v2\/tags?post=41113"},{"taxonomy":"tribe_events_cat","embeddable":true,"href":"https:\/\/www.ull.es\/portal\/agenda\/wp-json\/wp\/v2\/tribe_events_cat?post=41113"}],"curies":[{"name":"wp","href":"https:\/\/api.w.org\/{rel}","templated":true}]}}

<p>El viernes 14 de marzo tendrá lugar la entrega de los Premios del Instituto Universitario de Estudios de las Mujeres en un acto que comenzará a las 10.00 horas en la Sala de Rectores y Rectoras del Edificio Central.</p>
<p>A las 10.30 contaremos con una mesa redonda titulada «Haciendo visible lo invisible: mujeres, ciencia y divulgación», en la que participará Verónica Martín, jefa de la unidad de Comunicación y Cultura Científica del Instituto de Astrofísica de Canarias (IAC); Laura García Donate, coordinadora de Chicas con Ciencia ULL; y Elizabeth Enseñi Mba, de la Asociación de Mujeres Africanas y Afrodescendientes (en) Canarias.</p>
<p>Tras un Coffe Break a las 11:30 horas, la entrega de galardones en sí se desarrollará a partir de las 12:00. Este años las tres premiadas son</p>
<ul>
<li>Margarita Isabel Ramos Quintana. Instituto Universitario de la Empresa.</li>
<li>Verónica Pino Estévez. Instituto Universitario de Enfermedades Tropicales y Salud Pública de Canarias.</li>
<li>Miriam Candelaria Rodríguez González. Instituto de Materiales y Nanotecnología.</li>
</ul>

<p>El viernes 14 de marzo tendrá lugar la entrega de los Premios del Instituto Universitario de Estudios de las Mujeres en un acto que comenzará a las 10.00 horas en la Sala de Rectores y Rectoras del Edificio Central. A las 10.30 contaremos con una mesa redonda titulada «Haciendo visible lo invisible: mujeres, ciencia y&#8230;</p>

<!-- This site is optimized with the Yoast SEO plugin v21.3 - https://yoast.com/wordpress/plugins/seo/ -->
<title>Entrega de Premios del Instituto Universitario de Estudios de las Mujeres - ULL - Agenda</title>
<meta name="robots" content="index, follow, max-snippet:-1, max-image-preview:large, max-video-preview:-1" />
<link rel="canonical" href="https://www.ull.es/portal/agenda/evento/entrega-de-premios-del-instituto-universitario-de-estudios-de-las-mujeres/" />
<meta property="og:locale" content="es_ES" />
<meta property="og:type" content="article" />
<meta property="og:title" content="Entrega de Premios del Instituto Universitario de Estudios de las Mujeres - ULL - Agenda" />
<meta property="og:description" content="El viernes 14 de marzo tendrá lugar la entrega de los Premios del Instituto Universitario de Estudios de las Mujeres en un acto que comenzará a las 10.00 horas en la Sala de Rectores y Rectoras del Edificio Central. A las 10.30 contaremos con una mesa redonda titulada «Haciendo visible lo invisible: mujeres, ciencia y..." />
<meta property="og:url" content="https://www.ull.es/portal/agenda/evento/entrega-de-premios-del-instituto-universitario-de-estudios-de-las-mujeres/" />
<meta property="og:site_name" content="ULL - Agenda" />
<meta property="article:modified_time" content="2025-03-06T13:46:05+00:00" />
<meta property="og:image" content="https://www.ull.es/portal/agenda/wp-content/uploads/sites/12/2025/02/entrega-de-los-Premios-del-Instituto-Universitario-de-Estudios-de-las-Mujeres_Banner-eventos-1.png" />
	<meta property="og:image:width" content="750" />
	<meta property="og:image:height" content="370" />
	<meta property="og:image:type" content="image/png" />
<meta name="twitter:card" content="summary_large_image" />
<meta name="twitter:label1" content="Tiempo de lectura" />
	<meta name="twitter:data1" content="1 minuto" />
<script type="application/ld+json" class="yoast-schema-graph">{"@context":"https://schema.org","@graph":[{"@type":"WebPage","@id":"https://www.ull.es/portal/agenda/evento/entrega-de-premios-del-instituto-universitario-de-estudios-de-las-mujeres/","url":"https://www.ull.es/portal/agenda/evento/entrega-de-premios-del-instituto-universitario-de-estudios-de-las-mujeres/","name":"Entrega de Premios del Instituto Universitario de Estudios de las Mujeres - ULL - Agenda","isPartOf":{"@id":"https://www.ull.es/portal/agenda/#website"},"datePublished":"2025-02-28T13:56:45+00:00","dateModified":"2025-03-06T13:46:05+00:00","breadcrumb":{"@id":"https://www.ull.es/portal/agenda/evento/entrega-de-premios-del-instituto-universitario-de-estudios-de-las-mujeres/#breadcrumb"},"inLanguage":"es","potentialAction":[{"@type":"ReadAction","target":["https://www.ull.es/portal/agenda/evento/entrega-de-premios-del-instituto-universitario-de-estudios-de-las-mujeres/"]}]},{"@type":"BreadcrumbList","@id":"https://www.ull.es/portal/agenda/evento/entrega-de-premios-del-instituto-universitario-de-estudios-de-las-mujeres/#breadcrumb","itemListElement":[{"@type":"ListItem","position":1,"name":"Portada","item":"https://www.ull.es/portal/agenda/"},{"@type":"ListItem","position":2,"name":"Entrega de Premios del Instituto Universitario de Estudios de las Mujeres"}]},{"@type":"WebSite","@id":"https://www.ull.es/portal/agenda/#website","url":"https://www.ull.es/portal/agenda/","name":"ULL - Agenda","description":"","potentialAction":[{"@type":"SearchAction","target":{"@type":"EntryPoint","urlTemplate":"https://www.ull.es/portal/agenda/?s={search_term_string}"},"query-input":"required name=search_term_string"}],"inLanguage":"es"}]}</script>
<!-- / Yoast SEO plugin. -->

El viernes 14 de marzo tendrá lugar la entrega de los Premios del Instituto Universitario de Estudios de las Mujeres en un acto que comenzará a las 10.00 horas en la Sala de Rectores y Rectoras del Edificio Central. A las 10.30 contaremos con una mesa redonda titulada «Haciendo visible lo invisible: mujeres, ciencia y...
