{"id":41157,"date":"2025-03-05T12:56:42","date_gmt":"2025-03-05T12:56:42","guid":{"rendered":"https:\/\/www.ull.es\/portal\/agenda\/?post_type=tribe_events&#038;p=41157"},"modified":"2025-03-05T12:56:42","modified_gmt":"2025-03-05T12:56:42","slug":"seminarios-del-itb-base-celulares-y-moleculares-de-la-atrofia-muscular-espinal","status":"publish","type":"tribe_events","link":"https:\/\/www.ull.es\/portal\/agenda\/evento\/seminarios-del-itb-base-celulares-y-moleculares-de-la-atrofia-muscular-espinal\/","title":{"rendered":"Seminarios del ITB: \u00abBase celulares y moleculares de la Atrofia Muscular Espinal\u00bb"},"content":{"rendered":"<p>El programa de Seminarios de Investigaci\u00f3n ITB 2025 dar\u00e1 comienzo el pr\u00f3ximo martes d\u00eda 11 de marzo a las 13:00 h con un seminario inaugural de nuestra Secretaria la Dra. Olga Tapia del grupo \u00abSistemas de Liberaci\u00f3n de F\u00e1rmacos\u00bb, que impartir\u00e1 la charla \u00abBase celulares y moleculares de la Atrofia Muscular Espinal\u00bb.<\/p>\n<p>Como todos los seminarios que se celebrar\u00e1n a lo largo de este a\u00f1o, adem\u00e1s de presencialmente en la Sala de Seminarios del ITB, podr\u00e1n seguirse a trav\u00e9s del siguiente enlace de <a href=\"http:\/\/meet.google.com\/nzo-cqni-jdp\" target=\"_blank\" rel=\"noopener\" target=\"_blank\" rel=\"noopener\">Google Meet<\/a>.<\/p>\n<p>&nbsp;<\/p>\n","protected":false},"excerpt":{"rendered":"<p>El programa de Seminarios de Investigaci\u00f3n ITB 2025 dar\u00e1 comienzo el pr\u00f3ximo martes d\u00eda 11 de marzo a las 13:00 h con un seminario inaugural de nuestra Secretaria la Dra. Olga Tapia del grupo \u00abSistemas de Liberaci\u00f3n de F\u00e1rmacos\u00bb, que impartir\u00e1 la charla \u00abBase celulares y moleculares de la Atrofia Muscular Espinal\u00bb. Como todos los&#8230;<\/p>\n","protected":false},"author":65,"featured_media":41158,"comment_status":"closed","ping_status":"closed","template":"","tags":[],"tribe_events_cat":[3681],"acf":[],"yoast_head":"<!-- This site is optimized with the Yoast SEO plugin v21.3 - https:\/\/yoast.com\/wordpress\/plugins\/seo\/ -->\n<title>Seminarios del ITB: &quot;Base celulares y moleculares de la Atrofia Muscular Espinal&quot; - ULL - Agenda<\/title>\n<meta name=\"robots\" content=\"index, follow, max-snippet:-1, max-image-preview:large, max-video-preview:-1\" \/>\n<link rel=\"canonical\" href=\"https:\/\/www.ull.es\/portal\/agenda\/evento\/seminarios-del-itb-base-celulares-y-moleculares-de-la-atrofia-muscular-espinal\/\" \/>\n<meta property=\"og:locale\" content=\"es_ES\" \/>\n<meta property=\"og:type\" content=\"article\" \/>\n<meta property=\"og:title\" content=\"Seminarios del ITB: &quot;Base celulares y moleculares de la Atrofia Muscular Espinal&quot; - ULL - Agenda\" \/>\n<meta property=\"og:description\" content=\"El programa de Seminarios de Investigaci\u00f3n ITB 2025 dar\u00e1 comienzo el pr\u00f3ximo martes d\u00eda 11 de marzo a las 13:00 h con un seminario inaugural de nuestra Secretaria la Dra. Olga Tapia del grupo \u00abSistemas de Liberaci\u00f3n de F\u00e1rmacos\u00bb, que impartir\u00e1 la charla \u00abBase celulares y moleculares de la Atrofia Muscular Espinal\u00bb. Como todos los...\" \/>\n<meta property=\"og:url\" content=\"https:\/\/www.ull.es\/portal\/agenda\/evento\/seminarios-del-itb-base-celulares-y-moleculares-de-la-atrofia-muscular-espinal\/\" \/>\n<meta property=\"og:site_name\" content=\"ULL - Agenda\" \/>\n<meta property=\"og:image\" content=\"https:\/\/www.ull.es\/portal\/agenda\/wp-content\/uploads\/sites\/12\/2025\/03\/Cartel-Seminario-ITB-Olga-Tapia-750x370-1.jpg\" \/>\n\t<meta property=\"og:image:width\" content=\"750\" \/>\n\t<meta property=\"og:image:height\" content=\"370\" \/>\n\t<meta property=\"og:image:type\" content=\"image\/jpeg\" \/>\n<meta name=\"twitter:card\" content=\"summary_large_image\" \/>\n<meta name=\"twitter:label1\" content=\"Tiempo de lectura\" \/>\n\t<meta name=\"twitter:data1\" content=\"1 minuto\" \/>\n<script type=\"application\/ld+json\" class=\"yoast-schema-graph\">{\"@context\":\"https:\/\/schema.org\",\"@graph\":[{\"@type\":\"WebPage\",\"@id\":\"https:\/\/www.ull.es\/portal\/agenda\/evento\/seminarios-del-itb-base-celulares-y-moleculares-de-la-atrofia-muscular-espinal\/\",\"url\":\"https:\/\/www.ull.es\/portal\/agenda\/evento\/seminarios-del-itb-base-celulares-y-moleculares-de-la-atrofia-muscular-espinal\/\",\"name\":\"Seminarios del ITB: \\\"Base celulares y moleculares de la Atrofia Muscular Espinal\\\" - ULL - Agenda\",\"isPartOf\":{\"@id\":\"https:\/\/www.ull.es\/portal\/agenda\/#website\"},\"datePublished\":\"2025-03-05T12:56:42+00:00\",\"dateModified\":\"2025-03-05T12:56:42+00:00\",\"breadcrumb\":{\"@id\":\"https:\/\/www.ull.es\/portal\/agenda\/evento\/seminarios-del-itb-base-celulares-y-moleculares-de-la-atrofia-muscular-espinal\/#breadcrumb\"},\"inLanguage\":\"es\",\"potentialAction\":[{\"@type\":\"ReadAction\",\"target\":[\"https:\/\/www.ull.es\/portal\/agenda\/evento\/seminarios-del-itb-base-celulares-y-moleculares-de-la-atrofia-muscular-espinal\/\"]}]},{\"@type\":\"BreadcrumbList\",\"@id\":\"https:\/\/www.ull.es\/portal\/agenda\/evento\/seminarios-del-itb-base-celulares-y-moleculares-de-la-atrofia-muscular-espinal\/#breadcrumb\",\"itemListElement\":[{\"@type\":\"ListItem\",\"position\":1,\"name\":\"Portada\",\"item\":\"https:\/\/www.ull.es\/portal\/agenda\/\"},{\"@type\":\"ListItem\",\"position\":2,\"name\":\"Seminarios del ITB: \u00abBase celulares y moleculares de la Atrofia Muscular Espinal\u00bb\"}]},{\"@type\":\"WebSite\",\"@id\":\"https:\/\/www.ull.es\/portal\/agenda\/#website\",\"url\":\"https:\/\/www.ull.es\/portal\/agenda\/\",\"name\":\"ULL - Agenda\",\"description\":\"\",\"potentialAction\":[{\"@type\":\"SearchAction\",\"target\":{\"@type\":\"EntryPoint\",\"urlTemplate\":\"https:\/\/www.ull.es\/portal\/agenda\/?s={search_term_string}\"},\"query-input\":\"required name=search_term_string\"}],\"inLanguage\":\"es\"}]}<\/script>\n<!-- \/ Yoast SEO plugin. -->","yoast_head_json":{"title":"Seminarios del ITB: \"Base celulares y moleculares de la Atrofia Muscular Espinal\" - ULL - Agenda","robots":{"index":"index","follow":"follow","max-snippet":"max-snippet:-1","max-image-preview":"max-image-preview:large","max-video-preview":"max-video-preview:-1"},"canonical":"https:\/\/www.ull.es\/portal\/agenda\/evento\/seminarios-del-itb-base-celulares-y-moleculares-de-la-atrofia-muscular-espinal\/","og_locale":"es_ES","og_type":"article","og_title":"Seminarios del ITB: \"Base celulares y moleculares de la Atrofia Muscular Espinal\" - ULL - Agenda","og_description":"El programa de Seminarios de Investigaci\u00f3n ITB 2025 dar\u00e1 comienzo el pr\u00f3ximo martes d\u00eda 11 de marzo a las 13:00 h con un seminario inaugural de nuestra Secretaria la Dra. Olga Tapia del grupo \u00abSistemas de Liberaci\u00f3n de F\u00e1rmacos\u00bb, que impartir\u00e1 la charla \u00abBase celulares y moleculares de la Atrofia Muscular Espinal\u00bb. Como todos los...","og_url":"https:\/\/www.ull.es\/portal\/agenda\/evento\/seminarios-del-itb-base-celulares-y-moleculares-de-la-atrofia-muscular-espinal\/","og_site_name":"ULL - Agenda","og_image":[{"width":750,"height":370,"url":"https:\/\/www.ull.es\/portal\/agenda\/wp-content\/uploads\/sites\/12\/2025\/03\/Cartel-Seminario-ITB-Olga-Tapia-750x370-1.jpg","type":"image\/jpeg"}],"twitter_card":"summary_large_image","twitter_misc":{"Tiempo de lectura":"1 minuto"},"schema":{"@context":"https:\/\/schema.org","@graph":[{"@type":"WebPage","@id":"https:\/\/www.ull.es\/portal\/agenda\/evento\/seminarios-del-itb-base-celulares-y-moleculares-de-la-atrofia-muscular-espinal\/","url":"https:\/\/www.ull.es\/portal\/agenda\/evento\/seminarios-del-itb-base-celulares-y-moleculares-de-la-atrofia-muscular-espinal\/","name":"Seminarios del ITB: \"Base celulares y moleculares de la Atrofia Muscular Espinal\" - ULL - Agenda","isPartOf":{"@id":"https:\/\/www.ull.es\/portal\/agenda\/#website"},"datePublished":"2025-03-05T12:56:42+00:00","dateModified":"2025-03-05T12:56:42+00:00","breadcrumb":{"@id":"https:\/\/www.ull.es\/portal\/agenda\/evento\/seminarios-del-itb-base-celulares-y-moleculares-de-la-atrofia-muscular-espinal\/#breadcrumb"},"inLanguage":"es","potentialAction":[{"@type":"ReadAction","target":["https:\/\/www.ull.es\/portal\/agenda\/evento\/seminarios-del-itb-base-celulares-y-moleculares-de-la-atrofia-muscular-espinal\/"]}]},{"@type":"BreadcrumbList","@id":"https:\/\/www.ull.es\/portal\/agenda\/evento\/seminarios-del-itb-base-celulares-y-moleculares-de-la-atrofia-muscular-espinal\/#breadcrumb","itemListElement":[{"@type":"ListItem","position":1,"name":"Portada","item":"https:\/\/www.ull.es\/portal\/agenda\/"},{"@type":"ListItem","position":2,"name":"Seminarios del ITB: \u00abBase celulares y moleculares de la Atrofia Muscular Espinal\u00bb"}]},{"@type":"WebSite","@id":"https:\/\/www.ull.es\/portal\/agenda\/#website","url":"https:\/\/www.ull.es\/portal\/agenda\/","name":"ULL - Agenda","description":"","potentialAction":[{"@type":"SearchAction","target":{"@type":"EntryPoint","urlTemplate":"https:\/\/www.ull.es\/portal\/agenda\/?s={search_term_string}"},"query-input":"required name=search_term_string"}],"inLanguage":"es"}]}},"_links":{"self":[{"href":"https:\/\/www.ull.es\/portal\/agenda\/wp-json\/wp\/v2\/tribe_events\/41157"}],"collection":[{"href":"https:\/\/www.ull.es\/portal\/agenda\/wp-json\/wp\/v2\/tribe_events"}],"about":[{"href":"https:\/\/www.ull.es\/portal\/agenda\/wp-json\/wp\/v2\/types\/tribe_events"}],"author":[{"embeddable":true,"href":"https:\/\/www.ull.es\/portal\/agenda\/wp-json\/wp\/v2\/users\/65"}],"replies":[{"embeddable":true,"href":"https:\/\/www.ull.es\/portal\/agenda\/wp-json\/wp\/v2\/comments?post=41157"}],"version-history":[{"count":1,"href":"https:\/\/www.ull.es\/portal\/agenda\/wp-json\/wp\/v2\/tribe_events\/41157\/revisions"}],"predecessor-version":[{"id":41159,"href":"https:\/\/www.ull.es\/portal\/agenda\/wp-json\/wp\/v2\/tribe_events\/41157\/revisions\/41159"}],"wp:featuredmedia":[{"embeddable":true,"href":"https:\/\/www.ull.es\/portal\/agenda\/wp-json\/wp\/v2\/media\/41158"}],"wp:attachment":[{"href":"https:\/\/www.ull.es\/portal\/agenda\/wp-json\/wp\/v2\/media?parent=41157"}],"wp:term":[{"taxonomy":"post_tag","embeddable":true,"href":"https:\/\/www.ull.es\/portal\/agenda\/wp-json\/wp\/v2\/tags?post=41157"},{"taxonomy":"tribe_events_cat","embeddable":true,"href":"https:\/\/www.ull.es\/portal\/agenda\/wp-json\/wp\/v2\/tribe_events_cat?post=41157"}],"curies":[{"name":"wp","href":"https:\/\/api.w.org\/{rel}","templated":true}]}}

<p>El programa de Seminarios de Investigación ITB 2025 dará comienzo el próximo martes día 11 de marzo a las 13:00 h con un seminario inaugural de nuestra Secretaria la Dra. Olga Tapia del grupo «Sistemas de Liberación de Fármacos», que impartirá la charla «Base celulares y moleculares de la Atrofia Muscular Espinal».</p>
<p>Como todos los seminarios que se celebrarán a lo largo de este año, además de presencialmente en la Sala de Seminarios del ITB, podrán seguirse a través del siguiente enlace de <a href="http://meet.google.com/nzo-cqni-jdp" target="_blank" rel="noopener" target="_blank" rel="noopener">Google Meet</a>.</p>
<p>&nbsp;</p>

<p>El programa de Seminarios de Investigación ITB 2025 dará comienzo el próximo martes día 11 de marzo a las 13:00 h con un seminario inaugural de nuestra Secretaria la Dra. Olga Tapia del grupo «Sistemas de Liberación de Fármacos», que impartirá la charla «Base celulares y moleculares de la Atrofia Muscular Espinal». Como todos los&#8230;</p>

<!-- This site is optimized with the Yoast SEO plugin v21.3 - https://yoast.com/wordpress/plugins/seo/ -->
<title>Seminarios del ITB: &quot;Base celulares y moleculares de la Atrofia Muscular Espinal&quot; - ULL - Agenda</title>
<meta name="robots" content="index, follow, max-snippet:-1, max-image-preview:large, max-video-preview:-1" />
<link rel="canonical" href="https://www.ull.es/portal/agenda/evento/seminarios-del-itb-base-celulares-y-moleculares-de-la-atrofia-muscular-espinal/" />
<meta property="og:locale" content="es_ES" />
<meta property="og:type" content="article" />
<meta property="og:title" content="Seminarios del ITB: &quot;Base celulares y moleculares de la Atrofia Muscular Espinal&quot; - ULL - Agenda" />
<meta property="og:description" content="El programa de Seminarios de Investigación ITB 2025 dará comienzo el próximo martes día 11 de marzo a las 13:00 h con un seminario inaugural de nuestra Secretaria la Dra. Olga Tapia del grupo «Sistemas de Liberación de Fármacos», que impartirá la charla «Base celulares y moleculares de la Atrofia Muscular Espinal». Como todos los..." />
<meta property="og:url" content="https://www.ull.es/portal/agenda/evento/seminarios-del-itb-base-celulares-y-moleculares-de-la-atrofia-muscular-espinal/" />
<meta property="og:site_name" content="ULL - Agenda" />
<meta property="og:image" content="https://www.ull.es/portal/agenda/wp-content/uploads/sites/12/2025/03/Cartel-Seminario-ITB-Olga-Tapia-750x370-1.jpg" />
	<meta property="og:image:width" content="750" />
	<meta property="og:image:height" content="370" />
	<meta property="og:image:type" content="image/jpeg" />
<meta name="twitter:card" content="summary_large_image" />
<meta name="twitter:label1" content="Tiempo de lectura" />
	<meta name="twitter:data1" content="1 minuto" />
<script type="application/ld+json" class="yoast-schema-graph">{"@context":"https://schema.org","@graph":[{"@type":"WebPage","@id":"https://www.ull.es/portal/agenda/evento/seminarios-del-itb-base-celulares-y-moleculares-de-la-atrofia-muscular-espinal/","url":"https://www.ull.es/portal/agenda/evento/seminarios-del-itb-base-celulares-y-moleculares-de-la-atrofia-muscular-espinal/","name":"Seminarios del ITB: \"Base celulares y moleculares de la Atrofia Muscular Espinal\" - ULL - Agenda","isPartOf":{"@id":"https://www.ull.es/portal/agenda/#website"},"datePublished":"2025-03-05T12:56:42+00:00","dateModified":"2025-03-05T12:56:42+00:00","breadcrumb":{"@id":"https://www.ull.es/portal/agenda/evento/seminarios-del-itb-base-celulares-y-moleculares-de-la-atrofia-muscular-espinal/#breadcrumb"},"inLanguage":"es","potentialAction":[{"@type":"ReadAction","target":["https://www.ull.es/portal/agenda/evento/seminarios-del-itb-base-celulares-y-moleculares-de-la-atrofia-muscular-espinal/"]}]},{"@type":"BreadcrumbList","@id":"https://www.ull.es/portal/agenda/evento/seminarios-del-itb-base-celulares-y-moleculares-de-la-atrofia-muscular-espinal/#breadcrumb","itemListElement":[{"@type":"ListItem","position":1,"name":"Portada","item":"https://www.ull.es/portal/agenda/"},{"@type":"ListItem","position":2,"name":"Seminarios del ITB: «Base celulares y moleculares de la Atrofia Muscular Espinal»"}]},{"@type":"WebSite","@id":"https://www.ull.es/portal/agenda/#website","url":"https://www.ull.es/portal/agenda/","name":"ULL - Agenda","description":"","potentialAction":[{"@type":"SearchAction","target":{"@type":"EntryPoint","urlTemplate":"https://www.ull.es/portal/agenda/?s={search_term_string}"},"query-input":"required name=search_term_string"}],"inLanguage":"es"}]}</script>
<!-- / Yoast SEO plugin. -->

El programa de Seminarios de Investigación ITB 2025 dará comienzo el próximo martes día 11 de marzo a las 13:00 h con un seminario inaugural de nuestra Secretaria la Dra. Olga Tapia del grupo «Sistemas de Liberación de Fármacos», que impartirá la charla «Base celulares y moleculares de la Atrofia Muscular Espinal». Como todos los...
