{"id":41179,"date":"2025-03-06T08:59:17","date_gmt":"2025-03-06T08:59:17","guid":{"rendered":"https:\/\/www.ull.es\/portal\/agenda\/?post_type=tribe_events&#038;p=41179"},"modified":"2025-03-12T12:54:34","modified_gmt":"2025-03-12T12:54:34","slug":"performance-con-motivo-de-la-conmemoracion-del-8m-dia-internacional-de-las-mujeres-2025","status":"publish","type":"tribe_events","link":"https:\/\/www.ull.es\/portal\/agenda\/evento\/performance-con-motivo-de-la-conmemoracion-del-8m-dia-internacional-de-las-mujeres-2025\/","title":{"rendered":"Performance con motivo de la conmemoraci\u00f3n del 8M, D\u00eda Internacional de las Mujeres 2025"},"content":{"rendered":"<p>En el marco de la conmemoraci\u00f3n del 8M, D\u00eda Internacional de las Mujeres, la Universidad de La Laguna te invita a participar en una performance bajo la direcci\u00f3n de la artista y profesora en el Grado de Bellas Artes, M. Lohrum. Se realizar\u00e1 el mi\u00e9rcoles, 12 de marzo de 2025, a las 11,00 horas, en la Plaza del Campus de Guajara (espacio ubicado entre las Facultades de Psicolog\u00eda, Geograf\u00eda e Historia y Filolog\u00eda).<\/p>\n<div>\n<p>Lohrum define su pr\u00e1ctica art\u00edstica como <i><a href=\"https:\/\/www.mlohrum.com\/\" target=\"_blank\" rel=\"noopener\">dibujo performativo<\/a>. <\/i>En ella explora el acto de dibujar con todo el cuerpo, con elementos clave como el gesto, el movimiento y la expresividad. Utiliza materiales de dibujo para desafiar los l\u00edmites entre medios, creando obras que son a la vez dibujo, performance, video e instalaci\u00f3n. Su proceso creativo se basa en la espontaneidad, la meditaci\u00f3n y la interacci\u00f3n con el espacio, incorporando, como en esta ocasi\u00f3n, la participaci\u00f3n de nuestro estudiantado para fomentar la colaboraci\u00f3n y cuestionar la autor\u00eda individual.<\/p>\n<p><a href=\"https:\/\/docs.google.com\/forms\/d\/e\/1FAIpQLSdvjw6KGFWpYgq4bxpW7k7XijqP96ZRmcHH4fLnuzTa_0ID5g\/viewform\" target=\"_blank\" rel=\"noopener\" target=\"_blank\" rel=\"noopener\">Inscripci\u00f3n<\/a><\/p>\n<\/div>\n","protected":false},"excerpt":{"rendered":"<p>En el marco de la conmemoraci\u00f3n del 8M, D\u00eda Internacional de las Mujeres, la Universidad de La Laguna te invita a participar en una performance bajo la direcci\u00f3n de la artista y profesora en el Grado de Bellas Artes, M. Lohrum. Se realizar\u00e1 el mi\u00e9rcoles, 12 de marzo de 2025, a las 11,00 horas, en&#8230;<\/p>\n","protected":false},"author":65,"featured_media":41215,"comment_status":"closed","ping_status":"closed","template":"","tags":[],"tribe_events_cat":[4958,4942,4,1103,915,789,3096,972,1090,848,865,937,815,4949,2580,985,1831,788,186],"acf":[],"yoast_head":"<!-- This site is optimized with the Yoast SEO plugin v21.3 - https:\/\/yoast.com\/wordpress\/plugins\/seo\/ -->\n<title>Performance con motivo de la conmemoraci\u00f3n del 8M, D\u00eda Internacional de las Mujeres 2025 - ULL - Agenda<\/title>\n<meta name=\"robots\" content=\"index, follow, max-snippet:-1, max-image-preview:large, max-video-preview:-1\" \/>\n<link rel=\"canonical\" href=\"https:\/\/www.ull.es\/portal\/agenda\/evento\/performance-con-motivo-de-la-conmemoracion-del-8m-dia-internacional-de-las-mujeres-2025\/\" \/>\n<meta property=\"og:locale\" content=\"es_ES\" \/>\n<meta property=\"og:type\" content=\"article\" \/>\n<meta property=\"og:title\" content=\"Performance con motivo de la conmemoraci\u00f3n del 8M, D\u00eda Internacional de las Mujeres 2025 - ULL - Agenda\" \/>\n<meta property=\"og:description\" content=\"En el marco de la conmemoraci\u00f3n del 8M, D\u00eda Internacional de las Mujeres, la Universidad de La Laguna te invita a participar en una performance bajo la direcci\u00f3n de la artista y profesora en el Grado de Bellas Artes, M. Lohrum. Se realizar\u00e1 el mi\u00e9rcoles, 12 de marzo de 2025, a las 11,00 horas, en...\" \/>\n<meta property=\"og:url\" content=\"https:\/\/www.ull.es\/portal\/agenda\/evento\/performance-con-motivo-de-la-conmemoracion-del-8m-dia-internacional-de-las-mujeres-2025\/\" \/>\n<meta property=\"og:site_name\" content=\"ULL - Agenda\" \/>\n<meta property=\"article:modified_time\" content=\"2025-03-12T12:54:34+00:00\" \/>\n<meta property=\"og:image\" content=\"https:\/\/www.ull.es\/portal\/agenda\/wp-content\/uploads\/sites\/12\/2025\/03\/Performance-8M_Banner-eventos.jpg\" \/>\n\t<meta property=\"og:image:width\" content=\"760\" \/>\n\t<meta property=\"og:image:height\" content=\"380\" \/>\n\t<meta property=\"og:image:type\" content=\"image\/jpeg\" \/>\n<meta name=\"twitter:card\" content=\"summary_large_image\" \/>\n<meta name=\"twitter:label1\" content=\"Tiempo de lectura\" \/>\n\t<meta name=\"twitter:data1\" content=\"1 minuto\" \/>\n<script type=\"application\/ld+json\" class=\"yoast-schema-graph\">{\"@context\":\"https:\/\/schema.org\",\"@graph\":[{\"@type\":\"WebPage\",\"@id\":\"https:\/\/www.ull.es\/portal\/agenda\/evento\/performance-con-motivo-de-la-conmemoracion-del-8m-dia-internacional-de-las-mujeres-2025\/\",\"url\":\"https:\/\/www.ull.es\/portal\/agenda\/evento\/performance-con-motivo-de-la-conmemoracion-del-8m-dia-internacional-de-las-mujeres-2025\/\",\"name\":\"Performance con motivo de la conmemoraci\u00f3n del 8M, D\u00eda Internacional de las Mujeres 2025 - ULL - Agenda\",\"isPartOf\":{\"@id\":\"https:\/\/www.ull.es\/portal\/agenda\/#website\"},\"datePublished\":\"2025-03-06T08:59:17+00:00\",\"dateModified\":\"2025-03-12T12:54:34+00:00\",\"breadcrumb\":{\"@id\":\"https:\/\/www.ull.es\/portal\/agenda\/evento\/performance-con-motivo-de-la-conmemoracion-del-8m-dia-internacional-de-las-mujeres-2025\/#breadcrumb\"},\"inLanguage\":\"es\",\"potentialAction\":[{\"@type\":\"ReadAction\",\"target\":[\"https:\/\/www.ull.es\/portal\/agenda\/evento\/performance-con-motivo-de-la-conmemoracion-del-8m-dia-internacional-de-las-mujeres-2025\/\"]}]},{\"@type\":\"BreadcrumbList\",\"@id\":\"https:\/\/www.ull.es\/portal\/agenda\/evento\/performance-con-motivo-de-la-conmemoracion-del-8m-dia-internacional-de-las-mujeres-2025\/#breadcrumb\",\"itemListElement\":[{\"@type\":\"ListItem\",\"position\":1,\"name\":\"Portada\",\"item\":\"https:\/\/www.ull.es\/portal\/agenda\/\"},{\"@type\":\"ListItem\",\"position\":2,\"name\":\"Performance con motivo de la conmemoraci\u00f3n del 8M, D\u00eda Internacional de las Mujeres 2025\"}]},{\"@type\":\"WebSite\",\"@id\":\"https:\/\/www.ull.es\/portal\/agenda\/#website\",\"url\":\"https:\/\/www.ull.es\/portal\/agenda\/\",\"name\":\"ULL - Agenda\",\"description\":\"\",\"potentialAction\":[{\"@type\":\"SearchAction\",\"target\":{\"@type\":\"EntryPoint\",\"urlTemplate\":\"https:\/\/www.ull.es\/portal\/agenda\/?s={search_term_string}\"},\"query-input\":\"required name=search_term_string\"}],\"inLanguage\":\"es\"}]}<\/script>\n<!-- \/ Yoast SEO plugin. -->","yoast_head_json":{"title":"Performance con motivo de la conmemoraci\u00f3n del 8M, D\u00eda Internacional de las Mujeres 2025 - ULL - Agenda","robots":{"index":"index","follow":"follow","max-snippet":"max-snippet:-1","max-image-preview":"max-image-preview:large","max-video-preview":"max-video-preview:-1"},"canonical":"https:\/\/www.ull.es\/portal\/agenda\/evento\/performance-con-motivo-de-la-conmemoracion-del-8m-dia-internacional-de-las-mujeres-2025\/","og_locale":"es_ES","og_type":"article","og_title":"Performance con motivo de la conmemoraci\u00f3n del 8M, D\u00eda Internacional de las Mujeres 2025 - ULL - Agenda","og_description":"En el marco de la conmemoraci\u00f3n del 8M, D\u00eda Internacional de las Mujeres, la Universidad de La Laguna te invita a participar en una performance bajo la direcci\u00f3n de la artista y profesora en el Grado de Bellas Artes, M. Lohrum. Se realizar\u00e1 el mi\u00e9rcoles, 12 de marzo de 2025, a las 11,00 horas, en...","og_url":"https:\/\/www.ull.es\/portal\/agenda\/evento\/performance-con-motivo-de-la-conmemoracion-del-8m-dia-internacional-de-las-mujeres-2025\/","og_site_name":"ULL - Agenda","article_modified_time":"2025-03-12T12:54:34+00:00","og_image":[{"width":760,"height":380,"url":"https:\/\/www.ull.es\/portal\/agenda\/wp-content\/uploads\/sites\/12\/2025\/03\/Performance-8M_Banner-eventos.jpg","type":"image\/jpeg"}],"twitter_card":"summary_large_image","twitter_misc":{"Tiempo de lectura":"1 minuto"},"schema":{"@context":"https:\/\/schema.org","@graph":[{"@type":"WebPage","@id":"https:\/\/www.ull.es\/portal\/agenda\/evento\/performance-con-motivo-de-la-conmemoracion-del-8m-dia-internacional-de-las-mujeres-2025\/","url":"https:\/\/www.ull.es\/portal\/agenda\/evento\/performance-con-motivo-de-la-conmemoracion-del-8m-dia-internacional-de-las-mujeres-2025\/","name":"Performance con motivo de la conmemoraci\u00f3n del 8M, D\u00eda Internacional de las Mujeres 2025 - ULL - Agenda","isPartOf":{"@id":"https:\/\/www.ull.es\/portal\/agenda\/#website"},"datePublished":"2025-03-06T08:59:17+00:00","dateModified":"2025-03-12T12:54:34+00:00","breadcrumb":{"@id":"https:\/\/www.ull.es\/portal\/agenda\/evento\/performance-con-motivo-de-la-conmemoracion-del-8m-dia-internacional-de-las-mujeres-2025\/#breadcrumb"},"inLanguage":"es","potentialAction":[{"@type":"ReadAction","target":["https:\/\/www.ull.es\/portal\/agenda\/evento\/performance-con-motivo-de-la-conmemoracion-del-8m-dia-internacional-de-las-mujeres-2025\/"]}]},{"@type":"BreadcrumbList","@id":"https:\/\/www.ull.es\/portal\/agenda\/evento\/performance-con-motivo-de-la-conmemoracion-del-8m-dia-internacional-de-las-mujeres-2025\/#breadcrumb","itemListElement":[{"@type":"ListItem","position":1,"name":"Portada","item":"https:\/\/www.ull.es\/portal\/agenda\/"},{"@type":"ListItem","position":2,"name":"Performance con motivo de la conmemoraci\u00f3n del 8M, D\u00eda Internacional de las Mujeres 2025"}]},{"@type":"WebSite","@id":"https:\/\/www.ull.es\/portal\/agenda\/#website","url":"https:\/\/www.ull.es\/portal\/agenda\/","name":"ULL - Agenda","description":"","potentialAction":[{"@type":"SearchAction","target":{"@type":"EntryPoint","urlTemplate":"https:\/\/www.ull.es\/portal\/agenda\/?s={search_term_string}"},"query-input":"required name=search_term_string"}],"inLanguage":"es"}]}},"_links":{"self":[{"href":"https:\/\/www.ull.es\/portal\/agenda\/wp-json\/wp\/v2\/tribe_events\/41179"}],"collection":[{"href":"https:\/\/www.ull.es\/portal\/agenda\/wp-json\/wp\/v2\/tribe_events"}],"about":[{"href":"https:\/\/www.ull.es\/portal\/agenda\/wp-json\/wp\/v2\/types\/tribe_events"}],"author":[{"embeddable":true,"href":"https:\/\/www.ull.es\/portal\/agenda\/wp-json\/wp\/v2\/users\/65"}],"replies":[{"embeddable":true,"href":"https:\/\/www.ull.es\/portal\/agenda\/wp-json\/wp\/v2\/comments?post=41179"}],"version-history":[{"count":3,"href":"https:\/\/www.ull.es\/portal\/agenda\/wp-json\/wp\/v2\/tribe_events\/41179\/revisions"}],"predecessor-version":[{"id":41254,"href":"https:\/\/www.ull.es\/portal\/agenda\/wp-json\/wp\/v2\/tribe_events\/41179\/revisions\/41254"}],"wp:featuredmedia":[{"embeddable":true,"href":"https:\/\/www.ull.es\/portal\/agenda\/wp-json\/wp\/v2\/media\/41215"}],"wp:attachment":[{"href":"https:\/\/www.ull.es\/portal\/agenda\/wp-json\/wp\/v2\/media?parent=41179"}],"wp:term":[{"taxonomy":"post_tag","embeddable":true,"href":"https:\/\/www.ull.es\/portal\/agenda\/wp-json\/wp\/v2\/tags?post=41179"},{"taxonomy":"tribe_events_cat","embeddable":true,"href":"https:\/\/www.ull.es\/portal\/agenda\/wp-json\/wp\/v2\/tribe_events_cat?post=41179"}],"curies":[{"name":"wp","href":"https:\/\/api.w.org\/{rel}","templated":true}]}}

Performance con motivo de la conmemoración del 8M, Día Internacional de las Mujeres 2025

<p>En el marco de la conmemoración del 8M, Día Internacional de las Mujeres, la Universidad de La Laguna te invita a participar en una performance bajo la dirección de la artista y profesora en el Grado de Bellas Artes, M. Lohrum. Se realizará el miércoles, 12 de marzo de 2025, a las 11,00 horas, en la Plaza del Campus de Guajara (espacio ubicado entre las Facultades de Psicología, Geografía e Historia y Filología).</p>
<div>
<p>Lohrum define su práctica artística como <i><a href="https://www.mlohrum.com/" target="_blank" rel="noopener">dibujo performativo</a>. </i>En ella explora el acto de dibujar con todo el cuerpo, con elementos clave como el gesto, el movimiento y la expresividad. Utiliza materiales de dibujo para desafiar los límites entre medios, creando obras que son a la vez dibujo, performance, video e instalación. Su proceso creativo se basa en la espontaneidad, la meditación y la interacción con el espacio, incorporando, como en esta ocasión, la participación de nuestro estudiantado para fomentar la colaboración y cuestionar la autoría individual.</p>
<p><a href="https://docs.google.com/forms/d/e/1FAIpQLSdvjw6KGFWpYgq4bxpW7k7XijqP96ZRmcHH4fLnuzTa_0ID5g/viewform" target="_blank" rel="noopener" target="_blank" rel="noopener">Inscripción</a></p>
</div>

<p>En el marco de la conmemoración del 8M, Día Internacional de las Mujeres, la Universidad de La Laguna te invita a participar en una performance bajo la dirección de la artista y profesora en el Grado de Bellas Artes, M. Lohrum. Se realizará el miércoles, 12 de marzo de 2025, a las 11,00 horas, en&#8230;</p>

<!-- This site is optimized with the Yoast SEO plugin v21.3 - https://yoast.com/wordpress/plugins/seo/ -->
<title>Performance con motivo de la conmemoración del 8M, Día Internacional de las Mujeres 2025 - ULL - Agenda</title>
<meta name="robots" content="index, follow, max-snippet:-1, max-image-preview:large, max-video-preview:-1" />
<link rel="canonical" href="https://www.ull.es/portal/agenda/evento/performance-con-motivo-de-la-conmemoracion-del-8m-dia-internacional-de-las-mujeres-2025/" />
<meta property="og:locale" content="es_ES" />
<meta property="og:type" content="article" />
<meta property="og:title" content="Performance con motivo de la conmemoración del 8M, Día Internacional de las Mujeres 2025 - ULL - Agenda" />
<meta property="og:description" content="En el marco de la conmemoración del 8M, Día Internacional de las Mujeres, la Universidad de La Laguna te invita a participar en una performance bajo la dirección de la artista y profesora en el Grado de Bellas Artes, M. Lohrum. Se realizará el miércoles, 12 de marzo de 2025, a las 11,00 horas, en..." />
<meta property="og:url" content="https://www.ull.es/portal/agenda/evento/performance-con-motivo-de-la-conmemoracion-del-8m-dia-internacional-de-las-mujeres-2025/" />
<meta property="og:site_name" content="ULL - Agenda" />
<meta property="article:modified_time" content="2025-03-12T12:54:34+00:00" />
<meta property="og:image" content="https://www.ull.es/portal/agenda/wp-content/uploads/sites/12/2025/03/Performance-8M_Banner-eventos.jpg" />
	<meta property="og:image:width" content="760" />
	<meta property="og:image:height" content="380" />
	<meta property="og:image:type" content="image/jpeg" />
<meta name="twitter:card" content="summary_large_image" />
<meta name="twitter:label1" content="Tiempo de lectura" />
	<meta name="twitter:data1" content="1 minuto" />
<script type="application/ld+json" class="yoast-schema-graph">{"@context":"https://schema.org","@graph":[{"@type":"WebPage","@id":"https://www.ull.es/portal/agenda/evento/performance-con-motivo-de-la-conmemoracion-del-8m-dia-internacional-de-las-mujeres-2025/","url":"https://www.ull.es/portal/agenda/evento/performance-con-motivo-de-la-conmemoracion-del-8m-dia-internacional-de-las-mujeres-2025/","name":"Performance con motivo de la conmemoración del 8M, Día Internacional de las Mujeres 2025 - ULL - Agenda","isPartOf":{"@id":"https://www.ull.es/portal/agenda/#website"},"datePublished":"2025-03-06T08:59:17+00:00","dateModified":"2025-03-12T12:54:34+00:00","breadcrumb":{"@id":"https://www.ull.es/portal/agenda/evento/performance-con-motivo-de-la-conmemoracion-del-8m-dia-internacional-de-las-mujeres-2025/#breadcrumb"},"inLanguage":"es","potentialAction":[{"@type":"ReadAction","target":["https://www.ull.es/portal/agenda/evento/performance-con-motivo-de-la-conmemoracion-del-8m-dia-internacional-de-las-mujeres-2025/"]}]},{"@type":"BreadcrumbList","@id":"https://www.ull.es/portal/agenda/evento/performance-con-motivo-de-la-conmemoracion-del-8m-dia-internacional-de-las-mujeres-2025/#breadcrumb","itemListElement":[{"@type":"ListItem","position":1,"name":"Portada","item":"https://www.ull.es/portal/agenda/"},{"@type":"ListItem","position":2,"name":"Performance con motivo de la conmemoración del 8M, Día Internacional de las Mujeres 2025"}]},{"@type":"WebSite","@id":"https://www.ull.es/portal/agenda/#website","url":"https://www.ull.es/portal/agenda/","name":"ULL - Agenda","description":"","potentialAction":[{"@type":"SearchAction","target":{"@type":"EntryPoint","urlTemplate":"https://www.ull.es/portal/agenda/?s={search_term_string}"},"query-input":"required name=search_term_string"}],"inLanguage":"es"}]}</script>
<!-- / Yoast SEO plugin. -->

Performance con motivo de la conmemoración del 8M, Día Internacional de las Mujeres 2025 - ULL - Agenda

En el marco de la conmemoración del 8M, Día Internacional de las Mujeres, la Universidad de La Laguna te invita a participar en una performance bajo la dirección de la artista y profesora en el Grado de Bellas Artes, M. Lohrum. Se realizará el miércoles, 12 de marzo de 2025, a las 11,00 horas, en...
