{"id":41183,"date":"2025-03-06T09:15:38","date_gmt":"2025-03-06T09:15:38","guid":{"rendered":"https:\/\/www.ull.es\/portal\/agenda\/?post_type=tribe_events&#038;p=41183"},"modified":"2025-03-20T13:35:03","modified_gmt":"2025-03-20T13:35:03","slug":"influencers-3c","status":"publish","type":"tribe_events","link":"https:\/\/www.ull.es\/portal\/agenda\/evento\/influencers-3c\/","title":{"rendered":"Influencers 3C"},"content":{"rendered":"<p>Desde el proyecto Influencers 3C que est\u00e1 desarrollando la Universidad de La Laguna con el apoyo del Gobierno de Canarias, y como cierre del mismo, se ha creado un evento comunitario. Este evento lo ha organizado el grupo joven que se ha formado como Influencers. Actualmente est\u00e1 compuesto por cinco j\u00f3venes que han llegado a esta fase final y que tienen como objetivo generar conciencia y acci\u00f3n en torno a los Objetivos de Desarrollo Sostenible (ODS).<\/p>\n<p>Durante el evento, compartir\u00e1n su experiencia, el impacto que buscan lograr y c\u00f3mo cada persona puede sumarse a esta iniciativa para construir un futuro m\u00e1s sostenible.<\/p>\n<p>\u00a1No te pierdas esta oportunidad de conocer m\u00e1s sobre\u00a0<i>Influencers 3C<\/i>\u00a0y sumarte al cambio!<\/p>\n<p dir=\"auto\">Para m\u00e1s informaci\u00f3n, puede escribir a: <a href=\"mailto:influencers3c@gmail.com\" target=\"_blank\" rel=\"noopener noreferrer\" target=\"_blank\" rel=\"noopener\">influencers3c@gmail.com<\/a>.<\/p>\n<p dir=\"auto\"><a href=\"https:\/\/docs.google.com\/forms\/d\/1AGMHUUsbLLirVoFtMY9iE8UKJnRJxNY0rQLsWxaKopY\/edit?pli=1&amp;pli=1&amp;ts=67cf19ae&amp;pli=1&amp;edit_requested=true#responses\" target=\"_blank\" rel=\"noopener\" target=\"_blank\" rel=\"noopener\">Inscripci\u00f3n<\/a><\/p>\n<p dir=\"auto\"><a href=\"https:\/\/drive.google.com\/file\/d\/1klMJe3lOuFx6_AGZR7-xYCcbR1T0C8ii\/view?usp=sharing\" target=\"_blank\" rel=\"noopener\" target=\"_blank\" rel=\"noopener\">Programa<\/a><\/p>\n","protected":false},"excerpt":{"rendered":"<p>Desde el proyecto Influencers 3C que est\u00e1 desarrollando la Universidad de La Laguna con el apoyo del Gobierno de Canarias, y como cierre del mismo, se ha creado un evento comunitario. Este evento lo ha organizado el grupo joven que se ha formado como Influencers. Actualmente est\u00e1 compuesto por cinco j\u00f3venes que han llegado a&#8230;<\/p>\n","protected":false},"author":65,"featured_media":41360,"comment_status":"closed","ping_status":"closed","template":"","tags":[],"tribe_events_cat":[4,186,191],"acf":[],"yoast_head":"<!-- This site is optimized with the Yoast SEO plugin v21.3 - https:\/\/yoast.com\/wordpress\/plugins\/seo\/ -->\n<title>Influencers 3C - ULL - Agenda<\/title>\n<meta name=\"robots\" content=\"index, follow, max-snippet:-1, max-image-preview:large, max-video-preview:-1\" \/>\n<link rel=\"canonical\" href=\"https:\/\/www.ull.es\/portal\/agenda\/evento\/influencers-3c\/\" \/>\n<meta property=\"og:locale\" content=\"es_ES\" \/>\n<meta property=\"og:type\" content=\"article\" \/>\n<meta property=\"og:title\" content=\"Influencers 3C - ULL - Agenda\" \/>\n<meta property=\"og:description\" content=\"Desde el proyecto Influencers 3C que est\u00e1 desarrollando la Universidad de La Laguna con el apoyo del Gobierno de Canarias, y como cierre del mismo, se ha creado un evento comunitario. Este evento lo ha organizado el grupo joven que se ha formado como Influencers. Actualmente est\u00e1 compuesto por cinco j\u00f3venes que han llegado a...\" \/>\n<meta property=\"og:url\" content=\"https:\/\/www.ull.es\/portal\/agenda\/evento\/influencers-3c\/\" \/>\n<meta property=\"og:site_name\" content=\"ULL - Agenda\" \/>\n<meta property=\"article:modified_time\" content=\"2025-03-20T13:35:03+00:00\" \/>\n<meta property=\"og:image\" content=\"https:\/\/www.ull.es\/portal\/agenda\/wp-content\/uploads\/sites\/12\/2025\/03\/Influencers-3C-Banner-eventos.png\" \/>\n\t<meta property=\"og:image:width\" content=\"750\" \/>\n\t<meta property=\"og:image:height\" content=\"370\" \/>\n\t<meta property=\"og:image:type\" content=\"image\/png\" \/>\n<meta name=\"twitter:card\" content=\"summary_large_image\" \/>\n<meta name=\"twitter:label1\" content=\"Tiempo de lectura\" \/>\n\t<meta name=\"twitter:data1\" content=\"1 minuto\" \/>\n<script type=\"application\/ld+json\" class=\"yoast-schema-graph\">{\"@context\":\"https:\/\/schema.org\",\"@graph\":[{\"@type\":\"WebPage\",\"@id\":\"https:\/\/www.ull.es\/portal\/agenda\/evento\/influencers-3c\/\",\"url\":\"https:\/\/www.ull.es\/portal\/agenda\/evento\/influencers-3c\/\",\"name\":\"Influencers 3C - ULL - Agenda\",\"isPartOf\":{\"@id\":\"https:\/\/www.ull.es\/portal\/agenda\/#website\"},\"datePublished\":\"2025-03-06T09:15:38+00:00\",\"dateModified\":\"2025-03-20T13:35:03+00:00\",\"breadcrumb\":{\"@id\":\"https:\/\/www.ull.es\/portal\/agenda\/evento\/influencers-3c\/#breadcrumb\"},\"inLanguage\":\"es\",\"potentialAction\":[{\"@type\":\"ReadAction\",\"target\":[\"https:\/\/www.ull.es\/portal\/agenda\/evento\/influencers-3c\/\"]}]},{\"@type\":\"BreadcrumbList\",\"@id\":\"https:\/\/www.ull.es\/portal\/agenda\/evento\/influencers-3c\/#breadcrumb\",\"itemListElement\":[{\"@type\":\"ListItem\",\"position\":1,\"name\":\"Portada\",\"item\":\"https:\/\/www.ull.es\/portal\/agenda\/\"},{\"@type\":\"ListItem\",\"position\":2,\"name\":\"Influencers 3C\"}]},{\"@type\":\"WebSite\",\"@id\":\"https:\/\/www.ull.es\/portal\/agenda\/#website\",\"url\":\"https:\/\/www.ull.es\/portal\/agenda\/\",\"name\":\"ULL - Agenda\",\"description\":\"\",\"potentialAction\":[{\"@type\":\"SearchAction\",\"target\":{\"@type\":\"EntryPoint\",\"urlTemplate\":\"https:\/\/www.ull.es\/portal\/agenda\/?s={search_term_string}\"},\"query-input\":\"required name=search_term_string\"}],\"inLanguage\":\"es\"}]}<\/script>\n<!-- \/ Yoast SEO plugin. -->","yoast_head_json":{"title":"Influencers 3C - ULL - Agenda","robots":{"index":"index","follow":"follow","max-snippet":"max-snippet:-1","max-image-preview":"max-image-preview:large","max-video-preview":"max-video-preview:-1"},"canonical":"https:\/\/www.ull.es\/portal\/agenda\/evento\/influencers-3c\/","og_locale":"es_ES","og_type":"article","og_title":"Influencers 3C - ULL - Agenda","og_description":"Desde el proyecto Influencers 3C que est\u00e1 desarrollando la Universidad de La Laguna con el apoyo del Gobierno de Canarias, y como cierre del mismo, se ha creado un evento comunitario. Este evento lo ha organizado el grupo joven que se ha formado como Influencers. Actualmente est\u00e1 compuesto por cinco j\u00f3venes que han llegado a...","og_url":"https:\/\/www.ull.es\/portal\/agenda\/evento\/influencers-3c\/","og_site_name":"ULL - Agenda","article_modified_time":"2025-03-20T13:35:03+00:00","og_image":[{"width":750,"height":370,"url":"https:\/\/www.ull.es\/portal\/agenda\/wp-content\/uploads\/sites\/12\/2025\/03\/Influencers-3C-Banner-eventos.png","type":"image\/png"}],"twitter_card":"summary_large_image","twitter_misc":{"Tiempo de lectura":"1 minuto"},"schema":{"@context":"https:\/\/schema.org","@graph":[{"@type":"WebPage","@id":"https:\/\/www.ull.es\/portal\/agenda\/evento\/influencers-3c\/","url":"https:\/\/www.ull.es\/portal\/agenda\/evento\/influencers-3c\/","name":"Influencers 3C - ULL - Agenda","isPartOf":{"@id":"https:\/\/www.ull.es\/portal\/agenda\/#website"},"datePublished":"2025-03-06T09:15:38+00:00","dateModified":"2025-03-20T13:35:03+00:00","breadcrumb":{"@id":"https:\/\/www.ull.es\/portal\/agenda\/evento\/influencers-3c\/#breadcrumb"},"inLanguage":"es","potentialAction":[{"@type":"ReadAction","target":["https:\/\/www.ull.es\/portal\/agenda\/evento\/influencers-3c\/"]}]},{"@type":"BreadcrumbList","@id":"https:\/\/www.ull.es\/portal\/agenda\/evento\/influencers-3c\/#breadcrumb","itemListElement":[{"@type":"ListItem","position":1,"name":"Portada","item":"https:\/\/www.ull.es\/portal\/agenda\/"},{"@type":"ListItem","position":2,"name":"Influencers 3C"}]},{"@type":"WebSite","@id":"https:\/\/www.ull.es\/portal\/agenda\/#website","url":"https:\/\/www.ull.es\/portal\/agenda\/","name":"ULL - Agenda","description":"","potentialAction":[{"@type":"SearchAction","target":{"@type":"EntryPoint","urlTemplate":"https:\/\/www.ull.es\/portal\/agenda\/?s={search_term_string}"},"query-input":"required name=search_term_string"}],"inLanguage":"es"}]}},"_links":{"self":[{"href":"https:\/\/www.ull.es\/portal\/agenda\/wp-json\/wp\/v2\/tribe_events\/41183"}],"collection":[{"href":"https:\/\/www.ull.es\/portal\/agenda\/wp-json\/wp\/v2\/tribe_events"}],"about":[{"href":"https:\/\/www.ull.es\/portal\/agenda\/wp-json\/wp\/v2\/types\/tribe_events"}],"author":[{"embeddable":true,"href":"https:\/\/www.ull.es\/portal\/agenda\/wp-json\/wp\/v2\/users\/65"}],"replies":[{"embeddable":true,"href":"https:\/\/www.ull.es\/portal\/agenda\/wp-json\/wp\/v2\/comments?post=41183"}],"version-history":[{"count":3,"href":"https:\/\/www.ull.es\/portal\/agenda\/wp-json\/wp\/v2\/tribe_events\/41183\/revisions"}],"predecessor-version":[{"id":41660,"href":"https:\/\/www.ull.es\/portal\/agenda\/wp-json\/wp\/v2\/tribe_events\/41183\/revisions\/41660"}],"wp:featuredmedia":[{"embeddable":true,"href":"https:\/\/www.ull.es\/portal\/agenda\/wp-json\/wp\/v2\/media\/41360"}],"wp:attachment":[{"href":"https:\/\/www.ull.es\/portal\/agenda\/wp-json\/wp\/v2\/media?parent=41183"}],"wp:term":[{"taxonomy":"post_tag","embeddable":true,"href":"https:\/\/www.ull.es\/portal\/agenda\/wp-json\/wp\/v2\/tags?post=41183"},{"taxonomy":"tribe_events_cat","embeddable":true,"href":"https:\/\/www.ull.es\/portal\/agenda\/wp-json\/wp\/v2\/tribe_events_cat?post=41183"}],"curies":[{"name":"wp","href":"https:\/\/api.w.org\/{rel}","templated":true}]}}

<p>Desde el proyecto Influencers 3C que está desarrollando la Universidad de La Laguna con el apoyo del Gobierno de Canarias, y como cierre del mismo, se ha creado un evento comunitario. Este evento lo ha organizado el grupo joven que se ha formado como Influencers. Actualmente está compuesto por cinco jóvenes que han llegado a esta fase final y que tienen como objetivo generar conciencia y acción en torno a los Objetivos de Desarrollo Sostenible (ODS).</p>
<p>Durante el evento, compartirán su experiencia, el impacto que buscan lograr y cómo cada persona puede sumarse a esta iniciativa para construir un futuro más sostenible.</p>
<p>¡No te pierdas esta oportunidad de conocer más sobre <i>Influencers 3C</i> y sumarte al cambio!</p>
<p dir="auto">Para más información, puede escribir a: <a href="mailto:influencers3c@gmail.com" target="_blank" rel="noopener noreferrer" target="_blank" rel="noopener">influencers3c@gmail.com</a>.</p>
<p dir="auto"><a href="https://docs.google.com/forms/d/1AGMHUUsbLLirVoFtMY9iE8UKJnRJxNY0rQLsWxaKopY/edit?pli=1&amp;pli=1&amp;ts=67cf19ae&amp;pli=1&amp;edit_requested=true#responses" target="_blank" rel="noopener" target="_blank" rel="noopener">Inscripción</a></p>
<p dir="auto"><a href="https://drive.google.com/file/d/1klMJe3lOuFx6_AGZR7-xYCcbR1T0C8ii/view?usp=sharing" target="_blank" rel="noopener" target="_blank" rel="noopener">Programa</a></p>

<p>Desde el proyecto Influencers 3C que está desarrollando la Universidad de La Laguna con el apoyo del Gobierno de Canarias, y como cierre del mismo, se ha creado un evento comunitario. Este evento lo ha organizado el grupo joven que se ha formado como Influencers. Actualmente está compuesto por cinco jóvenes que han llegado a&#8230;</p>

<!-- This site is optimized with the Yoast SEO plugin v21.3 - https://yoast.com/wordpress/plugins/seo/ -->
<title>Influencers 3C - ULL - Agenda</title>
<meta name="robots" content="index, follow, max-snippet:-1, max-image-preview:large, max-video-preview:-1" />
<link rel="canonical" href="https://www.ull.es/portal/agenda/evento/influencers-3c/" />
<meta property="og:locale" content="es_ES" />
<meta property="og:type" content="article" />
<meta property="og:title" content="Influencers 3C - ULL - Agenda" />
<meta property="og:description" content="Desde el proyecto Influencers 3C que está desarrollando la Universidad de La Laguna con el apoyo del Gobierno de Canarias, y como cierre del mismo, se ha creado un evento comunitario. Este evento lo ha organizado el grupo joven que se ha formado como Influencers. Actualmente está compuesto por cinco jóvenes que han llegado a..." />
<meta property="og:url" content="https://www.ull.es/portal/agenda/evento/influencers-3c/" />
<meta property="og:site_name" content="ULL - Agenda" />
<meta property="article:modified_time" content="2025-03-20T13:35:03+00:00" />
<meta property="og:image" content="https://www.ull.es/portal/agenda/wp-content/uploads/sites/12/2025/03/Influencers-3C-Banner-eventos.png" />
	<meta property="og:image:width" content="750" />
	<meta property="og:image:height" content="370" />
	<meta property="og:image:type" content="image/png" />
<meta name="twitter:card" content="summary_large_image" />
<meta name="twitter:label1" content="Tiempo de lectura" />
	<meta name="twitter:data1" content="1 minuto" />
<script type="application/ld+json" class="yoast-schema-graph">{"@context":"https://schema.org","@graph":[{"@type":"WebPage","@id":"https://www.ull.es/portal/agenda/evento/influencers-3c/","url":"https://www.ull.es/portal/agenda/evento/influencers-3c/","name":"Influencers 3C - ULL - Agenda","isPartOf":{"@id":"https://www.ull.es/portal/agenda/#website"},"datePublished":"2025-03-06T09:15:38+00:00","dateModified":"2025-03-20T13:35:03+00:00","breadcrumb":{"@id":"https://www.ull.es/portal/agenda/evento/influencers-3c/#breadcrumb"},"inLanguage":"es","potentialAction":[{"@type":"ReadAction","target":["https://www.ull.es/portal/agenda/evento/influencers-3c/"]}]},{"@type":"BreadcrumbList","@id":"https://www.ull.es/portal/agenda/evento/influencers-3c/#breadcrumb","itemListElement":[{"@type":"ListItem","position":1,"name":"Portada","item":"https://www.ull.es/portal/agenda/"},{"@type":"ListItem","position":2,"name":"Influencers 3C"}]},{"@type":"WebSite","@id":"https://www.ull.es/portal/agenda/#website","url":"https://www.ull.es/portal/agenda/","name":"ULL - Agenda","description":"","potentialAction":[{"@type":"SearchAction","target":{"@type":"EntryPoint","urlTemplate":"https://www.ull.es/portal/agenda/?s={search_term_string}"},"query-input":"required name=search_term_string"}],"inLanguage":"es"}]}</script>
<!-- / Yoast SEO plugin. -->

Desde el proyecto Influencers 3C que está desarrollando la Universidad de La Laguna con el apoyo del Gobierno de Canarias, y como cierre del mismo, se ha creado un evento comunitario. Este evento lo ha organizado el grupo joven que se ha formado como Influencers. Actualmente está compuesto por cinco jóvenes que han llegado a...
