{"id":41192,"date":"2025-03-06T10:50:59","date_gmt":"2025-03-06T10:50:59","guid":{"rendered":"https:\/\/www.ull.es\/portal\/agenda\/?post_type=tribe_events&#038;p=41192"},"modified":"2025-03-06T10:53:45","modified_gmt":"2025-03-06T10:53:45","slug":"el-museo-en-las-bienales-de-la-habana-un-modo-para-leer-las-colecciones-la-mediacion-y-el-dialogo-entre-el-arte-historico-con-lo-contemporaneo","status":"publish","type":"tribe_events","link":"https:\/\/www.ull.es\/portal\/agenda\/evento\/el-museo-en-las-bienales-de-la-habana-un-modo-para-leer-las-colecciones-la-mediacion-y-el-dialogo-entre-el-arte-historico-con-lo-contemporaneo\/","title":{"rendered":"El Museo en las Bienales de La Habana. Un modo para leer las colecciones, la mediaci\u00f3n y el di\u00e1logo entre el arte hist\u00f3rico con lo contempor\u00e1neo"},"content":{"rendered":"<p>El Aula Cultural de Pensamiento Art\u00edstico Contempor\u00e1neo organiza esta conferencia que se celebrar\u00e1 en la Facultad de Bellas Artes el 14 de marzo de 2025 de 16:00 a 19:00 horas.<\/p>\n<p>Repensar el museo es un desaf\u00edo para una instituci\u00f3n con un tesauro que re\u00fane el arte antiguo, el moderno y el contempor\u00e1neo, compuesta por dos edificios, uno para el Arte Cubano y otro para el Arte Universal. Cuestionarse el pasado colonial desde el presente y apostar por la inclusividad es uno de sus grandes desaf\u00edos. De igual modo ha sido esencial el di\u00e1logo de los procesos de la creaci\u00f3n actual con piezas hist\u00f3ricas pertenecientes a nuestras colecciones. Este tema no s\u00f3lo abarca las exposiciones transitorias, requiere otra mirada sobre el modo en que se concilia las nuevas adquisiciones de obras. Desde esta perspectiva me gustar\u00eda mostrar las estrategias que hemos desarrollado en los \u00faltimos a\u00f1os.<\/p>\n<p>La conferencia est\u00e1 dirigida al p\u00fablico en general y, especialmente, al estudiantado de la Universidad de La Laguna y sus docentes e investigadores, as\u00ed como a las y los profesionales en activo en el campo del arte contempor\u00e1neo y a todo el p\u00fablico interesado en los nuevos espacios abiertos a la producci\u00f3n art\u00edstica y cultural.<\/p>\n<p>Ponente: Jorge Fern\u00e1ndez Torres. Director del Museo Nacional de Bellas Artes de Cuba.<\/p>\n<p>Direcci\u00f3n acad\u00e9mica: Daniel Villegas. Profesor Ayudante Doctor, Departamento de Bellas Artes de la Universidad de La Laguna.<\/p>\n<p><strong>CERTIFICADO DE ASISTENCIA Y APTITUD:\u00a0<\/strong>La Universidad de La Laguna, a trav\u00e9s del Vicerrectorado de Cultura y Extensi\u00f3n Universitaria, emitir\u00e1 un certificado de asistencia a todas aquellas personas que participen, previa inscripci\u00f3n en la actividad. Adem\u00e1s, aquellas personas que superen la evaluaci\u00f3n, recibir\u00e1n un certificado de asistencia y aprovechamiento.<\/p>\n<p>Asistencia gratuita previa inscripci\u00f3n.\u00a0<strong><u><a href=\"https:\/\/sede.fg.ull.es\/es\/curso\/detalle?code=a25020100&amp;name=el-museo-en-las-bienales-de-la-habana-un-modo-para-leer-las-colecciones-la-mediacion-y-el-dialogo-entre-el-arte-historico-con-lo-contemporaneo&amp;query=%3Fcode%3DA25020100\" target=\"_blank\" rel=\"noopener\" target=\"_blank\" rel=\"noopener\">M\u00e1s informaci\u00f3n e inscripci\u00f3n aqu\u00ed<\/a>.<\/u><\/strong><\/p>\n<p><strong>Contacto:\u00a0<\/strong><a href=\"mailto:extuni@ull.edu.es\" target=\"_blank\" rel=\"noopener\" target=\"_blank\" rel=\"noopener\"><strong>extuni@ull.es<\/strong><\/a><\/p>\n","protected":false},"excerpt":{"rendered":"<p>El Aula Cultural de Pensamiento Art\u00edstico Contempor\u00e1neo organiza esta conferencia que se celebrar\u00e1 en la Facultad de Bellas Artes el 14 de marzo de 2025 de 16:00 a 19:00 horas. Repensar el museo es un desaf\u00edo para una instituci\u00f3n con un tesauro que re\u00fane el arte antiguo, el moderno y el contempor\u00e1neo, compuesta por dos&#8230;<\/p>\n","protected":false},"author":43,"featured_media":41194,"comment_status":"closed","ping_status":"closed","template":"","tags":[4259,4789,977,3812,3751,4165],"tribe_events_cat":[472,471,4,186],"acf":[],"yoast_head":"<!-- This site is optimized with the Yoast SEO plugin v21.3 - https:\/\/yoast.com\/wordpress\/plugins\/seo\/ -->\n<title>El Museo en las Bienales de La Habana. Un modo para leer las colecciones, la mediaci\u00f3n y el di\u00e1logo entre el arte hist\u00f3rico con lo contempor\u00e1neo - ULL - Agenda<\/title>\n<meta name=\"robots\" content=\"index, follow, max-snippet:-1, max-image-preview:large, max-video-preview:-1\" \/>\n<link rel=\"canonical\" href=\"https:\/\/www.ull.es\/portal\/agenda\/evento\/el-museo-en-las-bienales-de-la-habana-un-modo-para-leer-las-colecciones-la-mediacion-y-el-dialogo-entre-el-arte-historico-con-lo-contemporaneo\/\" \/>\n<meta property=\"og:locale\" content=\"es_ES\" \/>\n<meta property=\"og:type\" content=\"article\" \/>\n<meta property=\"og:title\" content=\"El Museo en las Bienales de La Habana. Un modo para leer las colecciones, la mediaci\u00f3n y el di\u00e1logo entre el arte hist\u00f3rico con lo contempor\u00e1neo - ULL - Agenda\" \/>\n<meta property=\"og:description\" content=\"El Aula Cultural de Pensamiento Art\u00edstico Contempor\u00e1neo organiza esta conferencia que se celebrar\u00e1 en la Facultad de Bellas Artes el 14 de marzo de 2025 de 16:00 a 19:00 horas. Repensar el museo es un desaf\u00edo para una instituci\u00f3n con un tesauro que re\u00fane el arte antiguo, el moderno y el contempor\u00e1neo, compuesta por dos...\" \/>\n<meta property=\"og:url\" content=\"https:\/\/www.ull.es\/portal\/agenda\/evento\/el-museo-en-las-bienales-de-la-habana-un-modo-para-leer-las-colecciones-la-mediacion-y-el-dialogo-entre-el-arte-historico-con-lo-contemporaneo\/\" \/>\n<meta property=\"og:site_name\" content=\"ULL - Agenda\" \/>\n<meta property=\"article:modified_time\" content=\"2025-03-06T10:53:45+00:00\" \/>\n<meta property=\"og:image\" content=\"https:\/\/www.ull.es\/portal\/agenda\/wp-content\/uploads\/sites\/12\/2025\/03\/BannerBienales.png\" \/>\n\t<meta property=\"og:image:width\" content=\"750\" \/>\n\t<meta property=\"og:image:height\" content=\"370\" \/>\n\t<meta property=\"og:image:type\" content=\"image\/png\" \/>\n<meta name=\"twitter:card\" content=\"summary_large_image\" \/>\n<meta name=\"twitter:label1\" content=\"Tiempo de lectura\" \/>\n\t<meta name=\"twitter:data1\" content=\"2 minutos\" \/>\n<script type=\"application\/ld+json\" class=\"yoast-schema-graph\">{\"@context\":\"https:\/\/schema.org\",\"@graph\":[{\"@type\":\"WebPage\",\"@id\":\"https:\/\/www.ull.es\/portal\/agenda\/evento\/el-museo-en-las-bienales-de-la-habana-un-modo-para-leer-las-colecciones-la-mediacion-y-el-dialogo-entre-el-arte-historico-con-lo-contemporaneo\/\",\"url\":\"https:\/\/www.ull.es\/portal\/agenda\/evento\/el-museo-en-las-bienales-de-la-habana-un-modo-para-leer-las-colecciones-la-mediacion-y-el-dialogo-entre-el-arte-historico-con-lo-contemporaneo\/\",\"name\":\"El Museo en las Bienales de La Habana. Un modo para leer las colecciones, la mediaci\u00f3n y el di\u00e1logo entre el arte hist\u00f3rico con lo contempor\u00e1neo - ULL - Agenda\",\"isPartOf\":{\"@id\":\"https:\/\/www.ull.es\/portal\/agenda\/#website\"},\"datePublished\":\"2025-03-06T10:50:59+00:00\",\"dateModified\":\"2025-03-06T10:53:45+00:00\",\"breadcrumb\":{\"@id\":\"https:\/\/www.ull.es\/portal\/agenda\/evento\/el-museo-en-las-bienales-de-la-habana-un-modo-para-leer-las-colecciones-la-mediacion-y-el-dialogo-entre-el-arte-historico-con-lo-contemporaneo\/#breadcrumb\"},\"inLanguage\":\"es\",\"potentialAction\":[{\"@type\":\"ReadAction\",\"target\":[\"https:\/\/www.ull.es\/portal\/agenda\/evento\/el-museo-en-las-bienales-de-la-habana-un-modo-para-leer-las-colecciones-la-mediacion-y-el-dialogo-entre-el-arte-historico-con-lo-contemporaneo\/\"]}]},{\"@type\":\"BreadcrumbList\",\"@id\":\"https:\/\/www.ull.es\/portal\/agenda\/evento\/el-museo-en-las-bienales-de-la-habana-un-modo-para-leer-las-colecciones-la-mediacion-y-el-dialogo-entre-el-arte-historico-con-lo-contemporaneo\/#breadcrumb\",\"itemListElement\":[{\"@type\":\"ListItem\",\"position\":1,\"name\":\"Portada\",\"item\":\"https:\/\/www.ull.es\/portal\/agenda\/\"},{\"@type\":\"ListItem\",\"position\":2,\"name\":\"El Museo en las Bienales de La Habana. Un modo para leer las colecciones, la mediaci\u00f3n y el di\u00e1logo entre el arte hist\u00f3rico con lo contempor\u00e1neo\"}]},{\"@type\":\"WebSite\",\"@id\":\"https:\/\/www.ull.es\/portal\/agenda\/#website\",\"url\":\"https:\/\/www.ull.es\/portal\/agenda\/\",\"name\":\"ULL - Agenda\",\"description\":\"\",\"potentialAction\":[{\"@type\":\"SearchAction\",\"target\":{\"@type\":\"EntryPoint\",\"urlTemplate\":\"https:\/\/www.ull.es\/portal\/agenda\/?s={search_term_string}\"},\"query-input\":\"required name=search_term_string\"}],\"inLanguage\":\"es\"}]}<\/script>\n<!-- \/ Yoast SEO plugin. -->","yoast_head_json":{"title":"El Museo en las Bienales de La Habana. Un modo para leer las colecciones, la mediaci\u00f3n y el di\u00e1logo entre el arte hist\u00f3rico con lo contempor\u00e1neo - ULL - Agenda","robots":{"index":"index","follow":"follow","max-snippet":"max-snippet:-1","max-image-preview":"max-image-preview:large","max-video-preview":"max-video-preview:-1"},"canonical":"https:\/\/www.ull.es\/portal\/agenda\/evento\/el-museo-en-las-bienales-de-la-habana-un-modo-para-leer-las-colecciones-la-mediacion-y-el-dialogo-entre-el-arte-historico-con-lo-contemporaneo\/","og_locale":"es_ES","og_type":"article","og_title":"El Museo en las Bienales de La Habana. Un modo para leer las colecciones, la mediaci\u00f3n y el di\u00e1logo entre el arte hist\u00f3rico con lo contempor\u00e1neo - ULL - Agenda","og_description":"El Aula Cultural de Pensamiento Art\u00edstico Contempor\u00e1neo organiza esta conferencia que se celebrar\u00e1 en la Facultad de Bellas Artes el 14 de marzo de 2025 de 16:00 a 19:00 horas. Repensar el museo es un desaf\u00edo para una instituci\u00f3n con un tesauro que re\u00fane el arte antiguo, el moderno y el contempor\u00e1neo, compuesta por dos...","og_url":"https:\/\/www.ull.es\/portal\/agenda\/evento\/el-museo-en-las-bienales-de-la-habana-un-modo-para-leer-las-colecciones-la-mediacion-y-el-dialogo-entre-el-arte-historico-con-lo-contemporaneo\/","og_site_name":"ULL - Agenda","article_modified_time":"2025-03-06T10:53:45+00:00","og_image":[{"width":750,"height":370,"url":"https:\/\/www.ull.es\/portal\/agenda\/wp-content\/uploads\/sites\/12\/2025\/03\/BannerBienales.png","type":"image\/png"}],"twitter_card":"summary_large_image","twitter_misc":{"Tiempo de lectura":"2 minutos"},"schema":{"@context":"https:\/\/schema.org","@graph":[{"@type":"WebPage","@id":"https:\/\/www.ull.es\/portal\/agenda\/evento\/el-museo-en-las-bienales-de-la-habana-un-modo-para-leer-las-colecciones-la-mediacion-y-el-dialogo-entre-el-arte-historico-con-lo-contemporaneo\/","url":"https:\/\/www.ull.es\/portal\/agenda\/evento\/el-museo-en-las-bienales-de-la-habana-un-modo-para-leer-las-colecciones-la-mediacion-y-el-dialogo-entre-el-arte-historico-con-lo-contemporaneo\/","name":"El Museo en las Bienales de La Habana. Un modo para leer las colecciones, la mediaci\u00f3n y el di\u00e1logo entre el arte hist\u00f3rico con lo contempor\u00e1neo - ULL - Agenda","isPartOf":{"@id":"https:\/\/www.ull.es\/portal\/agenda\/#website"},"datePublished":"2025-03-06T10:50:59+00:00","dateModified":"2025-03-06T10:53:45+00:00","breadcrumb":{"@id":"https:\/\/www.ull.es\/portal\/agenda\/evento\/el-museo-en-las-bienales-de-la-habana-un-modo-para-leer-las-colecciones-la-mediacion-y-el-dialogo-entre-el-arte-historico-con-lo-contemporaneo\/#breadcrumb"},"inLanguage":"es","potentialAction":[{"@type":"ReadAction","target":["https:\/\/www.ull.es\/portal\/agenda\/evento\/el-museo-en-las-bienales-de-la-habana-un-modo-para-leer-las-colecciones-la-mediacion-y-el-dialogo-entre-el-arte-historico-con-lo-contemporaneo\/"]}]},{"@type":"BreadcrumbList","@id":"https:\/\/www.ull.es\/portal\/agenda\/evento\/el-museo-en-las-bienales-de-la-habana-un-modo-para-leer-las-colecciones-la-mediacion-y-el-dialogo-entre-el-arte-historico-con-lo-contemporaneo\/#breadcrumb","itemListElement":[{"@type":"ListItem","position":1,"name":"Portada","item":"https:\/\/www.ull.es\/portal\/agenda\/"},{"@type":"ListItem","position":2,"name":"El Museo en las Bienales de La Habana. Un modo para leer las colecciones, la mediaci\u00f3n y el di\u00e1logo entre el arte hist\u00f3rico con lo contempor\u00e1neo"}]},{"@type":"WebSite","@id":"https:\/\/www.ull.es\/portal\/agenda\/#website","url":"https:\/\/www.ull.es\/portal\/agenda\/","name":"ULL - Agenda","description":"","potentialAction":[{"@type":"SearchAction","target":{"@type":"EntryPoint","urlTemplate":"https:\/\/www.ull.es\/portal\/agenda\/?s={search_term_string}"},"query-input":"required name=search_term_string"}],"inLanguage":"es"}]}},"_links":{"self":[{"href":"https:\/\/www.ull.es\/portal\/agenda\/wp-json\/wp\/v2\/tribe_events\/41192"}],"collection":[{"href":"https:\/\/www.ull.es\/portal\/agenda\/wp-json\/wp\/v2\/tribe_events"}],"about":[{"href":"https:\/\/www.ull.es\/portal\/agenda\/wp-json\/wp\/v2\/types\/tribe_events"}],"author":[{"embeddable":true,"href":"https:\/\/www.ull.es\/portal\/agenda\/wp-json\/wp\/v2\/users\/43"}],"replies":[{"embeddable":true,"href":"https:\/\/www.ull.es\/portal\/agenda\/wp-json\/wp\/v2\/comments?post=41192"}],"version-history":[{"count":3,"href":"https:\/\/www.ull.es\/portal\/agenda\/wp-json\/wp\/v2\/tribe_events\/41192\/revisions"}],"predecessor-version":[{"id":41196,"href":"https:\/\/www.ull.es\/portal\/agenda\/wp-json\/wp\/v2\/tribe_events\/41192\/revisions\/41196"}],"wp:featuredmedia":[{"embeddable":true,"href":"https:\/\/www.ull.es\/portal\/agenda\/wp-json\/wp\/v2\/media\/41194"}],"wp:attachment":[{"href":"https:\/\/www.ull.es\/portal\/agenda\/wp-json\/wp\/v2\/media?parent=41192"}],"wp:term":[{"taxonomy":"post_tag","embeddable":true,"href":"https:\/\/www.ull.es\/portal\/agenda\/wp-json\/wp\/v2\/tags?post=41192"},{"taxonomy":"tribe_events_cat","embeddable":true,"href":"https:\/\/www.ull.es\/portal\/agenda\/wp-json\/wp\/v2\/tribe_events_cat?post=41192"}],"curies":[{"name":"wp","href":"https:\/\/api.w.org\/{rel}","templated":true}]}}

El Museo en las Bienales de La Habana. Un modo para leer las colecciones, la mediación y el diálogo entre el arte histórico con lo contemporáneo

<p>El Aula Cultural de Pensamiento Artístico Contemporáneo organiza esta conferencia que se celebrará en la Facultad de Bellas Artes el 14 de marzo de 2025 de 16:00 a 19:00 horas.</p>
<p>Repensar el museo es un desafío para una institución con un tesauro que reúne el arte antiguo, el moderno y el contemporáneo, compuesta por dos edificios, uno para el Arte Cubano y otro para el Arte Universal. Cuestionarse el pasado colonial desde el presente y apostar por la inclusividad es uno de sus grandes desafíos. De igual modo ha sido esencial el diálogo de los procesos de la creación actual con piezas históricas pertenecientes a nuestras colecciones. Este tema no sólo abarca las exposiciones transitorias, requiere otra mirada sobre el modo en que se concilia las nuevas adquisiciones de obras. Desde esta perspectiva me gustaría mostrar las estrategias que hemos desarrollado en los últimos años.</p>
<p>La conferencia está dirigida al público en general y, especialmente, al estudiantado de la Universidad de La Laguna y sus docentes e investigadores, así como a las y los profesionales en activo en el campo del arte contemporáneo y a todo el público interesado en los nuevos espacios abiertos a la producción artística y cultural.</p>
<p>Ponente: Jorge Fernández Torres. Director del Museo Nacional de Bellas Artes de Cuba.</p>
<p>Dirección académica: Daniel Villegas. Profesor Ayudante Doctor, Departamento de Bellas Artes de la Universidad de La Laguna.</p>
<p><strong>CERTIFICADO DE ASISTENCIA Y APTITUD: </strong>La Universidad de La Laguna, a través del Vicerrectorado de Cultura y Extensión Universitaria, emitirá un certificado de asistencia a todas aquellas personas que participen, previa inscripción en la actividad. Además, aquellas personas que superen la evaluación, recibirán un certificado de asistencia y aprovechamiento.</p>
<p>Asistencia gratuita previa inscripción. <strong><u><a href="https://sede.fg.ull.es/es/curso/detalle?code=a25020100&amp;name=el-museo-en-las-bienales-de-la-habana-un-modo-para-leer-las-colecciones-la-mediacion-y-el-dialogo-entre-el-arte-historico-con-lo-contemporaneo&amp;query=%3Fcode%3DA25020100" target="_blank" rel="noopener" target="_blank" rel="noopener">Más información e inscripción aquí</a>.</u></strong></p>
<p><strong>Contacto: </strong><a href="mailto:extuni@ull.edu.es" target="_blank" rel="noopener" target="_blank" rel="noopener"><strong>extuni@ull.es</strong></a></p>

<p>El Aula Cultural de Pensamiento Artístico Contemporáneo organiza esta conferencia que se celebrará en la Facultad de Bellas Artes el 14 de marzo de 2025 de 16:00 a 19:00 horas. Repensar el museo es un desafío para una institución con un tesauro que reúne el arte antiguo, el moderno y el contemporáneo, compuesta por dos&#8230;</p>

<!-- This site is optimized with the Yoast SEO plugin v21.3 - https://yoast.com/wordpress/plugins/seo/ -->
<title>El Museo en las Bienales de La Habana. Un modo para leer las colecciones, la mediación y el diálogo entre el arte histórico con lo contemporáneo - ULL - Agenda</title>
<meta name="robots" content="index, follow, max-snippet:-1, max-image-preview:large, max-video-preview:-1" />
<link rel="canonical" href="https://www.ull.es/portal/agenda/evento/el-museo-en-las-bienales-de-la-habana-un-modo-para-leer-las-colecciones-la-mediacion-y-el-dialogo-entre-el-arte-historico-con-lo-contemporaneo/" />
<meta property="og:locale" content="es_ES" />
<meta property="og:type" content="article" />
<meta property="og:title" content="El Museo en las Bienales de La Habana. Un modo para leer las colecciones, la mediación y el diálogo entre el arte histórico con lo contemporáneo - ULL - Agenda" />
<meta property="og:description" content="El Aula Cultural de Pensamiento Artístico Contemporáneo organiza esta conferencia que se celebrará en la Facultad de Bellas Artes el 14 de marzo de 2025 de 16:00 a 19:00 horas. Repensar el museo es un desafío para una institución con un tesauro que reúne el arte antiguo, el moderno y el contemporáneo, compuesta por dos..." />
<meta property="og:url" content="https://www.ull.es/portal/agenda/evento/el-museo-en-las-bienales-de-la-habana-un-modo-para-leer-las-colecciones-la-mediacion-y-el-dialogo-entre-el-arte-historico-con-lo-contemporaneo/" />
<meta property="og:site_name" content="ULL - Agenda" />
<meta property="article:modified_time" content="2025-03-06T10:53:45+00:00" />
<meta property="og:image" content="https://www.ull.es/portal/agenda/wp-content/uploads/sites/12/2025/03/BannerBienales.png" />
	<meta property="og:image:width" content="750" />
	<meta property="og:image:height" content="370" />
	<meta property="og:image:type" content="image/png" />
<meta name="twitter:card" content="summary_large_image" />
<meta name="twitter:label1" content="Tiempo de lectura" />
	<meta name="twitter:data1" content="2 minutos" />
<script type="application/ld+json" class="yoast-schema-graph">{"@context":"https://schema.org","@graph":[{"@type":"WebPage","@id":"https://www.ull.es/portal/agenda/evento/el-museo-en-las-bienales-de-la-habana-un-modo-para-leer-las-colecciones-la-mediacion-y-el-dialogo-entre-el-arte-historico-con-lo-contemporaneo/","url":"https://www.ull.es/portal/agenda/evento/el-museo-en-las-bienales-de-la-habana-un-modo-para-leer-las-colecciones-la-mediacion-y-el-dialogo-entre-el-arte-historico-con-lo-contemporaneo/","name":"El Museo en las Bienales de La Habana. Un modo para leer las colecciones, la mediación y el diálogo entre el arte histórico con lo contemporáneo - ULL - Agenda","isPartOf":{"@id":"https://www.ull.es/portal/agenda/#website"},"datePublished":"2025-03-06T10:50:59+00:00","dateModified":"2025-03-06T10:53:45+00:00","breadcrumb":{"@id":"https://www.ull.es/portal/agenda/evento/el-museo-en-las-bienales-de-la-habana-un-modo-para-leer-las-colecciones-la-mediacion-y-el-dialogo-entre-el-arte-historico-con-lo-contemporaneo/#breadcrumb"},"inLanguage":"es","potentialAction":[{"@type":"ReadAction","target":["https://www.ull.es/portal/agenda/evento/el-museo-en-las-bienales-de-la-habana-un-modo-para-leer-las-colecciones-la-mediacion-y-el-dialogo-entre-el-arte-historico-con-lo-contemporaneo/"]}]},{"@type":"BreadcrumbList","@id":"https://www.ull.es/portal/agenda/evento/el-museo-en-las-bienales-de-la-habana-un-modo-para-leer-las-colecciones-la-mediacion-y-el-dialogo-entre-el-arte-historico-con-lo-contemporaneo/#breadcrumb","itemListElement":[{"@type":"ListItem","position":1,"name":"Portada","item":"https://www.ull.es/portal/agenda/"},{"@type":"ListItem","position":2,"name":"El Museo en las Bienales de La Habana. Un modo para leer las colecciones, la mediación y el diálogo entre el arte histórico con lo contemporáneo"}]},{"@type":"WebSite","@id":"https://www.ull.es/portal/agenda/#website","url":"https://www.ull.es/portal/agenda/","name":"ULL - Agenda","description":"","potentialAction":[{"@type":"SearchAction","target":{"@type":"EntryPoint","urlTemplate":"https://www.ull.es/portal/agenda/?s={search_term_string}"},"query-input":"required name=search_term_string"}],"inLanguage":"es"}]}</script>
<!-- / Yoast SEO plugin. -->

El Museo en las Bienales de La Habana. Un modo para leer las colecciones, la mediación y el diálogo entre el arte histórico con lo contemporáneo - ULL - Agenda

El Aula Cultural de Pensamiento Artístico Contemporáneo organiza esta conferencia que se celebrará en la Facultad de Bellas Artes el 14 de marzo de 2025 de 16:00 a 19:00 horas. Repensar el museo es un desafío para una institución con un tesauro que reúne el arte antiguo, el moderno y el contemporáneo, compuesta por dos...
