{"id":41200,"date":"2025-03-06T11:51:56","date_gmt":"2025-03-06T11:51:56","guid":{"rendered":"https:\/\/www.ull.es\/portal\/agenda\/?post_type=tribe_events&#038;p=41200"},"modified":"2025-03-06T12:49:13","modified_gmt":"2025-03-06T12:49:13","slug":"un-fisquito-de-matematicas-la-nueva-reina-del-carnaval","status":"publish","type":"tribe_events","link":"https:\/\/www.ull.es\/portal\/agenda\/evento\/un-fisquito-de-matematicas-la-nueva-reina-del-carnaval\/","title":{"rendered":"Un Fisquito de Matem\u00e1ticas: La nueva Reina del carnaval"},"content":{"rendered":"<p>El\u00a0 mi\u00e9rcoles 12 de marzo se estrena la 16\u00ba temporada de un fisquito matem\u00e1tico en el Aula Magna Blas Cabrera del Edificio de F\u00edsica y Matem\u00e1ticas de la Universidad de La Laguna.<\/p>\n<p>Para aquellos que no conozcan esta actividad se trata de una minicharla que no dura m\u00e1s de 10 minutos en donde se cuenta de una manera divulgativa alguna cuesti\u00f3n relacionada con las matem\u00e1ticas. El acto es abierto a todo el p\u00fablico (no necesariamente universitario).<\/p>\n<p>Fisquiteros: Ainhoa Hern\u00e1ndez Delgado y Jes\u00fas David Betancourt Lugo<br \/>\nT\u00edtulo: La nueva Reina del carnaval<br \/>\nHora: 10:45<br \/>\nD\u00eda: mi\u00e9rcoles 11 de marzo de 2025<br \/>\nLugar: Aula Magna Blas Cabrera Felipe, Edificio de Matem\u00e1ticas y F\u00edsica de la ULL<\/p>\n<p>Si quieres ver alguno de los fisquitos de las anteriores temporada puedes verlos en este\u00a0<a href=\"https:\/\/www.ull.es\/portal\/cienciaull\/ediciones-anteriores-de-un-fisquito-de-matematicas\/\" target=\"_blank\" rel=\"noopener\" target=\"_blank\" rel=\"noopener\">enlace<\/a>.<\/p>\n","protected":false},"excerpt":{"rendered":"<p>El\u00a0 mi\u00e9rcoles 12 de marzo se estrena la 16\u00ba temporada de un fisquito matem\u00e1tico en el Aula Magna Blas Cabrera del Edificio de F\u00edsica y Matem\u00e1ticas de la Universidad de La Laguna. Para aquellos que no conozcan esta actividad se trata de una minicharla que no dura m\u00e1s de 10 minutos en donde se cuenta&#8230;<\/p>\n","protected":false},"author":65,"featured_media":41201,"comment_status":"closed","ping_status":"closed","template":"","tags":[],"tribe_events_cat":[347,344,856,4,972,4399,559,4655,186],"acf":[],"yoast_head":"<!-- This site is optimized with the Yoast SEO plugin v21.3 - https:\/\/yoast.com\/wordpress\/plugins\/seo\/ -->\n<title>Un Fisquito de Matem\u00e1ticas: La nueva Reina del carnaval - ULL - Agenda<\/title>\n<meta name=\"robots\" content=\"index, follow, max-snippet:-1, max-image-preview:large, max-video-preview:-1\" \/>\n<link rel=\"canonical\" href=\"https:\/\/www.ull.es\/portal\/agenda\/evento\/un-fisquito-de-matematicas-la-nueva-reina-del-carnaval\/\" \/>\n<meta property=\"og:locale\" content=\"es_ES\" \/>\n<meta property=\"og:type\" content=\"article\" \/>\n<meta property=\"og:title\" content=\"Un Fisquito de Matem\u00e1ticas: La nueva Reina del carnaval - ULL - Agenda\" \/>\n<meta property=\"og:description\" content=\"El\u00a0 mi\u00e9rcoles 12 de marzo se estrena la 16\u00ba temporada de un fisquito matem\u00e1tico en el Aula Magna Blas Cabrera del Edificio de F\u00edsica y Matem\u00e1ticas de la Universidad de La Laguna. Para aquellos que no conozcan esta actividad se trata de una minicharla que no dura m\u00e1s de 10 minutos en donde se cuenta...\" \/>\n<meta property=\"og:url\" content=\"https:\/\/www.ull.es\/portal\/agenda\/evento\/un-fisquito-de-matematicas-la-nueva-reina-del-carnaval\/\" \/>\n<meta property=\"og:site_name\" content=\"ULL - Agenda\" \/>\n<meta property=\"article:modified_time\" content=\"2025-03-06T12:49:13+00:00\" \/>\n<meta property=\"og:image\" content=\"https:\/\/www.ull.es\/portal\/agenda\/wp-content\/uploads\/sites\/12\/2025\/03\/Fisquito16-750-x-370-px-Edith-PADRON-FERNANDEZ.jpg\" \/>\n\t<meta property=\"og:image:width\" content=\"750\" \/>\n\t<meta property=\"og:image:height\" content=\"370\" \/>\n\t<meta property=\"og:image:type\" content=\"image\/jpeg\" \/>\n<meta name=\"twitter:card\" content=\"summary_large_image\" \/>\n<meta name=\"twitter:label1\" content=\"Tiempo de lectura\" \/>\n\t<meta name=\"twitter:data1\" content=\"1 minuto\" \/>\n<script type=\"application\/ld+json\" class=\"yoast-schema-graph\">{\"@context\":\"https:\/\/schema.org\",\"@graph\":[{\"@type\":\"WebPage\",\"@id\":\"https:\/\/www.ull.es\/portal\/agenda\/evento\/un-fisquito-de-matematicas-la-nueva-reina-del-carnaval\/\",\"url\":\"https:\/\/www.ull.es\/portal\/agenda\/evento\/un-fisquito-de-matematicas-la-nueva-reina-del-carnaval\/\",\"name\":\"Un Fisquito de Matem\u00e1ticas: La nueva Reina del carnaval - ULL - Agenda\",\"isPartOf\":{\"@id\":\"https:\/\/www.ull.es\/portal\/agenda\/#website\"},\"datePublished\":\"2025-03-06T11:51:56+00:00\",\"dateModified\":\"2025-03-06T12:49:13+00:00\",\"breadcrumb\":{\"@id\":\"https:\/\/www.ull.es\/portal\/agenda\/evento\/un-fisquito-de-matematicas-la-nueva-reina-del-carnaval\/#breadcrumb\"},\"inLanguage\":\"es\",\"potentialAction\":[{\"@type\":\"ReadAction\",\"target\":[\"https:\/\/www.ull.es\/portal\/agenda\/evento\/un-fisquito-de-matematicas-la-nueva-reina-del-carnaval\/\"]}]},{\"@type\":\"BreadcrumbList\",\"@id\":\"https:\/\/www.ull.es\/portal\/agenda\/evento\/un-fisquito-de-matematicas-la-nueva-reina-del-carnaval\/#breadcrumb\",\"itemListElement\":[{\"@type\":\"ListItem\",\"position\":1,\"name\":\"Portada\",\"item\":\"https:\/\/www.ull.es\/portal\/agenda\/\"},{\"@type\":\"ListItem\",\"position\":2,\"name\":\"Un Fisquito de Matem\u00e1ticas: La nueva Reina del carnaval\"}]},{\"@type\":\"WebSite\",\"@id\":\"https:\/\/www.ull.es\/portal\/agenda\/#website\",\"url\":\"https:\/\/www.ull.es\/portal\/agenda\/\",\"name\":\"ULL - Agenda\",\"description\":\"\",\"potentialAction\":[{\"@type\":\"SearchAction\",\"target\":{\"@type\":\"EntryPoint\",\"urlTemplate\":\"https:\/\/www.ull.es\/portal\/agenda\/?s={search_term_string}\"},\"query-input\":\"required name=search_term_string\"}],\"inLanguage\":\"es\"}]}<\/script>\n<!-- \/ Yoast SEO plugin. -->","yoast_head_json":{"title":"Un Fisquito de Matem\u00e1ticas: La nueva Reina del carnaval - ULL - Agenda","robots":{"index":"index","follow":"follow","max-snippet":"max-snippet:-1","max-image-preview":"max-image-preview:large","max-video-preview":"max-video-preview:-1"},"canonical":"https:\/\/www.ull.es\/portal\/agenda\/evento\/un-fisquito-de-matematicas-la-nueva-reina-del-carnaval\/","og_locale":"es_ES","og_type":"article","og_title":"Un Fisquito de Matem\u00e1ticas: La nueva Reina del carnaval - ULL - Agenda","og_description":"El\u00a0 mi\u00e9rcoles 12 de marzo se estrena la 16\u00ba temporada de un fisquito matem\u00e1tico en el Aula Magna Blas Cabrera del Edificio de F\u00edsica y Matem\u00e1ticas de la Universidad de La Laguna. Para aquellos que no conozcan esta actividad se trata de una minicharla que no dura m\u00e1s de 10 minutos en donde se cuenta...","og_url":"https:\/\/www.ull.es\/portal\/agenda\/evento\/un-fisquito-de-matematicas-la-nueva-reina-del-carnaval\/","og_site_name":"ULL - Agenda","article_modified_time":"2025-03-06T12:49:13+00:00","og_image":[{"width":750,"height":370,"url":"https:\/\/www.ull.es\/portal\/agenda\/wp-content\/uploads\/sites\/12\/2025\/03\/Fisquito16-750-x-370-px-Edith-PADRON-FERNANDEZ.jpg","type":"image\/jpeg"}],"twitter_card":"summary_large_image","twitter_misc":{"Tiempo de lectura":"1 minuto"},"schema":{"@context":"https:\/\/schema.org","@graph":[{"@type":"WebPage","@id":"https:\/\/www.ull.es\/portal\/agenda\/evento\/un-fisquito-de-matematicas-la-nueva-reina-del-carnaval\/","url":"https:\/\/www.ull.es\/portal\/agenda\/evento\/un-fisquito-de-matematicas-la-nueva-reina-del-carnaval\/","name":"Un Fisquito de Matem\u00e1ticas: La nueva Reina del carnaval - ULL - Agenda","isPartOf":{"@id":"https:\/\/www.ull.es\/portal\/agenda\/#website"},"datePublished":"2025-03-06T11:51:56+00:00","dateModified":"2025-03-06T12:49:13+00:00","breadcrumb":{"@id":"https:\/\/www.ull.es\/portal\/agenda\/evento\/un-fisquito-de-matematicas-la-nueva-reina-del-carnaval\/#breadcrumb"},"inLanguage":"es","potentialAction":[{"@type":"ReadAction","target":["https:\/\/www.ull.es\/portal\/agenda\/evento\/un-fisquito-de-matematicas-la-nueva-reina-del-carnaval\/"]}]},{"@type":"BreadcrumbList","@id":"https:\/\/www.ull.es\/portal\/agenda\/evento\/un-fisquito-de-matematicas-la-nueva-reina-del-carnaval\/#breadcrumb","itemListElement":[{"@type":"ListItem","position":1,"name":"Portada","item":"https:\/\/www.ull.es\/portal\/agenda\/"},{"@type":"ListItem","position":2,"name":"Un Fisquito de Matem\u00e1ticas: La nueva Reina del carnaval"}]},{"@type":"WebSite","@id":"https:\/\/www.ull.es\/portal\/agenda\/#website","url":"https:\/\/www.ull.es\/portal\/agenda\/","name":"ULL - Agenda","description":"","potentialAction":[{"@type":"SearchAction","target":{"@type":"EntryPoint","urlTemplate":"https:\/\/www.ull.es\/portal\/agenda\/?s={search_term_string}"},"query-input":"required name=search_term_string"}],"inLanguage":"es"}]}},"_links":{"self":[{"href":"https:\/\/www.ull.es\/portal\/agenda\/wp-json\/wp\/v2\/tribe_events\/41200"}],"collection":[{"href":"https:\/\/www.ull.es\/portal\/agenda\/wp-json\/wp\/v2\/tribe_events"}],"about":[{"href":"https:\/\/www.ull.es\/portal\/agenda\/wp-json\/wp\/v2\/types\/tribe_events"}],"author":[{"embeddable":true,"href":"https:\/\/www.ull.es\/portal\/agenda\/wp-json\/wp\/v2\/users\/65"}],"replies":[{"embeddable":true,"href":"https:\/\/www.ull.es\/portal\/agenda\/wp-json\/wp\/v2\/comments?post=41200"}],"version-history":[{"count":2,"href":"https:\/\/www.ull.es\/portal\/agenda\/wp-json\/wp\/v2\/tribe_events\/41200\/revisions"}],"predecessor-version":[{"id":41210,"href":"https:\/\/www.ull.es\/portal\/agenda\/wp-json\/wp\/v2\/tribe_events\/41200\/revisions\/41210"}],"wp:featuredmedia":[{"embeddable":true,"href":"https:\/\/www.ull.es\/portal\/agenda\/wp-json\/wp\/v2\/media\/41201"}],"wp:attachment":[{"href":"https:\/\/www.ull.es\/portal\/agenda\/wp-json\/wp\/v2\/media?parent=41200"}],"wp:term":[{"taxonomy":"post_tag","embeddable":true,"href":"https:\/\/www.ull.es\/portal\/agenda\/wp-json\/wp\/v2\/tags?post=41200"},{"taxonomy":"tribe_events_cat","embeddable":true,"href":"https:\/\/www.ull.es\/portal\/agenda\/wp-json\/wp\/v2\/tribe_events_cat?post=41200"}],"curies":[{"name":"wp","href":"https:\/\/api.w.org\/{rel}","templated":true}]}}

Un Fisquito de Matemáticas: La nueva Reina del carnaval

<p>El  miércoles 12 de marzo se estrena la 16º temporada de un fisquito matemático en el Aula Magna Blas Cabrera del Edificio de Física y Matemáticas de la Universidad de La Laguna.</p>
<p>Para aquellos que no conozcan esta actividad se trata de una minicharla que no dura más de 10 minutos en donde se cuenta de una manera divulgativa alguna cuestión relacionada con las matemáticas. El acto es abierto a todo el público (no necesariamente universitario).</p>
<p>Fisquiteros: Ainhoa Hernández Delgado y Jesús David Betancourt Lugo<br />
Título: La nueva Reina del carnaval<br />
Hora: 10:45<br />
Día: miércoles 11 de marzo de 2025<br />
Lugar: Aula Magna Blas Cabrera Felipe, Edificio de Matemáticas y Física de la ULL</p>
<p>Si quieres ver alguno de los fisquitos de las anteriores temporada puedes verlos en este <a href="https://www.ull.es/portal/cienciaull/ediciones-anteriores-de-un-fisquito-de-matematicas/" target="_blank" rel="noopener" target="_blank" rel="noopener">enlace</a>.</p>

<p>El  miércoles 12 de marzo se estrena la 16º temporada de un fisquito matemático en el Aula Magna Blas Cabrera del Edificio de Física y Matemáticas de la Universidad de La Laguna. Para aquellos que no conozcan esta actividad se trata de una minicharla que no dura más de 10 minutos en donde se cuenta&#8230;</p>

<!-- This site is optimized with the Yoast SEO plugin v21.3 - https://yoast.com/wordpress/plugins/seo/ -->
<title>Un Fisquito de Matemáticas: La nueva Reina del carnaval - ULL - Agenda</title>
<meta name="robots" content="index, follow, max-snippet:-1, max-image-preview:large, max-video-preview:-1" />
<link rel="canonical" href="https://www.ull.es/portal/agenda/evento/un-fisquito-de-matematicas-la-nueva-reina-del-carnaval/" />
<meta property="og:locale" content="es_ES" />
<meta property="og:type" content="article" />
<meta property="og:title" content="Un Fisquito de Matemáticas: La nueva Reina del carnaval - ULL - Agenda" />
<meta property="og:description" content="El  miércoles 12 de marzo se estrena la 16º temporada de un fisquito matemático en el Aula Magna Blas Cabrera del Edificio de Física y Matemáticas de la Universidad de La Laguna. Para aquellos que no conozcan esta actividad se trata de una minicharla que no dura más de 10 minutos en donde se cuenta..." />
<meta property="og:url" content="https://www.ull.es/portal/agenda/evento/un-fisquito-de-matematicas-la-nueva-reina-del-carnaval/" />
<meta property="og:site_name" content="ULL - Agenda" />
<meta property="article:modified_time" content="2025-03-06T12:49:13+00:00" />
<meta property="og:image" content="https://www.ull.es/portal/agenda/wp-content/uploads/sites/12/2025/03/Fisquito16-750-x-370-px-Edith-PADRON-FERNANDEZ.jpg" />
	<meta property="og:image:width" content="750" />
	<meta property="og:image:height" content="370" />
	<meta property="og:image:type" content="image/jpeg" />
<meta name="twitter:card" content="summary_large_image" />
<meta name="twitter:label1" content="Tiempo de lectura" />
	<meta name="twitter:data1" content="1 minuto" />
<script type="application/ld+json" class="yoast-schema-graph">{"@context":"https://schema.org","@graph":[{"@type":"WebPage","@id":"https://www.ull.es/portal/agenda/evento/un-fisquito-de-matematicas-la-nueva-reina-del-carnaval/","url":"https://www.ull.es/portal/agenda/evento/un-fisquito-de-matematicas-la-nueva-reina-del-carnaval/","name":"Un Fisquito de Matemáticas: La nueva Reina del carnaval - ULL - Agenda","isPartOf":{"@id":"https://www.ull.es/portal/agenda/#website"},"datePublished":"2025-03-06T11:51:56+00:00","dateModified":"2025-03-06T12:49:13+00:00","breadcrumb":{"@id":"https://www.ull.es/portal/agenda/evento/un-fisquito-de-matematicas-la-nueva-reina-del-carnaval/#breadcrumb"},"inLanguage":"es","potentialAction":[{"@type":"ReadAction","target":["https://www.ull.es/portal/agenda/evento/un-fisquito-de-matematicas-la-nueva-reina-del-carnaval/"]}]},{"@type":"BreadcrumbList","@id":"https://www.ull.es/portal/agenda/evento/un-fisquito-de-matematicas-la-nueva-reina-del-carnaval/#breadcrumb","itemListElement":[{"@type":"ListItem","position":1,"name":"Portada","item":"https://www.ull.es/portal/agenda/"},{"@type":"ListItem","position":2,"name":"Un Fisquito de Matemáticas: La nueva Reina del carnaval"}]},{"@type":"WebSite","@id":"https://www.ull.es/portal/agenda/#website","url":"https://www.ull.es/portal/agenda/","name":"ULL - Agenda","description":"","potentialAction":[{"@type":"SearchAction","target":{"@type":"EntryPoint","urlTemplate":"https://www.ull.es/portal/agenda/?s={search_term_string}"},"query-input":"required name=search_term_string"}],"inLanguage":"es"}]}</script>
<!-- / Yoast SEO plugin. -->

Un Fisquito de Matemáticas: La nueva Reina del carnaval - ULL - Agenda

El  miércoles 12 de marzo se estrena la 16º temporada de un fisquito matemático en el Aula Magna Blas Cabrera del Edificio de Física y Matemáticas de la Universidad de La Laguna. Para aquellos que no conozcan esta actividad se trata de una minicharla que no dura más de 10 minutos en donde se cuenta...
