{"id":41230,"date":"2025-03-07T08:38:59","date_gmt":"2025-03-07T08:38:59","guid":{"rendered":"https:\/\/www.ull.es\/portal\/agenda\/?post_type=tribe_events&#038;p=41230"},"modified":"2025-03-10T10:37:20","modified_gmt":"2025-03-10T10:37:20","slug":"xxxv-seminario-de-estudios-medievales-y-renacentistas-la-cultura-de-las-imagenes-en-la-edad-media-y-el-renacimiento","status":"publish","type":"tribe_events","link":"https:\/\/www.ull.es\/portal\/agenda\/evento\/xxxv-seminario-de-estudios-medievales-y-renacentistas-la-cultura-de-las-imagenes-en-la-edad-media-y-el-renacimiento\/","title":{"rendered":"XXXV Seminario de Estudios Medievales y Renacentistas: La cultura de las im\u00e1genes en la Edad Media y el Renacimiento"},"content":{"rendered":"<p>El Instituto de Estudios Medievales y Renacentistas de la Universidad de La Laguna celebra la XXXV edici\u00f3n de su Seminario anual, que en esta ocasi\u00f3n girar\u00e1 en torno a la cultura de las im\u00e1genes en la Edad Media y el Renacimiento. Como ha venido siendo habitual a lo largo de las 35 ediciones de este seminario, que lo han convertido en uno de los eventos cient\u00edficos de mayor tradici\u00f3n dentro del medievalismo en Espa\u00f1a, una serie de especialistas de renombre internacional y de diferentes \u00e1mbitos dentro de las humanidades compartir\u00e1n sus investigaciones sobre la importancia y complejidad de la imagen en la cultura medieval y renacentista, desde un punto de vista transversal e interdisciplinar.<\/p>\n<p><a href=\"https:\/\/drive.google.com\/file\/d\/1foTy_34rViPcvje5Ye_K2iCYxhi9XfjW\/view?usp=sharing\" target=\"_blank\" rel=\"noopener\" target=\"_blank\" rel=\"noopener\">Cartel<\/a><\/p>\n<p><a href=\"https:\/\/drive.google.com\/file\/d\/1FeoaUrUadyckNBSI1Q2mtc5vr1q3jpCZ\/view?usp=sharing\" target=\"_blank\" rel=\"noopener\" target=\"_blank\" rel=\"noopener\">Programa<\/a><\/p>\n","protected":false},"excerpt":{"rendered":"<p>El Instituto de Estudios Medievales y Renacentistas de la Universidad de La Laguna celebra la XXXV edici\u00f3n de su Seminario anual, que en esta ocasi\u00f3n girar\u00e1 en torno a la cultura de las im\u00e1genes en la Edad Media y el Renacimiento. Como ha venido siendo habitual a lo largo de las 35 ediciones de este&#8230;<\/p>\n","protected":false},"author":65,"featured_media":41284,"comment_status":"closed","ping_status":"closed","template":"","tags":[],"tribe_events_cat":[985,4253],"acf":[],"yoast_head":"<!-- This site is optimized with the Yoast SEO plugin v21.3 - https:\/\/yoast.com\/wordpress\/plugins\/seo\/ -->\n<title>XXXV Seminario de Estudios Medievales y Renacentistas: La cultura de las im\u00e1genes en la Edad Media y el Renacimiento - ULL - Agenda<\/title>\n<meta name=\"robots\" content=\"index, follow, max-snippet:-1, max-image-preview:large, max-video-preview:-1\" \/>\n<link rel=\"canonical\" href=\"https:\/\/www.ull.es\/portal\/agenda\/evento\/xxxv-seminario-de-estudios-medievales-y-renacentistas-la-cultura-de-las-imagenes-en-la-edad-media-y-el-renacimiento\/\" \/>\n<meta property=\"og:locale\" content=\"es_ES\" \/>\n<meta property=\"og:type\" content=\"article\" \/>\n<meta property=\"og:title\" content=\"XXXV Seminario de Estudios Medievales y Renacentistas: La cultura de las im\u00e1genes en la Edad Media y el Renacimiento - ULL - Agenda\" \/>\n<meta property=\"og:description\" content=\"El Instituto de Estudios Medievales y Renacentistas de la Universidad de La Laguna celebra la XXXV edici\u00f3n de su Seminario anual, que en esta ocasi\u00f3n girar\u00e1 en torno a la cultura de las im\u00e1genes en la Edad Media y el Renacimiento. Como ha venido siendo habitual a lo largo de las 35 ediciones de este...\" \/>\n<meta property=\"og:url\" content=\"https:\/\/www.ull.es\/portal\/agenda\/evento\/xxxv-seminario-de-estudios-medievales-y-renacentistas-la-cultura-de-las-imagenes-en-la-edad-media-y-el-renacimiento\/\" \/>\n<meta property=\"og:site_name\" content=\"ULL - Agenda\" \/>\n<meta property=\"article:modified_time\" content=\"2025-03-10T10:37:20+00:00\" \/>\n<meta property=\"og:image\" content=\"https:\/\/www.ull.es\/portal\/agenda\/wp-content\/uploads\/sites\/12\/2025\/03\/XXXV-Seminario-de-Estudios-Medievales_Banner-eventos.png\" \/>\n\t<meta property=\"og:image:width\" content=\"750\" \/>\n\t<meta property=\"og:image:height\" content=\"370\" \/>\n\t<meta property=\"og:image:type\" content=\"image\/png\" \/>\n<meta name=\"twitter:card\" content=\"summary_large_image\" \/>\n<meta name=\"twitter:label1\" content=\"Tiempo de lectura\" \/>\n\t<meta name=\"twitter:data1\" content=\"1 minuto\" \/>\n<script type=\"application\/ld+json\" class=\"yoast-schema-graph\">{\"@context\":\"https:\/\/schema.org\",\"@graph\":[{\"@type\":\"WebPage\",\"@id\":\"https:\/\/www.ull.es\/portal\/agenda\/evento\/xxxv-seminario-de-estudios-medievales-y-renacentistas-la-cultura-de-las-imagenes-en-la-edad-media-y-el-renacimiento\/\",\"url\":\"https:\/\/www.ull.es\/portal\/agenda\/evento\/xxxv-seminario-de-estudios-medievales-y-renacentistas-la-cultura-de-las-imagenes-en-la-edad-media-y-el-renacimiento\/\",\"name\":\"XXXV Seminario de Estudios Medievales y Renacentistas: La cultura de las im\u00e1genes en la Edad Media y el Renacimiento - ULL - Agenda\",\"isPartOf\":{\"@id\":\"https:\/\/www.ull.es\/portal\/agenda\/#website\"},\"datePublished\":\"2025-03-07T08:38:59+00:00\",\"dateModified\":\"2025-03-10T10:37:20+00:00\",\"breadcrumb\":{\"@id\":\"https:\/\/www.ull.es\/portal\/agenda\/evento\/xxxv-seminario-de-estudios-medievales-y-renacentistas-la-cultura-de-las-imagenes-en-la-edad-media-y-el-renacimiento\/#breadcrumb\"},\"inLanguage\":\"es\",\"potentialAction\":[{\"@type\":\"ReadAction\",\"target\":[\"https:\/\/www.ull.es\/portal\/agenda\/evento\/xxxv-seminario-de-estudios-medievales-y-renacentistas-la-cultura-de-las-imagenes-en-la-edad-media-y-el-renacimiento\/\"]}]},{\"@type\":\"BreadcrumbList\",\"@id\":\"https:\/\/www.ull.es\/portal\/agenda\/evento\/xxxv-seminario-de-estudios-medievales-y-renacentistas-la-cultura-de-las-imagenes-en-la-edad-media-y-el-renacimiento\/#breadcrumb\",\"itemListElement\":[{\"@type\":\"ListItem\",\"position\":1,\"name\":\"Portada\",\"item\":\"https:\/\/www.ull.es\/portal\/agenda\/\"},{\"@type\":\"ListItem\",\"position\":2,\"name\":\"XXXV Seminario de Estudios Medievales y Renacentistas: La cultura de las im\u00e1genes en la Edad Media y el Renacimiento\"}]},{\"@type\":\"WebSite\",\"@id\":\"https:\/\/www.ull.es\/portal\/agenda\/#website\",\"url\":\"https:\/\/www.ull.es\/portal\/agenda\/\",\"name\":\"ULL - Agenda\",\"description\":\"\",\"potentialAction\":[{\"@type\":\"SearchAction\",\"target\":{\"@type\":\"EntryPoint\",\"urlTemplate\":\"https:\/\/www.ull.es\/portal\/agenda\/?s={search_term_string}\"},\"query-input\":\"required name=search_term_string\"}],\"inLanguage\":\"es\"}]}<\/script>\n<!-- \/ Yoast SEO plugin. -->","yoast_head_json":{"title":"XXXV Seminario de Estudios Medievales y Renacentistas: La cultura de las im\u00e1genes en la Edad Media y el Renacimiento - ULL - Agenda","robots":{"index":"index","follow":"follow","max-snippet":"max-snippet:-1","max-image-preview":"max-image-preview:large","max-video-preview":"max-video-preview:-1"},"canonical":"https:\/\/www.ull.es\/portal\/agenda\/evento\/xxxv-seminario-de-estudios-medievales-y-renacentistas-la-cultura-de-las-imagenes-en-la-edad-media-y-el-renacimiento\/","og_locale":"es_ES","og_type":"article","og_title":"XXXV Seminario de Estudios Medievales y Renacentistas: La cultura de las im\u00e1genes en la Edad Media y el Renacimiento - ULL - Agenda","og_description":"El Instituto de Estudios Medievales y Renacentistas de la Universidad de La Laguna celebra la XXXV edici\u00f3n de su Seminario anual, que en esta ocasi\u00f3n girar\u00e1 en torno a la cultura de las im\u00e1genes en la Edad Media y el Renacimiento. Como ha venido siendo habitual a lo largo de las 35 ediciones de este...","og_url":"https:\/\/www.ull.es\/portal\/agenda\/evento\/xxxv-seminario-de-estudios-medievales-y-renacentistas-la-cultura-de-las-imagenes-en-la-edad-media-y-el-renacimiento\/","og_site_name":"ULL - Agenda","article_modified_time":"2025-03-10T10:37:20+00:00","og_image":[{"width":750,"height":370,"url":"https:\/\/www.ull.es\/portal\/agenda\/wp-content\/uploads\/sites\/12\/2025\/03\/XXXV-Seminario-de-Estudios-Medievales_Banner-eventos.png","type":"image\/png"}],"twitter_card":"summary_large_image","twitter_misc":{"Tiempo de lectura":"1 minuto"},"schema":{"@context":"https:\/\/schema.org","@graph":[{"@type":"WebPage","@id":"https:\/\/www.ull.es\/portal\/agenda\/evento\/xxxv-seminario-de-estudios-medievales-y-renacentistas-la-cultura-de-las-imagenes-en-la-edad-media-y-el-renacimiento\/","url":"https:\/\/www.ull.es\/portal\/agenda\/evento\/xxxv-seminario-de-estudios-medievales-y-renacentistas-la-cultura-de-las-imagenes-en-la-edad-media-y-el-renacimiento\/","name":"XXXV Seminario de Estudios Medievales y Renacentistas: La cultura de las im\u00e1genes en la Edad Media y el Renacimiento - ULL - Agenda","isPartOf":{"@id":"https:\/\/www.ull.es\/portal\/agenda\/#website"},"datePublished":"2025-03-07T08:38:59+00:00","dateModified":"2025-03-10T10:37:20+00:00","breadcrumb":{"@id":"https:\/\/www.ull.es\/portal\/agenda\/evento\/xxxv-seminario-de-estudios-medievales-y-renacentistas-la-cultura-de-las-imagenes-en-la-edad-media-y-el-renacimiento\/#breadcrumb"},"inLanguage":"es","potentialAction":[{"@type":"ReadAction","target":["https:\/\/www.ull.es\/portal\/agenda\/evento\/xxxv-seminario-de-estudios-medievales-y-renacentistas-la-cultura-de-las-imagenes-en-la-edad-media-y-el-renacimiento\/"]}]},{"@type":"BreadcrumbList","@id":"https:\/\/www.ull.es\/portal\/agenda\/evento\/xxxv-seminario-de-estudios-medievales-y-renacentistas-la-cultura-de-las-imagenes-en-la-edad-media-y-el-renacimiento\/#breadcrumb","itemListElement":[{"@type":"ListItem","position":1,"name":"Portada","item":"https:\/\/www.ull.es\/portal\/agenda\/"},{"@type":"ListItem","position":2,"name":"XXXV Seminario de Estudios Medievales y Renacentistas: La cultura de las im\u00e1genes en la Edad Media y el Renacimiento"}]},{"@type":"WebSite","@id":"https:\/\/www.ull.es\/portal\/agenda\/#website","url":"https:\/\/www.ull.es\/portal\/agenda\/","name":"ULL - Agenda","description":"","potentialAction":[{"@type":"SearchAction","target":{"@type":"EntryPoint","urlTemplate":"https:\/\/www.ull.es\/portal\/agenda\/?s={search_term_string}"},"query-input":"required name=search_term_string"}],"inLanguage":"es"}]}},"_links":{"self":[{"href":"https:\/\/www.ull.es\/portal\/agenda\/wp-json\/wp\/v2\/tribe_events\/41230"}],"collection":[{"href":"https:\/\/www.ull.es\/portal\/agenda\/wp-json\/wp\/v2\/tribe_events"}],"about":[{"href":"https:\/\/www.ull.es\/portal\/agenda\/wp-json\/wp\/v2\/types\/tribe_events"}],"author":[{"embeddable":true,"href":"https:\/\/www.ull.es\/portal\/agenda\/wp-json\/wp\/v2\/users\/65"}],"replies":[{"embeddable":true,"href":"https:\/\/www.ull.es\/portal\/agenda\/wp-json\/wp\/v2\/comments?post=41230"}],"version-history":[{"count":1,"href":"https:\/\/www.ull.es\/portal\/agenda\/wp-json\/wp\/v2\/tribe_events\/41230\/revisions"}],"predecessor-version":[{"id":41231,"href":"https:\/\/www.ull.es\/portal\/agenda\/wp-json\/wp\/v2\/tribe_events\/41230\/revisions\/41231"}],"wp:featuredmedia":[{"embeddable":true,"href":"https:\/\/www.ull.es\/portal\/agenda\/wp-json\/wp\/v2\/media\/41284"}],"wp:attachment":[{"href":"https:\/\/www.ull.es\/portal\/agenda\/wp-json\/wp\/v2\/media?parent=41230"}],"wp:term":[{"taxonomy":"post_tag","embeddable":true,"href":"https:\/\/www.ull.es\/portal\/agenda\/wp-json\/wp\/v2\/tags?post=41230"},{"taxonomy":"tribe_events_cat","embeddable":true,"href":"https:\/\/www.ull.es\/portal\/agenda\/wp-json\/wp\/v2\/tribe_events_cat?post=41230"}],"curies":[{"name":"wp","href":"https:\/\/api.w.org\/{rel}","templated":true}]}}

XXXV Seminario de Estudios Medievales y Renacentistas: La cultura de las imágenes en la Edad Media y el Renacimiento

<p>El Instituto de Estudios Medievales y Renacentistas de la Universidad de La Laguna celebra la XXXV edición de su Seminario anual, que en esta ocasión girará en torno a la cultura de las imágenes en la Edad Media y el Renacimiento. Como ha venido siendo habitual a lo largo de las 35 ediciones de este seminario, que lo han convertido en uno de los eventos científicos de mayor tradición dentro del medievalismo en España, una serie de especialistas de renombre internacional y de diferentes ámbitos dentro de las humanidades compartirán sus investigaciones sobre la importancia y complejidad de la imagen en la cultura medieval y renacentista, desde un punto de vista transversal e interdisciplinar.</p>
<p><a href="https://drive.google.com/file/d/1foTy_34rViPcvje5Ye_K2iCYxhi9XfjW/view?usp=sharing" target="_blank" rel="noopener" target="_blank" rel="noopener">Cartel</a></p>
<p><a href="https://drive.google.com/file/d/1FeoaUrUadyckNBSI1Q2mtc5vr1q3jpCZ/view?usp=sharing" target="_blank" rel="noopener" target="_blank" rel="noopener">Programa</a></p>

<p>El Instituto de Estudios Medievales y Renacentistas de la Universidad de La Laguna celebra la XXXV edición de su Seminario anual, que en esta ocasión girará en torno a la cultura de las imágenes en la Edad Media y el Renacimiento. Como ha venido siendo habitual a lo largo de las 35 ediciones de este&#8230;</p>

<!-- This site is optimized with the Yoast SEO plugin v21.3 - https://yoast.com/wordpress/plugins/seo/ -->
<title>XXXV Seminario de Estudios Medievales y Renacentistas: La cultura de las imágenes en la Edad Media y el Renacimiento - ULL - Agenda</title>
<meta name="robots" content="index, follow, max-snippet:-1, max-image-preview:large, max-video-preview:-1" />
<link rel="canonical" href="https://www.ull.es/portal/agenda/evento/xxxv-seminario-de-estudios-medievales-y-renacentistas-la-cultura-de-las-imagenes-en-la-edad-media-y-el-renacimiento/" />
<meta property="og:locale" content="es_ES" />
<meta property="og:type" content="article" />
<meta property="og:title" content="XXXV Seminario de Estudios Medievales y Renacentistas: La cultura de las imágenes en la Edad Media y el Renacimiento - ULL - Agenda" />
<meta property="og:description" content="El Instituto de Estudios Medievales y Renacentistas de la Universidad de La Laguna celebra la XXXV edición de su Seminario anual, que en esta ocasión girará en torno a la cultura de las imágenes en la Edad Media y el Renacimiento. Como ha venido siendo habitual a lo largo de las 35 ediciones de este..." />
<meta property="og:url" content="https://www.ull.es/portal/agenda/evento/xxxv-seminario-de-estudios-medievales-y-renacentistas-la-cultura-de-las-imagenes-en-la-edad-media-y-el-renacimiento/" />
<meta property="og:site_name" content="ULL - Agenda" />
<meta property="article:modified_time" content="2025-03-10T10:37:20+00:00" />
<meta property="og:image" content="https://www.ull.es/portal/agenda/wp-content/uploads/sites/12/2025/03/XXXV-Seminario-de-Estudios-Medievales_Banner-eventos.png" />
	<meta property="og:image:width" content="750" />
	<meta property="og:image:height" content="370" />
	<meta property="og:image:type" content="image/png" />
<meta name="twitter:card" content="summary_large_image" />
<meta name="twitter:label1" content="Tiempo de lectura" />
	<meta name="twitter:data1" content="1 minuto" />
<script type="application/ld+json" class="yoast-schema-graph">{"@context":"https://schema.org","@graph":[{"@type":"WebPage","@id":"https://www.ull.es/portal/agenda/evento/xxxv-seminario-de-estudios-medievales-y-renacentistas-la-cultura-de-las-imagenes-en-la-edad-media-y-el-renacimiento/","url":"https://www.ull.es/portal/agenda/evento/xxxv-seminario-de-estudios-medievales-y-renacentistas-la-cultura-de-las-imagenes-en-la-edad-media-y-el-renacimiento/","name":"XXXV Seminario de Estudios Medievales y Renacentistas: La cultura de las imágenes en la Edad Media y el Renacimiento - ULL - Agenda","isPartOf":{"@id":"https://www.ull.es/portal/agenda/#website"},"datePublished":"2025-03-07T08:38:59+00:00","dateModified":"2025-03-10T10:37:20+00:00","breadcrumb":{"@id":"https://www.ull.es/portal/agenda/evento/xxxv-seminario-de-estudios-medievales-y-renacentistas-la-cultura-de-las-imagenes-en-la-edad-media-y-el-renacimiento/#breadcrumb"},"inLanguage":"es","potentialAction":[{"@type":"ReadAction","target":["https://www.ull.es/portal/agenda/evento/xxxv-seminario-de-estudios-medievales-y-renacentistas-la-cultura-de-las-imagenes-en-la-edad-media-y-el-renacimiento/"]}]},{"@type":"BreadcrumbList","@id":"https://www.ull.es/portal/agenda/evento/xxxv-seminario-de-estudios-medievales-y-renacentistas-la-cultura-de-las-imagenes-en-la-edad-media-y-el-renacimiento/#breadcrumb","itemListElement":[{"@type":"ListItem","position":1,"name":"Portada","item":"https://www.ull.es/portal/agenda/"},{"@type":"ListItem","position":2,"name":"XXXV Seminario de Estudios Medievales y Renacentistas: La cultura de las imágenes en la Edad Media y el Renacimiento"}]},{"@type":"WebSite","@id":"https://www.ull.es/portal/agenda/#website","url":"https://www.ull.es/portal/agenda/","name":"ULL - Agenda","description":"","potentialAction":[{"@type":"SearchAction","target":{"@type":"EntryPoint","urlTemplate":"https://www.ull.es/portal/agenda/?s={search_term_string}"},"query-input":"required name=search_term_string"}],"inLanguage":"es"}]}</script>
<!-- / Yoast SEO plugin. -->

XXXV Seminario de Estudios Medievales y Renacentistas: La cultura de las imágenes en la Edad Media y el Renacimiento - ULL - Agenda

El Instituto de Estudios Medievales y Renacentistas de la Universidad de La Laguna celebra la XXXV edición de su Seminario anual, que en esta ocasión girará en torno a la cultura de las imágenes en la Edad Media y el Renacimiento. Como ha venido siendo habitual a lo largo de las 35 ediciones de este...
