{"id":41234,"date":"2025-03-07T09:00:23","date_gmt":"2025-03-07T09:00:23","guid":{"rendered":"https:\/\/www.ull.es\/portal\/agenda\/?post_type=tribe_events&#038;p=41234"},"modified":"2025-04-23T10:10:53","modified_gmt":"2025-04-23T10:10:53","slug":"i-jornadas-transdisciplinares-por-la-biodiversidad-y-el-medioambiente","status":"publish","type":"tribe_events","link":"https:\/\/www.ull.es\/portal\/agenda\/evento\/i-jornadas-transdisciplinares-por-la-biodiversidad-y-el-medioambiente\/","title":{"rendered":"I Jornadas Transdisciplinares por la Biodiversidad y el Medioambiente"},"content":{"rendered":"<p>La p\u00e9rdida de biodiversidad y la degradaci\u00f3n de los ecosistemas, impulsadas por un modelo extractivista y antropoc\u00e9ntrico, constituyen una de las mayores amenazas de la crisis ecol\u00f3gica global. Sus consecuencias no solo afectan al equilibrio medioambiental, sino tambi\u00e9n al bienestar de las sociedades humanas.<\/p>\n<p>Ante este desaf\u00edo, resulta imprescindible replantear nuestras formas de habitar el mundo y las narrativas con las que lo interpretamos. Por ello, en estar jornadas abrimos un espacio de di\u00e1logo para reflexionar\u00a0sobre los discursos que configuran nuestra relaci\u00f3n con el planeta, y explorar acciones transformadoras que contribuyan a un futuro m\u00e1s justo y habitable para humanos y no humanos.<\/p>\n<p>A trav\u00e9s de ponencias, charlas, mesas redondas y talleres abiertos al p\u00fablico, se fomentar\u00e1 la participaci\u00f3n y el intercambio horizontal de conocimientos, promoviendo el aprendizaje y la acci\u00f3n colectiva en el marco del D\u00eda Internacional de la Madre Tierra.<\/p>\n<p>Para m\u00e1s informaci\u00f3n, pulse este <a href=\"http:\/\/eventos.ull.es\/go\/i-jornadas-transdisciplinares-por-la-biodiversidad-y-el-medioambiente\" target=\"_blank\" rel=\"noopener\" target=\"_blank\" rel=\"noopener\">enlace<\/a>.<\/p>\n","protected":false},"excerpt":{"rendered":"<p>La p\u00e9rdida de biodiversidad y la degradaci\u00f3n de los ecosistemas, impulsadas por un modelo extractivista y antropoc\u00e9ntrico, constituyen una de las mayores amenazas de la crisis ecol\u00f3gica global. Sus consecuencias no solo afectan al equilibrio medioambiental, sino tambi\u00e9n al bienestar de las sociedades humanas. Ante este desaf\u00edo, resulta imprescindible replantear nuestras formas de habitar el&#8230;<\/p>\n","protected":false},"author":65,"featured_media":41662,"comment_status":"closed","ping_status":"closed","template":"","tags":[],"tribe_events_cat":[2303,4,186],"acf":[],"yoast_head":"<!-- This site is optimized with the Yoast SEO plugin v21.3 - https:\/\/yoast.com\/wordpress\/plugins\/seo\/ -->\n<title>I Jornadas Transdisciplinares por la Biodiversidad y el Medioambiente - ULL - Agenda<\/title>\n<meta name=\"robots\" content=\"index, follow, max-snippet:-1, max-image-preview:large, max-video-preview:-1\" \/>\n<link rel=\"canonical\" href=\"https:\/\/www.ull.es\/portal\/agenda\/evento\/i-jornadas-transdisciplinares-por-la-biodiversidad-y-el-medioambiente\/\" \/>\n<meta property=\"og:locale\" content=\"es_ES\" \/>\n<meta property=\"og:type\" content=\"article\" \/>\n<meta property=\"og:title\" content=\"I Jornadas Transdisciplinares por la Biodiversidad y el Medioambiente - ULL - Agenda\" \/>\n<meta property=\"og:description\" content=\"La p\u00e9rdida de biodiversidad y la degradaci\u00f3n de los ecosistemas, impulsadas por un modelo extractivista y antropoc\u00e9ntrico, constituyen una de las mayores amenazas de la crisis ecol\u00f3gica global. Sus consecuencias no solo afectan al equilibrio medioambiental, sino tambi\u00e9n al bienestar de las sociedades humanas. Ante este desaf\u00edo, resulta imprescindible replantear nuestras formas de habitar el...\" \/>\n<meta property=\"og:url\" content=\"https:\/\/www.ull.es\/portal\/agenda\/evento\/i-jornadas-transdisciplinares-por-la-biodiversidad-y-el-medioambiente\/\" \/>\n<meta property=\"og:site_name\" content=\"ULL - Agenda\" \/>\n<meta property=\"article:modified_time\" content=\"2025-04-23T10:10:53+00:00\" \/>\n<meta property=\"og:image\" content=\"https:\/\/www.ull.es\/portal\/agenda\/wp-content\/uploads\/sites\/12\/2025\/03\/Cartel-BANNER-ULL-2_edited.jpg\" \/>\n\t<meta property=\"og:image:width\" content=\"1600\" \/>\n\t<meta property=\"og:image:height\" content=\"900\" \/>\n\t<meta property=\"og:image:type\" content=\"image\/jpeg\" \/>\n<meta name=\"twitter:card\" content=\"summary_large_image\" \/>\n<meta name=\"twitter:label1\" content=\"Tiempo de lectura\" \/>\n\t<meta name=\"twitter:data1\" content=\"1 minuto\" \/>\n<script type=\"application\/ld+json\" class=\"yoast-schema-graph\">{\"@context\":\"https:\/\/schema.org\",\"@graph\":[{\"@type\":\"WebPage\",\"@id\":\"https:\/\/www.ull.es\/portal\/agenda\/evento\/i-jornadas-transdisciplinares-por-la-biodiversidad-y-el-medioambiente\/\",\"url\":\"https:\/\/www.ull.es\/portal\/agenda\/evento\/i-jornadas-transdisciplinares-por-la-biodiversidad-y-el-medioambiente\/\",\"name\":\"I Jornadas Transdisciplinares por la Biodiversidad y el Medioambiente - ULL - Agenda\",\"isPartOf\":{\"@id\":\"https:\/\/www.ull.es\/portal\/agenda\/#website\"},\"datePublished\":\"2025-03-07T09:00:23+00:00\",\"dateModified\":\"2025-04-23T10:10:53+00:00\",\"breadcrumb\":{\"@id\":\"https:\/\/www.ull.es\/portal\/agenda\/evento\/i-jornadas-transdisciplinares-por-la-biodiversidad-y-el-medioambiente\/#breadcrumb\"},\"inLanguage\":\"es\",\"potentialAction\":[{\"@type\":\"ReadAction\",\"target\":[\"https:\/\/www.ull.es\/portal\/agenda\/evento\/i-jornadas-transdisciplinares-por-la-biodiversidad-y-el-medioambiente\/\"]}]},{\"@type\":\"BreadcrumbList\",\"@id\":\"https:\/\/www.ull.es\/portal\/agenda\/evento\/i-jornadas-transdisciplinares-por-la-biodiversidad-y-el-medioambiente\/#breadcrumb\",\"itemListElement\":[{\"@type\":\"ListItem\",\"position\":1,\"name\":\"Portada\",\"item\":\"https:\/\/www.ull.es\/portal\/agenda\/\"},{\"@type\":\"ListItem\",\"position\":2,\"name\":\"I Jornadas Transdisciplinares por la Biodiversidad y el Medioambiente\"}]},{\"@type\":\"WebSite\",\"@id\":\"https:\/\/www.ull.es\/portal\/agenda\/#website\",\"url\":\"https:\/\/www.ull.es\/portal\/agenda\/\",\"name\":\"ULL - Agenda\",\"description\":\"\",\"potentialAction\":[{\"@type\":\"SearchAction\",\"target\":{\"@type\":\"EntryPoint\",\"urlTemplate\":\"https:\/\/www.ull.es\/portal\/agenda\/?s={search_term_string}\"},\"query-input\":\"required name=search_term_string\"}],\"inLanguage\":\"es\"}]}<\/script>\n<!-- \/ Yoast SEO plugin. -->","yoast_head_json":{"title":"I Jornadas Transdisciplinares por la Biodiversidad y el Medioambiente - ULL - Agenda","robots":{"index":"index","follow":"follow","max-snippet":"max-snippet:-1","max-image-preview":"max-image-preview:large","max-video-preview":"max-video-preview:-1"},"canonical":"https:\/\/www.ull.es\/portal\/agenda\/evento\/i-jornadas-transdisciplinares-por-la-biodiversidad-y-el-medioambiente\/","og_locale":"es_ES","og_type":"article","og_title":"I Jornadas Transdisciplinares por la Biodiversidad y el Medioambiente - ULL - Agenda","og_description":"La p\u00e9rdida de biodiversidad y la degradaci\u00f3n de los ecosistemas, impulsadas por un modelo extractivista y antropoc\u00e9ntrico, constituyen una de las mayores amenazas de la crisis ecol\u00f3gica global. Sus consecuencias no solo afectan al equilibrio medioambiental, sino tambi\u00e9n al bienestar de las sociedades humanas. Ante este desaf\u00edo, resulta imprescindible replantear nuestras formas de habitar el...","og_url":"https:\/\/www.ull.es\/portal\/agenda\/evento\/i-jornadas-transdisciplinares-por-la-biodiversidad-y-el-medioambiente\/","og_site_name":"ULL - Agenda","article_modified_time":"2025-04-23T10:10:53+00:00","og_image":[{"width":1600,"height":900,"url":"https:\/\/www.ull.es\/portal\/agenda\/wp-content\/uploads\/sites\/12\/2025\/03\/Cartel-BANNER-ULL-2_edited.jpg","type":"image\/jpeg"}],"twitter_card":"summary_large_image","twitter_misc":{"Tiempo de lectura":"1 minuto"},"schema":{"@context":"https:\/\/schema.org","@graph":[{"@type":"WebPage","@id":"https:\/\/www.ull.es\/portal\/agenda\/evento\/i-jornadas-transdisciplinares-por-la-biodiversidad-y-el-medioambiente\/","url":"https:\/\/www.ull.es\/portal\/agenda\/evento\/i-jornadas-transdisciplinares-por-la-biodiversidad-y-el-medioambiente\/","name":"I Jornadas Transdisciplinares por la Biodiversidad y el Medioambiente - ULL - Agenda","isPartOf":{"@id":"https:\/\/www.ull.es\/portal\/agenda\/#website"},"datePublished":"2025-03-07T09:00:23+00:00","dateModified":"2025-04-23T10:10:53+00:00","breadcrumb":{"@id":"https:\/\/www.ull.es\/portal\/agenda\/evento\/i-jornadas-transdisciplinares-por-la-biodiversidad-y-el-medioambiente\/#breadcrumb"},"inLanguage":"es","potentialAction":[{"@type":"ReadAction","target":["https:\/\/www.ull.es\/portal\/agenda\/evento\/i-jornadas-transdisciplinares-por-la-biodiversidad-y-el-medioambiente\/"]}]},{"@type":"BreadcrumbList","@id":"https:\/\/www.ull.es\/portal\/agenda\/evento\/i-jornadas-transdisciplinares-por-la-biodiversidad-y-el-medioambiente\/#breadcrumb","itemListElement":[{"@type":"ListItem","position":1,"name":"Portada","item":"https:\/\/www.ull.es\/portal\/agenda\/"},{"@type":"ListItem","position":2,"name":"I Jornadas Transdisciplinares por la Biodiversidad y el Medioambiente"}]},{"@type":"WebSite","@id":"https:\/\/www.ull.es\/portal\/agenda\/#website","url":"https:\/\/www.ull.es\/portal\/agenda\/","name":"ULL - Agenda","description":"","potentialAction":[{"@type":"SearchAction","target":{"@type":"EntryPoint","urlTemplate":"https:\/\/www.ull.es\/portal\/agenda\/?s={search_term_string}"},"query-input":"required name=search_term_string"}],"inLanguage":"es"}]}},"_links":{"self":[{"href":"https:\/\/www.ull.es\/portal\/agenda\/wp-json\/wp\/v2\/tribe_events\/41234"}],"collection":[{"href":"https:\/\/www.ull.es\/portal\/agenda\/wp-json\/wp\/v2\/tribe_events"}],"about":[{"href":"https:\/\/www.ull.es\/portal\/agenda\/wp-json\/wp\/v2\/types\/tribe_events"}],"author":[{"embeddable":true,"href":"https:\/\/www.ull.es\/portal\/agenda\/wp-json\/wp\/v2\/users\/65"}],"replies":[{"embeddable":true,"href":"https:\/\/www.ull.es\/portal\/agenda\/wp-json\/wp\/v2\/comments?post=41234"}],"version-history":[{"count":2,"href":"https:\/\/www.ull.es\/portal\/agenda\/wp-json\/wp\/v2\/tribe_events\/41234\/revisions"}],"predecessor-version":[{"id":41258,"href":"https:\/\/www.ull.es\/portal\/agenda\/wp-json\/wp\/v2\/tribe_events\/41234\/revisions\/41258"}],"wp:featuredmedia":[{"embeddable":true,"href":"https:\/\/www.ull.es\/portal\/agenda\/wp-json\/wp\/v2\/media\/41662"}],"wp:attachment":[{"href":"https:\/\/www.ull.es\/portal\/agenda\/wp-json\/wp\/v2\/media?parent=41234"}],"wp:term":[{"taxonomy":"post_tag","embeddable":true,"href":"https:\/\/www.ull.es\/portal\/agenda\/wp-json\/wp\/v2\/tags?post=41234"},{"taxonomy":"tribe_events_cat","embeddable":true,"href":"https:\/\/www.ull.es\/portal\/agenda\/wp-json\/wp\/v2\/tribe_events_cat?post=41234"}],"curies":[{"name":"wp","href":"https:\/\/api.w.org\/{rel}","templated":true}]}}

<p>La pérdida de biodiversidad y la degradación de los ecosistemas, impulsadas por un modelo extractivista y antropocéntrico, constituyen una de las mayores amenazas de la crisis ecológica global. Sus consecuencias no solo afectan al equilibrio medioambiental, sino también al bienestar de las sociedades humanas.</p>
<p>Ante este desafío, resulta imprescindible replantear nuestras formas de habitar el mundo y las narrativas con las que lo interpretamos. Por ello, en estar jornadas abrimos un espacio de diálogo para reflexionar sobre los discursos que configuran nuestra relación con el planeta, y explorar acciones transformadoras que contribuyan a un futuro más justo y habitable para humanos y no humanos.</p>
<p>A través de ponencias, charlas, mesas redondas y talleres abiertos al público, se fomentará la participación y el intercambio horizontal de conocimientos, promoviendo el aprendizaje y la acción colectiva en el marco del Día Internacional de la Madre Tierra.</p>
<p>Para más información, pulse este <a href="http://eventos.ull.es/go/i-jornadas-transdisciplinares-por-la-biodiversidad-y-el-medioambiente" target="_blank" rel="noopener" target="_blank" rel="noopener">enlace</a>.</p>

<p>La pérdida de biodiversidad y la degradación de los ecosistemas, impulsadas por un modelo extractivista y antropocéntrico, constituyen una de las mayores amenazas de la crisis ecológica global. Sus consecuencias no solo afectan al equilibrio medioambiental, sino también al bienestar de las sociedades humanas. Ante este desafío, resulta imprescindible replantear nuestras formas de habitar el&#8230;</p>

<!-- This site is optimized with the Yoast SEO plugin v21.3 - https://yoast.com/wordpress/plugins/seo/ -->
<title>I Jornadas Transdisciplinares por la Biodiversidad y el Medioambiente - ULL - Agenda</title>
<meta name="robots" content="index, follow, max-snippet:-1, max-image-preview:large, max-video-preview:-1" />
<link rel="canonical" href="https://www.ull.es/portal/agenda/evento/i-jornadas-transdisciplinares-por-la-biodiversidad-y-el-medioambiente/" />
<meta property="og:locale" content="es_ES" />
<meta property="og:type" content="article" />
<meta property="og:title" content="I Jornadas Transdisciplinares por la Biodiversidad y el Medioambiente - ULL - Agenda" />
<meta property="og:description" content="La pérdida de biodiversidad y la degradación de los ecosistemas, impulsadas por un modelo extractivista y antropocéntrico, constituyen una de las mayores amenazas de la crisis ecológica global. Sus consecuencias no solo afectan al equilibrio medioambiental, sino también al bienestar de las sociedades humanas. Ante este desafío, resulta imprescindible replantear nuestras formas de habitar el..." />
<meta property="og:url" content="https://www.ull.es/portal/agenda/evento/i-jornadas-transdisciplinares-por-la-biodiversidad-y-el-medioambiente/" />
<meta property="og:site_name" content="ULL - Agenda" />
<meta property="article:modified_time" content="2025-04-23T10:10:53+00:00" />
<meta property="og:image" content="https://www.ull.es/portal/agenda/wp-content/uploads/sites/12/2025/03/Cartel-BANNER-ULL-2_edited.jpg" />
	<meta property="og:image:width" content="1600" />
	<meta property="og:image:height" content="900" />
	<meta property="og:image:type" content="image/jpeg" />
<meta name="twitter:card" content="summary_large_image" />
<meta name="twitter:label1" content="Tiempo de lectura" />
	<meta name="twitter:data1" content="1 minuto" />
<script type="application/ld+json" class="yoast-schema-graph">{"@context":"https://schema.org","@graph":[{"@type":"WebPage","@id":"https://www.ull.es/portal/agenda/evento/i-jornadas-transdisciplinares-por-la-biodiversidad-y-el-medioambiente/","url":"https://www.ull.es/portal/agenda/evento/i-jornadas-transdisciplinares-por-la-biodiversidad-y-el-medioambiente/","name":"I Jornadas Transdisciplinares por la Biodiversidad y el Medioambiente - ULL - Agenda","isPartOf":{"@id":"https://www.ull.es/portal/agenda/#website"},"datePublished":"2025-03-07T09:00:23+00:00","dateModified":"2025-04-23T10:10:53+00:00","breadcrumb":{"@id":"https://www.ull.es/portal/agenda/evento/i-jornadas-transdisciplinares-por-la-biodiversidad-y-el-medioambiente/#breadcrumb"},"inLanguage":"es","potentialAction":[{"@type":"ReadAction","target":["https://www.ull.es/portal/agenda/evento/i-jornadas-transdisciplinares-por-la-biodiversidad-y-el-medioambiente/"]}]},{"@type":"BreadcrumbList","@id":"https://www.ull.es/portal/agenda/evento/i-jornadas-transdisciplinares-por-la-biodiversidad-y-el-medioambiente/#breadcrumb","itemListElement":[{"@type":"ListItem","position":1,"name":"Portada","item":"https://www.ull.es/portal/agenda/"},{"@type":"ListItem","position":2,"name":"I Jornadas Transdisciplinares por la Biodiversidad y el Medioambiente"}]},{"@type":"WebSite","@id":"https://www.ull.es/portal/agenda/#website","url":"https://www.ull.es/portal/agenda/","name":"ULL - Agenda","description":"","potentialAction":[{"@type":"SearchAction","target":{"@type":"EntryPoint","urlTemplate":"https://www.ull.es/portal/agenda/?s={search_term_string}"},"query-input":"required name=search_term_string"}],"inLanguage":"es"}]}</script>
<!-- / Yoast SEO plugin. -->

La pérdida de biodiversidad y la degradación de los ecosistemas, impulsadas por un modelo extractivista y antropocéntrico, constituyen una de las mayores amenazas de la crisis ecológica global. Sus consecuencias no solo afectan al equilibrio medioambiental, sino también al bienestar de las sociedades humanas. Ante este desafío, resulta imprescindible replantear nuestras formas de habitar el...
