{"id":41377,"date":"2025-03-12T13:19:57","date_gmt":"2025-03-12T13:19:57","guid":{"rendered":"https:\/\/www.ull.es\/portal\/agenda\/?post_type=tribe_events&#038;p=41377"},"modified":"2025-03-12T13:57:37","modified_gmt":"2025-03-12T13:57:37","slug":"41377","status":"publish","type":"tribe_events","link":"https:\/\/www.ull.es\/portal\/agenda\/evento\/41377\/","title":{"rendered":"XIV Jornadas sobre Derecho de la Uni\u00f3n Europea"},"content":{"rendered":"<p>El Centro de Documentaci\u00f3n Europea y la Facultad de Derecho de la Universidad de La Laguna, organizan en colaboraci\u00f3n con la\u00a0C\u00e1tedra Institucional de Infancia y Adolescencia de la Universidad de La Laguna, unas jornadas dedicadas al an\u00e1lisis y la reflexi\u00f3n sobre el derecho de la Uni\u00f3n Europea desde diferentes perspectivas. Para ello en esta nueva edici\u00f3n, contaremos con varios ponentes invitados pertenecientes a esta y otras universidades que nos ilustrar\u00e1n sobre temas de especial relevancia y actualidad concernientes a alg\u00fan problema del ordenamiento jur\u00eddico europeo. Este a\u00f1o tendremos dos ponencias invitadas de fuera de la ULL, correspondiendo a las \u00e1reas de Derecho Penal y Derecho Internacional Privado. Por parte de Derecho Penal, \u00e9sta versar\u00e1 sobre \u00abLa Directiva ambiental 2024\/1203 y la necesidad de adaptaci\u00f3n de la normativa penal espa\u00f1ola\u00bb, a cargo de Dr. Norberto J. de la Mata, Catedr\u00e1tico de Derecho Penal de la Universidad del Pa\u00eds Vasco. Por otro lado, la otra ponencia invitada corre a cargo de la Dra. Esperanza Castellanos Ruiz, Catedr\u00e1tica de Derecho Internacional Privado de la Universidad Carlos III de Madrid, la cual expondr\u00e1 un tema relativo a \u00abLa protecci\u00f3n de los menores migrantes no acompa\u00f1ados en Europa\u00bb<\/p>\n<p>Las Jornadas se desarrollar\u00e1n el viernes 28 de marzo en dos sesiones, ma\u00f1ana y tarde, en el Aula Tom\u00e1s y Valiente de la Facultad de Derecho de la ULL, pudiendo asistir de forma presencial hasta completar aforo requiriendo de inscripci\u00f3n previa en caso de optar a certificado de asistencia.<\/p>\n<p><a href=\"https:\/\/drive.google.com\/file\/d\/1mSQvjywoiFb3usxeoaxxtiRawW8u-mI2\/view?usp=sharing\" target=\"_blank\" rel=\"noopener\" target=\"_blank\" rel=\"noopener\">Programa<\/a><\/p>\n","protected":false},"excerpt":{"rendered":"<p>El Centro de Documentaci\u00f3n Europea y la Facultad de Derecho de la Universidad de La Laguna, organizan en colaboraci\u00f3n con la\u00a0C\u00e1tedra Institucional de Infancia y Adolescencia de la Universidad de La Laguna, unas jornadas dedicadas al an\u00e1lisis y la reflexi\u00f3n sobre el derecho de la Uni\u00f3n Europea desde diferentes perspectivas. Para ello en esta nueva&#8230;<\/p>\n","protected":false},"author":65,"featured_media":41381,"comment_status":"closed","ping_status":"closed","template":"","tags":[],"tribe_events_cat":[4930,841,865,191],"acf":[],"yoast_head":"<!-- This site is optimized with the Yoast SEO plugin v21.3 - https:\/\/yoast.com\/wordpress\/plugins\/seo\/ -->\n<title>XIV Jornadas sobre Derecho de la Uni\u00f3n Europea - ULL - Agenda<\/title>\n<meta name=\"robots\" content=\"index, follow, max-snippet:-1, max-image-preview:large, max-video-preview:-1\" \/>\n<link rel=\"canonical\" href=\"https:\/\/www.ull.es\/portal\/agenda\/evento\/41377\/\" \/>\n<meta property=\"og:locale\" content=\"es_ES\" \/>\n<meta property=\"og:type\" content=\"article\" \/>\n<meta property=\"og:title\" content=\"XIV Jornadas sobre Derecho de la Uni\u00f3n Europea - ULL - Agenda\" \/>\n<meta property=\"og:description\" content=\"El Centro de Documentaci\u00f3n Europea y la Facultad de Derecho de la Universidad de La Laguna, organizan en colaboraci\u00f3n con la\u00a0C\u00e1tedra Institucional de Infancia y Adolescencia de la Universidad de La Laguna, unas jornadas dedicadas al an\u00e1lisis y la reflexi\u00f3n sobre el derecho de la Uni\u00f3n Europea desde diferentes perspectivas. Para ello en esta nueva...\" \/>\n<meta property=\"og:url\" content=\"https:\/\/www.ull.es\/portal\/agenda\/evento\/41377\/\" \/>\n<meta property=\"og:site_name\" content=\"ULL - Agenda\" \/>\n<meta property=\"article:modified_time\" content=\"2025-03-12T13:57:37+00:00\" \/>\n<meta property=\"og:image\" content=\"https:\/\/www.ull.es\/portal\/agenda\/wp-content\/uploads\/sites\/12\/2025\/03\/XIV-JORNADAS-DUE-2025-B-2.jpg\" \/>\n\t<meta property=\"og:image:width\" content=\"1600\" \/>\n\t<meta property=\"og:image:height\" content=\"833\" \/>\n\t<meta property=\"og:image:type\" content=\"image\/jpeg\" \/>\n<meta name=\"twitter:card\" content=\"summary_large_image\" \/>\n<meta name=\"twitter:label1\" content=\"Tiempo de lectura\" \/>\n\t<meta name=\"twitter:data1\" content=\"2 minutos\" \/>\n<script type=\"application\/ld+json\" class=\"yoast-schema-graph\">{\"@context\":\"https:\/\/schema.org\",\"@graph\":[{\"@type\":\"WebPage\",\"@id\":\"https:\/\/www.ull.es\/portal\/agenda\/evento\/41377\/\",\"url\":\"https:\/\/www.ull.es\/portal\/agenda\/evento\/41377\/\",\"name\":\"XIV Jornadas sobre Derecho de la Uni\u00f3n Europea - ULL - Agenda\",\"isPartOf\":{\"@id\":\"https:\/\/www.ull.es\/portal\/agenda\/#website\"},\"datePublished\":\"2025-03-12T13:19:57+00:00\",\"dateModified\":\"2025-03-12T13:57:37+00:00\",\"breadcrumb\":{\"@id\":\"https:\/\/www.ull.es\/portal\/agenda\/evento\/41377\/#breadcrumb\"},\"inLanguage\":\"es\",\"potentialAction\":[{\"@type\":\"ReadAction\",\"target\":[\"https:\/\/www.ull.es\/portal\/agenda\/evento\/41377\/\"]}]},{\"@type\":\"BreadcrumbList\",\"@id\":\"https:\/\/www.ull.es\/portal\/agenda\/evento\/41377\/#breadcrumb\",\"itemListElement\":[{\"@type\":\"ListItem\",\"position\":1,\"name\":\"Portada\",\"item\":\"https:\/\/www.ull.es\/portal\/agenda\/\"},{\"@type\":\"ListItem\",\"position\":2,\"name\":\"XIV Jornadas sobre Derecho de la Uni\u00f3n Europea\"}]},{\"@type\":\"WebSite\",\"@id\":\"https:\/\/www.ull.es\/portal\/agenda\/#website\",\"url\":\"https:\/\/www.ull.es\/portal\/agenda\/\",\"name\":\"ULL - Agenda\",\"description\":\"\",\"potentialAction\":[{\"@type\":\"SearchAction\",\"target\":{\"@type\":\"EntryPoint\",\"urlTemplate\":\"https:\/\/www.ull.es\/portal\/agenda\/?s={search_term_string}\"},\"query-input\":\"required name=search_term_string\"}],\"inLanguage\":\"es\"}]}<\/script>\n<!-- \/ Yoast SEO plugin. -->","yoast_head_json":{"title":"XIV Jornadas sobre Derecho de la Uni\u00f3n Europea - ULL - Agenda","robots":{"index":"index","follow":"follow","max-snippet":"max-snippet:-1","max-image-preview":"max-image-preview:large","max-video-preview":"max-video-preview:-1"},"canonical":"https:\/\/www.ull.es\/portal\/agenda\/evento\/41377\/","og_locale":"es_ES","og_type":"article","og_title":"XIV Jornadas sobre Derecho de la Uni\u00f3n Europea - ULL - Agenda","og_description":"El Centro de Documentaci\u00f3n Europea y la Facultad de Derecho de la Universidad de La Laguna, organizan en colaboraci\u00f3n con la\u00a0C\u00e1tedra Institucional de Infancia y Adolescencia de la Universidad de La Laguna, unas jornadas dedicadas al an\u00e1lisis y la reflexi\u00f3n sobre el derecho de la Uni\u00f3n Europea desde diferentes perspectivas. Para ello en esta nueva...","og_url":"https:\/\/www.ull.es\/portal\/agenda\/evento\/41377\/","og_site_name":"ULL - Agenda","article_modified_time":"2025-03-12T13:57:37+00:00","og_image":[{"width":1600,"height":833,"url":"https:\/\/www.ull.es\/portal\/agenda\/wp-content\/uploads\/sites\/12\/2025\/03\/XIV-JORNADAS-DUE-2025-B-2.jpg","type":"image\/jpeg"}],"twitter_card":"summary_large_image","twitter_misc":{"Tiempo de lectura":"2 minutos"},"schema":{"@context":"https:\/\/schema.org","@graph":[{"@type":"WebPage","@id":"https:\/\/www.ull.es\/portal\/agenda\/evento\/41377\/","url":"https:\/\/www.ull.es\/portal\/agenda\/evento\/41377\/","name":"XIV Jornadas sobre Derecho de la Uni\u00f3n Europea - ULL - Agenda","isPartOf":{"@id":"https:\/\/www.ull.es\/portal\/agenda\/#website"},"datePublished":"2025-03-12T13:19:57+00:00","dateModified":"2025-03-12T13:57:37+00:00","breadcrumb":{"@id":"https:\/\/www.ull.es\/portal\/agenda\/evento\/41377\/#breadcrumb"},"inLanguage":"es","potentialAction":[{"@type":"ReadAction","target":["https:\/\/www.ull.es\/portal\/agenda\/evento\/41377\/"]}]},{"@type":"BreadcrumbList","@id":"https:\/\/www.ull.es\/portal\/agenda\/evento\/41377\/#breadcrumb","itemListElement":[{"@type":"ListItem","position":1,"name":"Portada","item":"https:\/\/www.ull.es\/portal\/agenda\/"},{"@type":"ListItem","position":2,"name":"XIV Jornadas sobre Derecho de la Uni\u00f3n Europea"}]},{"@type":"WebSite","@id":"https:\/\/www.ull.es\/portal\/agenda\/#website","url":"https:\/\/www.ull.es\/portal\/agenda\/","name":"ULL - Agenda","description":"","potentialAction":[{"@type":"SearchAction","target":{"@type":"EntryPoint","urlTemplate":"https:\/\/www.ull.es\/portal\/agenda\/?s={search_term_string}"},"query-input":"required name=search_term_string"}],"inLanguage":"es"}]}},"_links":{"self":[{"href":"https:\/\/www.ull.es\/portal\/agenda\/wp-json\/wp\/v2\/tribe_events\/41377"}],"collection":[{"href":"https:\/\/www.ull.es\/portal\/agenda\/wp-json\/wp\/v2\/tribe_events"}],"about":[{"href":"https:\/\/www.ull.es\/portal\/agenda\/wp-json\/wp\/v2\/types\/tribe_events"}],"author":[{"embeddable":true,"href":"https:\/\/www.ull.es\/portal\/agenda\/wp-json\/wp\/v2\/users\/65"}],"replies":[{"embeddable":true,"href":"https:\/\/www.ull.es\/portal\/agenda\/wp-json\/wp\/v2\/comments?post=41377"}],"version-history":[{"count":4,"href":"https:\/\/www.ull.es\/portal\/agenda\/wp-json\/wp\/v2\/tribe_events\/41377\/revisions"}],"predecessor-version":[{"id":41384,"href":"https:\/\/www.ull.es\/portal\/agenda\/wp-json\/wp\/v2\/tribe_events\/41377\/revisions\/41384"}],"wp:featuredmedia":[{"embeddable":true,"href":"https:\/\/www.ull.es\/portal\/agenda\/wp-json\/wp\/v2\/media\/41381"}],"wp:attachment":[{"href":"https:\/\/www.ull.es\/portal\/agenda\/wp-json\/wp\/v2\/media?parent=41377"}],"wp:term":[{"taxonomy":"post_tag","embeddable":true,"href":"https:\/\/www.ull.es\/portal\/agenda\/wp-json\/wp\/v2\/tags?post=41377"},{"taxonomy":"tribe_events_cat","embeddable":true,"href":"https:\/\/www.ull.es\/portal\/agenda\/wp-json\/wp\/v2\/tribe_events_cat?post=41377"}],"curies":[{"name":"wp","href":"https:\/\/api.w.org\/{rel}","templated":true}]}}

XIV Jornadas sobre Derecho de la Unión Europea

<p>El Centro de Documentación Europea y la Facultad de Derecho de la Universidad de La Laguna, organizan en colaboración con la Cátedra Institucional de Infancia y Adolescencia de la Universidad de La Laguna, unas jornadas dedicadas al análisis y la reflexión sobre el derecho de la Unión Europea desde diferentes perspectivas. Para ello en esta nueva edición, contaremos con varios ponentes invitados pertenecientes a esta y otras universidades que nos ilustrarán sobre temas de especial relevancia y actualidad concernientes a algún problema del ordenamiento jurídico europeo. Este año tendremos dos ponencias invitadas de fuera de la ULL, correspondiendo a las áreas de Derecho Penal y Derecho Internacional Privado. Por parte de Derecho Penal, ésta versará sobre «La Directiva ambiental 2024/1203 y la necesidad de adaptación de la normativa penal española», a cargo de Dr. Norberto J. de la Mata, Catedrático de Derecho Penal de la Universidad del País Vasco. Por otro lado, la otra ponencia invitada corre a cargo de la Dra. Esperanza Castellanos Ruiz, Catedrática de Derecho Internacional Privado de la Universidad Carlos III de Madrid, la cual expondrá un tema relativo a «La protección de los menores migrantes no acompañados en Europa»</p>
<p>Las Jornadas se desarrollarán el viernes 28 de marzo en dos sesiones, mañana y tarde, en el Aula Tomás y Valiente de la Facultad de Derecho de la ULL, pudiendo asistir de forma presencial hasta completar aforo requiriendo de inscripción previa en caso de optar a certificado de asistencia.</p>
<p><a href="https://drive.google.com/file/d/1mSQvjywoiFb3usxeoaxxtiRawW8u-mI2/view?usp=sharing" target="_blank" rel="noopener" target="_blank" rel="noopener">Programa</a></p>

<p>El Centro de Documentación Europea y la Facultad de Derecho de la Universidad de La Laguna, organizan en colaboración con la Cátedra Institucional de Infancia y Adolescencia de la Universidad de La Laguna, unas jornadas dedicadas al análisis y la reflexión sobre el derecho de la Unión Europea desde diferentes perspectivas. Para ello en esta nueva&#8230;</p>

<!-- This site is optimized with the Yoast SEO plugin v21.3 - https://yoast.com/wordpress/plugins/seo/ -->
<title>XIV Jornadas sobre Derecho de la Unión Europea - ULL - Agenda</title>
<meta name="robots" content="index, follow, max-snippet:-1, max-image-preview:large, max-video-preview:-1" />
<link rel="canonical" href="https://www.ull.es/portal/agenda/evento/41377/" />
<meta property="og:locale" content="es_ES" />
<meta property="og:type" content="article" />
<meta property="og:title" content="XIV Jornadas sobre Derecho de la Unión Europea - ULL - Agenda" />
<meta property="og:description" content="El Centro de Documentación Europea y la Facultad de Derecho de la Universidad de La Laguna, organizan en colaboración con la Cátedra Institucional de Infancia y Adolescencia de la Universidad de La Laguna, unas jornadas dedicadas al análisis y la reflexión sobre el derecho de la Unión Europea desde diferentes perspectivas. Para ello en esta nueva..." />
<meta property="og:url" content="https://www.ull.es/portal/agenda/evento/41377/" />
<meta property="og:site_name" content="ULL - Agenda" />
<meta property="article:modified_time" content="2025-03-12T13:57:37+00:00" />
<meta property="og:image" content="https://www.ull.es/portal/agenda/wp-content/uploads/sites/12/2025/03/XIV-JORNADAS-DUE-2025-B-2.jpg" />
	<meta property="og:image:width" content="1600" />
	<meta property="og:image:height" content="833" />
	<meta property="og:image:type" content="image/jpeg" />
<meta name="twitter:card" content="summary_large_image" />
<meta name="twitter:label1" content="Tiempo de lectura" />
	<meta name="twitter:data1" content="2 minutos" />
<script type="application/ld+json" class="yoast-schema-graph">{"@context":"https://schema.org","@graph":[{"@type":"WebPage","@id":"https://www.ull.es/portal/agenda/evento/41377/","url":"https://www.ull.es/portal/agenda/evento/41377/","name":"XIV Jornadas sobre Derecho de la Unión Europea - ULL - Agenda","isPartOf":{"@id":"https://www.ull.es/portal/agenda/#website"},"datePublished":"2025-03-12T13:19:57+00:00","dateModified":"2025-03-12T13:57:37+00:00","breadcrumb":{"@id":"https://www.ull.es/portal/agenda/evento/41377/#breadcrumb"},"inLanguage":"es","potentialAction":[{"@type":"ReadAction","target":["https://www.ull.es/portal/agenda/evento/41377/"]}]},{"@type":"BreadcrumbList","@id":"https://www.ull.es/portal/agenda/evento/41377/#breadcrumb","itemListElement":[{"@type":"ListItem","position":1,"name":"Portada","item":"https://www.ull.es/portal/agenda/"},{"@type":"ListItem","position":2,"name":"XIV Jornadas sobre Derecho de la Unión Europea"}]},{"@type":"WebSite","@id":"https://www.ull.es/portal/agenda/#website","url":"https://www.ull.es/portal/agenda/","name":"ULL - Agenda","description":"","potentialAction":[{"@type":"SearchAction","target":{"@type":"EntryPoint","urlTemplate":"https://www.ull.es/portal/agenda/?s={search_term_string}"},"query-input":"required name=search_term_string"}],"inLanguage":"es"}]}</script>
<!-- / Yoast SEO plugin. -->

XIV Jornadas sobre Derecho de la Unión Europea - ULL - Agenda

El Centro de Documentación Europea y la Facultad de Derecho de la Universidad de La Laguna, organizan en colaboración con la Cátedra Institucional de Infancia y Adolescencia de la Universidad de La Laguna, unas jornadas dedicadas al análisis y la reflexión sobre el derecho de la Unión Europea desde diferentes perspectivas. Para ello en esta nueva...
