{"id":41451,"date":"2025-03-17T10:10:42","date_gmt":"2025-03-17T10:10:42","guid":{"rendered":"https:\/\/www.ull.es\/portal\/agenda\/?post_type=tribe_events&#038;p=41451"},"modified":"2025-03-25T13:19:14","modified_gmt":"2025-03-25T13:19:14","slug":"verseadores-decima-y-punto-cubano-como-patrimonio-de-canarias-y-america","status":"publish","type":"tribe_events","link":"https:\/\/www.ull.es\/portal\/agenda\/evento\/verseadores-decima-y-punto-cubano-como-patrimonio-de-canarias-y-america\/","title":{"rendered":"Verseadores: D\u00e9cima y punto cubano como patrimonio de Canarias y Am\u00e9rica"},"content":{"rendered":"<p>Fasnia acoge el curso <em>\u00abVerseadores: D\u00e9cima y punto cubano como patrimonio de Canarias y Am\u00e9rica\u00bb<\/em>, organizado conjuntamente por el Vicerrectorado de Cultura y Extensi\u00f3n Universitaria y el Ayuntamiento de Fasnia, dentro de la programaci\u00f3n de los Cursos de Extensi\u00f3n Universitaria en el \u00e1mbito municipal <a href=\"https:\/\/www.ull.es\/cultura\/cursos-extension-universitaria\/cursos-de-ayuntamientos\/\" target=\"_blank\" rel=\"noopener\" target=\"_blank\" rel=\"noopener\">\u201cAyuntamientos 2025\u201d<\/a>, que se celebrar\u00e1 los d\u00edas 24, 25 y 26 de abril de 2025.<\/p>\n<p>Objetivos: O1.- Interesar y dotar al alumnado del conocimiento del papel de la poes\u00eda popular como narradora de acontecimientos y testigo de la historia de Canarias, en particular en el municipio de Fasnia y la isla de La Palma. O2.- Interesar y dotar al alumnado del conocimiento sobre la relaci\u00f3n entre la d\u00e9cima y el punto cubano en Canarias y Am\u00e9rica. O3.- Poner en valor e implicar al alumnado en el movimiento que ha tenido lugar en el municipio de Fasnia en la \u00faltima d\u00e9cada en torno a la d\u00e9cima y el punto cubano. O4.- Dotar al alumnado de conocimiento y perfeccionamiento sobre la estructura de la d\u00e9cima, su creaci\u00f3n e improvisaci\u00f3n desde distintos puntos de vista y metodolog\u00edas, haciendo hincapi\u00e9 en su potencial como agente para el desarrollo emocional, ling\u00fc\u00edstico y cognitivo.<\/p>\n<p>Metodolog\u00eda docente: Todas las charlas tendr\u00e1n una componente te\u00f3rica y tambi\u00e9n pr\u00e1ctica, y de esta forma todas las competencias previstas ser\u00e1n tratadas transversalmente en cada una de las sesiones. Se fomentar\u00e1 el debate entre profesorado y alumnado con una din\u00e1mica participativa.<\/p>\n<p>Este curso est\u00e1 orientado al p\u00fablico en general, si bien puede resultar de inter\u00e9s a educadores o estudiosos de la cultura popular y el folclore as\u00ed como a personas interesadas en acercarse a esos \u00e1mbitos.<\/p>\n<p>Direcci\u00f3n acad\u00e9mica: Francisco Javier D\u00edaz D\u00edaz. Profesor Contratado Doctor. Departamento de Matem\u00e1ticas, Estad\u00edstica e Investigaci\u00f3n Operativa de la Universidad de La Laguna.<\/p>\n<p><strong>CERTIFICADO DE ASISTENCIA, APTITUD Y RECONOCIMIENTO POR CR\u00c9DITO ECTS<\/strong><\/p>\n<p>La Universidad de La Laguna, a trav\u00e9s del Vicerrectorado de Cultura y Extensi\u00f3n Universitaria, emitir\u00e1 un certificado de asistencia a todas aquellas personas que asistan a un m\u00ednimo del 80% de las horas lectivas presenciales. Asimismo, aquellas personas que superen el trabajo aut\u00f3nomo del alumnado, recibir\u00e1n un certificado de asistencia y aprovechamiento, reconocible a su vez por un cr\u00e9dito ECTS.<\/p>\n<p><a href=\"https:\/\/sede.fg.ull.es\/es\/curso\/detalle?code=a25020068&amp;name=verseadores-decima-y-punto-cubano-como-patrimonio-de-canarias-y-america&amp;query=%3Fcode%3DA25020068\" target=\"_blank\" rel=\"noopener\" target=\"_blank\" rel=\"noopener\"><strong><u>Consulta el programa e inscr\u00edbete aqu\u00ed.<\/u><\/strong><\/a><\/p>\n<p><strong>Contacto:\u00a0<\/strong><a href=\"mailto:extuni@ull.edu.es\" target=\"_blank\" rel=\"noopener\" target=\"_blank\" rel=\"noopener\"><strong>extuni@ull.es<\/strong><\/a><\/p>\n","protected":false},"excerpt":{"rendered":"<p>Fasnia acoge el curso \u00abVerseadores: D\u00e9cima y punto cubano como patrimonio de Canarias y Am\u00e9rica\u00bb, organizado conjuntamente por el Vicerrectorado de Cultura y Extensi\u00f3n Universitaria y el Ayuntamiento de Fasnia, dentro de la programaci\u00f3n de los Cursos de Extensi\u00f3n Universitaria en el \u00e1mbito municipal \u201cAyuntamientos 2025\u201d, que se celebrar\u00e1 los d\u00edas 24, 25 y 26&#8230;<\/p>\n","protected":false},"author":43,"featured_media":41453,"comment_status":"closed","ping_status":"closed","template":"","tags":[4259,4466,977,3812,4853,3751],"tribe_events_cat":[472,469,4,186],"acf":[],"yoast_head":"<!-- This site is optimized with the Yoast SEO plugin v21.3 - https:\/\/yoast.com\/wordpress\/plugins\/seo\/ -->\n<title>Verseadores: D\u00e9cima y punto cubano como patrimonio de Canarias y Am\u00e9rica - ULL - Agenda<\/title>\n<meta name=\"robots\" content=\"index, follow, max-snippet:-1, max-image-preview:large, max-video-preview:-1\" \/>\n<link rel=\"canonical\" href=\"https:\/\/www.ull.es\/portal\/agenda\/evento\/verseadores-decima-y-punto-cubano-como-patrimonio-de-canarias-y-america\/\" \/>\n<meta property=\"og:locale\" content=\"es_ES\" \/>\n<meta property=\"og:type\" content=\"article\" \/>\n<meta property=\"og:title\" content=\"Verseadores: D\u00e9cima y punto cubano como patrimonio de Canarias y Am\u00e9rica - ULL - Agenda\" \/>\n<meta property=\"og:description\" content=\"Fasnia acoge el curso \u00abVerseadores: D\u00e9cima y punto cubano como patrimonio de Canarias y Am\u00e9rica\u00bb, organizado conjuntamente por el Vicerrectorado de Cultura y Extensi\u00f3n Universitaria y el Ayuntamiento de Fasnia, dentro de la programaci\u00f3n de los Cursos de Extensi\u00f3n Universitaria en el \u00e1mbito municipal \u201cAyuntamientos 2025\u201d, que se celebrar\u00e1 los d\u00edas 24, 25 y 26...\" \/>\n<meta property=\"og:url\" content=\"https:\/\/www.ull.es\/portal\/agenda\/evento\/verseadores-decima-y-punto-cubano-como-patrimonio-de-canarias-y-america\/\" \/>\n<meta property=\"og:site_name\" content=\"ULL - Agenda\" \/>\n<meta property=\"article:modified_time\" content=\"2025-03-25T13:19:14+00:00\" \/>\n<meta property=\"og:image\" content=\"https:\/\/www.ull.es\/portal\/agenda\/wp-content\/uploads\/sites\/12\/2025\/03\/BannerFasniaVerseadores.png\" \/>\n\t<meta property=\"og:image:width\" content=\"750\" \/>\n\t<meta property=\"og:image:height\" content=\"350\" \/>\n\t<meta property=\"og:image:type\" content=\"image\/png\" \/>\n<meta name=\"twitter:card\" content=\"summary_large_image\" \/>\n<meta name=\"twitter:label1\" content=\"Tiempo de lectura\" \/>\n\t<meta name=\"twitter:data1\" content=\"2 minutos\" \/>\n<script type=\"application\/ld+json\" class=\"yoast-schema-graph\">{\"@context\":\"https:\/\/schema.org\",\"@graph\":[{\"@type\":\"WebPage\",\"@id\":\"https:\/\/www.ull.es\/portal\/agenda\/evento\/verseadores-decima-y-punto-cubano-como-patrimonio-de-canarias-y-america\/\",\"url\":\"https:\/\/www.ull.es\/portal\/agenda\/evento\/verseadores-decima-y-punto-cubano-como-patrimonio-de-canarias-y-america\/\",\"name\":\"Verseadores: D\u00e9cima y punto cubano como patrimonio de Canarias y Am\u00e9rica - ULL - Agenda\",\"isPartOf\":{\"@id\":\"https:\/\/www.ull.es\/portal\/agenda\/#website\"},\"datePublished\":\"2025-03-17T10:10:42+00:00\",\"dateModified\":\"2025-03-25T13:19:14+00:00\",\"breadcrumb\":{\"@id\":\"https:\/\/www.ull.es\/portal\/agenda\/evento\/verseadores-decima-y-punto-cubano-como-patrimonio-de-canarias-y-america\/#breadcrumb\"},\"inLanguage\":\"es\",\"potentialAction\":[{\"@type\":\"ReadAction\",\"target\":[\"https:\/\/www.ull.es\/portal\/agenda\/evento\/verseadores-decima-y-punto-cubano-como-patrimonio-de-canarias-y-america\/\"]}]},{\"@type\":\"BreadcrumbList\",\"@id\":\"https:\/\/www.ull.es\/portal\/agenda\/evento\/verseadores-decima-y-punto-cubano-como-patrimonio-de-canarias-y-america\/#breadcrumb\",\"itemListElement\":[{\"@type\":\"ListItem\",\"position\":1,\"name\":\"Portada\",\"item\":\"https:\/\/www.ull.es\/portal\/agenda\/\"},{\"@type\":\"ListItem\",\"position\":2,\"name\":\"Verseadores: D\u00e9cima y punto cubano como patrimonio de Canarias y Am\u00e9rica\"}]},{\"@type\":\"WebSite\",\"@id\":\"https:\/\/www.ull.es\/portal\/agenda\/#website\",\"url\":\"https:\/\/www.ull.es\/portal\/agenda\/\",\"name\":\"ULL - Agenda\",\"description\":\"\",\"potentialAction\":[{\"@type\":\"SearchAction\",\"target\":{\"@type\":\"EntryPoint\",\"urlTemplate\":\"https:\/\/www.ull.es\/portal\/agenda\/?s={search_term_string}\"},\"query-input\":\"required name=search_term_string\"}],\"inLanguage\":\"es\"}]}<\/script>\n<!-- \/ Yoast SEO plugin. -->","yoast_head_json":{"title":"Verseadores: D\u00e9cima y punto cubano como patrimonio de Canarias y Am\u00e9rica - ULL - Agenda","robots":{"index":"index","follow":"follow","max-snippet":"max-snippet:-1","max-image-preview":"max-image-preview:large","max-video-preview":"max-video-preview:-1"},"canonical":"https:\/\/www.ull.es\/portal\/agenda\/evento\/verseadores-decima-y-punto-cubano-como-patrimonio-de-canarias-y-america\/","og_locale":"es_ES","og_type":"article","og_title":"Verseadores: D\u00e9cima y punto cubano como patrimonio de Canarias y Am\u00e9rica - ULL - Agenda","og_description":"Fasnia acoge el curso \u00abVerseadores: D\u00e9cima y punto cubano como patrimonio de Canarias y Am\u00e9rica\u00bb, organizado conjuntamente por el Vicerrectorado de Cultura y Extensi\u00f3n Universitaria y el Ayuntamiento de Fasnia, dentro de la programaci\u00f3n de los Cursos de Extensi\u00f3n Universitaria en el \u00e1mbito municipal \u201cAyuntamientos 2025\u201d, que se celebrar\u00e1 los d\u00edas 24, 25 y 26...","og_url":"https:\/\/www.ull.es\/portal\/agenda\/evento\/verseadores-decima-y-punto-cubano-como-patrimonio-de-canarias-y-america\/","og_site_name":"ULL - Agenda","article_modified_time":"2025-03-25T13:19:14+00:00","og_image":[{"width":750,"height":350,"url":"https:\/\/www.ull.es\/portal\/agenda\/wp-content\/uploads\/sites\/12\/2025\/03\/BannerFasniaVerseadores.png","type":"image\/png"}],"twitter_card":"summary_large_image","twitter_misc":{"Tiempo de lectura":"2 minutos"},"schema":{"@context":"https:\/\/schema.org","@graph":[{"@type":"WebPage","@id":"https:\/\/www.ull.es\/portal\/agenda\/evento\/verseadores-decima-y-punto-cubano-como-patrimonio-de-canarias-y-america\/","url":"https:\/\/www.ull.es\/portal\/agenda\/evento\/verseadores-decima-y-punto-cubano-como-patrimonio-de-canarias-y-america\/","name":"Verseadores: D\u00e9cima y punto cubano como patrimonio de Canarias y Am\u00e9rica - ULL - Agenda","isPartOf":{"@id":"https:\/\/www.ull.es\/portal\/agenda\/#website"},"datePublished":"2025-03-17T10:10:42+00:00","dateModified":"2025-03-25T13:19:14+00:00","breadcrumb":{"@id":"https:\/\/www.ull.es\/portal\/agenda\/evento\/verseadores-decima-y-punto-cubano-como-patrimonio-de-canarias-y-america\/#breadcrumb"},"inLanguage":"es","potentialAction":[{"@type":"ReadAction","target":["https:\/\/www.ull.es\/portal\/agenda\/evento\/verseadores-decima-y-punto-cubano-como-patrimonio-de-canarias-y-america\/"]}]},{"@type":"BreadcrumbList","@id":"https:\/\/www.ull.es\/portal\/agenda\/evento\/verseadores-decima-y-punto-cubano-como-patrimonio-de-canarias-y-america\/#breadcrumb","itemListElement":[{"@type":"ListItem","position":1,"name":"Portada","item":"https:\/\/www.ull.es\/portal\/agenda\/"},{"@type":"ListItem","position":2,"name":"Verseadores: D\u00e9cima y punto cubano como patrimonio de Canarias y Am\u00e9rica"}]},{"@type":"WebSite","@id":"https:\/\/www.ull.es\/portal\/agenda\/#website","url":"https:\/\/www.ull.es\/portal\/agenda\/","name":"ULL - Agenda","description":"","potentialAction":[{"@type":"SearchAction","target":{"@type":"EntryPoint","urlTemplate":"https:\/\/www.ull.es\/portal\/agenda\/?s={search_term_string}"},"query-input":"required name=search_term_string"}],"inLanguage":"es"}]}},"_links":{"self":[{"href":"https:\/\/www.ull.es\/portal\/agenda\/wp-json\/wp\/v2\/tribe_events\/41451"}],"collection":[{"href":"https:\/\/www.ull.es\/portal\/agenda\/wp-json\/wp\/v2\/tribe_events"}],"about":[{"href":"https:\/\/www.ull.es\/portal\/agenda\/wp-json\/wp\/v2\/types\/tribe_events"}],"author":[{"embeddable":true,"href":"https:\/\/www.ull.es\/portal\/agenda\/wp-json\/wp\/v2\/users\/43"}],"replies":[{"embeddable":true,"href":"https:\/\/www.ull.es\/portal\/agenda\/wp-json\/wp\/v2\/comments?post=41451"}],"version-history":[{"count":6,"href":"https:\/\/www.ull.es\/portal\/agenda\/wp-json\/wp\/v2\/tribe_events\/41451\/revisions"}],"predecessor-version":[{"id":41760,"href":"https:\/\/www.ull.es\/portal\/agenda\/wp-json\/wp\/v2\/tribe_events\/41451\/revisions\/41760"}],"wp:featuredmedia":[{"embeddable":true,"href":"https:\/\/www.ull.es\/portal\/agenda\/wp-json\/wp\/v2\/media\/41453"}],"wp:attachment":[{"href":"https:\/\/www.ull.es\/portal\/agenda\/wp-json\/wp\/v2\/media?parent=41451"}],"wp:term":[{"taxonomy":"post_tag","embeddable":true,"href":"https:\/\/www.ull.es\/portal\/agenda\/wp-json\/wp\/v2\/tags?post=41451"},{"taxonomy":"tribe_events_cat","embeddable":true,"href":"https:\/\/www.ull.es\/portal\/agenda\/wp-json\/wp\/v2\/tribe_events_cat?post=41451"}],"curies":[{"name":"wp","href":"https:\/\/api.w.org\/{rel}","templated":true}]}}

Verseadores: Décima y punto cubano como patrimonio de Canarias y América

<p>Fasnia acoge el curso <em>«Verseadores: Décima y punto cubano como patrimonio de Canarias y América»</em>, organizado conjuntamente por el Vicerrectorado de Cultura y Extensión Universitaria y el Ayuntamiento de Fasnia, dentro de la programación de los Cursos de Extensión Universitaria en el ámbito municipal <a href="https://www.ull.es/cultura/cursos-extension-universitaria/cursos-de-ayuntamientos/" target="_blank" rel="noopener" target="_blank" rel="noopener">“Ayuntamientos 2025”</a>, que se celebrará los días 24, 25 y 26 de abril de 2025.</p>
<p>Objetivos: O1.- Interesar y dotar al alumnado del conocimiento del papel de la poesía popular como narradora de acontecimientos y testigo de la historia de Canarias, en particular en el municipio de Fasnia y la isla de La Palma. O2.- Interesar y dotar al alumnado del conocimiento sobre la relación entre la décima y el punto cubano en Canarias y América. O3.- Poner en valor e implicar al alumnado en el movimiento que ha tenido lugar en el municipio de Fasnia en la última década en torno a la décima y el punto cubano. O4.- Dotar al alumnado de conocimiento y perfeccionamiento sobre la estructura de la décima, su creación e improvisación desde distintos puntos de vista y metodologías, haciendo hincapié en su potencial como agente para el desarrollo emocional, lingüístico y cognitivo.</p>
<p>Metodología docente: Todas las charlas tendrán una componente teórica y también práctica, y de esta forma todas las competencias previstas serán tratadas transversalmente en cada una de las sesiones. Se fomentará el debate entre profesorado y alumnado con una dinámica participativa.</p>
<p>Este curso está orientado al público en general, si bien puede resultar de interés a educadores o estudiosos de la cultura popular y el folclore así como a personas interesadas en acercarse a esos ámbitos.</p>
<p>Dirección académica: Francisco Javier Díaz Díaz. Profesor Contratado Doctor. Departamento de Matemáticas, Estadística e Investigación Operativa de la Universidad de La Laguna.</p>
<p><strong>CERTIFICADO DE ASISTENCIA, APTITUD Y RECONOCIMIENTO POR CRÉDITO ECTS</strong></p>
<p>La Universidad de La Laguna, a través del Vicerrectorado de Cultura y Extensión Universitaria, emitirá un certificado de asistencia a todas aquellas personas que asistan a un mínimo del 80% de las horas lectivas presenciales. Asimismo, aquellas personas que superen el trabajo autónomo del alumnado, recibirán un certificado de asistencia y aprovechamiento, reconocible a su vez por un crédito ECTS.</p>
<p><a href="https://sede.fg.ull.es/es/curso/detalle?code=a25020068&amp;name=verseadores-decima-y-punto-cubano-como-patrimonio-de-canarias-y-america&amp;query=%3Fcode%3DA25020068" target="_blank" rel="noopener" target="_blank" rel="noopener"><strong><u>Consulta el programa e inscríbete aquí.</u></strong></a></p>
<p><strong>Contacto: </strong><a href="mailto:extuni@ull.edu.es" target="_blank" rel="noopener" target="_blank" rel="noopener"><strong>extuni@ull.es</strong></a></p>

<p>Fasnia acoge el curso «Verseadores: Décima y punto cubano como patrimonio de Canarias y América», organizado conjuntamente por el Vicerrectorado de Cultura y Extensión Universitaria y el Ayuntamiento de Fasnia, dentro de la programación de los Cursos de Extensión Universitaria en el ámbito municipal “Ayuntamientos 2025”, que se celebrará los días 24, 25 y 26&#8230;</p>

<!-- This site is optimized with the Yoast SEO plugin v21.3 - https://yoast.com/wordpress/plugins/seo/ -->
<title>Verseadores: Décima y punto cubano como patrimonio de Canarias y América - ULL - Agenda</title>
<meta name="robots" content="index, follow, max-snippet:-1, max-image-preview:large, max-video-preview:-1" />
<link rel="canonical" href="https://www.ull.es/portal/agenda/evento/verseadores-decima-y-punto-cubano-como-patrimonio-de-canarias-y-america/" />
<meta property="og:locale" content="es_ES" />
<meta property="og:type" content="article" />
<meta property="og:title" content="Verseadores: Décima y punto cubano como patrimonio de Canarias y América - ULL - Agenda" />
<meta property="og:description" content="Fasnia acoge el curso «Verseadores: Décima y punto cubano como patrimonio de Canarias y América», organizado conjuntamente por el Vicerrectorado de Cultura y Extensión Universitaria y el Ayuntamiento de Fasnia, dentro de la programación de los Cursos de Extensión Universitaria en el ámbito municipal “Ayuntamientos 2025”, que se celebrará los días 24, 25 y 26..." />
<meta property="og:url" content="https://www.ull.es/portal/agenda/evento/verseadores-decima-y-punto-cubano-como-patrimonio-de-canarias-y-america/" />
<meta property="og:site_name" content="ULL - Agenda" />
<meta property="article:modified_time" content="2025-03-25T13:19:14+00:00" />
<meta property="og:image" content="https://www.ull.es/portal/agenda/wp-content/uploads/sites/12/2025/03/BannerFasniaVerseadores.png" />
	<meta property="og:image:width" content="750" />
	<meta property="og:image:height" content="350" />
	<meta property="og:image:type" content="image/png" />
<meta name="twitter:card" content="summary_large_image" />
<meta name="twitter:label1" content="Tiempo de lectura" />
	<meta name="twitter:data1" content="2 minutos" />
<script type="application/ld+json" class="yoast-schema-graph">{"@context":"https://schema.org","@graph":[{"@type":"WebPage","@id":"https://www.ull.es/portal/agenda/evento/verseadores-decima-y-punto-cubano-como-patrimonio-de-canarias-y-america/","url":"https://www.ull.es/portal/agenda/evento/verseadores-decima-y-punto-cubano-como-patrimonio-de-canarias-y-america/","name":"Verseadores: Décima y punto cubano como patrimonio de Canarias y América - ULL - Agenda","isPartOf":{"@id":"https://www.ull.es/portal/agenda/#website"},"datePublished":"2025-03-17T10:10:42+00:00","dateModified":"2025-03-25T13:19:14+00:00","breadcrumb":{"@id":"https://www.ull.es/portal/agenda/evento/verseadores-decima-y-punto-cubano-como-patrimonio-de-canarias-y-america/#breadcrumb"},"inLanguage":"es","potentialAction":[{"@type":"ReadAction","target":["https://www.ull.es/portal/agenda/evento/verseadores-decima-y-punto-cubano-como-patrimonio-de-canarias-y-america/"]}]},{"@type":"BreadcrumbList","@id":"https://www.ull.es/portal/agenda/evento/verseadores-decima-y-punto-cubano-como-patrimonio-de-canarias-y-america/#breadcrumb","itemListElement":[{"@type":"ListItem","position":1,"name":"Portada","item":"https://www.ull.es/portal/agenda/"},{"@type":"ListItem","position":2,"name":"Verseadores: Décima y punto cubano como patrimonio de Canarias y América"}]},{"@type":"WebSite","@id":"https://www.ull.es/portal/agenda/#website","url":"https://www.ull.es/portal/agenda/","name":"ULL - Agenda","description":"","potentialAction":[{"@type":"SearchAction","target":{"@type":"EntryPoint","urlTemplate":"https://www.ull.es/portal/agenda/?s={search_term_string}"},"query-input":"required name=search_term_string"}],"inLanguage":"es"}]}</script>
<!-- / Yoast SEO plugin. -->

Verseadores: Décima y punto cubano como patrimonio de Canarias y América - ULL - Agenda

Fasnia acoge el curso «Verseadores: Décima y punto cubano como patrimonio de Canarias y América», organizado conjuntamente por el Vicerrectorado de Cultura y Extensión Universitaria y el Ayuntamiento de Fasnia, dentro de la programación de los Cursos de Extensión Universitaria en el ámbito municipal “Ayuntamientos 2025”, que se celebrará los días 24, 25 y 26...
